Mar 16 17:08:29.116727 n-d-833440-2 devstack@n-api.service[118711]: DEBUG nova.compute.api [None req-cd8a9359-15da-4a58-8073-14c68a3f4002 tempest-ServersOnMultiNodesTest-1933937997 tempest-ServersOnMultiNodesTest-1933937997-project] [instance: d7b44ff3-fda6-448a-9ed9-3e05e9149203] Fetching instance by UUID {{(pid=118711) get /opt/stack/nova/nova/compute/api.py:2918}}
Mar 16 17:08:29.124421 n-d-833440-2 devstack@n-api.service[118711]: DEBUG oslo_concurrency.lockutils [None req-cd8a9359-15da-4a58-8073-14c68a3f4002 tempest-ServersOnMultiNodesTest-1933937997 tempest-ServersOnMultiNodesTest-1933937997-project] Lock "435bdab1-c20a-49b2-8271-851c83f8ca11" acquired by "nova.context.set_target_cell..get_or_set_cached_cell_and_set_connections" :: waited 0.000s {{(pid=118711) inner /usr/local/lib/python3.8/dist-packages/oslo_concurrency/lockutils.py:386}}
Mar 16 17:08:29.125717 n-d-833440-2 devstack@n-api.service[118711]: DEBUG oslo_concurrency.lockutils [None req-cd8a9359-15da-4a58-8073-14c68a3f4002 tempest-ServersOnMultiNodesTest-1933937997 tempest-ServersOnMultiNodesTest-1933937997-project] Lock "435bdab1-c20a-49b2-8271-851c83f8ca11" "released" by "nova.context.set_target_cell..get_or_set_cached_cell_and_set_connections" :: held 0.001s {{(pid=118711) inner /usr/local/lib/python3.8/dist-packages/oslo_concurrency/lockutils.py:400}}
Mar 16 17:08:29.127170 n-d-833440-2 devstack@n-api.service[118711]: DEBUG oslo_concurrency.lockutils [None req-cd8a9359-15da-4a58-8073-14c68a3f4002 tempest-ServersOnMultiNodesTest-1933937997 tempest-ServersOnMultiNodesTest-1933937997-project] Lock "435bdab1-c20a-49b2-8271-851c83f8ca11" acquired by "nova.context.set_target_cell..get_or_set_cached_cell_and_set_connections" :: waited 0.000s {{(pid=118711) inner /usr/local/lib/python3.8/dist-packages/oslo_concurrency/lockutils.py:386}}
Mar 16 17:08:29.128272 n-d-833440-2 devstack@n-api.service[118711]: DEBUG oslo_concurrency.lockutils [None req-cd8a9359-15da-4a58-8073-14c68a3f4002 tempest-ServersOnMultiNodesTest-1933937997 tempest-ServersOnMultiNodesTest-1933937997-project] Lock "435bdab1-c20a-49b2-8271-851c83f8ca11" "released" by "nova.context.set_target_cell..get_or_set_cached_cell_and_set_connections" :: held 0.001s {{(pid=118711) inner /usr/local/lib/python3.8/dist-packages/oslo_concurrency/lockutils.py:400}}
Mar 16 17:08:29.146732 n-d-833440-2 devstack@n-api.service[118710]: DEBUG nova.api.openstack.wsgi [req-645b03e6-4e72-4d2f-8e0e-1e3ec688bbd9 req-40593b31-0a65-484b-9732-594ec7f9717d service nova] Action: 'create', calling method: >, body: {"events": [{"server_uuid": "d7b44ff3-fda6-448a-9ed9-3e05e9149203", "name": "network-vif-plugged", "status": "completed", "tag": "f56485ff-b210-4190-8d28-085331aec1a0"}]} {{(pid=118710) _process_stack /opt/stack/nova/nova/api/openstack/wsgi.py:511}}
Mar 16 17:08:29.156678 n-d-833440-2 devstack@n-api.service[118710]: DEBUG oslo_concurrency.lockutils [req-645b03e6-4e72-4d2f-8e0e-1e3ec688bbd9 req-40593b31-0a65-484b-9732-594ec7f9717d service nova] Lock "435bdab1-c20a-49b2-8271-851c83f8ca11" acquired by "nova.context.set_target_cell..get_or_set_cached_cell_and_set_connections" :: waited 0.000s {{(pid=118710) inner /usr/local/lib/python3.8/dist-packages/oslo_concurrency/lockutils.py:386}}
Mar 16 17:08:29.163814 n-d-833440-2 devstack@n-api.service[118710]: DEBUG oslo_concurrency.lockutils [req-645b03e6-4e72-4d2f-8e0e-1e3ec688bbd9 req-40593b31-0a65-484b-9732-594ec7f9717d service nova] Lock "435bdab1-c20a-49b2-8271-851c83f8ca11" "released" by "nova.context.set_target_cell..get_or_set_cached_cell_and_set_connections" :: held 0.001s {{(pid=118710) inner /usr/local/lib/python3.8/dist-packages/oslo_concurrency/lockutils.py:400}}
Mar 16 17:08:29.189614 n-d-833440-2 devstack@n-api.service[118710]: INFO nova.api.openstack.compute.server_external_events [req-645b03e6-4e72-4d2f-8e0e-1e3ec688bbd9 req-40593b31-0a65-484b-9732-594ec7f9717d service nova] Creating event network-vif-plugged:f56485ff-b210-4190-8d28-085331aec1a0 for instance d7b44ff3-fda6-448a-9ed9-3e05e9149203 on n-h1-833440-2
Mar 16 17:08:29.196439 n-d-833440-2 devstack@n-api.service[118710]: INFO nova.api.openstack.requestlog [req-645b03e6-4e72-4d2f-8e0e-1e3ec688bbd9 req-40593b31-0a65-484b-9732-594ec7f9717d service nova] 10.222.0.37 "POST /compute/v2.1/os-server-external-events" status: 200 len: 183 microversion: 2.1 time: 0.054340
Mar 16 17:08:29.200488 n-d-833440-2 devstack@n-api.service[118710]: [pid: 118710|app: 0|req: 112/229] 10.222.0.37 () {64 vars in 1317 bytes} [Wed Mar 16 17:08:29 2022] POST /compute/v2.1/os-server-external-events => generated 183 bytes in 56 msecs (HTTP/1.1 200) 9 headers in 357 bytes (1 switches on core 0)
Mar 16 17:08:29.350844 n-d-833440-2 devstack@n-api.service[118711]: DEBUG nova.policy [None req-cd8a9359-15da-4a58-8073-14c68a3f4002 tempest-ServersOnMultiNodesTest-1933937997 tempest-ServersOnMultiNodesTest-1933937997-project] Policy check for os_compute_api:os-extended-server-attributes failed with credentials {'is_admin': False, 'user_id': '7362a4d47a3d45efa1388d8da02c46f7', 'user_domain_id': 'default', 'system_scope': None, 'domain_id': None, 'project_id': 'da171c33d12c4e1a84469f8d0d235ed0', 'project_domain_id': 'default', 'roles': ['reader', 'member'], 'is_admin_project': True, 'service_user_id': None, 'service_user_domain_id': None, 'service_project_id': None, 'service_project_domain_id': None, 'service_roles': []} {{(pid=118711) authorize /opt/stack/nova/nova/policy.py:199}}
Mar 16 17:08:29.371377 n-d-833440-2 devstack@n-api.service[118711]: INFO nova.api.openstack.requestlog [None req-cd8a9359-15da-4a58-8073-14c68a3f4002 tempest-ServersOnMultiNodesTest-1933937997 tempest-ServersOnMultiNodesTest-1933937997-project] 10.222.0.37 "GET /compute/v2.1/servers/d7b44ff3-fda6-448a-9ed9-3e05e9149203" status: 200 len: 1338 microversion: 2.1 time: 0.262616
Mar 16 17:08:29.385195 n-d-833440-2 devstack@n-api.service[118711]: [pid: 118711|app: 0|req: 118/230] 10.222.0.37 () {58 vars in 1235 bytes} [Wed Mar 16 17:08:29 2022] GET /compute/v2.1/servers/d7b44ff3-fda6-448a-9ed9-3e05e9149203 => generated 1338 bytes in 277 msecs (HTTP/1.1 200) 9 headers in 358 bytes (1 switches on core 0)
Mar 16 17:08:29.408095 n-d-833440-2 devstack@n-api.service[118711]: DEBUG nova.api.openstack.wsgi [None req-f36d5690-0aa8-4fe9-b8b6-5754c0a50d82 tempest-ServersWithSpecificFlavorTestJSON-1336562904 tempest-ServersWithSpecificFlavorTestJSON-1336562904-project] Calling method '>' {{(pid=118711) _process_stack /opt/stack/nova/nova/api/openstack/wsgi.py:513}}
Mar 16 17:08:29.409057 n-d-833440-2 devstack@n-api.service[118711]: DEBUG nova.compute.api [None req-f36d5690-0aa8-4fe9-b8b6-5754c0a50d82 tempest-ServersWithSpecificFlavorTestJSON-1336562904 tempest-ServersWithSpecificFlavorTestJSON-1336562904-project] [instance: a989fd38-93b8-45c5-8ad3-705110843f3d] Fetching instance by UUID {{(pid=118711) get /opt/stack/nova/nova/compute/api.py:2918}}
Mar 16 17:08:29.415500 n-d-833440-2 devstack@n-api.service[118711]: DEBUG oslo_concurrency.lockutils [None req-f36d5690-0aa8-4fe9-b8b6-5754c0a50d82 tempest-ServersWithSpecificFlavorTestJSON-1336562904 tempest-ServersWithSpecificFlavorTestJSON-1336562904-project] Lock "435bdab1-c20a-49b2-8271-851c83f8ca11" acquired by "nova.context.set_target_cell..get_or_set_cached_cell_and_set_connections" :: waited 0.000s {{(pid=118711) inner /usr/local/lib/python3.8/dist-packages/oslo_concurrency/lockutils.py:386}}
Mar 16 17:08:29.416318 n-d-833440-2 devstack@n-api.service[118711]: DEBUG oslo_concurrency.lockutils [None req-f36d5690-0aa8-4fe9-b8b6-5754c0a50d82 tempest-ServersWithSpecificFlavorTestJSON-1336562904 tempest-ServersWithSpecificFlavorTestJSON-1336562904-project] Lock "435bdab1-c20a-49b2-8271-851c83f8ca11" "released" by "nova.context.set_target_cell..get_or_set_cached_cell_and_set_connections" :: held 0.001s {{(pid=118711) inner /usr/local/lib/python3.8/dist-packages/oslo_concurrency/lockutils.py:400}}
Mar 16 17:08:29.417458 n-d-833440-2 devstack@n-api.service[118711]: DEBUG oslo_concurrency.lockutils [None req-f36d5690-0aa8-4fe9-b8b6-5754c0a50d82 tempest-ServersWithSpecificFlavorTestJSON-1336562904 tempest-ServersWithSpecificFlavorTestJSON-1336562904-project] Lock "435bdab1-c20a-49b2-8271-851c83f8ca11" acquired by "nova.context.set_target_cell..get_or_set_cached_cell_and_set_connections" :: waited 0.000s {{(pid=118711) inner /usr/local/lib/python3.8/dist-packages/oslo_concurrency/lockutils.py:386}}
Mar 16 17:08:29.418147 n-d-833440-2 devstack@n-api.service[118711]: DEBUG oslo_concurrency.lockutils [None req-f36d5690-0aa8-4fe9-b8b6-5754c0a50d82 tempest-ServersWithSpecificFlavorTestJSON-1336562904 tempest-ServersWithSpecificFlavorTestJSON-1336562904-project] Lock "435bdab1-c20a-49b2-8271-851c83f8ca11" "released" by "nova.context.set_target_cell..get_or_set_cached_cell_and_set_connections" :: held 0.001s {{(pid=118711) inner /usr/local/lib/python3.8/dist-packages/oslo_concurrency/lockutils.py:400}}
Mar 16 17:08:29.601691 n-d-833440-2 devstack@n-api.service[118711]: DEBUG nova.policy [None req-f36d5690-0aa8-4fe9-b8b6-5754c0a50d82 tempest-ServersWithSpecificFlavorTestJSON-1336562904 tempest-ServersWithSpecificFlavorTestJSON-1336562904-project] Policy check for os_compute_api:os-extended-server-attributes failed with credentials {'is_admin': False, 'user_id': '4c58353cf5a0475abe353796073f771a', 'user_domain_id': 'default', 'system_scope': None, 'domain_id': None, 'project_id': '6582cb2f61164c2ca8092afeb7e468cc', 'project_domain_id': 'default', 'roles': ['reader', 'member'], 'is_admin_project': True, 'service_user_id': None, 'service_user_domain_id': None, 'service_project_id': None, 'service_project_domain_id': None, 'service_roles': []} {{(pid=118711) authorize /opt/stack/nova/nova/policy.py:199}}
Mar 16 17:08:29.609763 n-d-833440-2 devstack@n-api.service[118711]: INFO nova.api.openstack.requestlog [None req-f36d5690-0aa8-4fe9-b8b6-5754c0a50d82 tempest-ServersWithSpecificFlavorTestJSON-1336562904 tempest-ServersWithSpecificFlavorTestJSON-1336562904-project] 10.222.0.37 "GET /compute/v2.1/servers/a989fd38-93b8-45c5-8ad3-705110843f3d" status: 200 len: 1387 microversion: 2.1 time: 0.206599
Mar 16 17:08:29.610718 n-d-833440-2 devstack@n-api.service[118711]: [pid: 118711|app: 0|req: 119/231] 10.222.0.37 () {58 vars in 1235 bytes} [Wed Mar 16 17:08:29 2022] GET /compute/v2.1/servers/a989fd38-93b8-45c5-8ad3-705110843f3d => generated 1387 bytes in 208 msecs (HTTP/1.1 200) 9 headers in 358 bytes (2 switches on core 0)
Mar 16 17:08:29.615275 n-d-833440-2 devstack@n-api.service[118710]: DEBUG nova.api.openstack.wsgi [None req-fadde387-acf3-4717-ae1f-10e697dec5b6 tempest-QuotaClassesAdminTestJSON-1144846963 tempest-QuotaClassesAdminTestJSON-1144846963-project-admin] Calling method '.version_select at 0x7f194e791670>' {{(pid=118710) _process_stack /opt/stack/nova/nova/api/openstack/wsgi.py:513}}
Mar 16 17:08:29.616160 n-d-833440-2 devstack@n-api.service[118710]: /usr/local/lib/python3.8/dist-packages/oslo_policy/policy.py:1119: UserWarning: Policy "os_compute_api:os-quota-class-sets:show": "rule:context_is_admin" failed scope check. The token used to make the request was project scoped but the policy requires ['system'] scope. This behavior may change in the future where using the intended scope is required
Mar 16 17:08:29.616160 n-d-833440-2 devstack@n-api.service[118710]: warnings.warn(msg)
Mar 16 17:08:29.640292 n-d-833440-2 devstack@n-api.service[118710]: INFO nova.api.openstack.requestlog [None req-fadde387-acf3-4717-ae1f-10e697dec5b6 tempest-QuotaClassesAdminTestJSON-1144846963 tempest-QuotaClassesAdminTestJSON-1144846963-project-admin] 10.222.0.37 "GET /compute/v2.1/os-quota-class-sets/default" status: 200 len: 303 microversion: 2.1 time: 0.278599
Mar 16 17:08:29.641660 n-d-833440-2 devstack@n-api.service[118710]: [pid: 118710|app: 0|req: 113/232] 10.222.0.37 () {58 vars in 1184 bytes} [Wed Mar 16 17:08:29 2022] GET /compute/v2.1/os-quota-class-sets/default => generated 303 bytes in 281 msecs (HTTP/1.1 200) 9 headers in 357 bytes (1 switches on core 0)
Mar 16 17:08:29.652194 n-d-833440-2 devstack@n-api.service[118711]: DEBUG nova.api.openstack.wsgi [None req-431dc1dd-89ba-4df7-99b1-828678c73425 tempest-QuotaClassesAdminTestJSON-1144846963 tempest-QuotaClassesAdminTestJSON-1144846963-project-admin] Action: 'update', calling method: .version_select at 0x7f194e62a700>, body: {"quota_class_set": {"cores": 120, "fixed_ips": 99, "floating_ips": 99, "injected_file_content_bytes": 10340, "injected_file_path_bytes": 355, "injected_files": 105, "instances": 110, "key_pairs": 200, "metadata_items": 228, "ram": 51300, "security_group_rules": 99, "security_groups": 99}} {{(pid=118711) _process_stack /opt/stack/nova/nova/api/openstack/wsgi.py:511}}
Mar 16 17:08:29.657159 n-d-833440-2 devstack@n-api.service[118711]: /usr/local/lib/python3.8/dist-packages/oslo_policy/policy.py:1119: UserWarning: Policy "os_compute_api:os-quota-class-sets:update": "rule:context_is_admin" failed scope check. The token used to make the request was project scoped but the policy requires ['system'] scope. This behavior may change in the future where using the intended scope is required
Mar 16 17:08:29.657159 n-d-833440-2 devstack@n-api.service[118711]: warnings.warn(msg)
Mar 16 17:08:29.684376 n-d-833440-2 devstack@n-api.service[118710]: DEBUG nova.api.openstack.wsgi [None req-5324c554-48a8-4c3f-bff5-c874493e0fa7 tempest-AggregatesAdminTestJSON-1236081510 tempest-AggregatesAdminTestJSON-1236081510-project] Calling method '>' {{(pid=118710) _process_stack /opt/stack/nova/nova/api/openstack/wsgi.py:513}}
Mar 16 17:08:29.685112 n-d-833440-2 devstack@n-api.service[118710]: DEBUG nova.compute.api [None req-5324c554-48a8-4c3f-bff5-c874493e0fa7 tempest-AggregatesAdminTestJSON-1236081510 tempest-AggregatesAdminTestJSON-1236081510-project] [instance: b0e316c0-5e1d-4715-bf2e-7d22a278b43f] Fetching instance by UUID {{(pid=118710) get /opt/stack/nova/nova/compute/api.py:2918}}
Mar 16 17:08:29.692222 n-d-833440-2 devstack@n-api.service[118710]: DEBUG oslo_concurrency.lockutils [None req-5324c554-48a8-4c3f-bff5-c874493e0fa7 tempest-AggregatesAdminTestJSON-1236081510 tempest-AggregatesAdminTestJSON-1236081510-project] Lock "435bdab1-c20a-49b2-8271-851c83f8ca11" acquired by "nova.context.set_target_cell..get_or_set_cached_cell_and_set_connections" :: waited 0.000s {{(pid=118710) inner /usr/local/lib/python3.8/dist-packages/oslo_concurrency/lockutils.py:386}}
Mar 16 17:08:29.693186 n-d-833440-2 devstack@n-api.service[118710]: DEBUG oslo_concurrency.lockutils [None req-5324c554-48a8-4c3f-bff5-c874493e0fa7 tempest-AggregatesAdminTestJSON-1236081510 tempest-AggregatesAdminTestJSON-1236081510-project] Lock "435bdab1-c20a-49b2-8271-851c83f8ca11" "released" by "nova.context.set_target_cell..get_or_set_cached_cell_and_set_connections" :: held 0.001s {{(pid=118710) inner /usr/local/lib/python3.8/dist-packages/oslo_concurrency/lockutils.py:400}}
Mar 16 17:08:29.694329 n-d-833440-2 devstack@n-api.service[118710]: DEBUG oslo_concurrency.lockutils [None req-5324c554-48a8-4c3f-bff5-c874493e0fa7 tempest-AggregatesAdminTestJSON-1236081510 tempest-AggregatesAdminTestJSON-1236081510-project] Lock "435bdab1-c20a-49b2-8271-851c83f8ca11" acquired by "nova.context.set_target_cell..get_or_set_cached_cell_and_set_connections" :: waited 0.000s {{(pid=118710) inner /usr/local/lib/python3.8/dist-packages/oslo_concurrency/lockutils.py:386}}
Mar 16 17:08:29.694988 n-d-833440-2 devstack@n-api.service[118710]: DEBUG oslo_concurrency.lockutils [None req-5324c554-48a8-4c3f-bff5-c874493e0fa7 tempest-AggregatesAdminTestJSON-1236081510 tempest-AggregatesAdminTestJSON-1236081510-project] Lock "435bdab1-c20a-49b2-8271-851c83f8ca11" "released" by "nova.context.set_target_cell..get_or_set_cached_cell_and_set_connections" :: held 0.001s {{(pid=118710) inner /usr/local/lib/python3.8/dist-packages/oslo_concurrency/lockutils.py:400}}
Mar 16 17:08:29.879182 n-d-833440-2 devstack@n-api.service[118710]: DEBUG nova.policy [None req-5324c554-48a8-4c3f-bff5-c874493e0fa7 tempest-AggregatesAdminTestJSON-1236081510 tempest-AggregatesAdminTestJSON-1236081510-project] Policy check for os_compute_api:os-extended-server-attributes failed with credentials {'is_admin': False, 'user_id': '3162acdd2be0402584e3c5ebb6fdbe7a', 'user_domain_id': 'default', 'system_scope': None, 'domain_id': None, 'project_id': 'ec5a43350916454388ef4525bea02ee9', 'project_domain_id': 'default', 'roles': ['reader', 'member'], 'is_admin_project': True, 'service_user_id': None, 'service_user_domain_id': None, 'service_project_id': None, 'service_project_domain_id': None, 'service_roles': []} {{(pid=118710) authorize /opt/stack/nova/nova/policy.py:199}}
Mar 16 17:08:29.891289 n-d-833440-2 devstack@n-api.service[118710]: INFO nova.api.openstack.requestlog [None req-5324c554-48a8-4c3f-bff5-c874493e0fa7 tempest-AggregatesAdminTestJSON-1236081510 tempest-AggregatesAdminTestJSON-1236081510-project] 10.222.0.37 "GET /compute/v2.1/servers/b0e316c0-5e1d-4715-bf2e-7d22a278b43f" status: 200 len: 1494 microversion: 2.1 time: 0.209346
Mar 16 17:08:29.892409 n-d-833440-2 devstack@n-api.service[118710]: [pid: 118710|app: 0|req: 114/233] 10.222.0.37 () {58 vars in 1235 bytes} [Wed Mar 16 17:08:29 2022] GET /compute/v2.1/servers/b0e316c0-5e1d-4715-bf2e-7d22a278b43f => generated 1494 bytes in 213 msecs (HTTP/1.1 200) 9 headers in 358 bytes (1 switches on core 0)
Mar 16 17:08:30.173717 n-d-833440-2 devstack@n-api.service[118711]: INFO nova.api.openstack.requestlog [None req-431dc1dd-89ba-4df7-99b1-828678c73425 tempest-QuotaClassesAdminTestJSON-1144846963 tempest-QuotaClassesAdminTestJSON-1144846963-project-admin] 10.222.0.37 "PUT /compute/v2.1/os-quota-class-sets/default" status: 200 len: 290 microversion: 2.1 time: 0.525674
Mar 16 17:08:30.175525 n-d-833440-2 devstack@n-api.service[118711]: [pid: 118711|app: 0|req: 120/234] 10.222.0.37 () {60 vars in 1205 bytes} [Wed Mar 16 17:08:29 2022] PUT /compute/v2.1/os-quota-class-sets/default => generated 290 bytes in 528 msecs (HTTP/1.1 200) 9 headers in 357 bytes (1 switches on core 0)
Mar 16 17:08:30.192157 n-d-833440-2 devstack@n-api.service[118710]: DEBUG nova.api.openstack.wsgi [None req-61d52f45-fecf-4351-a93f-8ab73edb6287 tempest-QuotaClassesAdminTestJSON-1144846963 tempest-QuotaClassesAdminTestJSON-1144846963-project-admin] Calling method '.version_select at 0x7f194e7c8160>' {{(pid=118710) _process_stack /opt/stack/nova/nova/api/openstack/wsgi.py:513}}
Mar 16 17:08:30.193208 n-d-833440-2 devstack@n-api.service[118710]: /usr/local/lib/python3.8/dist-packages/oslo_policy/policy.py:1119: UserWarning: Policy "os_compute_api:os-quota-class-sets:show": "rule:context_is_admin" failed scope check. The token used to make the request was project scoped but the policy requires ['system'] scope. This behavior may change in the future where using the intended scope is required
Mar 16 17:08:30.193208 n-d-833440-2 devstack@n-api.service[118710]: warnings.warn(msg)
Mar 16 17:08:30.204628 n-d-833440-2 devstack@n-api.service[118710]: INFO nova.api.openstack.requestlog [None req-61d52f45-fecf-4351-a93f-8ab73edb6287 tempest-QuotaClassesAdminTestJSON-1144846963 tempest-QuotaClassesAdminTestJSON-1144846963-project-admin] 10.222.0.37 "GET /compute/v2.1/os-quota-class-sets/default" status: 200 len: 307 microversion: 2.1 time: 0.016023
Mar 16 17:08:30.211381 n-d-833440-2 devstack@n-api.service[118710]: [pid: 118710|app: 0|req: 115/235] 10.222.0.37 () {58 vars in 1184 bytes} [Wed Mar 16 17:08:30 2022] GET /compute/v2.1/os-quota-class-sets/default => generated 307 bytes in 23 msecs (HTTP/1.1 200) 9 headers in 357 bytes (1 switches on core 0)
Mar 16 17:08:30.215922 n-d-833440-2 devstack@n-api.service[118711]: DEBUG nova.api.openstack.wsgi [None req-0819b669-9262-4645-ab79-f05e7daf7731 tempest-QuotaClassesAdminTestJSON-1144846963 tempest-QuotaClassesAdminTestJSON-1144846963-project-admin] Action: 'update', calling method: .version_select at 0x7f194e5aadc0>, body: {"quota_class_set": {"cores": 20, "fixed_ips": -1, "floating_ips": -1, "injected_file_content_bytes": 10240, "injected_file_path_bytes": 255, "injected_files": 5, "instances": 10, "key_pairs": 100, "metadata_items": 128, "ram": 51200, "security_group_rules": -1, "security_groups": -1}} {{(pid=118711) _process_stack /opt/stack/nova/nova/api/openstack/wsgi.py:511}}
Mar 16 17:08:30.358352 n-d-833440-2 devstack@n-api.service[118711]: INFO nova.api.openstack.requestlog [None req-0819b669-9262-4645-ab79-f05e7daf7731 tempest-QuotaClassesAdminTestJSON-1144846963 tempest-QuotaClassesAdminTestJSON-1144846963-project-admin] 10.222.0.37 "PUT /compute/v2.1/os-quota-class-sets/default" status: 200 len: 286 microversion: 2.1 time: 0.146129
Mar 16 17:08:30.359529 n-d-833440-2 devstack@n-api.service[118711]: [pid: 118711|app: 0|req: 121/236] 10.222.0.37 () {60 vars in 1205 bytes} [Wed Mar 16 17:08:30 2022] PUT /compute/v2.1/os-quota-class-sets/default => generated 286 bytes in 148 msecs (HTTP/1.1 200) 9 headers in 357 bytes (1 switches on core 0)
Mar 16 17:08:30.404232 n-d-833440-2 devstack@n-api.service[118711]: DEBUG nova.api.openstack.wsgi [None req-1018c2c6-0dc5-4325-92e4-c494de6d1d58 tempest-ServersOnMultiNodesTest-1933937997 tempest-ServersOnMultiNodesTest-1933937997-project] Calling method '>' {{(pid=118711) _process_stack /opt/stack/nova/nova/api/openstack/wsgi.py:513}}
Mar 16 17:08:30.406123 n-d-833440-2 devstack@n-api.service[118711]: DEBUG nova.compute.api [None req-1018c2c6-0dc5-4325-92e4-c494de6d1d58 tempest-ServersOnMultiNodesTest-1933937997 tempest-ServersOnMultiNodesTest-1933937997-project] [instance: d7b44ff3-fda6-448a-9ed9-3e05e9149203] Fetching instance by UUID {{(pid=118711) get /opt/stack/nova/nova/compute/api.py:2918}}
Mar 16 17:08:30.423067 n-d-833440-2 devstack@n-api.service[118711]: DEBUG oslo_concurrency.lockutils [None req-1018c2c6-0dc5-4325-92e4-c494de6d1d58 tempest-ServersOnMultiNodesTest-1933937997 tempest-ServersOnMultiNodesTest-1933937997-project] Lock "435bdab1-c20a-49b2-8271-851c83f8ca11" acquired by "nova.context.set_target_cell..get_or_set_cached_cell_and_set_connections" :: waited 0.000s {{(pid=118711) inner /usr/local/lib/python3.8/dist-packages/oslo_concurrency/lockutils.py:386}}
Mar 16 17:08:30.425061 n-d-833440-2 devstack@n-api.service[118711]: DEBUG oslo_concurrency.lockutils [None req-1018c2c6-0dc5-4325-92e4-c494de6d1d58 tempest-ServersOnMultiNodesTest-1933937997 tempest-ServersOnMultiNodesTest-1933937997-project] Lock "435bdab1-c20a-49b2-8271-851c83f8ca11" "released" by "nova.context.set_target_cell..get_or_set_cached_cell_and_set_connections" :: held 0.006s {{(pid=118711) inner /usr/local/lib/python3.8/dist-packages/oslo_concurrency/lockutils.py:400}}
Mar 16 17:08:30.426210 n-d-833440-2 devstack@n-api.service[118711]: DEBUG oslo_concurrency.lockutils [None req-1018c2c6-0dc5-4325-92e4-c494de6d1d58 tempest-ServersOnMultiNodesTest-1933937997 tempest-ServersOnMultiNodesTest-1933937997-project] Lock "435bdab1-c20a-49b2-8271-851c83f8ca11" acquired by "nova.context.set_target_cell..get_or_set_cached_cell_and_set_connections" :: waited 0.000s {{(pid=118711) inner /usr/local/lib/python3.8/dist-packages/oslo_concurrency/lockutils.py:386}}
Mar 16 17:08:30.426768 n-d-833440-2 devstack@n-api.service[118711]: DEBUG oslo_concurrency.lockutils [None req-1018c2c6-0dc5-4325-92e4-c494de6d1d58 tempest-ServersOnMultiNodesTest-1933937997 tempest-ServersOnMultiNodesTest-1933937997-project] Lock "435bdab1-c20a-49b2-8271-851c83f8ca11" "released" by "nova.context.set_target_cell..get_or_set_cached_cell_and_set_connections" :: held 0.000s {{(pid=118711) inner /usr/local/lib/python3.8/dist-packages/oslo_concurrency/lockutils.py:400}}
Mar 16 17:08:30.466057 n-d-833440-2 devstack@n-api.service[118710]: DEBUG nova.api.openstack.wsgi [None req-8fc78eed-390f-42ef-90b5-344289d258f3 tempest-LiveMigrationNegativeTest-799143986 tempest-LiveMigrationNegativeTest-799143986-project] Action: 'create', calling method: >, body: {"server": {"name": "tempest-LiveMigrationNegativeTest-server-251778618", "imageRef": "a81da88c-319f-436d-92ce-f12bf8c673c7", "flavorRef": "452"}} {{(pid=118710) _process_stack /opt/stack/nova/nova/api/openstack/wsgi.py:511}}
Mar 16 17:08:30.572625 n-d-833440-2 devstack@n-api.service[118710]: DEBUG nova.network.neutron [None req-8fc78eed-390f-42ef-90b5-344289d258f3 tempest-LiveMigrationNegativeTest-799143986 tempest-LiveMigrationNegativeTest-799143986-project] validate_networks() for None {{(pid=118710) validate_networks /opt/stack/nova/nova/network/neutron.py:2632}}
Mar 16 17:08:31.095735 n-d-833440-2 devstack@n-api.service[118711]: DEBUG nova.policy [None req-1018c2c6-0dc5-4325-92e4-c494de6d1d58 tempest-ServersOnMultiNodesTest-1933937997 tempest-ServersOnMultiNodesTest-1933937997-project] Policy check for os_compute_api:os-extended-server-attributes failed with credentials {'is_admin': False, 'user_id': '7362a4d47a3d45efa1388d8da02c46f7', 'user_domain_id': 'default', 'system_scope': None, 'domain_id': None, 'project_id': 'da171c33d12c4e1a84469f8d0d235ed0', 'project_domain_id': 'default', 'roles': ['reader', 'member'], 'is_admin_project': True, 'service_user_id': None, 'service_user_domain_id': None, 'service_project_id': None, 'service_project_domain_id': None, 'service_roles': []} {{(pid=118711) authorize /opt/stack/nova/nova/policy.py:199}}
Mar 16 17:08:31.104344 n-d-833440-2 devstack@n-api.service[118711]: INFO nova.api.openstack.requestlog [None req-1018c2c6-0dc5-4325-92e4-c494de6d1d58 tempest-ServersOnMultiNodesTest-1933937997 tempest-ServersOnMultiNodesTest-1933937997-project] 10.222.0.37 "GET /compute/v2.1/servers/d7b44ff3-fda6-448a-9ed9-3e05e9149203" status: 200 len: 1338 microversion: 2.1 time: 0.714117
Mar 16 17:08:31.114316 n-d-833440-2 devstack@n-api.service[118711]: [pid: 118711|app: 0|req: 122/237] 10.222.0.37 () {58 vars in 1235 bytes} [Wed Mar 16 17:08:30 2022] GET /compute/v2.1/servers/d7b44ff3-fda6-448a-9ed9-3e05e9149203 => generated 1338 bytes in 726 msecs (HTTP/1.1 200) 9 headers in 358 bytes (2 switches on core 0)
Mar 16 17:08:31.120641 n-d-833440-2 devstack@n-api.service[118711]: DEBUG nova.api.openstack.wsgi [None req-2a6b050b-3eea-40de-81f2-02af0e329419 tempest-ServersWithSpecificFlavorTestJSON-1336562904 tempest-ServersWithSpecificFlavorTestJSON-1336562904-project] Calling method '>' {{(pid=118711) _process_stack /opt/stack/nova/nova/api/openstack/wsgi.py:513}}
Mar 16 17:08:31.121504 n-d-833440-2 devstack@n-api.service[118711]: DEBUG nova.compute.api [None req-2a6b050b-3eea-40de-81f2-02af0e329419 tempest-ServersWithSpecificFlavorTestJSON-1336562904 tempest-ServersWithSpecificFlavorTestJSON-1336562904-project] [instance: a989fd38-93b8-45c5-8ad3-705110843f3d] Fetching instance by UUID {{(pid=118711) get /opt/stack/nova/nova/compute/api.py:2918}}
Mar 16 17:08:31.128926 n-d-833440-2 devstack@n-api.service[118711]: DEBUG oslo_concurrency.lockutils [None req-2a6b050b-3eea-40de-81f2-02af0e329419 tempest-ServersWithSpecificFlavorTestJSON-1336562904 tempest-ServersWithSpecificFlavorTestJSON-1336562904-project] Lock "435bdab1-c20a-49b2-8271-851c83f8ca11" acquired by "nova.context.set_target_cell..get_or_set_cached_cell_and_set_connections" :: waited 0.000s {{(pid=118711) inner /usr/local/lib/python3.8/dist-packages/oslo_concurrency/lockutils.py:386}}
Mar 16 17:08:31.129765 n-d-833440-2 devstack@n-api.service[118711]: DEBUG oslo_concurrency.lockutils [None req-2a6b050b-3eea-40de-81f2-02af0e329419 tempest-ServersWithSpecificFlavorTestJSON-1336562904 tempest-ServersWithSpecificFlavorTestJSON-1336562904-project] Lock "435bdab1-c20a-49b2-8271-851c83f8ca11" "released" by "nova.context.set_target_cell..get_or_set_cached_cell_and_set_connections" :: held 0.001s {{(pid=118711) inner /usr/local/lib/python3.8/dist-packages/oslo_concurrency/lockutils.py:400}}
Mar 16 17:08:31.130854 n-d-833440-2 devstack@n-api.service[118711]: DEBUG oslo_concurrency.lockutils [None req-2a6b050b-3eea-40de-81f2-02af0e329419 tempest-ServersWithSpecificFlavorTestJSON-1336562904 tempest-ServersWithSpecificFlavorTestJSON-1336562904-project] Lock "435bdab1-c20a-49b2-8271-851c83f8ca11" acquired by "nova.context.set_target_cell..get_or_set_cached_cell_and_set_connections" :: waited 0.000s {{(pid=118711) inner /usr/local/lib/python3.8/dist-packages/oslo_concurrency/lockutils.py:386}}
Mar 16 17:08:31.131577 n-d-833440-2 devstack@n-api.service[118711]: DEBUG oslo_concurrency.lockutils [None req-2a6b050b-3eea-40de-81f2-02af0e329419 tempest-ServersWithSpecificFlavorTestJSON-1336562904 tempest-ServersWithSpecificFlavorTestJSON-1336562904-project] Lock "435bdab1-c20a-49b2-8271-851c83f8ca11" "released" by "nova.context.set_target_cell..get_or_set_cached_cell_and_set_connections" :: held 0.001s {{(pid=118711) inner /usr/local/lib/python3.8/dist-packages/oslo_concurrency/lockutils.py:400}}
Mar 16 17:08:31.183017 n-d-833440-2 devstack@n-api.service[118710]: DEBUG nova.virt.hardware [None req-8fc78eed-390f-42ef-90b5-344289d258f3 tempest-LiveMigrationNegativeTest-799143986 tempest-LiveMigrationNegativeTest-799143986-project] Flavor limits 0:0:0 {{(pid=118710) get_cpu_topology_constraints /opt/stack/nova/nova/virt/hardware.py:343}}
Mar 16 17:08:31.184129 n-d-833440-2 devstack@n-api.service[118710]: DEBUG nova.virt.hardware [None req-8fc78eed-390f-42ef-90b5-344289d258f3 tempest-LiveMigrationNegativeTest-799143986 tempest-LiveMigrationNegativeTest-799143986-project] Image limits 0:0:0 {{(pid=118710) get_cpu_topology_constraints /opt/stack/nova/nova/virt/hardware.py:347}}
Mar 16 17:08:31.184861 n-d-833440-2 devstack@n-api.service[118710]: DEBUG nova.virt.hardware [None req-8fc78eed-390f-42ef-90b5-344289d258f3 tempest-LiveMigrationNegativeTest-799143986 tempest-LiveMigrationNegativeTest-799143986-project] Flavor pref 0:0:0 {{(pid=118710) get_cpu_topology_constraints /opt/stack/nova/nova/virt/hardware.py:383}}
Mar 16 17:08:31.185488 n-d-833440-2 devstack@n-api.service[118710]: DEBUG nova.virt.hardware [None req-8fc78eed-390f-42ef-90b5-344289d258f3 tempest-LiveMigrationNegativeTest-799143986 tempest-LiveMigrationNegativeTest-799143986-project] Image pref 0:0:0 {{(pid=118710) get_cpu_topology_constraints /opt/stack/nova/nova/virt/hardware.py:387}}
Mar 16 17:08:31.186312 n-d-833440-2 devstack@n-api.service[118710]: DEBUG nova.virt.hardware [None req-8fc78eed-390f-42ef-90b5-344289d258f3 tempest-LiveMigrationNegativeTest-799143986 tempest-LiveMigrationNegativeTest-799143986-project] Chose sockets=0, cores=0, threads=0; limits were sockets=65536, cores=65536, threads=65536 {{(pid=118710) get_cpu_topology_constraints /opt/stack/nova/nova/virt/hardware.py:425}}
Mar 16 17:08:31.205392 n-d-833440-2 devstack@n-api.service[118710]: DEBUG oslo_concurrency.lockutils [None req-8fc78eed-390f-42ef-90b5-344289d258f3 tempest-LiveMigrationNegativeTest-799143986 tempest-LiveMigrationNegativeTest-799143986-project] Lock "00000000-0000-0000-0000-000000000000" acquired by "nova.context.set_target_cell..get_or_set_cached_cell_and_set_connections" :: waited 0.000s {{(pid=118710) inner /usr/local/lib/python3.8/dist-packages/oslo_concurrency/lockutils.py:386}}
Mar 16 17:08:31.205849 n-d-833440-2 devstack@n-api.service[118710]: DEBUG oslo_concurrency.lockutils [None req-8fc78eed-390f-42ef-90b5-344289d258f3 tempest-LiveMigrationNegativeTest-799143986 tempest-LiveMigrationNegativeTest-799143986-project] Lock "00000000-0000-0000-0000-000000000000" "released" by "nova.context.set_target_cell..get_or_set_cached_cell_and_set_connections" :: held 0.001s {{(pid=118710) inner /usr/local/lib/python3.8/dist-packages/oslo_concurrency/lockutils.py:400}}
Mar 16 17:08:31.206655 n-d-833440-2 devstack@n-api.service[118710]: DEBUG oslo_concurrency.lockutils [None req-8fc78eed-390f-42ef-90b5-344289d258f3 tempest-LiveMigrationNegativeTest-799143986 tempest-LiveMigrationNegativeTest-799143986-project] Lock "435bdab1-c20a-49b2-8271-851c83f8ca11" acquired by "nova.context.set_target_cell..get_or_set_cached_cell_and_set_connections" :: waited 0.000s {{(pid=118710) inner /usr/local/lib/python3.8/dist-packages/oslo_concurrency/lockutils.py:386}}
Mar 16 17:08:31.207302 n-d-833440-2 devstack@n-api.service[118710]: DEBUG oslo_concurrency.lockutils [None req-8fc78eed-390f-42ef-90b5-344289d258f3 tempest-LiveMigrationNegativeTest-799143986 tempest-LiveMigrationNegativeTest-799143986-project] Lock "435bdab1-c20a-49b2-8271-851c83f8ca11" "released" by "nova.context.set_target_cell..get_or_set_cached_cell_and_set_connections" :: held 0.001s {{(pid=118710) inner /usr/local/lib/python3.8/dist-packages/oslo_concurrency/lockutils.py:400}}
Mar 16 17:08:31.243578 n-d-833440-2 devstack@n-api.service[118710]: DEBUG nova.quota [None req-8fc78eed-390f-42ef-90b5-344289d258f3 tempest-LiveMigrationNegativeTest-799143986 tempest-LiveMigrationNegativeTest-799143986-project] Getting quotas for project 3a2e82bb3f8846a6b864319c5e1fddd2. Resources: {'ram', 'instances', 'cores'} {{(pid=118710) _get_quotas /opt/stack/nova/nova/quota.py:393}}
Mar 16 17:08:31.254997 n-d-833440-2 devstack@n-api.service[118710]: DEBUG nova.quota [None req-8fc78eed-390f-42ef-90b5-344289d258f3 tempest-LiveMigrationNegativeTest-799143986 tempest-LiveMigrationNegativeTest-799143986-project] Getting quotas for user 4f8978753f984b88849e896751912f81 and project 3a2e82bb3f8846a6b864319c5e1fddd2. Resources: {'ram', 'instances', 'cores'} {{(pid=118710) _get_quotas /opt/stack/nova/nova/quota.py:383}}
Mar 16 17:08:31.286361 n-d-833440-2 devstack@n-api.service[118710]: DEBUG nova.compute.api [None req-8fc78eed-390f-42ef-90b5-344289d258f3 tempest-LiveMigrationNegativeTest-799143986 tempest-LiveMigrationNegativeTest-799143986-project] Going to run 1 instances... {{(pid=118710) _provision_instances /opt/stack/nova/nova/compute/api.py:1389}}
Mar 16 17:08:31.290328 n-d-833440-2 devstack@n-api.service[118710]: DEBUG nova.compute.api [None req-8fc78eed-390f-42ef-90b5-344289d258f3 tempest-LiveMigrationNegativeTest-799143986 tempest-LiveMigrationNegativeTest-799143986-project] [instance: 3004e618-68fa-4be5-b4b9-7859e51fa8be] block_device_mapping [BlockDeviceMapping(attachment_id=,boot_index=0,connection_info=None,created_at=,delete_on_termination=True,deleted=,deleted_at=,destination_type='local',device_name=None,device_type='disk',disk_bus=None,guest_format=None,id=,image_id='a81da88c-319f-436d-92ce-f12bf8c673c7',instance=,instance_uuid=,no_device=False,snapshot_id=None,source_type='image',tag=None,updated_at=,uuid=,volume_id=None,volume_size=None,volume_type=None)] {{(pid=118710) _bdm_validate_set_size_and_instance /opt/stack/nova/nova/compute/api.py:1807}}
Mar 16 17:08:31.388447 n-d-833440-2 devstack@n-api.service[118710]: INFO nova.api.openstack.requestlog [None req-8fc78eed-390f-42ef-90b5-344289d258f3 tempest-LiveMigrationNegativeTest-799143986 tempest-LiveMigrationNegativeTest-799143986-project] 10.222.0.37 "POST /compute/v2.1/servers" status: 202 len: 380 microversion: 2.1 time: 1.062151
Mar 16 17:08:31.391203 n-d-833440-2 devstack@n-api.service[118710]: [pid: 118710|app: 0|req: 116/238] 10.222.0.37 () {60 vars in 1146 bytes} [Wed Mar 16 17:08:30 2022] POST /compute/v2.1/servers => generated 380 bytes in 1066 msecs (HTTP/1.1 202) 10 headers in 451 bytes (2 switches on core 0)
Mar 16 17:08:31.398536 n-d-833440-2 devstack@n-api.service[118710]: DEBUG nova.api.openstack.wsgi [None req-9f245250-5e2e-4084-80ac-df1b224950ee tempest-AggregatesAdminTestJSON-1236081510 tempest-AggregatesAdminTestJSON-1236081510-project] Calling method '>' {{(pid=118710) _process_stack /opt/stack/nova/nova/api/openstack/wsgi.py:513}}
Mar 16 17:08:31.401866 n-d-833440-2 devstack@n-api.service[118710]: DEBUG nova.compute.api [None req-9f245250-5e2e-4084-80ac-df1b224950ee tempest-AggregatesAdminTestJSON-1236081510 tempest-AggregatesAdminTestJSON-1236081510-project] [instance: b0e316c0-5e1d-4715-bf2e-7d22a278b43f] Fetching instance by UUID {{(pid=118710) get /opt/stack/nova/nova/compute/api.py:2918}}
Mar 16 17:08:31.445618 n-d-833440-2 devstack@n-api.service[118711]: DEBUG nova.policy [None req-2a6b050b-3eea-40de-81f2-02af0e329419 tempest-ServersWithSpecificFlavorTestJSON-1336562904 tempest-ServersWithSpecificFlavorTestJSON-1336562904-project] Policy check for os_compute_api:os-extended-server-attributes failed with credentials {'is_admin': False, 'user_id': '4c58353cf5a0475abe353796073f771a', 'user_domain_id': 'default', 'system_scope': None, 'domain_id': None, 'project_id': '6582cb2f61164c2ca8092afeb7e468cc', 'project_domain_id': 'default', 'roles': ['reader', 'member'], 'is_admin_project': True, 'service_user_id': None, 'service_user_domain_id': None, 'service_project_id': None, 'service_project_domain_id': None, 'service_roles': []} {{(pid=118711) authorize /opt/stack/nova/nova/policy.py:199}}
Mar 16 17:08:31.459385 n-d-833440-2 devstack@n-api.service[118710]: DEBUG oslo_concurrency.lockutils [None req-9f245250-5e2e-4084-80ac-df1b224950ee tempest-AggregatesAdminTestJSON-1236081510 tempest-AggregatesAdminTestJSON-1236081510-project] Lock "435bdab1-c20a-49b2-8271-851c83f8ca11" acquired by "nova.context.set_target_cell..get_or_set_cached_cell_and_set_connections" :: waited 0.000s {{(pid=118710) inner /usr/local/lib/python3.8/dist-packages/oslo_concurrency/lockutils.py:386}}
Mar 16 17:08:31.460659 n-d-833440-2 devstack@n-api.service[118710]: DEBUG oslo_concurrency.lockutils [None req-9f245250-5e2e-4084-80ac-df1b224950ee tempest-AggregatesAdminTestJSON-1236081510 tempest-AggregatesAdminTestJSON-1236081510-project] Lock "435bdab1-c20a-49b2-8271-851c83f8ca11" "released" by "nova.context.set_target_cell..get_or_set_cached_cell_and_set_connections" :: held 0.009s {{(pid=118710) inner /usr/local/lib/python3.8/dist-packages/oslo_concurrency/lockutils.py:400}}
Mar 16 17:08:31.464129 n-d-833440-2 devstack@n-api.service[118711]: INFO nova.api.openstack.requestlog [None req-2a6b050b-3eea-40de-81f2-02af0e329419 tempest-ServersWithSpecificFlavorTestJSON-1336562904 tempest-ServersWithSpecificFlavorTestJSON-1336562904-project] 10.222.0.37 "GET /compute/v2.1/servers/a989fd38-93b8-45c5-8ad3-705110843f3d" status: 200 len: 1387 microversion: 2.1 time: 0.346967
Mar 16 17:08:31.465521 n-d-833440-2 devstack@n-api.service[118710]: DEBUG oslo_concurrency.lockutils [None req-9f245250-5e2e-4084-80ac-df1b224950ee tempest-AggregatesAdminTestJSON-1236081510 tempest-AggregatesAdminTestJSON-1236081510-project] Lock "435bdab1-c20a-49b2-8271-851c83f8ca11" acquired by "nova.context.set_target_cell..get_or_set_cached_cell_and_set_connections" :: waited 0.000s {{(pid=118710) inner /usr/local/lib/python3.8/dist-packages/oslo_concurrency/lockutils.py:386}}
Mar 16 17:08:31.466098 n-d-833440-2 devstack@n-api.service[118710]: DEBUG oslo_concurrency.lockutils [None req-9f245250-5e2e-4084-80ac-df1b224950ee tempest-AggregatesAdminTestJSON-1236081510 tempest-AggregatesAdminTestJSON-1236081510-project] Lock "435bdab1-c20a-49b2-8271-851c83f8ca11" "released" by "nova.context.set_target_cell..get_or_set_cached_cell_and_set_connections" :: held 0.004s {{(pid=118710) inner /usr/local/lib/python3.8/dist-packages/oslo_concurrency/lockutils.py:400}}
Mar 16 17:08:31.469452 n-d-833440-2 devstack@n-api.service[118711]: [pid: 118711|app: 0|req: 123/239] 10.222.0.37 () {58 vars in 1235 bytes} [Wed Mar 16 17:08:31 2022] GET /compute/v2.1/servers/a989fd38-93b8-45c5-8ad3-705110843f3d => generated 1387 bytes in 354 msecs (HTTP/1.1 200) 9 headers in 358 bytes (1 switches on core 0)
Mar 16 17:08:31.481740 n-d-833440-2 devstack@n-api.service[118711]: DEBUG nova.api.openstack.wsgi [req-a1ae01e8-5749-4e8f-957b-3b85355db0f4 req-7e808206-33a9-4398-a0e9-7d4731ad51e3 service nova] Action: 'create', calling method: >, body: {"events": [{"server_uuid": "a989fd38-93b8-45c5-8ad3-705110843f3d", "name": "network-vif-plugged", "status": "completed", "tag": "fe984715-44e0-4622-b951-eec224e00b08"}]} {{(pid=118711) _process_stack /opt/stack/nova/nova/api/openstack/wsgi.py:511}}
Mar 16 17:08:31.514026 n-d-833440-2 devstack@n-api.service[118711]: DEBUG oslo_concurrency.lockutils [req-a1ae01e8-5749-4e8f-957b-3b85355db0f4 req-7e808206-33a9-4398-a0e9-7d4731ad51e3 service nova] Lock "435bdab1-c20a-49b2-8271-851c83f8ca11" acquired by "nova.context.set_target_cell..get_or_set_cached_cell_and_set_connections" :: waited 0.000s {{(pid=118711) inner /usr/local/lib/python3.8/dist-packages/oslo_concurrency/lockutils.py:386}}
Mar 16 17:08:31.514691 n-d-833440-2 devstack@n-api.service[118711]: DEBUG oslo_concurrency.lockutils [req-a1ae01e8-5749-4e8f-957b-3b85355db0f4 req-7e808206-33a9-4398-a0e9-7d4731ad51e3 service nova] Lock "435bdab1-c20a-49b2-8271-851c83f8ca11" "released" by "nova.context.set_target_cell..get_or_set_cached_cell_and_set_connections" :: held 0.004s {{(pid=118711) inner /usr/local/lib/python3.8/dist-packages/oslo_concurrency/lockutils.py:400}}
Mar 16 17:08:31.552720 n-d-833440-2 devstack@n-api.service[118711]: INFO nova.api.openstack.compute.server_external_events [req-a1ae01e8-5749-4e8f-957b-3b85355db0f4 req-7e808206-33a9-4398-a0e9-7d4731ad51e3 service nova] Creating event network-vif-plugged:fe984715-44e0-4622-b951-eec224e00b08 for instance a989fd38-93b8-45c5-8ad3-705110843f3d on n-h2-833440-2
Mar 16 17:08:31.562828 n-d-833440-2 devstack@n-api.service[118711]: INFO nova.api.openstack.requestlog [req-a1ae01e8-5749-4e8f-957b-3b85355db0f4 req-7e808206-33a9-4398-a0e9-7d4731ad51e3 service nova] 10.222.0.37 "POST /compute/v2.1/os-server-external-events" status: 200 len: 183 microversion: 2.1 time: 0.091617
Mar 16 17:08:31.564109 n-d-833440-2 devstack@n-api.service[118711]: [pid: 118711|app: 0|req: 124/240] 10.222.0.37 () {64 vars in 1317 bytes} [Wed Mar 16 17:08:31 2022] POST /compute/v2.1/os-server-external-events => generated 183 bytes in 94 msecs (HTTP/1.1 200) 9 headers in 357 bytes (1 switches on core 0)
Mar 16 17:08:31.570743 n-d-833440-2 devstack@n-api.service[118711]: DEBUG nova.api.openstack.wsgi [None req-544f31fb-d670-4101-8c14-65066356a1dc tempest-LiveMigrationNegativeTest-799143986 tempest-LiveMigrationNegativeTest-799143986-project] Calling method '>' {{(pid=118711) _process_stack /opt/stack/nova/nova/api/openstack/wsgi.py:513}}
Mar 16 17:08:31.571763 n-d-833440-2 devstack@n-api.service[118711]: DEBUG nova.compute.api [None req-544f31fb-d670-4101-8c14-65066356a1dc tempest-LiveMigrationNegativeTest-799143986 tempest-LiveMigrationNegativeTest-799143986-project] [instance: 3004e618-68fa-4be5-b4b9-7859e51fa8be] Fetching instance by UUID {{(pid=118711) get /opt/stack/nova/nova/compute/api.py:2918}}
Mar 16 17:08:31.661185 n-d-833440-2 devstack@n-api.service[118710]: DEBUG nova.policy [None req-9f245250-5e2e-4084-80ac-df1b224950ee tempest-AggregatesAdminTestJSON-1236081510 tempest-AggregatesAdminTestJSON-1236081510-project] Policy check for os_compute_api:os-extended-server-attributes failed with credentials {'is_admin': False, 'user_id': '3162acdd2be0402584e3c5ebb6fdbe7a', 'user_domain_id': 'default', 'system_scope': None, 'domain_id': None, 'project_id': 'ec5a43350916454388ef4525bea02ee9', 'project_domain_id': 'default', 'roles': ['reader', 'member'], 'is_admin_project': True, 'service_user_id': None, 'service_user_domain_id': None, 'service_project_id': None, 'service_project_domain_id': None, 'service_roles': []} {{(pid=118710) authorize /opt/stack/nova/nova/policy.py:199}}
Mar 16 17:08:31.672701 n-d-833440-2 devstack@n-api.service[118710]: INFO nova.api.openstack.requestlog [None req-9f245250-5e2e-4084-80ac-df1b224950ee tempest-AggregatesAdminTestJSON-1236081510 tempest-AggregatesAdminTestJSON-1236081510-project] 10.222.0.37 "GET /compute/v2.1/servers/b0e316c0-5e1d-4715-bf2e-7d22a278b43f" status: 200 len: 1452 microversion: 2.1 time: 0.280212
Mar 16 17:08:31.691982 n-d-833440-2 devstack@n-api.service[118710]: [pid: 118710|app: 0|req: 117/241] 10.222.0.37 () {58 vars in 1235 bytes} [Wed Mar 16 17:08:31 2022] GET /compute/v2.1/servers/b0e316c0-5e1d-4715-bf2e-7d22a278b43f => generated 1452 bytes in 283 msecs (HTTP/1.1 200) 9 headers in 358 bytes (1 switches on core 0)
Mar 16 17:08:31.697968 n-d-833440-2 devstack@n-api.service[118710]: DEBUG nova.api.openstack.wsgi [req-d7ed8ad1-a86a-4ad4-b587-2d15d6c93fa6 req-4407fc92-dc07-4f09-a9b5-547ffe263fd7 service nova] Action: 'create', calling method: >, body: {"events": [{"server_uuid": "b0e316c0-5e1d-4715-bf2e-7d22a278b43f", "name": "network-vif-deleted", "tag": "17ecd9cd-e005-459e-a177-ab5b374c4a15"}]} {{(pid=118710) _process_stack /opt/stack/nova/nova/api/openstack/wsgi.py:511}}
Mar 16 17:08:31.710846 n-d-833440-2 devstack@n-api.service[118710]: DEBUG oslo_concurrency.lockutils [req-d7ed8ad1-a86a-4ad4-b587-2d15d6c93fa6 req-4407fc92-dc07-4f09-a9b5-547ffe263fd7 service nova] Lock "435bdab1-c20a-49b2-8271-851c83f8ca11" acquired by "nova.context.set_target_cell..get_or_set_cached_cell_and_set_connections" :: waited 0.000s {{(pid=118710) inner /usr/local/lib/python3.8/dist-packages/oslo_concurrency/lockutils.py:386}}
Mar 16 17:08:31.719578 n-d-833440-2 devstack@n-api.service[118710]: DEBUG oslo_concurrency.lockutils [req-d7ed8ad1-a86a-4ad4-b587-2d15d6c93fa6 req-4407fc92-dc07-4f09-a9b5-547ffe263fd7 service nova] Lock "435bdab1-c20a-49b2-8271-851c83f8ca11" "released" by "nova.context.set_target_cell..get_or_set_cached_cell_and_set_connections" :: held 0.009s {{(pid=118710) inner /usr/local/lib/python3.8/dist-packages/oslo_concurrency/lockutils.py:400}}
Mar 16 17:08:31.743899 n-d-833440-2 devstack@n-api.service[118710]: INFO nova.api.openstack.compute.server_external_events [req-d7ed8ad1-a86a-4ad4-b587-2d15d6c93fa6 req-4407fc92-dc07-4f09-a9b5-547ffe263fd7 service nova] Creating event network-vif-deleted:17ecd9cd-e005-459e-a177-ab5b374c4a15 for instance b0e316c0-5e1d-4715-bf2e-7d22a278b43f on n-h1-833440-2
Mar 16 17:08:31.757216 n-d-833440-2 devstack@n-api.service[118710]: INFO nova.api.openstack.requestlog [req-d7ed8ad1-a86a-4ad4-b587-2d15d6c93fa6 req-4407fc92-dc07-4f09-a9b5-547ffe263fd7 service nova] 10.222.0.37 "POST /compute/v2.1/os-server-external-events" status: 200 len: 183 microversion: 2.1 time: 0.061966
Mar 16 17:08:31.761035 n-d-833440-2 devstack@n-api.service[118710]: [pid: 118710|app: 0|req: 118/242] 10.222.0.37 () {64 vars in 1317 bytes} [Wed Mar 16 17:08:31 2022] POST /compute/v2.1/os-server-external-events => generated 183 bytes in 68 msecs (HTTP/1.1 200) 9 headers in 357 bytes (1 switches on core 0)
Mar 16 17:08:31.765318 n-d-833440-2 devstack@n-api.service[118711]: DEBUG nova.policy [None req-544f31fb-d670-4101-8c14-65066356a1dc tempest-LiveMigrationNegativeTest-799143986 tempest-LiveMigrationNegativeTest-799143986-project] Policy check for os_compute_api:os-extended-server-attributes failed with credentials {'is_admin': False, 'user_id': '4f8978753f984b88849e896751912f81', 'user_domain_id': 'default', 'system_scope': None, 'domain_id': None, 'project_id': '3a2e82bb3f8846a6b864319c5e1fddd2', 'project_domain_id': 'default', 'roles': ['reader', 'member'], 'is_admin_project': True, 'service_user_id': None, 'service_user_domain_id': None, 'service_project_id': None, 'service_project_domain_id': None, 'service_roles': []} {{(pid=118711) authorize /opt/stack/nova/nova/policy.py:199}}
Mar 16 17:08:31.798183 n-d-833440-2 devstack@n-api.service[118711]: INFO nova.api.openstack.requestlog [None req-544f31fb-d670-4101-8c14-65066356a1dc tempest-LiveMigrationNegativeTest-799143986 tempest-LiveMigrationNegativeTest-799143986-project] 10.222.0.37 "GET /compute/v2.1/servers/3004e618-68fa-4be5-b4b9-7859e51fa8be" status: 200 len: 1218 microversion: 2.1 time: 0.231905
Mar 16 17:08:31.799730 n-d-833440-2 devstack@n-api.service[118711]: [pid: 118711|app: 0|req: 125/243] 10.222.0.37 () {58 vars in 1235 bytes} [Wed Mar 16 17:08:31 2022] GET /compute/v2.1/servers/3004e618-68fa-4be5-b4b9-7859e51fa8be => generated 1218 bytes in 235 msecs (HTTP/1.1 200) 9 headers in 358 bytes (1 switches on core 0)
Mar 16 17:08:32.122574 n-d-833440-2 devstack@n-api.service[118710]: DEBUG nova.api.openstack.wsgi [None req-90cad762-99d2-47a1-809c-7a1d9b1c8d23 tempest-ServersOnMultiNodesTest-1933937997 tempest-ServersOnMultiNodesTest-1933937997-project] Calling method '>' {{(pid=118710) _process_stack /opt/stack/nova/nova/api/openstack/wsgi.py:513}}
Mar 16 17:08:32.123765 n-d-833440-2 devstack@n-api.service[118710]: DEBUG nova.compute.api [None req-90cad762-99d2-47a1-809c-7a1d9b1c8d23 tempest-ServersOnMultiNodesTest-1933937997 tempest-ServersOnMultiNodesTest-1933937997-project] [instance: d7b44ff3-fda6-448a-9ed9-3e05e9149203] Fetching instance by UUID {{(pid=118710) get /opt/stack/nova/nova/compute/api.py:2918}}
Mar 16 17:08:32.137142 n-d-833440-2 devstack@n-api.service[118710]: DEBUG oslo_concurrency.lockutils [None req-90cad762-99d2-47a1-809c-7a1d9b1c8d23 tempest-ServersOnMultiNodesTest-1933937997 tempest-ServersOnMultiNodesTest-1933937997-project] Lock "435bdab1-c20a-49b2-8271-851c83f8ca11" acquired by "nova.context.set_target_cell..get_or_set_cached_cell_and_set_connections" :: waited 0.000s {{(pid=118710) inner /usr/local/lib/python3.8/dist-packages/oslo_concurrency/lockutils.py:386}}
Mar 16 17:08:32.137646 n-d-833440-2 devstack@n-api.service[118710]: DEBUG oslo_concurrency.lockutils [None req-90cad762-99d2-47a1-809c-7a1d9b1c8d23 tempest-ServersOnMultiNodesTest-1933937997 tempest-ServersOnMultiNodesTest-1933937997-project] Lock "435bdab1-c20a-49b2-8271-851c83f8ca11" "released" by "nova.context.set_target_cell..get_or_set_cached_cell_and_set_connections" :: held 0.006s {{(pid=118710) inner /usr/local/lib/python3.8/dist-packages/oslo_concurrency/lockutils.py:400}}
Mar 16 17:08:32.138477 n-d-833440-2 devstack@n-api.service[118710]: DEBUG oslo_concurrency.lockutils [None req-90cad762-99d2-47a1-809c-7a1d9b1c8d23 tempest-ServersOnMultiNodesTest-1933937997 tempest-ServersOnMultiNodesTest-1933937997-project] Lock "435bdab1-c20a-49b2-8271-851c83f8ca11" acquired by "nova.context.set_target_cell..get_or_set_cached_cell_and_set_connections" :: waited 0.000s {{(pid=118710) inner /usr/local/lib/python3.8/dist-packages/oslo_concurrency/lockutils.py:386}}
