Mar 11 16:55:37.304241 n-d-833431-1 devstack@placement-api.service[116601]: INFO placement.requestlog [req-9209bab7-f26e-4405-ba46-918efccd3883 req-1e7671d9-209d-41b9-a67a-dc0e03cab95a service placement] 10.222.0.44 "GET /placement/resource_providers?name=n-h2-833431-1" status: 200 len: 441 microversion: 1.0
Mar 11 16:55:37.304925 n-d-833431-1 devstack@placement-api.service[116601]: [pid: 116601|app: 0|req: 30/61] 10.222.0.44 () {58 vars in 1274 bytes} [Fri Mar 11 16:55:37 2022] GET /placement/resource_providers?name=n-h2-833431-1 => generated 441 bytes in 19 msecs (HTTP/1.1 200) 6 headers in 224 bytes (1 switches on core 0)
Mar 11 16:55:37.311833 n-d-833431-1 devstack@placement-api.service[116602]: DEBUG placement.requestlog [req-9209bab7-f26e-4405-ba46-918efccd3883 req-633cf680-f8ba-46c9-b8e5-82087d125f27 None None] Starting request: 10.222.0.44 "GET /placement/resource_providers/af5fb668-36cc-4978-99dd-7062e92fd038/aggregates" {{(pid=116602) __call__ /opt/stack/placement/placement/requestlog.py:55}}
Mar 11 16:55:37.349449 n-d-833431-1 devstack@placement-api.service[116602]: INFO placement.requestlog [req-9209bab7-f26e-4405-ba46-918efccd3883 req-633cf680-f8ba-46c9-b8e5-82087d125f27 service placement] 10.222.0.44 "GET /placement/resource_providers/af5fb668-36cc-4978-99dd-7062e92fd038/aggregates" status: 200 len: 92 microversion: 1.19
Mar 11 16:55:37.350101 n-d-833431-1 devstack@placement-api.service[116602]: [pid: 116602|app: 0|req: 32/62] 10.222.0.44 () {60 vars in 1425 bytes} [Fri Mar 11 16:55:37 2022] GET /placement/resource_providers/af5fb668-36cc-4978-99dd-7062e92fd038/aggregates => generated 92 bytes in 39 msecs (HTTP/1.1 200) 8 headers in 295 bytes (1 switches on core 0)
Mar 11 16:55:37.357281 n-d-833431-1 devstack@placement-api.service[116601]: DEBUG placement.requestlog [req-9209bab7-f26e-4405-ba46-918efccd3883 req-67ba2051-d8d3-4d11-91b2-680f79b20b15 None None] Starting request: 10.222.0.44 "PUT /placement/resource_providers/af5fb668-36cc-4978-99dd-7062e92fd038/aggregates" {{(pid=116601) __call__ /opt/stack/placement/placement/requestlog.py:55}}
Mar 11 16:55:37.375574 n-d-833431-1 devstack@placement-api.service[116601]: DEBUG placement.objects.resource_provider [req-9209bab7-f26e-4405-ba46-918efccd3883 req-67ba2051-d8d3-4d11-91b2-680f79b20b15 service placement] Setting aggregates for provider af5fb668-36cc-4978-99dd-7062e92fd038. Successfully disassociated aggregate 3da60e12-31a6-4b3f-8521-5612be5c0243. {{(pid=116601) _set_aggregates /opt/stack/placement/placement/objects/resource_provider.py:403}}
Mar 11 16:55:37.458025 n-d-833431-1 devstack@placement-api.service[116601]: INFO placement.requestlog [req-9209bab7-f26e-4405-ba46-918efccd3883 req-67ba2051-d8d3-4d11-91b2-680f79b20b15 service placement] 10.222.0.44 "PUT /placement/resource_providers/af5fb668-36cc-4978-99dd-7062e92fd038/aggregates" status: 200 len: 54 microversion: 1.19
Mar 11 16:55:37.459992 n-d-833431-1 devstack@placement-api.service[116601]: [pid: 116601|app: 0|req: 31/63] 10.222.0.44 () {64 vars in 1477 bytes} [Fri Mar 11 16:55:37 2022] PUT /placement/resource_providers/af5fb668-36cc-4978-99dd-7062e92fd038/aggregates => generated 54 bytes in 103 msecs (HTTP/1.1 200) 8 headers in 295 bytes (1 switches on core 0)
Mar 11 16:55:38.051684 n-d-833431-1 devstack@placement-api.service[116602]: DEBUG placement.requestlog [req-30e1cc2a-6417-4fdf-aac8-860186ffc827 req-6bdd0fb9-db22-489c-b353-48529c646766 None None] Starting request: 10.222.0.44 "GET /placement/resource_providers?name=n-h2-833431-1" {{(pid=116602) __call__ /opt/stack/placement/placement/requestlog.py:55}}
Mar 11 16:55:38.064090 n-d-833431-1 devstack@placement-api.service[116602]: INFO placement.requestlog [req-30e1cc2a-6417-4fdf-aac8-860186ffc827 req-6bdd0fb9-db22-489c-b353-48529c646766 service placement] 10.222.0.44 "GET /placement/resource_providers?name=n-h2-833431-1" status: 200 len: 441 microversion: 1.0
Mar 11 16:55:38.064858 n-d-833431-1 devstack@placement-api.service[116602]: [pid: 116602|app: 0|req: 33/64] 10.222.0.44 () {58 vars in 1274 bytes} [Fri Mar 11 16:55:38 2022] GET /placement/resource_providers?name=n-h2-833431-1 => generated 441 bytes in 13 msecs (HTTP/1.1 200) 6 headers in 224 bytes (1 switches on core 0)
Mar 11 16:55:38.072125 n-d-833431-1 devstack@placement-api.service[116601]: DEBUG placement.requestlog [req-30e1cc2a-6417-4fdf-aac8-860186ffc827 req-b1380904-ab51-4a09-ba65-a5428b1b0e2b None None] Starting request: 10.222.0.44 "GET /placement/resource_providers/af5fb668-36cc-4978-99dd-7062e92fd038/aggregates" {{(pid=116601) __call__ /opt/stack/placement/placement/requestlog.py:55}}
Mar 11 16:55:38.087989 n-d-833431-1 devstack@placement-api.service[116601]: INFO placement.requestlog [req-30e1cc2a-6417-4fdf-aac8-860186ffc827 req-b1380904-ab51-4a09-ba65-a5428b1b0e2b service placement] 10.222.0.44 "GET /placement/resource_providers/af5fb668-36cc-4978-99dd-7062e92fd038/aggregates" status: 200 len: 54 microversion: 1.19
Mar 11 16:55:38.094472 n-d-833431-1 devstack@placement-api.service[116601]: [pid: 116601|app: 0|req: 32/65] 10.222.0.44 () {60 vars in 1425 bytes} [Fri Mar 11 16:55:38 2022] GET /placement/resource_providers/af5fb668-36cc-4978-99dd-7062e92fd038/aggregates => generated 54 bytes in 23 msecs (HTTP/1.1 200) 8 headers in 295 bytes (1 switches on core 0)
Mar 11 16:55:38.095461 n-d-833431-1 devstack@placement-api.service[116602]: DEBUG placement.requestlog [req-30e1cc2a-6417-4fdf-aac8-860186ffc827 req-209e98e7-796b-4a63-8307-08b7bb10ed1a None None] Starting request: 10.222.0.44 "PUT /placement/resource_providers/af5fb668-36cc-4978-99dd-7062e92fd038/aggregates" {{(pid=116602) __call__ /opt/stack/placement/placement/requestlog.py:55}}
Mar 11 16:55:38.123250 n-d-833431-1 devstack@placement-api.service[116602]: DEBUG placement.objects.resource_provider [req-30e1cc2a-6417-4fdf-aac8-860186ffc827 req-209e98e7-796b-4a63-8307-08b7bb10ed1a service placement] _ensure_aggregate() did not find aggregate 73042706-9865-4c5d-a389-49758c890f6f. Attempting to create it. {{(pid=116602) _ensure_aggregate /opt/stack/placement/placement/objects/resource_provider.py:320}}
Mar 11 16:55:38.125199 n-d-833431-1 devstack@placement-api.service[116602]: DEBUG placement.objects.resource_provider [req-30e1cc2a-6417-4fdf-aac8-860186ffc827 req-209e98e7-796b-4a63-8307-08b7bb10ed1a service placement] _ensure_aggregate() created new aggregate 73042706-9865-4c5d-a389-49758c890f6f (id=5). {{(pid=116602) _ensure_aggregate /opt/stack/placement/placement/objects/resource_provider.py:326}}
Mar 11 16:55:38.137033 n-d-833431-1 devstack@placement-api.service[116602]: DEBUG placement.objects.resource_provider [req-30e1cc2a-6417-4fdf-aac8-860186ffc827 req-209e98e7-796b-4a63-8307-08b7bb10ed1a service placement] Setting aggregates for provider af5fb668-36cc-4978-99dd-7062e92fd038. Successfully associated aggregate 73042706-9865-4c5d-a389-49758c890f6f. {{(pid=116602) _set_aggregates /opt/stack/placement/placement/objects/resource_provider.py:388}}
Mar 11 16:55:38.253368 n-d-833431-1 devstack@placement-api.service[116602]: INFO placement.requestlog [req-30e1cc2a-6417-4fdf-aac8-860186ffc827 req-209e98e7-796b-4a63-8307-08b7bb10ed1a service placement] 10.222.0.44 "PUT /placement/resource_providers/af5fb668-36cc-4978-99dd-7062e92fd038/aggregates" status: 200 len: 92 microversion: 1.19
Mar 11 16:55:38.257189 n-d-833431-1 devstack@placement-api.service[116602]: [pid: 116602|app: 0|req: 34/66] 10.222.0.44 () {64 vars in 1477 bytes} [Fri Mar 11 16:55:38 2022] PUT /placement/resource_providers/af5fb668-36cc-4978-99dd-7062e92fd038/aggregates => generated 92 bytes in 159 msecs (HTTP/1.1 200) 8 headers in 295 bytes (2 switches on core 0)
Mar 11 16:55:38.370867 n-d-833431-1 devstack@placement-api.service[116601]: DEBUG placement.requestlog [req-5c4c02c8-67f4-4c41-876f-2a74538846f2 req-3148a9b1-b556-4a62-a363-6a78a779ab6a None None] Starting request: 10.222.0.44 "GET /placement/resource_providers?name=n-h2-833431-1" {{(pid=116601) __call__ /opt/stack/placement/placement/requestlog.py:55}}
Mar 11 16:55:38.383481 n-d-833431-1 devstack@placement-api.service[116601]: INFO placement.requestlog [req-5c4c02c8-67f4-4c41-876f-2a74538846f2 req-3148a9b1-b556-4a62-a363-6a78a779ab6a service placement] 10.222.0.44 "GET /placement/resource_providers?name=n-h2-833431-1" status: 200 len: 441 microversion: 1.0
Mar 11 16:55:38.384075 n-d-833431-1 devstack@placement-api.service[116601]: [pid: 116601|app: 0|req: 33/67] 10.222.0.44 () {58 vars in 1274 bytes} [Fri Mar 11 16:55:38 2022] GET /placement/resource_providers?name=n-h2-833431-1 => generated 441 bytes in 13 msecs (HTTP/1.1 200) 6 headers in 224 bytes (1 switches on core 0)
Mar 11 16:55:38.391127 n-d-833431-1 devstack@placement-api.service[116602]: DEBUG placement.requestlog [req-5c4c02c8-67f4-4c41-876f-2a74538846f2 req-776396a5-b28e-46d3-ae4c-81f36989843c None None] Starting request: 10.222.0.44 "GET /placement/resource_providers/af5fb668-36cc-4978-99dd-7062e92fd038/aggregates" {{(pid=116602) __call__ /opt/stack/placement/placement/requestlog.py:55}}
Mar 11 16:55:38.414045 n-d-833431-1 devstack@placement-api.service[116602]: INFO placement.requestlog [req-5c4c02c8-67f4-4c41-876f-2a74538846f2 req-776396a5-b28e-46d3-ae4c-81f36989843c service placement] 10.222.0.44 "GET /placement/resource_providers/af5fb668-36cc-4978-99dd-7062e92fd038/aggregates" status: 200 len: 92 microversion: 1.19
Mar 11 16:55:38.414498 n-d-833431-1 devstack@placement-api.service[116602]: [pid: 116602|app: 0|req: 35/68] 10.222.0.44 () {60 vars in 1425 bytes} [Fri Mar 11 16:55:38 2022] GET /placement/resource_providers/af5fb668-36cc-4978-99dd-7062e92fd038/aggregates => generated 92 bytes in 24 msecs (HTTP/1.1 200) 8 headers in 295 bytes (1 switches on core 0)
Mar 11 16:55:38.425506 n-d-833431-1 devstack@placement-api.service[116601]: DEBUG placement.requestlog [req-5c4c02c8-67f4-4c41-876f-2a74538846f2 req-e2118b31-df6d-49f5-a486-0da64435932d None None] Starting request: 10.222.0.44 "PUT /placement/resource_providers/af5fb668-36cc-4978-99dd-7062e92fd038/aggregates" {{(pid=116601) __call__ /opt/stack/placement/placement/requestlog.py:55}}
Mar 11 16:55:38.445392 n-d-833431-1 devstack@placement-api.service[116601]: DEBUG placement.objects.resource_provider [req-5c4c02c8-67f4-4c41-876f-2a74538846f2 req-e2118b31-df6d-49f5-a486-0da64435932d service placement] Setting aggregates for provider af5fb668-36cc-4978-99dd-7062e92fd038. Successfully disassociated aggregate 73042706-9865-4c5d-a389-49758c890f6f. {{(pid=116601) _set_aggregates /opt/stack/placement/placement/objects/resource_provider.py:403}}
Mar 11 16:55:38.547134 n-d-833431-1 devstack@placement-api.service[116601]: INFO placement.requestlog [req-5c4c02c8-67f4-4c41-876f-2a74538846f2 req-e2118b31-df6d-49f5-a486-0da64435932d service placement] 10.222.0.44 "PUT /placement/resource_providers/af5fb668-36cc-4978-99dd-7062e92fd038/aggregates" status: 200 len: 54 microversion: 1.19
Mar 11 16:55:38.553003 n-d-833431-1 devstack@placement-api.service[116601]: [pid: 116601|app: 0|req: 34/69] 10.222.0.44 () {64 vars in 1477 bytes} [Fri Mar 11 16:55:38 2022] PUT /placement/resource_providers/af5fb668-36cc-4978-99dd-7062e92fd038/aggregates => generated 54 bytes in 125 msecs (HTTP/1.1 200) 8 headers in 295 bytes (1 switches on core 0)
Mar 11 16:55:39.564902 n-d-833431-1 devstack@placement-api.service[116602]: DEBUG placement.requestlog [req-c628044f-cbfe-4798-a993-924df4eeaa0a req-4d7d7e25-42c9-4736-a173-955a9bb6d8a2 None None] Starting request: 10.222.0.44 "GET /placement/resource_providers?name=n-h2-833431-1" {{(pid=116602) __call__ /opt/stack/placement/placement/requestlog.py:55}}
Mar 11 16:55:39.580844 n-d-833431-1 devstack@placement-api.service[116602]: INFO placement.requestlog [req-c628044f-cbfe-4798-a993-924df4eeaa0a req-4d7d7e25-42c9-4736-a173-955a9bb6d8a2 service placement] 10.222.0.44 "GET /placement/resource_providers?name=n-h2-833431-1" status: 200 len: 441 microversion: 1.0
Mar 11 16:55:39.581248 n-d-833431-1 devstack@placement-api.service[116602]: [pid: 116602|app: 0|req: 36/70] 10.222.0.44 () {58 vars in 1274 bytes} [Fri Mar 11 16:55:39 2022] GET /placement/resource_providers?name=n-h2-833431-1 => generated 441 bytes in 17 msecs (HTTP/1.1 200) 6 headers in 224 bytes (1 switches on core 0)
Mar 11 16:55:39.591578 n-d-833431-1 devstack@placement-api.service[116601]: DEBUG placement.requestlog [req-c628044f-cbfe-4798-a993-924df4eeaa0a req-646dc89b-e37d-47e1-a048-55b5e62b210d None None] Starting request: 10.222.0.44 "GET /placement/resource_providers/af5fb668-36cc-4978-99dd-7062e92fd038/aggregates" {{(pid=116601) __call__ /opt/stack/placement/placement/requestlog.py:55}}
Mar 11 16:55:39.609554 n-d-833431-1 devstack@placement-api.service[116601]: INFO placement.requestlog [req-c628044f-cbfe-4798-a993-924df4eeaa0a req-646dc89b-e37d-47e1-a048-55b5e62b210d service placement] 10.222.0.44 "GET /placement/resource_providers/af5fb668-36cc-4978-99dd-7062e92fd038/aggregates" status: 200 len: 54 microversion: 1.19
Mar 11 16:55:39.609995 n-d-833431-1 devstack@placement-api.service[116601]: [pid: 116601|app: 0|req: 35/71] 10.222.0.44 () {60 vars in 1425 bytes} [Fri Mar 11 16:55:39 2022] GET /placement/resource_providers/af5fb668-36cc-4978-99dd-7062e92fd038/aggregates => generated 54 bytes in 19 msecs (HTTP/1.1 200) 8 headers in 295 bytes (1 switches on core 0)
Mar 11 16:55:39.621838 n-d-833431-1 devstack@placement-api.service[116602]: DEBUG placement.requestlog [req-c628044f-cbfe-4798-a993-924df4eeaa0a req-95fd6062-e24b-4bc9-918d-b79ae54b0789 None None] Starting request: 10.222.0.44 "PUT /placement/resource_providers/af5fb668-36cc-4978-99dd-7062e92fd038/aggregates" {{(pid=116602) __call__ /opt/stack/placement/placement/requestlog.py:55}}
Mar 11 16:55:39.642143 n-d-833431-1 devstack@placement-api.service[116602]: DEBUG placement.objects.resource_provider [req-c628044f-cbfe-4798-a993-924df4eeaa0a req-95fd6062-e24b-4bc9-918d-b79ae54b0789 service placement] _ensure_aggregate() did not find aggregate 0124f7c8-86c3-4551-97d1-a7c3c456bdb8. Attempting to create it. {{(pid=116602) _ensure_aggregate /opt/stack/placement/placement/objects/resource_provider.py:320}}
Mar 11 16:55:39.644076 n-d-833431-1 devstack@placement-api.service[116602]: DEBUG placement.objects.resource_provider [req-c628044f-cbfe-4798-a993-924df4eeaa0a req-95fd6062-e24b-4bc9-918d-b79ae54b0789 service placement] _ensure_aggregate() created new aggregate 0124f7c8-86c3-4551-97d1-a7c3c456bdb8 (id=6). {{(pid=116602) _ensure_aggregate /opt/stack/placement/placement/objects/resource_provider.py:326}}
Mar 11 16:55:39.645285 n-d-833431-1 devstack@placement-api.service[116602]: DEBUG placement.objects.resource_provider [req-c628044f-cbfe-4798-a993-924df4eeaa0a req-95fd6062-e24b-4bc9-918d-b79ae54b0789 service placement] Setting aggregates for provider af5fb668-36cc-4978-99dd-7062e92fd038. Successfully associated aggregate 0124f7c8-86c3-4551-97d1-a7c3c456bdb8. {{(pid=116602) _set_aggregates /opt/stack/placement/placement/objects/resource_provider.py:388}}
Mar 11 16:55:39.652225 n-d-833431-1 devstack@placement-api.service[116601]: DEBUG placement.requestlog [req-d3b14b5e-1320-4c83-9815-9a0f7520c9c7 req-618a3216-eac7-4085-b1df-3e4cc91b0677 None None] Starting request: 10.222.0.50 "GET /placement/allocations/82af8286-0dd2-4d79-a9ca-7fe700f73ce9" {{(pid=116601) __call__ /opt/stack/placement/placement/requestlog.py:55}}
Mar 11 16:55:39.669782 n-d-833431-1 devstack@placement-api.service[116601]: INFO placement.requestlog [req-d3b14b5e-1320-4c83-9815-9a0f7520c9c7 req-618a3216-eac7-4085-b1df-3e4cc91b0677 service placement] 10.222.0.50 "GET /placement/allocations/82af8286-0dd2-4d79-a9ca-7fe700f73ce9" status: 200 len: 259 microversion: 1.28
Mar 11 16:55:39.670644 n-d-833431-1 devstack@placement-api.service[116601]: [pid: 116601|app: 0|req: 36/72] 10.222.0.50 () {60 vars in 1377 bytes} [Fri Mar 11 16:55:39 2022] GET /placement/allocations/82af8286-0dd2-4d79-a9ca-7fe700f73ce9 => generated 259 bytes in 19 msecs (HTTP/1.1 200) 8 headers in 296 bytes (2 switches on core 0)
Mar 11 16:55:39.790710 n-d-833431-1 devstack@placement-api.service[116602]: INFO placement.requestlog [req-c628044f-cbfe-4798-a993-924df4eeaa0a req-95fd6062-e24b-4bc9-918d-b79ae54b0789 service placement] 10.222.0.44 "PUT /placement/resource_providers/af5fb668-36cc-4978-99dd-7062e92fd038/aggregates" status: 200 len: 92 microversion: 1.19
Mar 11 16:55:39.791754 n-d-833431-1 devstack@placement-api.service[116602]: [pid: 116602|app: 0|req: 37/73] 10.222.0.44 () {64 vars in 1477 bytes} [Fri Mar 11 16:55:39 2022] PUT /placement/resource_providers/af5fb668-36cc-4978-99dd-7062e92fd038/aggregates => generated 92 bytes in 170 msecs (HTTP/1.1 200) 8 headers in 295 bytes (1 switches on core 0)
Mar 11 16:55:40.201133 n-d-833431-1 devstack@placement-api.service[116601]: DEBUG placement.requestlog [req-8b74e766-c5b1-401d-b023-3f805cd07e8e req-d3d9b44a-105e-4dcf-a4ee-5c26ac14bbd9 None None] Starting request: 10.222.0.44 "GET /placement/resource_providers?name=n-h2-833431-1" {{(pid=116601) __call__ /opt/stack/placement/placement/requestlog.py:55}}
Mar 11 16:55:40.213500 n-d-833431-1 devstack@placement-api.service[116601]: INFO placement.requestlog [req-8b74e766-c5b1-401d-b023-3f805cd07e8e req-d3d9b44a-105e-4dcf-a4ee-5c26ac14bbd9 service placement] 10.222.0.44 "GET /placement/resource_providers?name=n-h2-833431-1" status: 200 len: 441 microversion: 1.0
Mar 11 16:55:40.213900 n-d-833431-1 devstack@placement-api.service[116601]: [pid: 116601|app: 0|req: 37/74] 10.222.0.44 () {58 vars in 1274 bytes} [Fri Mar 11 16:55:40 2022] GET /placement/resource_providers?name=n-h2-833431-1 => generated 441 bytes in 13 msecs (HTTP/1.1 200) 6 headers in 224 bytes (2 switches on core 0)
Mar 11 16:55:40.220763 n-d-833431-1 devstack@placement-api.service[116602]: DEBUG placement.requestlog [req-8b74e766-c5b1-401d-b023-3f805cd07e8e req-81b51cb6-ded2-4f67-9bc1-1a95fc45c81b None None] Starting request: 10.222.0.44 "GET /placement/resource_providers/af5fb668-36cc-4978-99dd-7062e92fd038/aggregates" {{(pid=116602) __call__ /opt/stack/placement/placement/requestlog.py:55}}
Mar 11 16:55:40.242629 n-d-833431-1 devstack@placement-api.service[116602]: INFO placement.requestlog [req-8b74e766-c5b1-401d-b023-3f805cd07e8e req-81b51cb6-ded2-4f67-9bc1-1a95fc45c81b service placement] 10.222.0.44 "GET /placement/resource_providers/af5fb668-36cc-4978-99dd-7062e92fd038/aggregates" status: 200 len: 92 microversion: 1.19
Mar 11 16:55:40.243201 n-d-833431-1 devstack@placement-api.service[116602]: [pid: 116602|app: 0|req: 38/75] 10.222.0.44 () {60 vars in 1425 bytes} [Fri Mar 11 16:55:40 2022] GET /placement/resource_providers/af5fb668-36cc-4978-99dd-7062e92fd038/aggregates => generated 92 bytes in 23 msecs (HTTP/1.1 200) 8 headers in 295 bytes (2 switches on core 0)
Mar 11 16:55:40.254306 n-d-833431-1 devstack@placement-api.service[116601]: DEBUG placement.requestlog [req-8b74e766-c5b1-401d-b023-3f805cd07e8e req-7f401d0c-32e4-4da0-b395-59f0d32b276e None None] Starting request: 10.222.0.44 "PUT /placement/resource_providers/af5fb668-36cc-4978-99dd-7062e92fd038/aggregates" {{(pid=116601) __call__ /opt/stack/placement/placement/requestlog.py:55}}
Mar 11 16:55:40.270431 n-d-833431-1 devstack@placement-api.service[116601]: DEBUG placement.objects.resource_provider [req-8b74e766-c5b1-401d-b023-3f805cd07e8e req-7f401d0c-32e4-4da0-b395-59f0d32b276e service placement] Setting aggregates for provider af5fb668-36cc-4978-99dd-7062e92fd038. Successfully disassociated aggregate 0124f7c8-86c3-4551-97d1-a7c3c456bdb8. {{(pid=116601) _set_aggregates /opt/stack/placement/placement/objects/resource_provider.py:403}}
Mar 11 16:55:40.431065 n-d-833431-1 devstack@placement-api.service[116601]: INFO placement.requestlog [req-8b74e766-c5b1-401d-b023-3f805cd07e8e req-7f401d0c-32e4-4da0-b395-59f0d32b276e service placement] 10.222.0.44 "PUT /placement/resource_providers/af5fb668-36cc-4978-99dd-7062e92fd038/aggregates" status: 200 len: 54 microversion: 1.19
Mar 11 16:55:40.431783 n-d-833431-1 devstack@placement-api.service[116601]: [pid: 116601|app: 0|req: 38/76] 10.222.0.44 () {64 vars in 1477 bytes} [Fri Mar 11 16:55:40 2022] PUT /placement/resource_providers/af5fb668-36cc-4978-99dd-7062e92fd038/aggregates => generated 54 bytes in 178 msecs (HTTP/1.1 200) 8 headers in 295 bytes (2 switches on core 0)
Mar 11 16:55:40.741486 n-d-833431-1 devstack@placement-api.service[116602]: DEBUG placement.requestlog [req-0a098715-5bd5-4d51-a8a4-246e397f554d req-ac60038b-ab29-4f8c-a1b4-643a68c2658c None None] Starting request: 10.222.0.44 "GET /placement/allocation_candidates?limit=1000&resources=DISK_GB%3A1%2CMEMORY_MB%3A1024%2CVCPU%3A1&root_required=%21COMPUTE_STATUS_DISABLED" {{(pid=116602) __call__ /opt/stack/placement/placement/requestlog.py:55}}
Mar 11 16:55:40.773929 n-d-833431-1 devstack@placement-api.service[116602]: DEBUG placement.objects.research_context [req-0a098715-5bd5-4d51-a8a4-246e397f554d req-ac60038b-ab29-4f8c-a1b4-643a68c2658c service placement] getting providers with 1 DISK_GB {{(pid=116602) __init__ /opt/stack/placement/placement/objects/research_context.py:136}}
Mar 11 16:55:40.779958 n-d-833431-1 devstack@placement-api.service[116602]: DEBUG placement.objects.research_context [req-0a098715-5bd5-4d51-a8a4-246e397f554d req-ac60038b-ab29-4f8c-a1b4-643a68c2658c service placement] getting providers with 1024 MEMORY_MB {{(pid=116602) __init__ /opt/stack/placement/placement/objects/research_context.py:136}}
Mar 11 16:55:40.786296 n-d-833431-1 devstack@placement-api.service[116602]: DEBUG placement.objects.research_context [req-0a098715-5bd5-4d51-a8a4-246e397f554d req-ac60038b-ab29-4f8c-a1b4-643a68c2658c service placement] getting providers with 1 VCPU {{(pid=116602) __init__ /opt/stack/placement/placement/objects/research_context.py:136}}
Mar 11 16:55:40.792593 n-d-833431-1 devstack@placement-api.service[116602]: DEBUG placement.objects.research_context [req-0a098715-5bd5-4d51-a8a4-246e397f554d req-ac60038b-ab29-4f8c-a1b4-643a68c2658c service placement] found 2 providers with available 1 DISK_GB {{(pid=116602) get_provider_ids_matching /opt/stack/placement/placement/objects/research_context.py:559}}
Mar 11 16:55:40.793055 n-d-833431-1 devstack@placement-api.service[116602]: DEBUG placement.objects.research_context [req-0a098715-5bd5-4d51-a8a4-246e397f554d req-ac60038b-ab29-4f8c-a1b4-643a68c2658c service placement] found 2 providers with available 1024 MEMORY_MB {{(pid=116602) get_provider_ids_matching /opt/stack/placement/placement/objects/research_context.py:559}}
Mar 11 16:55:40.793513 n-d-833431-1 devstack@placement-api.service[116602]: DEBUG placement.objects.research_context [req-0a098715-5bd5-4d51-a8a4-246e397f554d req-ac60038b-ab29-4f8c-a1b4-643a68c2658c service placement] found 2 providers after filtering by previous result {{(pid=116602) get_provider_ids_matching /opt/stack/placement/placement/objects/research_context.py:590}}
Mar 11 16:55:40.793775 n-d-833431-1 devstack@placement-api.service[116602]: DEBUG placement.objects.research_context [req-0a098715-5bd5-4d51-a8a4-246e397f554d req-ac60038b-ab29-4f8c-a1b4-643a68c2658c service placement] found 2 providers with available 1 VCPU {{(pid=116602) get_provider_ids_matching /opt/stack/placement/placement/objects/research_context.py:559}}
Mar 11 16:55:40.797097 n-d-833431-1 devstack@placement-api.service[116602]: DEBUG placement.objects.research_context [req-0a098715-5bd5-4d51-a8a4-246e397f554d req-ac60038b-ab29-4f8c-a1b4-643a68c2658c service placement] found 2 providers after filtering by previous result {{(pid=116602) get_provider_ids_matching /opt/stack/placement/placement/objects/research_context.py:590}}
Mar 11 16:55:40.806367 n-d-833431-1 devstack@placement-api.service[116602]: DEBUG placement.objects.allocation_candidate [req-0a098715-5bd5-4d51-a8a4-246e397f554d req-ac60038b-ab29-4f8c-a1b4-643a68c2658c service placement] RequestGroup(use_same_provider=False, resources={DISK_GB:1, MEMORY_MB:1024, VCPU:1}, traits=(), aggregates=[]) (suffix '') returned 2 matches {{(pid=116602) _get_by_requests /opt/stack/placement/placement/objects/allocation_candidate.py:156}}
Mar 11 16:55:40.806759 n-d-833431-1 devstack@placement-api.service[116602]: DEBUG placement.objects.allocation_candidate [req-0a098715-5bd5-4d51-a8a4-246e397f554d req-ac60038b-ab29-4f8c-a1b4-643a68c2658c service placement] Merging candidates yields 2 allocation requests and 2 provider summaries {{(pid=116602) _merge_candidates /opt/stack/placement/placement/objects/allocation_candidate.py:809}}
Mar 11 16:55:40.808341 n-d-833431-1 devstack@placement-api.service[116602]: INFO placement.requestlog [req-0a098715-5bd5-4d51-a8a4-246e397f554d req-ac60038b-ab29-4f8c-a1b4-643a68c2658c service placement] 10.222.0.44 "GET /placement/allocation_candidates?limit=1000&resources=DISK_GB%3A1%2CMEMORY_MB%3A1024%2CVCPU%3A1&root_required=%21COMPUTE_STATUS_DISABLED" status: 200 len: 1309 microversion: 1.36
Mar 11 16:55:40.808997 n-d-833431-1 devstack@placement-api.service[116602]: [pid: 116602|app: 0|req: 39/77] 10.222.0.44 () {60 vars in 1506 bytes} [Fri Mar 11 16:55:40 2022] GET /placement/allocation_candidates?limit=1000&resources=DISK_GB%3A1%2CMEMORY_MB%3A1024%2CVCPU%3A1&root_required=%21COMPUTE_STATUS_DISABLED => generated 1309 bytes in 68 msecs (HTTP/1.1 200) 8 headers in 297 bytes (1 switches on core 0)
Mar 11 16:55:40.884882 n-d-833431-1 devstack@placement-api.service[116601]: DEBUG placement.requestlog [req-0a098715-5bd5-4d51-a8a4-246e397f554d req-44a98eb8-dbf8-4eb3-bd89-dc32e2e731b2 None None] Starting request: 10.222.0.44 "GET /placement/allocations/b4e6f2a5-0a85-4027-a1c9-c27953db6b74" {{(pid=116601) __call__ /opt/stack/placement/placement/requestlog.py:55}}
Mar 11 16:55:40.897930 n-d-833431-1 devstack@placement-api.service[116601]: INFO placement.requestlog [req-0a098715-5bd5-4d51-a8a4-246e397f554d req-44a98eb8-dbf8-4eb3-bd89-dc32e2e731b2 service placement] 10.222.0.44 "GET /placement/allocations/b4e6f2a5-0a85-4027-a1c9-c27953db6b74" status: 200 len: 19 microversion: 1.28
Mar 11 16:55:40.898730 n-d-833431-1 devstack@placement-api.service[116601]: [pid: 116601|app: 0|req: 39/78] 10.222.0.44 () {60 vars in 1380 bytes} [Fri Mar 11 16:55:40 2022] GET /placement/allocations/b4e6f2a5-0a85-4027-a1c9-c27953db6b74 => generated 19 bytes in 14 msecs (HTTP/1.1 200) 8 headers in 295 bytes (1 switches on core 0)
Mar 11 16:55:40.905627 n-d-833431-1 devstack@placement-api.service[116602]: DEBUG placement.requestlog [req-0a098715-5bd5-4d51-a8a4-246e397f554d req-a0c04fb4-b918-405d-8070-177d73783209 None None] Starting request: 10.222.0.44 "PUT /placement/allocations/b4e6f2a5-0a85-4027-a1c9-c27953db6b74" {{(pid=116602) __call__ /opt/stack/placement/placement/requestlog.py:55}}
Mar 11 16:55:41.325865 n-d-833431-1 devstack@placement-api.service[116602]: DEBUG placement.handlers.allocation [req-0a098715-5bd5-4d51-a8a4-246e397f554d req-a0c04fb4-b918-405d-8070-177d73783209 service placement] Successfully wrote allocations [, , ] {{(pid=116602) _update_consumers_and_create_allocations /opt/stack/placement/placement/handlers/allocation.py:462}}
Mar 11 16:55:41.407262 n-d-833431-1 devstack@placement-api.service[116602]: INFO placement.requestlog [req-0a098715-5bd5-4d51-a8a4-246e397f554d req-a0c04fb4-b918-405d-8070-177d73783209 service placement] 10.222.0.44 "PUT /placement/allocations/b4e6f2a5-0a85-4027-a1c9-c27953db6b74" status: 204 len: 0 microversion: 1.36
Mar 11 16:55:41.407670 n-d-833431-1 devstack@placement-api.service[116602]: [pid: 116602|app: 0|req: 40/79] 10.222.0.44 () {64 vars in 1433 bytes} [Fri Mar 11 16:55:40 2022] PUT /placement/allocations/b4e6f2a5-0a85-4027-a1c9-c27953db6b74 => generated 0 bytes in 502 msecs (HTTP/1.1 204) 5 headers in 199 bytes (1 switches on core 0)
Mar 11 16:55:41.787582 n-d-833431-1 devstack@placement-api.service[116601]: DEBUG placement.requestlog [req-b48c1b55-e769-4890-a6bb-3cf40ee1dfa4 req-331b9710-4c3b-4328-84e9-916aea59cc38 None None] Starting request: 10.222.0.44 "GET /placement/resource_providers?name=n-h2-833431-1" {{(pid=116601) __call__ /opt/stack/placement/placement/requestlog.py:55}}
Mar 11 16:55:41.827653 n-d-833431-1 devstack@placement-api.service[116601]: INFO placement.requestlog [req-b48c1b55-e769-4890-a6bb-3cf40ee1dfa4 req-331b9710-4c3b-4328-84e9-916aea59cc38 service placement] 10.222.0.44 "GET /placement/resource_providers?name=n-h2-833431-1" status: 200 len: 441 microversion: 1.0
Mar 11 16:55:41.828837 n-d-833431-1 devstack@placement-api.service[116601]: [pid: 116601|app: 0|req: 40/80] 10.222.0.44 () {58 vars in 1274 bytes} [Fri Mar 11 16:55:41 2022] GET /placement/resource_providers?name=n-h2-833431-1 => generated 441 bytes in 42 msecs (HTTP/1.1 200) 6 headers in 224 bytes (2 switches on core 0)
Mar 11 16:55:41.837853 n-d-833431-1 devstack@placement-api.service[116602]: DEBUG placement.requestlog [req-b48c1b55-e769-4890-a6bb-3cf40ee1dfa4 req-b59aea66-3c23-4989-bcb6-be5ce17d64a6 None None] Starting request: 10.222.0.44 "GET /placement/resource_providers/af5fb668-36cc-4978-99dd-7062e92fd038/aggregates" {{(pid=116602) __call__ /opt/stack/placement/placement/requestlog.py:55}}
Mar 11 16:55:41.852380 n-d-833431-1 devstack@placement-api.service[116602]: INFO placement.requestlog [req-b48c1b55-e769-4890-a6bb-3cf40ee1dfa4 req-b59aea66-3c23-4989-bcb6-be5ce17d64a6 service placement] 10.222.0.44 "GET /placement/resource_providers/af5fb668-36cc-4978-99dd-7062e92fd038/aggregates" status: 200 len: 54 microversion: 1.19
Mar 11 16:55:41.852858 n-d-833431-1 devstack@placement-api.service[116602]: [pid: 116602|app: 0|req: 41/81] 10.222.0.44 () {60 vars in 1425 bytes} [Fri Mar 11 16:55:41 2022] GET /placement/resource_providers/af5fb668-36cc-4978-99dd-7062e92fd038/aggregates => generated 54 bytes in 15 msecs (HTTP/1.1 200) 8 headers in 295 bytes (1 switches on core 0)
Mar 11 16:55:41.859822 n-d-833431-1 devstack@placement-api.service[116601]: DEBUG placement.requestlog [req-b48c1b55-e769-4890-a6bb-3cf40ee1dfa4 req-5e7cafda-44a5-4956-882d-e38c57a5507b None None] Starting request: 10.222.0.44 "PUT /placement/resource_providers/af5fb668-36cc-4978-99dd-7062e92fd038/aggregates" {{(pid=116601) __call__ /opt/stack/placement/placement/requestlog.py:55}}
Mar 11 16:55:41.876416 n-d-833431-1 devstack@placement-api.service[116601]: DEBUG placement.objects.resource_provider [req-b48c1b55-e769-4890-a6bb-3cf40ee1dfa4 req-5e7cafda-44a5-4956-882d-e38c57a5507b service placement] _ensure_aggregate() did not find aggregate 76fba432-df50-499c-969a-9beeba52731e. Attempting to create it. {{(pid=116601) _ensure_aggregate /opt/stack/placement/placement/objects/resource_provider.py:320}}
Mar 11 16:55:41.877692 n-d-833431-1 devstack@placement-api.service[116601]: DEBUG placement.objects.resource_provider [req-b48c1b55-e769-4890-a6bb-3cf40ee1dfa4 req-5e7cafda-44a5-4956-882d-e38c57a5507b service placement] _ensure_aggregate() created new aggregate 76fba432-df50-499c-969a-9beeba52731e (id=7). {{(pid=116601) _ensure_aggregate /opt/stack/placement/placement/objects/resource_provider.py:326}}
Mar 11 16:55:41.878828 n-d-833431-1 devstack@placement-api.service[116601]: DEBUG placement.objects.resource_provider [req-b48c1b55-e769-4890-a6bb-3cf40ee1dfa4 req-5e7cafda-44a5-4956-882d-e38c57a5507b service placement] Setting aggregates for provider af5fb668-36cc-4978-99dd-7062e92fd038. Successfully associated aggregate 76fba432-df50-499c-969a-9beeba52731e. {{(pid=116601) _set_aggregates /opt/stack/placement/placement/objects/resource_provider.py:388}}
Mar 11 16:55:42.001913 n-d-833431-1 devstack@placement-api.service[116601]: INFO placement.requestlog [req-b48c1b55-e769-4890-a6bb-3cf40ee1dfa4 req-5e7cafda-44a5-4956-882d-e38c57a5507b service placement] 10.222.0.44 "PUT /placement/resource_providers/af5fb668-36cc-4978-99dd-7062e92fd038/aggregates" status: 200 len: 92 microversion: 1.19
Mar 11 16:55:42.002650 n-d-833431-1 devstack@placement-api.service[116601]: [pid: 116601|app: 0|req: 41/82] 10.222.0.44 () {64 vars in 1477 bytes} [Fri Mar 11 16:55:41 2022] PUT /placement/resource_providers/af5fb668-36cc-4978-99dd-7062e92fd038/aggregates => generated 92 bytes in 143 msecs (HTTP/1.1 200) 8 headers in 295 bytes (1 switches on core 0)
Mar 11 16:55:42.785832 n-d-833431-1 devstack@placement-api.service[116602]: DEBUG placement.requestlog [req-0a098715-5bd5-4d51-a8a4-246e397f554d req-f3b3c561-e156-4f36-b060-d88c84aa6205 None None] Starting request: 10.222.0.50 "GET /placement/allocations/b4e6f2a5-0a85-4027-a1c9-c27953db6b74" {{(pid=116602) __call__ /opt/stack/placement/placement/requestlog.py:55}}
Mar 11 16:55:42.801663 n-d-833431-1 devstack@placement-api.service[116602]: INFO placement.requestlog [req-0a098715-5bd5-4d51-a8a4-246e397f554d req-f3b3c561-e156-4f36-b060-d88c84aa6205 service placement] 10.222.0.50 "GET /placement/allocations/b4e6f2a5-0a85-4027-a1c9-c27953db6b74" status: 200 len: 259 microversion: 1.28
Mar 11 16:55:42.802011 n-d-833431-1 devstack@placement-api.service[116602]: [pid: 116602|app: 0|req: 42/83] 10.222.0.50 () {60 vars in 1377 bytes} [Fri Mar 11 16:55:42 2022] GET /placement/allocations/b4e6f2a5-0a85-4027-a1c9-c27953db6b74 => generated 259 bytes in 16 msecs (HTTP/1.1 200) 8 headers in 296 bytes (1 switches on core 0)
Mar 11 16:55:42.843272 n-d-833431-1 devstack@placement-api.service[116601]: DEBUG placement.requestlog [req-e96b9678-ddc4-46d1-9be3-190b02f6fe23 req-62a033ab-5206-4703-ad51-fc08d9eb9a4c None None] Starting request: 10.222.0.44 "GET /placement/resource_providers?name=n-h2-833431-1" {{(pid=116601) __call__ /opt/stack/placement/placement/requestlog.py:55}}
Mar 11 16:55:42.859413 n-d-833431-1 devstack@placement-api.service[116601]: INFO placement.requestlog [req-e96b9678-ddc4-46d1-9be3-190b02f6fe23 req-62a033ab-5206-4703-ad51-fc08d9eb9a4c service placement] 10.222.0.44 "GET /placement/resource_providers?name=n-h2-833431-1" status: 200 len: 441 microversion: 1.0
Mar 11 16:55:42.860340 n-d-833431-1 devstack@placement-api.service[116601]: [pid: 116601|app: 0|req: 42/84] 10.222.0.44 () {58 vars in 1274 bytes} [Fri Mar 11 16:55:42 2022] GET /placement/resource_providers?name=n-h2-833431-1 => generated 441 bytes in 17 msecs (HTTP/1.1 200) 6 headers in 224 bytes (1 switches on core 0)
Mar 11 16:55:42.881309 n-d-833431-1 devstack@placement-api.service[116602]: DEBUG placement.requestlog [req-e96b9678-ddc4-46d1-9be3-190b02f6fe23 req-0e9b4a82-e0ea-4871-8a41-b524c8f56c2f None None] Starting request: 10.222.0.44 "GET /placement/resource_providers/af5fb668-36cc-4978-99dd-7062e92fd038/aggregates" {{(pid=116602) __call__ /opt/stack/placement/placement/requestlog.py:55}}
Mar 11 16:55:42.894787 n-d-833431-1 devstack@placement-api.service[116602]: INFO placement.requestlog [req-e96b9678-ddc4-46d1-9be3-190b02f6fe23 req-0e9b4a82-e0ea-4871-8a41-b524c8f56c2f service placement] 10.222.0.44 "GET /placement/resource_providers/af5fb668-36cc-4978-99dd-7062e92fd038/aggregates" status: 200 len: 92 microversion: 1.19
Mar 11 16:55:42.894787 n-d-833431-1 devstack@placement-api.service[116602]: [pid: 116602|app: 0|req: 43/85] 10.222.0.44 () {60 vars in 1425 bytes} [Fri Mar 11 16:55:42 2022] GET /placement/resource_providers/af5fb668-36cc-4978-99dd-7062e92fd038/aggregates => generated 92 bytes in 17 msecs (HTTP/1.1 200) 8 headers in 295 bytes (1 switches on core 0)
Mar 11 16:55:42.905142 n-d-833431-1 devstack@placement-api.service[116601]: DEBUG placement.requestlog [req-e96b9678-ddc4-46d1-9be3-190b02f6fe23 req-ed462de6-b320-4e54-8136-56f87e2137e5 None None] Starting request: 10.222.0.44 "PUT /placement/resource_providers/af5fb668-36cc-4978-99dd-7062e92fd038/aggregates" {{(pid=116601) __call__ /opt/stack/placement/placement/requestlog.py:55}}
Mar 11 16:55:42.920539 n-d-833431-1 devstack@placement-api.service[116601]: DEBUG placement.objects.resource_provider [req-e96b9678-ddc4-46d1-9be3-190b02f6fe23 req-ed462de6-b320-4e54-8136-56f87e2137e5 service placement] Setting aggregates for provider af5fb668-36cc-4978-99dd-7062e92fd038. Successfully disassociated aggregate 76fba432-df50-499c-969a-9beeba52731e. {{(pid=116601) _set_aggregates /opt/stack/placement/placement/objects/resource_provider.py:403}}
Mar 11 16:55:43.007736 n-d-833431-1 devstack@placement-api.service[116601]: INFO placement.requestlog [req-e96b9678-ddc4-46d1-9be3-190b02f6fe23 req-ed462de6-b320-4e54-8136-56f87e2137e5 service placement] 10.222.0.44 "PUT /placement/resource_providers/af5fb668-36cc-4978-99dd-7062e92fd038/aggregates" status: 200 len: 54 microversion: 1.19
Mar 11 16:55:43.008790 n-d-833431-1 devstack@placement-api.service[116601]: [pid: 116601|app: 0|req: 43/86] 10.222.0.44 () {64 vars in 1477 bytes} [Fri Mar 11 16:55:42 2022] PUT /placement/resource_providers/af5fb668-36cc-4978-99dd-7062e92fd038/aggregates => generated 54 bytes in 104 msecs (HTTP/1.1 200) 8 headers in 295 bytes (1 switches on core 0)
Mar 11 16:55:44.577084 n-d-833431-1 devstack@placement-api.service[116602]: DEBUG placement.requestlog [None req-716ccf50-3dc0-42eb-9531-b01f6c983bcf None None] Starting request: 10.222.0.44 "GET /placement/" {{(pid=116602) __call__ /opt/stack/placement/placement/requestlog.py:55}}
Mar 11 16:55:44.578098 n-d-833431-1 devstack@placement-api.service[116602]: INFO placement.requestlog [None req-716ccf50-3dc0-42eb-9531-b01f6c983bcf None None] 10.222.0.44 "GET /placement/" status: 200 len: 136 microversion: 1.0
Mar 11 16:55:44.578420 n-d-833431-1 devstack@placement-api.service[116602]: [pid: 116602|app: 0|req: 44/87] 10.222.0.44 () {54 vars in 907 bytes} [Fri Mar 11 16:55:44 2022] GET /placement => generated 136 bytes in 2 msecs (HTTP/1.1 200) 6 headers in 224 bytes (1 switches on core 0)
Mar 11 16:55:44.589178 n-d-833431-1 devstack@placement-api.service[116601]: DEBUG placement.requestlog [req-141dc24e-57ed-4f6a-b29f-fc5131c251de req-3c22c69a-1435-4176-910f-ce23538f2a1d None None] Starting request: 10.222.0.44 "GET /placement/resource_providers/48ef703d-c7d4-45a2-8221-bc77aacdea07/traits" {{(pid=116601) __call__ /opt/stack/placement/placement/requestlog.py:55}}
Mar 11 16:55:44.702713 n-d-833431-1 devstack@placement-api.service[116601]: INFO placement.requestlog [req-141dc24e-57ed-4f6a-b29f-fc5131c251de req-3c22c69a-1435-4176-910f-ce23538f2a1d service placement] 10.222.0.44 "GET /placement/resource_providers/48ef703d-c7d4-45a2-8221-bc77aacdea07/traits" status: 200 len: 211 microversion: 1.6
Mar 11 16:55:44.702713 n-d-833431-1 devstack@placement-api.service[116601]: [pid: 116601|app: 0|req: 44/88] 10.222.0.44 () {60 vars in 1412 bytes} [Fri Mar 11 16:55:44 2022] GET /placement/resource_providers/48ef703d-c7d4-45a2-8221-bc77aacdea07/traits => generated 211 bytes in 107 msecs (HTTP/1.1 200) 6 headers in 224 bytes (2 switches on core 0)
Mar 11 16:55:46.088586 n-d-833431-1 devstack@placement-api.service[116602]: DEBUG placement.requestlog [None req-de3cf8d0-5af4-4239-b594-7378cc304c3f None None] Starting request: 10.222.0.44 "GET /placement/" {{(pid=116602) __call__ /opt/stack/placement/placement/requestlog.py:55}}
Mar 11 16:55:46.089538 n-d-833431-1 devstack@placement-api.service[116602]: INFO placement.requestlog [None req-de3cf8d0-5af4-4239-b594-7378cc304c3f None None] 10.222.0.44 "GET /placement/" status: 200 len: 136 microversion: 1.0
Mar 11 16:55:46.090133 n-d-833431-1 devstack@placement-api.service[116602]: [pid: 116602|app: 0|req: 45/89] 10.222.0.44 () {54 vars in 916 bytes} [Fri Mar 11 16:55:46 2022] GET /placement => generated 136 bytes in 2 msecs (HTTP/1.1 200) 6 headers in 224 bytes (1 switches on core 0)
Mar 11 16:55:46.099921 n-d-833431-1 devstack@placement-api.service[116601]: DEBUG placement.requestlog [req-141dc24e-57ed-4f6a-b29f-fc5131c251de req-e0287725-0d44-4fdd-952c-2f2a6b5b7cb0 None None] Starting request: 10.222.0.44 "GET /placement/allocations/42f6a58e-c474-439f-bc77-d9e9761e290c" {{(pid=116601) __call__ /opt/stack/placement/placement/requestlog.py:55}}
Mar 11 16:55:46.396263 n-d-833431-1 devstack@placement-api.service[116601]: INFO placement.requestlog [req-141dc24e-57ed-4f6a-b29f-fc5131c251de req-e0287725-0d44-4fdd-952c-2f2a6b5b7cb0 service placement] 10.222.0.44 "GET /placement/allocations/42f6a58e-c474-439f-bc77-d9e9761e290c" status: 200 len: 258 microversion: 1.28
Mar 11 16:55:46.396893 n-d-833431-1 devstack@placement-api.service[116601]: [pid: 116601|app: 0|req: 45/90] 10.222.0.44 () {60 vars in 1380 bytes} [Fri Mar 11 16:55:46 2022] GET /placement/allocations/42f6a58e-c474-439f-bc77-d9e9761e290c => generated 258 bytes in 297 msecs (HTTP/1.1 200) 8 headers in 296 bytes (1 switches on core 0)
Mar 11 16:55:46.404078 n-d-833431-1 devstack@placement-api.service[116602]: DEBUG placement.requestlog [req-141dc24e-57ed-4f6a-b29f-fc5131c251de req-574263f7-7fb1-4697-90b8-db53fb2ce8a2 None None] Starting request: 10.222.0.44 "GET /placement/allocations/42f6a58e-c474-439f-bc77-d9e9761e290c" {{(pid=116602) __call__ /opt/stack/placement/placement/requestlog.py:55}}
Mar 11 16:55:46.424538 n-d-833431-1 devstack@placement-api.service[116602]: INFO placement.requestlog [req-141dc24e-57ed-4f6a-b29f-fc5131c251de req-574263f7-7fb1-4697-90b8-db53fb2ce8a2 service placement] 10.222.0.44 "GET /placement/allocations/42f6a58e-c474-439f-bc77-d9e9761e290c" status: 200 len: 258 microversion: 1.28
Mar 11 16:55:46.431045 n-d-833431-1 devstack@placement-api.service[116602]: [pid: 116602|app: 0|req: 46/91] 10.222.0.44 () {60 vars in 1380 bytes} [Fri Mar 11 16:55:46 2022] GET /placement/allocations/42f6a58e-c474-439f-bc77-d9e9761e290c => generated 258 bytes in 27 msecs (HTTP/1.1 200) 8 headers in 296 bytes (1 switches on core 0)
Mar 11 16:55:46.431650 n-d-833431-1 devstack@placement-api.service[116601]: DEBUG placement.requestlog [req-141dc24e-57ed-4f6a-b29f-fc5131c251de req-57fb5780-c3e6-4e03-992c-146da4b5f369 None None] Starting request: 10.222.0.44 "GET /placement/allocations/4fa76469-745f-4f6a-9a78-244f9091a271" {{(pid=116601) __call__ /opt/stack/placement/placement/requestlog.py:55}}
Mar 11 16:55:46.449376 n-d-833431-1 devstack@placement-api.service[116601]: INFO placement.requestlog [req-141dc24e-57ed-4f6a-b29f-fc5131c251de req-57fb5780-c3e6-4e03-992c-146da4b5f369 service placement] 10.222.0.44 "GET /placement/allocations/4fa76469-745f-4f6a-9a78-244f9091a271" status: 200 len: 19 microversion: 1.28
Mar 11 16:55:46.449376 n-d-833431-1 devstack@placement-api.service[116601]: [pid: 116601|app: 0|req: 46/92] 10.222.0.44 () {60 vars in 1380 bytes} [Fri Mar 11 16:55:46 2022] GET /placement/allocations/4fa76469-745f-4f6a-9a78-244f9091a271 => generated 19 bytes in 16 msecs (HTTP/1.1 200) 8 headers in 295 bytes (1 switches on core 0)
Mar 11 16:55:46.454305 n-d-833431-1 devstack@placement-api.service[116602]: DEBUG placement.requestlog [req-141dc24e-57ed-4f6a-b29f-fc5131c251de req-ebc57a6d-31f2-4474-a369-0ffd6e33d65e None None] Starting request: 10.222.0.44 "POST /placement/allocations" {{(pid=116602) __call__ /opt/stack/placement/placement/requestlog.py:55}}
Mar 11 16:55:46.704358 n-d-833431-1 devstack@placement-api.service[116602]: DEBUG placement.handlers.allocation [req-141dc24e-57ed-4f6a-b29f-fc5131c251de req-ebc57a6d-31f2-4474-a369-0ffd6e33d65e service placement] Successfully wrote allocations [, , , , , ] {{(pid=116602) _update_consumers_and_create_allocations /opt/stack/placement/placement/handlers/allocation.py:572}}
Mar 11 16:55:46.864674 n-d-833431-1 devstack@placement-api.service[116602]: INFO placement.requestlog [req-141dc24e-57ed-4f6a-b29f-fc5131c251de req-ebc57a6d-31f2-4474-a369-0ffd6e33d65e service placement] 10.222.0.44 "POST /placement/allocations" status: 204 len: 0 microversion: 1.28
Mar 11 16:55:46.885953 n-d-833431-1 devstack@placement-api.service[116602]: [pid: 116602|app: 0|req: 47/93] 10.222.0.44 () {64 vars in 1323 bytes} [Fri Mar 11 16:55:46 2022] POST /placement/allocations => generated 0 bytes in 411 msecs (HTTP/1.1 204) 5 headers in 199 bytes (1 switches on core 0)
Mar 11 16:55:47.154976 n-d-833431-1 devstack@placement-api.service[116601]: DEBUG placement.requestlog [req-141dc24e-57ed-4f6a-b29f-fc5131c251de req-12700b50-32c5-45fe-b2a2-ea714cc00943 None None] Starting request: 10.222.0.44 "GET /placement/allocation_candidates?limit=1000&resources=DISK_GB%3A1%2CMEMORY_MB%3A1024%2CVCPU%3A1&root_required=%21COMPUTE_STATUS_DISABLED" {{(pid=116601) __call__ /opt/stack/placement/placement/requestlog.py:55}}
Mar 11 16:55:47.193680 n-d-833431-1 devstack@placement-api.service[116601]: DEBUG placement.objects.research_context [req-141dc24e-57ed-4f6a-b29f-fc5131c251de req-12700b50-32c5-45fe-b2a2-ea714cc00943 service placement] getting providers with 1 DISK_GB {{(pid=116601) __init__ /opt/stack/placement/placement/objects/research_context.py:136}}
Mar 11 16:55:47.203058 n-d-833431-1 devstack@placement-api.service[116601]: DEBUG placement.objects.research_context [req-141dc24e-57ed-4f6a-b29f-fc5131c251de req-12700b50-32c5-45fe-b2a2-ea714cc00943 service placement] getting providers with 1024 MEMORY_MB {{(pid=116601) __init__ /opt/stack/placement/placement/objects/research_context.py:136}}
Mar 11 16:55:47.208648 n-d-833431-1 devstack@placement-api.service[116601]: DEBUG placement.objects.research_context [req-141dc24e-57ed-4f6a-b29f-fc5131c251de req-12700b50-32c5-45fe-b2a2-ea714cc00943 service placement] getting providers with 1 VCPU {{(pid=116601) __init__ /opt/stack/placement/placement/objects/research_context.py:136}}
Mar 11 16:55:47.215394 n-d-833431-1 devstack@placement-api.service[116601]: DEBUG placement.objects.research_context [req-141dc24e-57ed-4f6a-b29f-fc5131c251de req-12700b50-32c5-45fe-b2a2-ea714cc00943 service placement] found 2 providers with available 1 DISK_GB {{(pid=116601) get_provider_ids_matching /opt/stack/placement/placement/objects/research_context.py:559}}
Mar 11 16:55:47.215812 n-d-833431-1 devstack@placement-api.service[116601]: DEBUG placement.objects.research_context [req-141dc24e-57ed-4f6a-b29f-fc5131c251de req-12700b50-32c5-45fe-b2a2-ea714cc00943 service placement] found 2 providers with available 1024 MEMORY_MB {{(pid=116601) get_provider_ids_matching /opt/stack/placement/placement/objects/research_context.py:559}}
Mar 11 16:55:47.216255 n-d-833431-1 devstack@placement-api.service[116601]: DEBUG placement.objects.research_context [req-141dc24e-57ed-4f6a-b29f-fc5131c251de req-12700b50-32c5-45fe-b2a2-ea714cc00943 service placement] found 2 providers after filtering by previous result {{(pid=116601) get_provider_ids_matching /opt/stack/placement/placement/objects/research_context.py:590}}
Mar 11 16:55:47.216511 n-d-833431-1 devstack@placement-api.service[116601]: DEBUG placement.objects.research_context [req-141dc24e-57ed-4f6a-b29f-fc5131c251de req-12700b50-32c5-45fe-b2a2-ea714cc00943 service placement] found 2 providers with available 1 VCPU {{(pid=116601) get_provider_ids_matching /opt/stack/placement/placement/objects/research_context.py:559}}
Mar 11 16:55:47.216795 n-d-833431-1 devstack@placement-api.service[116601]: DEBUG placement.objects.research_context [req-141dc24e-57ed-4f6a-b29f-fc5131c251de req-12700b50-32c5-45fe-b2a2-ea714cc00943 service placement] found 2 providers after filtering by previous result {{(pid=116601) get_provider_ids_matching /opt/stack/placement/placement/objects/research_context.py:590}}
Mar 11 16:55:47.232047 n-d-833431-1 devstack@placement-api.service[116601]: DEBUG placement.objects.allocation_candidate [req-141dc24e-57ed-4f6a-b29f-fc5131c251de req-12700b50-32c5-45fe-b2a2-ea714cc00943 service placement] RequestGroup(use_same_provider=False, resources={DISK_GB:1, MEMORY_MB:1024, VCPU:1}, traits=(), aggregates=[]) (suffix '') returned 2 matches {{(pid=116601) _get_by_requests /opt/stack/placement/placement/objects/allocation_candidate.py:156}}
Mar 11 16:55:47.232681 n-d-833431-1 devstack@placement-api.service[116601]: DEBUG placement.objects.allocation_candidate [req-141dc24e-57ed-4f6a-b29f-fc5131c251de req-12700b50-32c5-45fe-b2a2-ea714cc00943 service placement] Merging candidates yields 2 allocation requests and 2 provider summaries {{(pid=116601) _merge_candidates /opt/stack/placement/placement/objects/allocation_candidate.py:809}}
Mar 11 16:55:47.234648 n-d-833431-1 devstack@placement-api.service[116601]: INFO placement.requestlog [req-141dc24e-57ed-4f6a-b29f-fc5131c251de req-12700b50-32c5-45fe-b2a2-ea714cc00943 service placement] 10.222.0.44 "GET /placement/allocation_candidates?limit=1000&resources=DISK_GB%3A1%2CMEMORY_MB%3A1024%2CVCPU%3A1&root_required=%21COMPUTE_STATUS_DISABLED" status: 200 len: 1309 microversion: 1.36
Mar 11 16:55:47.239168 n-d-833431-1 devstack@placement-api.service[116601]: [pid: 116601|app: 0|req: 47/94] 10.222.0.44 () {60 vars in 1506 bytes} [Fri Mar 11 16:55:47 2022] GET /placement/allocation_candidates?limit=1000&resources=DISK_GB%3A1%2CMEMORY_MB%3A1024%2CVCPU%3A1&root_required=%21COMPUTE_STATUS_DISABLED => generated 1309 bytes in 84 msecs (HTTP/1.1 200) 8 headers in 297 bytes (1 switches on core 0)
Mar 11 16:55:47.320512 n-d-833431-1 devstack@placement-api.service[116602]: DEBUG placement.requestlog [req-141dc24e-57ed-4f6a-b29f-fc5131c251de req-a762e2b6-42e3-4315-a778-925cdd21a723 None None] Starting request: 10.222.0.44 "GET /placement/allocations/42f6a58e-c474-439f-bc77-d9e9761e290c" {{(pid=116602) __call__ /opt/stack/placement/placement/requestlog.py:55}}
Mar 11 16:55:47.332473 n-d-833431-1 devstack@placement-api.service[116602]: INFO placement.requestlog [req-141dc24e-57ed-4f6a-b29f-fc5131c251de req-a762e2b6-42e3-4315-a778-925cdd21a723 service placement] 10.222.0.44 "GET /placement/allocations/42f6a58e-c474-439f-bc77-d9e9761e290c" status: 200 len: 19 microversion: 1.28
Mar 11 16:55:47.333141 n-d-833431-1 devstack@placement-api.service[116602]: [pid: 116602|app: 0|req: 48/95] 10.222.0.44 () {60 vars in 1380 bytes} [Fri Mar 11 16:55:47 2022] GET /placement/allocations/42f6a58e-c474-439f-bc77-d9e9761e290c => generated 19 bytes in 13 msecs (HTTP/1.1 200) 8 headers in 295 bytes (1 switches on core 0)
