Mar 11 16:54:53.685061 n-d-833431-1 devstack@placement-api.service[116602]: DEBUG placement.requestlog [req-c33b8963-c302-4498-8183-e0b125e11b7d req-3a399a25-1b92-4b3d-b995-15dd8ca521b7 None None] Starting request: 10.222.0.44 "GET /placement/resource_providers/af5fb668-36cc-4978-99dd-7062e92fd038/aggregates" {{(pid=116602) __call__ /opt/stack/placement/placement/requestlog.py:55}}
Mar 11 16:54:53.698453 n-d-833431-1 devstack@placement-api.service[116602]: INFO placement.requestlog [req-c33b8963-c302-4498-8183-e0b125e11b7d req-3a399a25-1b92-4b3d-b995-15dd8ca521b7 service placement] 10.222.0.44 "GET /placement/resource_providers/af5fb668-36cc-4978-99dd-7062e92fd038/aggregates" status: 200 len: 53 microversion: 1.19
Mar 11 16:54:53.698803 n-d-833431-1 devstack@placement-api.service[116602]: [pid: 116602|app: 0|req: 17/32] 10.222.0.44 () {60 vars in 1425 bytes} [Fri Mar 11 16:54:53 2022] GET /placement/resource_providers/af5fb668-36cc-4978-99dd-7062e92fd038/aggregates => generated 53 bytes in 14 msecs (HTTP/1.1 200) 8 headers in 295 bytes (1 switches on core 0)
Mar 11 16:54:53.706690 n-d-833431-1 devstack@placement-api.service[116601]: DEBUG placement.requestlog [req-c33b8963-c302-4498-8183-e0b125e11b7d req-b8e6a578-e824-40b2-8c1b-ec7e0247a2aa None None] Starting request: 10.222.0.44 "PUT /placement/resource_providers/af5fb668-36cc-4978-99dd-7062e92fd038/aggregates" {{(pid=116601) __call__ /opt/stack/placement/placement/requestlog.py:55}}
Mar 11 16:54:53.722445 n-d-833431-1 devstack@placement-api.service[116601]: DEBUG placement.objects.resource_provider [req-c33b8963-c302-4498-8183-e0b125e11b7d req-b8e6a578-e824-40b2-8c1b-ec7e0247a2aa service placement] _ensure_aggregate() did not find aggregate 749b5ee5-af15-458a-bb82-a5d1c95e3ab3. Attempting to create it. {{(pid=116601) _ensure_aggregate /opt/stack/placement/placement/objects/resource_provider.py:320}}
Mar 11 16:54:53.725567 n-d-833431-1 devstack@placement-api.service[116601]: DEBUG placement.objects.resource_provider [req-c33b8963-c302-4498-8183-e0b125e11b7d req-b8e6a578-e824-40b2-8c1b-ec7e0247a2aa service placement] _ensure_aggregate() created new aggregate 749b5ee5-af15-458a-bb82-a5d1c95e3ab3 (id=2). {{(pid=116601) _ensure_aggregate /opt/stack/placement/placement/objects/resource_provider.py:326}}
Mar 11 16:54:53.727908 n-d-833431-1 devstack@placement-api.service[116601]: DEBUG placement.objects.resource_provider [req-c33b8963-c302-4498-8183-e0b125e11b7d req-b8e6a578-e824-40b2-8c1b-ec7e0247a2aa service placement] Setting aggregates for provider af5fb668-36cc-4978-99dd-7062e92fd038. Successfully associated aggregate 749b5ee5-af15-458a-bb82-a5d1c95e3ab3. {{(pid=116601) _set_aggregates /opt/stack/placement/placement/objects/resource_provider.py:388}}
Mar 11 16:54:53.840496 n-d-833431-1 devstack@placement-api.service[116601]: INFO placement.requestlog [req-c33b8963-c302-4498-8183-e0b125e11b7d req-b8e6a578-e824-40b2-8c1b-ec7e0247a2aa service placement] 10.222.0.44 "PUT /placement/resource_providers/af5fb668-36cc-4978-99dd-7062e92fd038/aggregates" status: 200 len: 91 microversion: 1.19
Mar 11 16:54:53.841572 n-d-833431-1 devstack@placement-api.service[116601]: [pid: 116601|app: 0|req: 16/33] 10.222.0.44 () {64 vars in 1477 bytes} [Fri Mar 11 16:54:53 2022] PUT /placement/resource_providers/af5fb668-36cc-4978-99dd-7062e92fd038/aggregates => generated 91 bytes in 135 msecs (HTTP/1.1 200) 8 headers in 295 bytes (1 switches on core 0)
Mar 11 16:54:53.975515 n-d-833431-1 devstack@placement-api.service[116602]: DEBUG placement.requestlog [req-0d23ea05-9e4f-4c66-a120-8503822c484e req-653d36d3-b7c6-446c-84f1-b06c00c4802c None None] Starting request: 10.222.0.44 "GET /placement/resource_providers?name=n-h2-833431-1" {{(pid=116602) __call__ /opt/stack/placement/placement/requestlog.py:55}}
Mar 11 16:54:53.993190 n-d-833431-1 devstack@placement-api.service[116602]: INFO placement.requestlog [req-0d23ea05-9e4f-4c66-a120-8503822c484e req-653d36d3-b7c6-446c-84f1-b06c00c4802c service placement] 10.222.0.44 "GET /placement/resource_providers?name=n-h2-833431-1" status: 200 len: 440 microversion: 1.0
Mar 11 16:54:53.993628 n-d-833431-1 devstack@placement-api.service[116602]: [pid: 116602|app: 0|req: 18/34] 10.222.0.44 () {58 vars in 1274 bytes} [Fri Mar 11 16:54:53 2022] GET /placement/resource_providers?name=n-h2-833431-1 => generated 440 bytes in 18 msecs (HTTP/1.1 200) 6 headers in 224 bytes (1 switches on core 0)
Mar 11 16:54:54.000312 n-d-833431-1 devstack@placement-api.service[116601]: DEBUG placement.requestlog [req-0d23ea05-9e4f-4c66-a120-8503822c484e req-a2d61e30-4c3e-4b4c-8af6-6deae5e44069 None None] Starting request: 10.222.0.44 "GET /placement/resource_providers/af5fb668-36cc-4978-99dd-7062e92fd038/aggregates" {{(pid=116601) __call__ /opt/stack/placement/placement/requestlog.py:55}}
Mar 11 16:54:54.018793 n-d-833431-1 devstack@placement-api.service[116601]: INFO placement.requestlog [req-0d23ea05-9e4f-4c66-a120-8503822c484e req-a2d61e30-4c3e-4b4c-8af6-6deae5e44069 service placement] 10.222.0.44 "GET /placement/resource_providers/af5fb668-36cc-4978-99dd-7062e92fd038/aggregates" status: 200 len: 91 microversion: 1.19
Mar 11 16:54:54.018793 n-d-833431-1 devstack@placement-api.service[116601]: [pid: 116601|app: 0|req: 17/35] 10.222.0.44 () {60 vars in 1425 bytes} [Fri Mar 11 16:54:53 2022] GET /placement/resource_providers/af5fb668-36cc-4978-99dd-7062e92fd038/aggregates => generated 91 bytes in 15 msecs (HTTP/1.1 200) 8 headers in 295 bytes (2 switches on core 0)
Mar 11 16:54:54.022331 n-d-833431-1 devstack@placement-api.service[116602]: DEBUG placement.requestlog [req-0d23ea05-9e4f-4c66-a120-8503822c484e req-65cbaa14-4983-49a2-aafa-4702a84f26fd None None] Starting request: 10.222.0.44 "PUT /placement/resource_providers/af5fb668-36cc-4978-99dd-7062e92fd038/aggregates" {{(pid=116602) __call__ /opt/stack/placement/placement/requestlog.py:55}}
Mar 11 16:54:54.055418 n-d-833431-1 devstack@placement-api.service[116602]: DEBUG placement.objects.resource_provider [req-0d23ea05-9e4f-4c66-a120-8503822c484e req-65cbaa14-4983-49a2-aafa-4702a84f26fd service placement] Setting aggregates for provider af5fb668-36cc-4978-99dd-7062e92fd038. Successfully disassociated aggregate 749b5ee5-af15-458a-bb82-a5d1c95e3ab3. {{(pid=116602) _set_aggregates /opt/stack/placement/placement/objects/resource_provider.py:403}}
Mar 11 16:54:54.159400 n-d-833431-1 devstack@placement-api.service[116602]: INFO placement.requestlog [req-0d23ea05-9e4f-4c66-a120-8503822c484e req-65cbaa14-4983-49a2-aafa-4702a84f26fd service placement] 10.222.0.44 "PUT /placement/resource_providers/af5fb668-36cc-4978-99dd-7062e92fd038/aggregates" status: 200 len: 53 microversion: 1.19
Mar 11 16:54:54.159867 n-d-833431-1 devstack@placement-api.service[116602]: [pid: 116602|app: 0|req: 19/36] 10.222.0.44 () {64 vars in 1477 bytes} [Fri Mar 11 16:54:54 2022] PUT /placement/resource_providers/af5fb668-36cc-4978-99dd-7062e92fd038/aggregates => generated 53 bytes in 138 msecs (HTTP/1.1 200) 8 headers in 295 bytes (1 switches on core 0)
Mar 11 16:54:55.252018 n-d-833431-1 devstack@placement-api.service[116601]: DEBUG placement.requestlog [req-2949ae32-1c80-4c6f-a00f-6968b17d5c50 req-14160ad0-f0bb-44fa-b979-81b0cdf5d120 None None] Starting request: 10.222.0.44 "GET /placement/resource_providers?name=n-h2-833431-1" {{(pid=116601) __call__ /opt/stack/placement/placement/requestlog.py:55}}
Mar 11 16:54:55.265229 n-d-833431-1 devstack@placement-api.service[116601]: INFO placement.requestlog [req-2949ae32-1c80-4c6f-a00f-6968b17d5c50 req-14160ad0-f0bb-44fa-b979-81b0cdf5d120 service placement] 10.222.0.44 "GET /placement/resource_providers?name=n-h2-833431-1" status: 200 len: 440 microversion: 1.0
Mar 11 16:54:55.265554 n-d-833431-1 devstack@placement-api.service[116601]: [pid: 116601|app: 0|req: 18/37] 10.222.0.44 () {58 vars in 1274 bytes} [Fri Mar 11 16:54:55 2022] GET /placement/resource_providers?name=n-h2-833431-1 => generated 440 bytes in 14 msecs (HTTP/1.1 200) 6 headers in 224 bytes (1 switches on core 0)
Mar 11 16:54:55.271794 n-d-833431-1 devstack@placement-api.service[116602]: DEBUG placement.requestlog [req-2949ae32-1c80-4c6f-a00f-6968b17d5c50 req-37482d04-62b4-4a38-89fb-ff3aac5ecaad None None] Starting request: 10.222.0.44 "GET /placement/resource_providers/af5fb668-36cc-4978-99dd-7062e92fd038/aggregates" {{(pid=116602) __call__ /opt/stack/placement/placement/requestlog.py:55}}
Mar 11 16:54:55.285416 n-d-833431-1 devstack@placement-api.service[116602]: INFO placement.requestlog [req-2949ae32-1c80-4c6f-a00f-6968b17d5c50 req-37482d04-62b4-4a38-89fb-ff3aac5ecaad service placement] 10.222.0.44 "GET /placement/resource_providers/af5fb668-36cc-4978-99dd-7062e92fd038/aggregates" status: 200 len: 53 microversion: 1.19
Mar 11 16:54:55.285742 n-d-833431-1 devstack@placement-api.service[116602]: [pid: 116602|app: 0|req: 20/38] 10.222.0.44 () {60 vars in 1425 bytes} [Fri Mar 11 16:54:55 2022] GET /placement/resource_providers/af5fb668-36cc-4978-99dd-7062e92fd038/aggregates => generated 53 bytes in 14 msecs (HTTP/1.1 200) 8 headers in 295 bytes (2 switches on core 0)
Mar 11 16:54:55.292064 n-d-833431-1 devstack@placement-api.service[116601]: DEBUG placement.requestlog [req-2949ae32-1c80-4c6f-a00f-6968b17d5c50 req-623b994b-676b-47a1-a149-bee63e37cf6d None None] Starting request: 10.222.0.44 "PUT /placement/resource_providers/af5fb668-36cc-4978-99dd-7062e92fd038/aggregates" {{(pid=116601) __call__ /opt/stack/placement/placement/requestlog.py:55}}
Mar 11 16:54:55.309667 n-d-833431-1 devstack@placement-api.service[116601]: DEBUG placement.objects.resource_provider [req-2949ae32-1c80-4c6f-a00f-6968b17d5c50 req-623b994b-676b-47a1-a149-bee63e37cf6d service placement] _ensure_aggregate() did not find aggregate 12f64d8d-b6ee-4205-9dcf-f321433235e1. Attempting to create it. {{(pid=116601) _ensure_aggregate /opt/stack/placement/placement/objects/resource_provider.py:320}}
Mar 11 16:54:55.315844 n-d-833431-1 devstack@placement-api.service[116601]: DEBUG placement.objects.resource_provider [req-2949ae32-1c80-4c6f-a00f-6968b17d5c50 req-623b994b-676b-47a1-a149-bee63e37cf6d service placement] _ensure_aggregate() created new aggregate 12f64d8d-b6ee-4205-9dcf-f321433235e1 (id=3). {{(pid=116601) _ensure_aggregate /opt/stack/placement/placement/objects/resource_provider.py:326}}
Mar 11 16:54:55.315844 n-d-833431-1 devstack@placement-api.service[116601]: DEBUG placement.objects.resource_provider [req-2949ae32-1c80-4c6f-a00f-6968b17d5c50 req-623b994b-676b-47a1-a149-bee63e37cf6d service placement] Setting aggregates for provider af5fb668-36cc-4978-99dd-7062e92fd038. Successfully associated aggregate 12f64d8d-b6ee-4205-9dcf-f321433235e1. {{(pid=116601) _set_aggregates /opt/stack/placement/placement/objects/resource_provider.py:388}}
Mar 11 16:54:55.414289 n-d-833431-1 devstack@placement-api.service[116601]: INFO placement.requestlog [req-2949ae32-1c80-4c6f-a00f-6968b17d5c50 req-623b994b-676b-47a1-a149-bee63e37cf6d service placement] 10.222.0.44 "PUT /placement/resource_providers/af5fb668-36cc-4978-99dd-7062e92fd038/aggregates" status: 200 len: 91 microversion: 1.19
Mar 11 16:54:55.415112 n-d-833431-1 devstack@placement-api.service[116601]: [pid: 116601|app: 0|req: 19/39] 10.222.0.44 () {64 vars in 1477 bytes} [Fri Mar 11 16:54:55 2022] PUT /placement/resource_providers/af5fb668-36cc-4978-99dd-7062e92fd038/aggregates => generated 91 bytes in 123 msecs (HTTP/1.1 200) 8 headers in 295 bytes (2 switches on core 0)
Mar 11 16:54:58.037439 n-d-833431-1 devstack@placement-api.service[116602]: DEBUG placement.requestlog [req-d184840c-bba8-4a65-a2bf-aab1ac7d72d5 req-67da1837-198a-4952-97fa-f9ff7b180678 None None] Starting request: 10.222.0.44 "GET /placement/allocation_candidates?limit=1000&member_of=in%3A12f64d8d-b6ee-4205-9dcf-f321433235e1&resources=DISK_GB%3A1%2CMEMORY_MB%3A1024%2CVCPU%3A1&root_required=%21COMPUTE_STATUS_DISABLED" {{(pid=116602) __call__ /opt/stack/placement/placement/requestlog.py:55}}
Mar 11 16:54:58.544482 n-d-833431-1 devstack@placement-api.service[116602]: DEBUG placement.objects.research_context [req-d184840c-bba8-4a65-a2bf-aab1ac7d72d5 req-67da1837-198a-4952-97fa-f9ff7b180678 service placement] getting providers with 1 DISK_GB {{(pid=116602) __init__ /opt/stack/placement/placement/objects/research_context.py:136}}
Mar 11 16:54:58.553867 n-d-833431-1 devstack@placement-api.service[116602]: DEBUG placement.objects.research_context [req-d184840c-bba8-4a65-a2bf-aab1ac7d72d5 req-67da1837-198a-4952-97fa-f9ff7b180678 service placement] getting providers with 1024 MEMORY_MB {{(pid=116602) __init__ /opt/stack/placement/placement/objects/research_context.py:136}}
Mar 11 16:54:58.560193 n-d-833431-1 devstack@placement-api.service[116602]: DEBUG placement.objects.research_context [req-d184840c-bba8-4a65-a2bf-aab1ac7d72d5 req-67da1837-198a-4952-97fa-f9ff7b180678 service placement] getting providers with 1 VCPU {{(pid=116602) __init__ /opt/stack/placement/placement/objects/research_context.py:136}}
Mar 11 16:54:58.567400 n-d-833431-1 devstack@placement-api.service[116602]: DEBUG placement.objects.research_context [req-d184840c-bba8-4a65-a2bf-aab1ac7d72d5 req-67da1837-198a-4952-97fa-f9ff7b180678 service placement] found 1 providers after applying required aggregates filter ([{'12f64d8d-b6ee-4205-9dcf-f321433235e1'}]) {{(pid=116602) get_provider_ids_for_traits_and_aggs /opt/stack/placement/placement/objects/research_context.py:1155}}
Mar 11 16:54:58.567682 n-d-833431-1 devstack@placement-api.service[116602]: DEBUG placement.objects.research_context [req-d184840c-bba8-4a65-a2bf-aab1ac7d72d5 req-67da1837-198a-4952-97fa-f9ff7b180678 service placement] found 2 providers with available 1 DISK_GB {{(pid=116602) get_provider_ids_matching /opt/stack/placement/placement/objects/research_context.py:559}}
Mar 11 16:54:58.568190 n-d-833431-1 devstack@placement-api.service[116602]: DEBUG placement.objects.research_context [req-d184840c-bba8-4a65-a2bf-aab1ac7d72d5 req-67da1837-198a-4952-97fa-f9ff7b180678 service placement] found 1 providers after applying initial aggregate and trait filters {{(pid=116602) get_provider_ids_matching /opt/stack/placement/placement/objects/research_context.py:571}}
Mar 11 16:54:58.568425 n-d-833431-1 devstack@placement-api.service[116602]: DEBUG placement.objects.research_context [req-d184840c-bba8-4a65-a2bf-aab1ac7d72d5 req-67da1837-198a-4952-97fa-f9ff7b180678 service placement] found 2 providers with available 1024 MEMORY_MB {{(pid=116602) get_provider_ids_matching /opt/stack/placement/placement/objects/research_context.py:559}}
Mar 11 16:54:58.569737 n-d-833431-1 devstack@placement-api.service[116602]: DEBUG placement.objects.research_context [req-d184840c-bba8-4a65-a2bf-aab1ac7d72d5 req-67da1837-198a-4952-97fa-f9ff7b180678 service placement] found 1 providers after filtering by previous result {{(pid=116602) get_provider_ids_matching /opt/stack/placement/placement/objects/research_context.py:590}}
Mar 11 16:54:58.571281 n-d-833431-1 devstack@placement-api.service[116602]: DEBUG placement.objects.research_context [req-d184840c-bba8-4a65-a2bf-aab1ac7d72d5 req-67da1837-198a-4952-97fa-f9ff7b180678 service placement] found 2 providers with available 1 VCPU {{(pid=116602) get_provider_ids_matching /opt/stack/placement/placement/objects/research_context.py:559}}
Mar 11 16:54:58.572881 n-d-833431-1 devstack@placement-api.service[116602]: DEBUG placement.objects.research_context [req-d184840c-bba8-4a65-a2bf-aab1ac7d72d5 req-67da1837-198a-4952-97fa-f9ff7b180678 service placement] found 1 providers after filtering by previous result {{(pid=116602) get_provider_ids_matching /opt/stack/placement/placement/objects/research_context.py:590}}
Mar 11 16:54:58.589738 n-d-833431-1 devstack@placement-api.service[116602]: DEBUG placement.objects.allocation_candidate [req-d184840c-bba8-4a65-a2bf-aab1ac7d72d5 req-67da1837-198a-4952-97fa-f9ff7b180678 service placement] RequestGroup(use_same_provider=False, resources={DISK_GB:1, MEMORY_MB:1024, VCPU:1}, traits=(), aggregates=[[12f64d8d-b6ee-4205-9dcf-f321433235e1]]) (suffix '') returned 1 matches {{(pid=116602) _get_by_requests /opt/stack/placement/placement/objects/allocation_candidate.py:156}}
Mar 11 16:54:58.590263 n-d-833431-1 devstack@placement-api.service[116602]: DEBUG placement.objects.allocation_candidate [req-d184840c-bba8-4a65-a2bf-aab1ac7d72d5 req-67da1837-198a-4952-97fa-f9ff7b180678 service placement] Merging candidates yields 1 allocation requests and 1 provider summaries {{(pid=116602) _merge_candidates /opt/stack/placement/placement/objects/allocation_candidate.py:809}}
Mar 11 16:54:58.592484 n-d-833431-1 devstack@placement-api.service[116602]: INFO placement.requestlog [req-d184840c-bba8-4a65-a2bf-aab1ac7d72d5 req-67da1837-198a-4952-97fa-f9ff7b180678 service placement] 10.222.0.44 "GET /placement/allocation_candidates?limit=1000&member_of=in%3A12f64d8d-b6ee-4205-9dcf-f321433235e1&resources=DISK_GB%3A1%2CMEMORY_MB%3A1024%2CVCPU%3A1&root_required=%21COMPUTE_STATUS_DISABLED" status: 200 len: 676 microversion: 1.36
Mar 11 16:54:58.593330 n-d-833431-1 devstack@placement-api.service[116602]: [pid: 116602|app: 0|req: 21/40] 10.222.0.44 () {60 vars in 1610 bytes} [Fri Mar 11 16:54:58 2022] GET /placement/allocation_candidates?limit=1000&member_of=in%3A12f64d8d-b6ee-4205-9dcf-f321433235e1&resources=DISK_GB%3A1%2CMEMORY_MB%3A1024%2CVCPU%3A1&root_required=%21COMPUTE_STATUS_DISABLED => generated 676 bytes in 556 msecs (HTTP/1.1 200) 8 headers in 296 bytes (1 switches on core 0)
Mar 11 16:54:58.728452 n-d-833431-1 devstack@placement-api.service[116601]: DEBUG placement.requestlog [req-d184840c-bba8-4a65-a2bf-aab1ac7d72d5 req-dacf9b4b-291d-404f-804c-9405a6f0f42b None None] Starting request: 10.222.0.44 "GET /placement/allocations/4831dddd-d84a-4d92-bc18-9b6333baedf5" {{(pid=116601) __call__ /opt/stack/placement/placement/requestlog.py:55}}
Mar 11 16:54:58.746003 n-d-833431-1 devstack@placement-api.service[116601]: INFO placement.requestlog [req-d184840c-bba8-4a65-a2bf-aab1ac7d72d5 req-dacf9b4b-291d-404f-804c-9405a6f0f42b service placement] 10.222.0.44 "GET /placement/allocations/4831dddd-d84a-4d92-bc18-9b6333baedf5" status: 200 len: 19 microversion: 1.28
Mar 11 16:54:58.746421 n-d-833431-1 devstack@placement-api.service[116601]: [pid: 116601|app: 0|req: 20/41] 10.222.0.44 () {60 vars in 1380 bytes} [Fri Mar 11 16:54:58 2022] GET /placement/allocations/4831dddd-d84a-4d92-bc18-9b6333baedf5 => generated 19 bytes in 18 msecs (HTTP/1.1 200) 8 headers in 295 bytes (1 switches on core 0)
Mar 11 16:54:58.753196 n-d-833431-1 devstack@placement-api.service[116602]: DEBUG placement.requestlog [req-d184840c-bba8-4a65-a2bf-aab1ac7d72d5 req-ed1d68b1-d292-480b-ab11-54911fd12011 None None] Starting request: 10.222.0.44 "PUT /placement/allocations/4831dddd-d84a-4d92-bc18-9b6333baedf5" {{(pid=116602) __call__ /opt/stack/placement/placement/requestlog.py:55}}
Mar 11 16:54:59.098562 n-d-833431-1 devstack@placement-api.service[116602]: DEBUG placement.handlers.allocation [req-d184840c-bba8-4a65-a2bf-aab1ac7d72d5 req-ed1d68b1-d292-480b-ab11-54911fd12011 service placement] Successfully wrote allocations [, , ] {{(pid=116602) _update_consumers_and_create_allocations /opt/stack/placement/placement/handlers/allocation.py:462}}
Mar 11 16:54:59.174222 n-d-833431-1 devstack@placement-api.service[116602]: INFO placement.requestlog [req-d184840c-bba8-4a65-a2bf-aab1ac7d72d5 req-ed1d68b1-d292-480b-ab11-54911fd12011 service placement] 10.222.0.44 "PUT /placement/allocations/4831dddd-d84a-4d92-bc18-9b6333baedf5" status: 204 len: 0 microversion: 1.36
Mar 11 16:54:59.174670 n-d-833431-1 devstack@placement-api.service[116602]: [pid: 116602|app: 0|req: 22/42] 10.222.0.44 () {64 vars in 1433 bytes} [Fri Mar 11 16:54:58 2022] PUT /placement/allocations/4831dddd-d84a-4d92-bc18-9b6333baedf5 => generated 0 bytes in 422 msecs (HTTP/1.1 204) 5 headers in 199 bytes (1 switches on core 0)
Mar 11 16:55:00.771258 n-d-833431-1 devstack@placement-api.service[116601]: DEBUG placement.requestlog [req-d184840c-bba8-4a65-a2bf-aab1ac7d72d5 req-e5652cdb-a63e-4204-973b-7cf737b8ea97 None None] Starting request: 10.222.0.50 "GET /placement/allocations/4831dddd-d84a-4d92-bc18-9b6333baedf5" {{(pid=116601) __call__ /opt/stack/placement/placement/requestlog.py:55}}
Mar 11 16:55:00.788161 n-d-833431-1 devstack@placement-api.service[116601]: INFO placement.requestlog [req-d184840c-bba8-4a65-a2bf-aab1ac7d72d5 req-e5652cdb-a63e-4204-973b-7cf737b8ea97 service placement] 10.222.0.50 "GET /placement/allocations/4831dddd-d84a-4d92-bc18-9b6333baedf5" status: 200 len: 258 microversion: 1.28
Mar 11 16:55:00.788595 n-d-833431-1 devstack@placement-api.service[116601]: [pid: 116601|app: 0|req: 21/43] 10.222.0.50 () {60 vars in 1377 bytes} [Fri Mar 11 16:55:00 2022] GET /placement/allocations/4831dddd-d84a-4d92-bc18-9b6333baedf5 => generated 258 bytes in 18 msecs (HTTP/1.1 200) 8 headers in 296 bytes (1 switches on core 0)
Mar 11 16:55:05.972153 n-d-833431-1 devstack@placement-api.service[116602]: DEBUG placement.requestlog [req-e4b2a05f-9c3d-486f-be52-8390c7727d98 req-87dde6a3-4ba4-43ff-a458-751bd45c59a0 None None] Starting request: 10.222.0.44 "GET /placement/allocation_candidates?limit=1000&resources=DISK_GB%3A1%2CMEMORY_MB%3A1024%2CVCPU%3A1&root_required=%21COMPUTE_STATUS_DISABLED" {{(pid=116602) __call__ /opt/stack/placement/placement/requestlog.py:55}}
Mar 11 16:55:06.037367 n-d-833431-1 devstack@placement-api.service[116602]: DEBUG placement.objects.research_context [req-e4b2a05f-9c3d-486f-be52-8390c7727d98 req-87dde6a3-4ba4-43ff-a458-751bd45c59a0 service placement] getting providers with 1 DISK_GB {{(pid=116602) __init__ /opt/stack/placement/placement/objects/research_context.py:136}}
Mar 11 16:55:06.059416 n-d-833431-1 devstack@placement-api.service[116602]: DEBUG placement.objects.research_context [req-e4b2a05f-9c3d-486f-be52-8390c7727d98 req-87dde6a3-4ba4-43ff-a458-751bd45c59a0 service placement] getting providers with 1024 MEMORY_MB {{(pid=116602) __init__ /opt/stack/placement/placement/objects/research_context.py:136}}
Mar 11 16:55:06.072420 n-d-833431-1 devstack@placement-api.service[116602]: DEBUG placement.objects.research_context [req-e4b2a05f-9c3d-486f-be52-8390c7727d98 req-87dde6a3-4ba4-43ff-a458-751bd45c59a0 service placement] getting providers with 1 VCPU {{(pid=116602) __init__ /opt/stack/placement/placement/objects/research_context.py:136}}
Mar 11 16:55:06.082020 n-d-833431-1 devstack@placement-api.service[116602]: DEBUG placement.objects.research_context [req-e4b2a05f-9c3d-486f-be52-8390c7727d98 req-87dde6a3-4ba4-43ff-a458-751bd45c59a0 service placement] found 2 providers with available 1 DISK_GB {{(pid=116602) get_provider_ids_matching /opt/stack/placement/placement/objects/research_context.py:559}}
Mar 11 16:55:06.084190 n-d-833431-1 devstack@placement-api.service[116602]: DEBUG placement.objects.research_context [req-e4b2a05f-9c3d-486f-be52-8390c7727d98 req-87dde6a3-4ba4-43ff-a458-751bd45c59a0 service placement] found 2 providers with available 1024 MEMORY_MB {{(pid=116602) get_provider_ids_matching /opt/stack/placement/placement/objects/research_context.py:559}}
Mar 11 16:55:06.085383 n-d-833431-1 devstack@placement-api.service[116602]: DEBUG placement.objects.research_context [req-e4b2a05f-9c3d-486f-be52-8390c7727d98 req-87dde6a3-4ba4-43ff-a458-751bd45c59a0 service placement] found 2 providers after filtering by previous result {{(pid=116602) get_provider_ids_matching /opt/stack/placement/placement/objects/research_context.py:590}}
Mar 11 16:55:06.092849 n-d-833431-1 devstack@placement-api.service[116602]: DEBUG placement.objects.research_context [req-e4b2a05f-9c3d-486f-be52-8390c7727d98 req-87dde6a3-4ba4-43ff-a458-751bd45c59a0 service placement] found 2 providers with available 1 VCPU {{(pid=116602) get_provider_ids_matching /opt/stack/placement/placement/objects/research_context.py:559}}
Mar 11 16:55:06.092849 n-d-833431-1 devstack@placement-api.service[116602]: DEBUG placement.objects.research_context [req-e4b2a05f-9c3d-486f-be52-8390c7727d98 req-87dde6a3-4ba4-43ff-a458-751bd45c59a0 service placement] found 2 providers after filtering by previous result {{(pid=116602) get_provider_ids_matching /opt/stack/placement/placement/objects/research_context.py:590}}
Mar 11 16:55:06.116865 n-d-833431-1 devstack@placement-api.service[116602]: DEBUG placement.objects.allocation_candidate [req-e4b2a05f-9c3d-486f-be52-8390c7727d98 req-87dde6a3-4ba4-43ff-a458-751bd45c59a0 service placement] RequestGroup(use_same_provider=False, resources={DISK_GB:1, MEMORY_MB:1024, VCPU:1}, traits=(), aggregates=[]) (suffix '') returned 2 matches {{(pid=116602) _get_by_requests /opt/stack/placement/placement/objects/allocation_candidate.py:156}}
Mar 11 16:55:06.117533 n-d-833431-1 devstack@placement-api.service[116602]: DEBUG placement.objects.allocation_candidate [req-e4b2a05f-9c3d-486f-be52-8390c7727d98 req-87dde6a3-4ba4-43ff-a458-751bd45c59a0 service placement] Merging candidates yields 2 allocation requests and 2 provider summaries {{(pid=116602) _merge_candidates /opt/stack/placement/placement/objects/allocation_candidate.py:809}}
Mar 11 16:55:06.120138 n-d-833431-1 devstack@placement-api.service[116602]: INFO placement.requestlog [req-e4b2a05f-9c3d-486f-be52-8390c7727d98 req-87dde6a3-4ba4-43ff-a458-751bd45c59a0 service placement] 10.222.0.44 "GET /placement/allocation_candidates?limit=1000&resources=DISK_GB%3A1%2CMEMORY_MB%3A1024%2CVCPU%3A1&root_required=%21COMPUTE_STATUS_DISABLED" status: 200 len: 1306 microversion: 1.36
Mar 11 16:55:06.121007 n-d-833431-1 devstack@placement-api.service[116602]: [pid: 116602|app: 0|req: 23/44] 10.222.0.44 () {60 vars in 1506 bytes} [Fri Mar 11 16:55:05 2022] GET /placement/allocation_candidates?limit=1000&resources=DISK_GB%3A1%2CMEMORY_MB%3A1024%2CVCPU%3A1&root_required=%21COMPUTE_STATUS_DISABLED => generated 1306 bytes in 149 msecs (HTTP/1.1 200) 8 headers in 297 bytes (1 switches on core 0)
Mar 11 16:55:06.473848 n-d-833431-1 devstack@placement-api.service[116601]: DEBUG placement.requestlog [req-e4b2a05f-9c3d-486f-be52-8390c7727d98 req-19c9f8e7-80f1-4e74-9aa6-3cfc39014ff0 None None] Starting request: 10.222.0.44 "GET /placement/allocations/42f6a58e-c474-439f-bc77-d9e9761e290c" {{(pid=116601) __call__ /opt/stack/placement/placement/requestlog.py:55}}
Mar 11 16:55:06.488982 n-d-833431-1 devstack@placement-api.service[116601]: INFO placement.requestlog [req-e4b2a05f-9c3d-486f-be52-8390c7727d98 req-19c9f8e7-80f1-4e74-9aa6-3cfc39014ff0 service placement] 10.222.0.44 "GET /placement/allocations/42f6a58e-c474-439f-bc77-d9e9761e290c" status: 200 len: 19 microversion: 1.28
Mar 11 16:55:06.489842 n-d-833431-1 devstack@placement-api.service[116601]: [pid: 116601|app: 0|req: 22/45] 10.222.0.44 () {60 vars in 1380 bytes} [Fri Mar 11 16:55:06 2022] GET /placement/allocations/42f6a58e-c474-439f-bc77-d9e9761e290c => generated 19 bytes in 16 msecs (HTTP/1.1 200) 8 headers in 295 bytes (1 switches on core 0)
Mar 11 16:55:06.499758 n-d-833431-1 devstack@placement-api.service[116602]: DEBUG placement.requestlog [req-e4b2a05f-9c3d-486f-be52-8390c7727d98 req-8467545d-ca08-40d0-b3e5-4eca25248dee None None] Starting request: 10.222.0.44 "PUT /placement/allocations/42f6a58e-c474-439f-bc77-d9e9761e290c" {{(pid=116602) __call__ /opt/stack/placement/placement/requestlog.py:55}}
Mar 11 16:55:06.984726 n-d-833431-1 devstack@placement-api.service[116602]: DEBUG placement.handlers.allocation [req-e4b2a05f-9c3d-486f-be52-8390c7727d98 req-8467545d-ca08-40d0-b3e5-4eca25248dee service placement] Successfully wrote allocations [, , ] {{(pid=116602) _update_consumers_and_create_allocations /opt/stack/placement/placement/handlers/allocation.py:462}}
Mar 11 16:55:07.057125 n-d-833431-1 devstack@placement-api.service[116602]: INFO placement.requestlog [req-e4b2a05f-9c3d-486f-be52-8390c7727d98 req-8467545d-ca08-40d0-b3e5-4eca25248dee service placement] 10.222.0.44 "PUT /placement/allocations/42f6a58e-c474-439f-bc77-d9e9761e290c" status: 204 len: 0 microversion: 1.36
Mar 11 16:55:07.058423 n-d-833431-1 devstack@placement-api.service[116602]: [pid: 116602|app: 0|req: 24/46] 10.222.0.44 () {64 vars in 1433 bytes} [Fri Mar 11 16:55:06 2022] PUT /placement/allocations/42f6a58e-c474-439f-bc77-d9e9761e290c => generated 0 bytes in 559 msecs (HTTP/1.1 204) 5 headers in 199 bytes (2 switches on core 0)
Mar 11 16:55:08.664548 n-d-833431-1 devstack@placement-api.service[116601]: DEBUG placement.requestlog [req-e4b2a05f-9c3d-486f-be52-8390c7727d98 req-d432db01-bcc4-4f75-bcd3-57d349b3c61b None None] Starting request: 10.222.0.67 "GET /placement/allocations/42f6a58e-c474-439f-bc77-d9e9761e290c" {{(pid=116601) __call__ /opt/stack/placement/placement/requestlog.py:55}}
Mar 11 16:55:08.700165 n-d-833431-1 devstack@placement-api.service[116601]: INFO placement.requestlog [req-e4b2a05f-9c3d-486f-be52-8390c7727d98 req-d432db01-bcc4-4f75-bcd3-57d349b3c61b service placement] 10.222.0.67 "GET /placement/allocations/42f6a58e-c474-439f-bc77-d9e9761e290c" status: 200 len: 258 microversion: 1.28
Mar 11 16:55:08.702129 n-d-833431-1 devstack@placement-api.service[116601]: [pid: 116601|app: 0|req: 23/47] 10.222.0.67 () {60 vars in 1377 bytes} [Fri Mar 11 16:55:08 2022] GET /placement/allocations/42f6a58e-c474-439f-bc77-d9e9761e290c => generated 258 bytes in 37 msecs (HTTP/1.1 200) 8 headers in 296 bytes (2 switches on core 0)
Mar 11 16:55:31.281163 n-d-833431-1 devstack@placement-api.service[116602]: DEBUG placement.requestlog [req-ff3ba3ed-5237-444f-8a92-ad8abd629bd5 req-9a50e7a5-338d-4e74-9c22-84f109784e04 None None] Starting request: 10.222.0.44 "GET /placement/allocation_candidates?limit=1000&resources=DISK_GB%3A1%2CMEMORY_MB%3A1024%2CVCPU%3A1&root_required=%21COMPUTE_STATUS_DISABLED" {{(pid=116602) __call__ /opt/stack/placement/placement/requestlog.py:55}}
Mar 11 16:55:31.330340 n-d-833431-1 devstack@placement-api.service[116602]: DEBUG placement.objects.research_context [req-ff3ba3ed-5237-444f-8a92-ad8abd629bd5 req-9a50e7a5-338d-4e74-9c22-84f109784e04 service placement] getting providers with 1 DISK_GB {{(pid=116602) __init__ /opt/stack/placement/placement/objects/research_context.py:136}}
Mar 11 16:55:31.337838 n-d-833431-1 devstack@placement-api.service[116602]: DEBUG placement.objects.research_context [req-ff3ba3ed-5237-444f-8a92-ad8abd629bd5 req-9a50e7a5-338d-4e74-9c22-84f109784e04 service placement] getting providers with 1024 MEMORY_MB {{(pid=116602) __init__ /opt/stack/placement/placement/objects/research_context.py:136}}
Mar 11 16:55:31.346130 n-d-833431-1 devstack@placement-api.service[116602]: DEBUG placement.objects.research_context [req-ff3ba3ed-5237-444f-8a92-ad8abd629bd5 req-9a50e7a5-338d-4e74-9c22-84f109784e04 service placement] getting providers with 1 VCPU {{(pid=116602) __init__ /opt/stack/placement/placement/objects/research_context.py:136}}
Mar 11 16:55:31.355852 n-d-833431-1 devstack@placement-api.service[116602]: DEBUG placement.objects.research_context [req-ff3ba3ed-5237-444f-8a92-ad8abd629bd5 req-9a50e7a5-338d-4e74-9c22-84f109784e04 service placement] found 2 providers with available 1 DISK_GB {{(pid=116602) get_provider_ids_matching /opt/stack/placement/placement/objects/research_context.py:559}}
Mar 11 16:55:31.356123 n-d-833431-1 devstack@placement-api.service[116602]: DEBUG placement.objects.research_context [req-ff3ba3ed-5237-444f-8a92-ad8abd629bd5 req-9a50e7a5-338d-4e74-9c22-84f109784e04 service placement] found 2 providers with available 1024 MEMORY_MB {{(pid=116602) get_provider_ids_matching /opt/stack/placement/placement/objects/research_context.py:559}}
Mar 11 16:55:31.356572 n-d-833431-1 devstack@placement-api.service[116602]: DEBUG placement.objects.research_context [req-ff3ba3ed-5237-444f-8a92-ad8abd629bd5 req-9a50e7a5-338d-4e74-9c22-84f109784e04 service placement] found 2 providers after filtering by previous result {{(pid=116602) get_provider_ids_matching /opt/stack/placement/placement/objects/research_context.py:590}}
Mar 11 16:55:31.357001 n-d-833431-1 devstack@placement-api.service[116602]: DEBUG placement.objects.research_context [req-ff3ba3ed-5237-444f-8a92-ad8abd629bd5 req-9a50e7a5-338d-4e74-9c22-84f109784e04 service placement] found 2 providers with available 1 VCPU {{(pid=116602) get_provider_ids_matching /opt/stack/placement/placement/objects/research_context.py:559}}
Mar 11 16:55:31.357432 n-d-833431-1 devstack@placement-api.service[116602]: DEBUG placement.objects.research_context [req-ff3ba3ed-5237-444f-8a92-ad8abd629bd5 req-9a50e7a5-338d-4e74-9c22-84f109784e04 service placement] found 2 providers after filtering by previous result {{(pid=116602) get_provider_ids_matching /opt/stack/placement/placement/objects/research_context.py:590}}
Mar 11 16:55:31.371356 n-d-833431-1 devstack@placement-api.service[116602]: DEBUG placement.objects.allocation_candidate [req-ff3ba3ed-5237-444f-8a92-ad8abd629bd5 req-9a50e7a5-338d-4e74-9c22-84f109784e04 service placement] RequestGroup(use_same_provider=False, resources={DISK_GB:1, MEMORY_MB:1024, VCPU:1}, traits=(), aggregates=[]) (suffix '') returned 2 matches {{(pid=116602) _get_by_requests /opt/stack/placement/placement/objects/allocation_candidate.py:156}}
Mar 11 16:55:31.372281 n-d-833431-1 devstack@placement-api.service[116602]: DEBUG placement.objects.allocation_candidate [req-ff3ba3ed-5237-444f-8a92-ad8abd629bd5 req-9a50e7a5-338d-4e74-9c22-84f109784e04 service placement] Merging candidates yields 2 allocation requests and 2 provider summaries {{(pid=116602) _merge_candidates /opt/stack/placement/placement/objects/allocation_candidate.py:809}}
Mar 11 16:55:31.374989 n-d-833431-1 devstack@placement-api.service[116602]: INFO placement.requestlog [req-ff3ba3ed-5237-444f-8a92-ad8abd629bd5 req-9a50e7a5-338d-4e74-9c22-84f109784e04 service placement] 10.222.0.44 "GET /placement/allocation_candidates?limit=1000&resources=DISK_GB%3A1%2CMEMORY_MB%3A1024%2CVCPU%3A1&root_required=%21COMPUTE_STATUS_DISABLED" status: 200 len: 1309 microversion: 1.36
Mar 11 16:55:31.387679 n-d-833431-1 devstack@placement-api.service[116602]: [pid: 116602|app: 0|req: 25/48] 10.222.0.44 () {60 vars in 1506 bytes} [Fri Mar 11 16:55:31 2022] GET /placement/allocation_candidates?limit=1000&resources=DISK_GB%3A1%2CMEMORY_MB%3A1024%2CVCPU%3A1&root_required=%21COMPUTE_STATUS_DISABLED => generated 1309 bytes in 102 msecs (HTTP/1.1 200) 8 headers in 297 bytes (1 switches on core 0)
Mar 11 16:55:31.464315 n-d-833431-1 devstack@placement-api.service[116601]: DEBUG placement.requestlog [req-ff3ba3ed-5237-444f-8a92-ad8abd629bd5 req-0f88f6ec-013d-47bf-b0c0-d3a6f48f17a0 None None] Starting request: 10.222.0.44 "GET /placement/allocations/82af8286-0dd2-4d79-a9ca-7fe700f73ce9" {{(pid=116601) __call__ /opt/stack/placement/placement/requestlog.py:55}}
Mar 11 16:55:31.477409 n-d-833431-1 devstack@placement-api.service[116601]: INFO placement.requestlog [req-ff3ba3ed-5237-444f-8a92-ad8abd629bd5 req-0f88f6ec-013d-47bf-b0c0-d3a6f48f17a0 service placement] 10.222.0.44 "GET /placement/allocations/82af8286-0dd2-4d79-a9ca-7fe700f73ce9" status: 200 len: 19 microversion: 1.28
Mar 11 16:55:31.483382 n-d-833431-1 devstack@placement-api.service[116601]: [pid: 116601|app: 0|req: 24/49] 10.222.0.44 () {60 vars in 1380 bytes} [Fri Mar 11 16:55:31 2022] GET /placement/allocations/82af8286-0dd2-4d79-a9ca-7fe700f73ce9 => generated 19 bytes in 19 msecs (HTTP/1.1 200) 8 headers in 295 bytes (1 switches on core 0)
Mar 11 16:55:31.485027 n-d-833431-1 devstack@placement-api.service[116602]: DEBUG placement.requestlog [req-ff3ba3ed-5237-444f-8a92-ad8abd629bd5 req-0f4a0a93-09ae-4099-ba06-1102d110d58c None None] Starting request: 10.222.0.44 "PUT /placement/allocations/82af8286-0dd2-4d79-a9ca-7fe700f73ce9" {{(pid=116602) __call__ /opt/stack/placement/placement/requestlog.py:55}}
Mar 11 16:55:31.889621 n-d-833431-1 devstack@placement-api.service[116602]: DEBUG placement.handlers.allocation [req-ff3ba3ed-5237-444f-8a92-ad8abd629bd5 req-0f4a0a93-09ae-4099-ba06-1102d110d58c service placement] Successfully wrote allocations [, , ] {{(pid=116602) _update_consumers_and_create_allocations /opt/stack/placement/placement/handlers/allocation.py:462}}
Mar 11 16:55:32.043296 n-d-833431-1 devstack@placement-api.service[116602]: INFO placement.requestlog [req-ff3ba3ed-5237-444f-8a92-ad8abd629bd5 req-0f4a0a93-09ae-4099-ba06-1102d110d58c service placement] 10.222.0.44 "PUT /placement/allocations/82af8286-0dd2-4d79-a9ca-7fe700f73ce9" status: 204 len: 0 microversion: 1.36
Mar 11 16:55:32.044838 n-d-833431-1 devstack@placement-api.service[116602]: [pid: 116602|app: 0|req: 26/50] 10.222.0.44 () {64 vars in 1433 bytes} [Fri Mar 11 16:55:31 2022] PUT /placement/allocations/82af8286-0dd2-4d79-a9ca-7fe700f73ce9 => generated 0 bytes in 560 msecs (HTTP/1.1 204) 5 headers in 199 bytes (1 switches on core 0)
Mar 11 16:55:33.264491 n-d-833431-1 devstack@placement-api.service[116601]: DEBUG placement.requestlog [req-a67d3d4b-fb9d-4ee8-8303-82c942771361 req-a33a0d1d-2ada-4797-babe-bae51d552d7a None None] Starting request: 10.222.0.50 "GET /placement/resource_providers/af5fb668-36cc-4978-99dd-7062e92fd038/allocations" {{(pid=116601) __call__ /opt/stack/placement/placement/requestlog.py:55}}
Mar 11 16:55:33.290304 n-d-833431-1 devstack@placement-api.service[116601]: INFO placement.requestlog [req-a67d3d4b-fb9d-4ee8-8303-82c942771361 req-a33a0d1d-2ada-4797-babe-bae51d552d7a service placement] 10.222.0.50 "GET /placement/resource_providers/af5fb668-36cc-4978-99dd-7062e92fd038/allocations" status: 200 len: 254 microversion: 1.0
Mar 11 16:55:33.291468 n-d-833431-1 devstack@placement-api.service[116601]: [pid: 116601|app: 0|req: 25/51] 10.222.0.50 () {58 vars in 1390 bytes} [Fri Mar 11 16:55:33 2022] GET /placement/resource_providers/af5fb668-36cc-4978-99dd-7062e92fd038/allocations => generated 254 bytes in 27 msecs (HTTP/1.1 200) 6 headers in 224 bytes (1 switches on core 0)
Mar 11 16:55:33.366861 n-d-833431-1 devstack@placement-api.service[116602]: DEBUG placement.requestlog [req-ff3ba3ed-5237-444f-8a92-ad8abd629bd5 req-a232fda0-0775-45bc-b677-d94df4676074 None None] Starting request: 10.222.0.50 "GET /placement/allocations/82af8286-0dd2-4d79-a9ca-7fe700f73ce9" {{(pid=116602) __call__ /opt/stack/placement/placement/requestlog.py:55}}
Mar 11 16:55:33.401369 n-d-833431-1 devstack@placement-api.service[116602]: INFO placement.requestlog [req-ff3ba3ed-5237-444f-8a92-ad8abd629bd5 req-a232fda0-0775-45bc-b677-d94df4676074 service placement] 10.222.0.50 "GET /placement/allocations/82af8286-0dd2-4d79-a9ca-7fe700f73ce9" status: 200 len: 258 microversion: 1.28
Mar 11 16:55:33.403484 n-d-833431-1 devstack@placement-api.service[116602]: [pid: 116602|app: 0|req: 27/52] 10.222.0.50 () {60 vars in 1377 bytes} [Fri Mar 11 16:55:33 2022] GET /placement/allocations/82af8286-0dd2-4d79-a9ca-7fe700f73ce9 => generated 258 bytes in 37 msecs (HTTP/1.1 200) 8 headers in 296 bytes (1 switches on core 0)
Mar 11 16:55:34.890186 n-d-833431-1 devstack@placement-api.service[116601]: DEBUG placement.requestlog [req-47815d7a-c977-45ad-8343-bf7b5f044d1b req-8d96eb15-93c7-4281-9ea1-24c28f48d7c1 None None] Starting request: 10.222.0.50 "DELETE /placement/allocations/4831dddd-d84a-4d92-bc18-9b6333baedf5" {{(pid=116601) __call__ /opt/stack/placement/placement/requestlog.py:55}}
Mar 11 16:55:35.221739 n-d-833431-1 devstack@placement-api.service[116601]: DEBUG placement.handlers.allocation [req-47815d7a-c977-45ad-8343-bf7b5f044d1b req-8d96eb15-93c7-4281-9ea1-24c28f48d7c1 service placement] Successfully deleted allocations [, , ] {{(pid=116601) delete_allocations /opt/stack/placement/placement/handlers/allocation.py:627}}
Mar 11 16:55:35.222241 n-d-833431-1 devstack@placement-api.service[116601]: INFO placement.requestlog [req-47815d7a-c977-45ad-8343-bf7b5f044d1b req-8d96eb15-93c7-4281-9ea1-24c28f48d7c1 service placement] 10.222.0.50 "DELETE /placement/allocations/4831dddd-d84a-4d92-bc18-9b6333baedf5" status: 204 len: 0 microversion: 1.0
Mar 11 16:55:35.222663 n-d-833431-1 devstack@placement-api.service[116601]: [pid: 116601|app: 0|req: 26/53] 10.222.0.50 () {60 vars in 1355 bytes} [Fri Mar 11 16:55:34 2022] DELETE /placement/allocations/4831dddd-d84a-4d92-bc18-9b6333baedf5 => generated 0 bytes in 333 msecs (HTTP/1.1 204) 5 headers in 198 bytes (1 switches on core 0)
Mar 11 16:55:35.802515 n-d-833431-1 devstack@placement-api.service[116602]: DEBUG placement.requestlog [req-d65cc5b9-8c6c-40fa-8e5f-eeb180f42883 req-9e950ca5-7597-4e67-8272-b47eba06ca57 None None] Starting request: 10.222.0.44 "GET /placement/resource_providers?name=n-h2-833431-1" {{(pid=116602) __call__ /opt/stack/placement/placement/requestlog.py:55}}
Mar 11 16:55:35.814731 n-d-833431-1 devstack@placement-api.service[116602]: INFO placement.requestlog [req-d65cc5b9-8c6c-40fa-8e5f-eeb180f42883 req-9e950ca5-7597-4e67-8272-b47eba06ca57 service placement] 10.222.0.44 "GET /placement/resource_providers?name=n-h2-833431-1" status: 200 len: 440 microversion: 1.0
Mar 11 16:55:35.815175 n-d-833431-1 devstack@placement-api.service[116602]: [pid: 116602|app: 0|req: 28/54] 10.222.0.44 () {58 vars in 1274 bytes} [Fri Mar 11 16:55:35 2022] GET /placement/resource_providers?name=n-h2-833431-1 => generated 440 bytes in 13 msecs (HTTP/1.1 200) 6 headers in 224 bytes (1 switches on core 0)
Mar 11 16:55:35.821951 n-d-833431-1 devstack@placement-api.service[116601]: DEBUG placement.requestlog [req-d65cc5b9-8c6c-40fa-8e5f-eeb180f42883 req-23ca91e0-f463-400c-896f-9895a902ff32 None None] Starting request: 10.222.0.44 "GET /placement/resource_providers/af5fb668-36cc-4978-99dd-7062e92fd038/aggregates" {{(pid=116601) __call__ /opt/stack/placement/placement/requestlog.py:55}}
Mar 11 16:55:35.847696 n-d-833431-1 devstack@placement-api.service[116601]: INFO placement.requestlog [req-d65cc5b9-8c6c-40fa-8e5f-eeb180f42883 req-23ca91e0-f463-400c-896f-9895a902ff32 service placement] 10.222.0.44 "GET /placement/resource_providers/af5fb668-36cc-4978-99dd-7062e92fd038/aggregates" status: 200 len: 91 microversion: 1.19
Mar 11 16:55:35.848946 n-d-833431-1 devstack@placement-api.service[116601]: [pid: 116601|app: 0|req: 27/55] 10.222.0.44 () {60 vars in 1425 bytes} [Fri Mar 11 16:55:35 2022] GET /placement/resource_providers/af5fb668-36cc-4978-99dd-7062e92fd038/aggregates => generated 91 bytes in 27 msecs (HTTP/1.1 200) 8 headers in 295 bytes (1 switches on core 0)
Mar 11 16:55:35.856370 n-d-833431-1 devstack@placement-api.service[116602]: DEBUG placement.requestlog [req-d65cc5b9-8c6c-40fa-8e5f-eeb180f42883 req-cddf56f7-5240-40e3-983a-ae91cc15b53a None None] Starting request: 10.222.0.44 "PUT /placement/resource_providers/af5fb668-36cc-4978-99dd-7062e92fd038/aggregates" {{(pid=116602) __call__ /opt/stack/placement/placement/requestlog.py:55}}
Mar 11 16:55:35.875575 n-d-833431-1 devstack@placement-api.service[116602]: DEBUG placement.objects.resource_provider [req-d65cc5b9-8c6c-40fa-8e5f-eeb180f42883 req-cddf56f7-5240-40e3-983a-ae91cc15b53a service placement] Setting aggregates for provider af5fb668-36cc-4978-99dd-7062e92fd038. Successfully disassociated aggregate 12f64d8d-b6ee-4205-9dcf-f321433235e1. {{(pid=116602) _set_aggregates /opt/stack/placement/placement/objects/resource_provider.py:403}}
Mar 11 16:55:36.055476 n-d-833431-1 devstack@placement-api.service[116602]: INFO placement.requestlog [req-d65cc5b9-8c6c-40fa-8e5f-eeb180f42883 req-cddf56f7-5240-40e3-983a-ae91cc15b53a service placement] 10.222.0.44 "PUT /placement/resource_providers/af5fb668-36cc-4978-99dd-7062e92fd038/aggregates" status: 200 len: 54 microversion: 1.19
Mar 11 16:55:36.056235 n-d-833431-1 devstack@placement-api.service[116602]: [pid: 116602|app: 0|req: 29/56] 10.222.0.44 () {64 vars in 1477 bytes} [Fri Mar 11 16:55:35 2022] PUT /placement/resource_providers/af5fb668-36cc-4978-99dd-7062e92fd038/aggregates => generated 54 bytes in 200 msecs (HTTP/1.1 200) 8 headers in 295 bytes (2 switches on core 0)
Mar 11 16:55:36.463806 n-d-833431-1 devstack@placement-api.service[116601]: DEBUG placement.requestlog [req-6c5aa2d6-3cc4-4918-bad3-e3b0816aa688 req-3f9fcc83-3a84-41cf-b4ef-4d3b179e759c None None] Starting request: 10.222.0.67 "GET /placement/resource_providers/48ef703d-c7d4-45a2-8221-bc77aacdea07/allocations" {{(pid=116601) __call__ /opt/stack/placement/placement/requestlog.py:55}}
Mar 11 16:55:36.516934 n-d-833431-1 devstack@placement-api.service[116601]: INFO placement.requestlog [req-6c5aa2d6-3cc4-4918-bad3-e3b0816aa688 req-3f9fcc83-3a84-41cf-b4ef-4d3b179e759c service placement] 10.222.0.67 "GET /placement/resource_providers/48ef703d-c7d4-45a2-8221-bc77aacdea07/allocations" status: 200 len: 153 microversion: 1.0
Mar 11 16:55:36.517410 n-d-833431-1 devstack@placement-api.service[116601]: [pid: 116601|app: 0|req: 28/57] 10.222.0.67 () {58 vars in 1390 bytes} [Fri Mar 11 16:55:36 2022] GET /placement/resource_providers/48ef703d-c7d4-45a2-8221-bc77aacdea07/allocations => generated 153 bytes in 55 msecs (HTTP/1.1 200) 6 headers in 224 bytes (1 switches on core 0)
Mar 11 16:55:36.908503 n-d-833431-1 devstack@placement-api.service[116602]: DEBUG placement.requestlog [req-56d5dd84-bea1-4d56-a97d-6b737e9e7774 req-63185374-d464-4477-8efd-895e91364497 None None] Starting request: 10.222.0.44 "GET /placement/resource_providers?name=n-h2-833431-1" {{(pid=116602) __call__ /opt/stack/placement/placement/requestlog.py:55}}
Mar 11 16:55:36.939694 n-d-833431-1 devstack@placement-api.service[116602]: INFO placement.requestlog [req-56d5dd84-bea1-4d56-a97d-6b737e9e7774 req-63185374-d464-4477-8efd-895e91364497 service placement] 10.222.0.44 "GET /placement/resource_providers?name=n-h2-833431-1" status: 200 len: 441 microversion: 1.0
Mar 11 16:55:36.942940 n-d-833431-1 devstack@placement-api.service[116602]: [pid: 116602|app: 0|req: 30/58] 10.222.0.44 () {58 vars in 1274 bytes} [Fri Mar 11 16:55:36 2022] GET /placement/resource_providers?name=n-h2-833431-1 => generated 441 bytes in 34 msecs (HTTP/1.1 200) 6 headers in 224 bytes (1 switches on core 0)
Mar 11 16:55:36.951399 n-d-833431-1 devstack@placement-api.service[116601]: DEBUG placement.requestlog [req-56d5dd84-bea1-4d56-a97d-6b737e9e7774 req-0ba97e5c-11bf-483e-8f33-b8b0c4765e8a None None] Starting request: 10.222.0.44 "GET /placement/resource_providers/af5fb668-36cc-4978-99dd-7062e92fd038/aggregates" {{(pid=116601) __call__ /opt/stack/placement/placement/requestlog.py:55}}
Mar 11 16:55:36.979376 n-d-833431-1 devstack@placement-api.service[116601]: INFO placement.requestlog [req-56d5dd84-bea1-4d56-a97d-6b737e9e7774 req-0ba97e5c-11bf-483e-8f33-b8b0c4765e8a service placement] 10.222.0.44 "GET /placement/resource_providers/af5fb668-36cc-4978-99dd-7062e92fd038/aggregates" status: 200 len: 54 microversion: 1.19
Mar 11 16:55:36.996367 n-d-833431-1 devstack@placement-api.service[116601]: [pid: 116601|app: 0|req: 29/59] 10.222.0.44 () {60 vars in 1425 bytes} [Fri Mar 11 16:55:36 2022] GET /placement/resource_providers/af5fb668-36cc-4978-99dd-7062e92fd038/aggregates => generated 54 bytes in 45 msecs (HTTP/1.1 200) 8 headers in 295 bytes (2 switches on core 0)
Mar 11 16:55:36.997556 n-d-833431-1 devstack@placement-api.service[116602]: DEBUG placement.requestlog [req-56d5dd84-bea1-4d56-a97d-6b737e9e7774 req-cb66e511-de39-4a24-a967-cfe0ba55f821 None None] Starting request: 10.222.0.44 "PUT /placement/resource_providers/af5fb668-36cc-4978-99dd-7062e92fd038/aggregates" {{(pid=116602) __call__ /opt/stack/placement/placement/requestlog.py:55}}
Mar 11 16:55:37.051879 n-d-833431-1 devstack@placement-api.service[116602]: DEBUG placement.objects.resource_provider [req-56d5dd84-bea1-4d56-a97d-6b737e9e7774 req-cb66e511-de39-4a24-a967-cfe0ba55f821 service placement] _ensure_aggregate() did not find aggregate 3da60e12-31a6-4b3f-8521-5612be5c0243. Attempting to create it. {{(pid=116602) _ensure_aggregate /opt/stack/placement/placement/objects/resource_provider.py:320}}
Mar 11 16:55:37.056608 n-d-833431-1 devstack@placement-api.service[116602]: DEBUG placement.objects.resource_provider [req-56d5dd84-bea1-4d56-a97d-6b737e9e7774 req-cb66e511-de39-4a24-a967-cfe0ba55f821 service placement] _ensure_aggregate() created new aggregate 3da60e12-31a6-4b3f-8521-5612be5c0243 (id=4). {{(pid=116602) _ensure_aggregate /opt/stack/placement/placement/objects/resource_provider.py:326}}
Mar 11 16:55:37.061328 n-d-833431-1 devstack@placement-api.service[116602]: DEBUG placement.objects.resource_provider [req-56d5dd84-bea1-4d56-a97d-6b737e9e7774 req-cb66e511-de39-4a24-a967-cfe0ba55f821 service placement] Setting aggregates for provider af5fb668-36cc-4978-99dd-7062e92fd038. Successfully associated aggregate 3da60e12-31a6-4b3f-8521-5612be5c0243. {{(pid=116602) _set_aggregates /opt/stack/placement/placement/objects/resource_provider.py:388}}
Mar 11 16:55:37.173848 n-d-833431-1 devstack@placement-api.service[116602]: INFO placement.requestlog [req-56d5dd84-bea1-4d56-a97d-6b737e9e7774 req-cb66e511-de39-4a24-a967-cfe0ba55f821 service placement] 10.222.0.44 "PUT /placement/resource_providers/af5fb668-36cc-4978-99dd-7062e92fd038/aggregates" status: 200 len: 92 microversion: 1.19
Mar 11 16:55:37.174258 n-d-833431-1 devstack@placement-api.service[116602]: [pid: 116602|app: 0|req: 31/60] 10.222.0.44 () {64 vars in 1477 bytes} [Fri Mar 11 16:55:36 2022] PUT /placement/resource_providers/af5fb668-36cc-4978-99dd-7062e92fd038/aggregates => generated 92 bytes in 178 msecs (HTTP/1.1 200) 8 headers in 295 bytes (2 switches on core 0)
Mar 11 16:55:37.286052 n-d-833431-1 devstack@placement-api.service[116601]: DEBUG placement.requestlog [req-9209bab7-f26e-4405-ba46-918efccd3883 req-1e7671d9-209d-41b9-a67a-dc0e03cab95a None None] Starting request: 10.222.0.44 "GET /placement/resource_providers?name=n-h2-833431-1" {{(pid=116601) __call__ /opt/stack/placement/placement/requestlog.py:55}}
