Mar 15 11:58:32.221302 n-d-833234-3 devstack@placement-api.service[104657]: INFO placement.requestlog [req-91fdfb2d-179a-443d-bdcd-ed21f2fc94e8 req-d637be62-867b-473b-8215-48d6f6ba463b service placement] 10.222.0.48 "PUT /placement/allocations/66a69ee5-c210-4a6d-aea7-65366a74a6ed" status: 204 len: 0 microversion: 1.36
Mar 15 11:58:32.222056 n-d-833234-3 devstack@placement-api.service[104657]: [pid: 104657|app: 0|req: 477/948] 10.222.0.48 () {64 vars in 1433 bytes} [Tue Mar 15 11:58:32 2022] PUT /placement/allocations/66a69ee5-c210-4a6d-aea7-65366a74a6ed => generated 0 bytes in 177 msecs (HTTP/1.1 204) 5 headers in 199 bytes (1 switches on core 0)
Mar 15 11:58:32.904240 n-d-833234-3 devstack@placement-api.service[104658]: DEBUG placement.requestlog [req-91fdfb2d-179a-443d-bdcd-ed21f2fc94e8 req-94a6ef44-d02f-4d46-b9e2-b39c3d20c677 None None] Starting request: 10.222.0.43 "GET /placement/allocations/66a69ee5-c210-4a6d-aea7-65366a74a6ed" {{(pid=104658) __call__ /opt/stack/placement/placement/requestlog.py:55}}
Mar 15 11:58:32.934413 n-d-833234-3 devstack@placement-api.service[104658]: INFO placement.requestlog [req-91fdfb2d-179a-443d-bdcd-ed21f2fc94e8 req-94a6ef44-d02f-4d46-b9e2-b39c3d20c677 service placement] 10.222.0.43 "GET /placement/allocations/66a69ee5-c210-4a6d-aea7-65366a74a6ed" status: 200 len: 260 microversion: 1.28
Mar 15 11:58:32.937080 n-d-833234-3 devstack@placement-api.service[104658]: [pid: 104658|app: 0|req: 472/949] 10.222.0.43 () {60 vars in 1377 bytes} [Tue Mar 15 11:58:32 2022] GET /placement/allocations/66a69ee5-c210-4a6d-aea7-65366a74a6ed => generated 260 bytes in 33 msecs (HTTP/1.1 200) 8 headers in 296 bytes (1 switches on core 0)
Mar 15 11:58:33.108859 n-d-833234-3 devstack@placement-api.service[104657]: DEBUG placement.requestlog [req-613b6138-ad58-47b8-8267-3314ded8c1bd req-230e795b-f408-4fd9-811a-a4841e4ed7f1 None None] Starting request: 10.222.0.48 "GET /placement/allocation_candidates?limit=1000&resources=DISK_GB%3A1%2CMEMORY_MB%3A1024%2CVCPU%3A1&root_required=%21COMPUTE_STATUS_DISABLED" {{(pid=104657) __call__ /opt/stack/placement/placement/requestlog.py:55}}
Mar 15 11:58:33.176825 n-d-833234-3 devstack@placement-api.service[104657]: DEBUG placement.objects.research_context [req-613b6138-ad58-47b8-8267-3314ded8c1bd req-230e795b-f408-4fd9-811a-a4841e4ed7f1 service placement] getting providers with 1 DISK_GB {{(pid=104657) __init__ /opt/stack/placement/placement/objects/research_context.py:136}}
Mar 15 11:58:33.184158 n-d-833234-3 devstack@placement-api.service[104657]: DEBUG placement.objects.research_context [req-613b6138-ad58-47b8-8267-3314ded8c1bd req-230e795b-f408-4fd9-811a-a4841e4ed7f1 service placement] getting providers with 1024 MEMORY_MB {{(pid=104657) __init__ /opt/stack/placement/placement/objects/research_context.py:136}}
Mar 15 11:58:33.193993 n-d-833234-3 devstack@placement-api.service[104657]: DEBUG placement.objects.research_context [req-613b6138-ad58-47b8-8267-3314ded8c1bd req-230e795b-f408-4fd9-811a-a4841e4ed7f1 service placement] getting providers with 1 VCPU {{(pid=104657) __init__ /opt/stack/placement/placement/objects/research_context.py:136}}
Mar 15 11:58:33.204425 n-d-833234-3 devstack@placement-api.service[104657]: DEBUG placement.objects.research_context [req-613b6138-ad58-47b8-8267-3314ded8c1bd req-230e795b-f408-4fd9-811a-a4841e4ed7f1 service placement] found 2 providers with available 1 DISK_GB {{(pid=104657) get_provider_ids_matching /opt/stack/placement/placement/objects/research_context.py:559}}
Mar 15 11:58:33.204915 n-d-833234-3 devstack@placement-api.service[104657]: DEBUG placement.objects.research_context [req-613b6138-ad58-47b8-8267-3314ded8c1bd req-230e795b-f408-4fd9-811a-a4841e4ed7f1 service placement] found 2 providers with available 1024 MEMORY_MB {{(pid=104657) get_provider_ids_matching /opt/stack/placement/placement/objects/research_context.py:559}}
Mar 15 11:58:33.205270 n-d-833234-3 devstack@placement-api.service[104657]: DEBUG placement.objects.research_context [req-613b6138-ad58-47b8-8267-3314ded8c1bd req-230e795b-f408-4fd9-811a-a4841e4ed7f1 service placement] found 2 providers after filtering by previous result {{(pid=104657) get_provider_ids_matching /opt/stack/placement/placement/objects/research_context.py:590}}
Mar 15 11:58:33.205537 n-d-833234-3 devstack@placement-api.service[104657]: DEBUG placement.objects.research_context [req-613b6138-ad58-47b8-8267-3314ded8c1bd req-230e795b-f408-4fd9-811a-a4841e4ed7f1 service placement] found 2 providers with available 1 VCPU {{(pid=104657) get_provider_ids_matching /opt/stack/placement/placement/objects/research_context.py:559}}
Mar 15 11:58:33.205800 n-d-833234-3 devstack@placement-api.service[104657]: DEBUG placement.objects.research_context [req-613b6138-ad58-47b8-8267-3314ded8c1bd req-230e795b-f408-4fd9-811a-a4841e4ed7f1 service placement] found 2 providers after filtering by previous result {{(pid=104657) get_provider_ids_matching /opt/stack/placement/placement/objects/research_context.py:590}}
Mar 15 11:58:33.232412 n-d-833234-3 devstack@placement-api.service[104657]: DEBUG placement.objects.allocation_candidate [req-613b6138-ad58-47b8-8267-3314ded8c1bd req-230e795b-f408-4fd9-811a-a4841e4ed7f1 service placement] RequestGroup(use_same_provider=False, resources={DISK_GB:1, MEMORY_MB:1024, VCPU:1}, traits=(), aggregates=[]) (suffix '') returned 2 matches {{(pid=104657) _get_by_requests /opt/stack/placement/placement/objects/allocation_candidate.py:156}}
Mar 15 11:58:33.232412 n-d-833234-3 devstack@placement-api.service[104657]: DEBUG placement.objects.allocation_candidate [req-613b6138-ad58-47b8-8267-3314ded8c1bd req-230e795b-f408-4fd9-811a-a4841e4ed7f1 service placement] Merging candidates yields 2 allocation requests and 2 provider summaries {{(pid=104657) _merge_candidates /opt/stack/placement/placement/objects/allocation_candidate.py:809}}
Mar 15 11:58:33.233416 n-d-833234-3 devstack@placement-api.service[104657]: INFO placement.requestlog [req-613b6138-ad58-47b8-8267-3314ded8c1bd req-230e795b-f408-4fd9-811a-a4841e4ed7f1 service placement] 10.222.0.48 "GET /placement/allocation_candidates?limit=1000&resources=DISK_GB%3A1%2CMEMORY_MB%3A1024%2CVCPU%3A1&root_required=%21COMPUTE_STATUS_DISABLED" status: 200 len: 1309 microversion: 1.36
Mar 15 11:58:33.238118 n-d-833234-3 devstack@placement-api.service[104657]: [pid: 104657|app: 0|req: 478/950] 10.222.0.48 () {60 vars in 1506 bytes} [Tue Mar 15 11:58:33 2022] GET /placement/allocation_candidates?limit=1000&resources=DISK_GB%3A1%2CMEMORY_MB%3A1024%2CVCPU%3A1&root_required=%21COMPUTE_STATUS_DISABLED => generated 1309 bytes in 129 msecs (HTTP/1.1 200) 8 headers in 297 bytes (1 switches on core 0)
Mar 15 11:58:33.331425 n-d-833234-3 devstack@placement-api.service[104658]: DEBUG placement.requestlog [req-613b6138-ad58-47b8-8267-3314ded8c1bd req-d0900802-8456-4468-8dc0-53585d55bb32 None None] Starting request: 10.222.0.48 "GET /placement/allocations/d24cda67-77ae-4276-8234-54062ab60f07" {{(pid=104658) __call__ /opt/stack/placement/placement/requestlog.py:55}}
Mar 15 11:58:33.359055 n-d-833234-3 devstack@placement-api.service[104658]: INFO placement.requestlog [req-613b6138-ad58-47b8-8267-3314ded8c1bd req-d0900802-8456-4468-8dc0-53585d55bb32 service placement] 10.222.0.48 "GET /placement/allocations/d24cda67-77ae-4276-8234-54062ab60f07" status: 200 len: 19 microversion: 1.28
Mar 15 11:58:33.367599 n-d-833234-3 devstack@placement-api.service[104657]: DEBUG placement.requestlog [req-613b6138-ad58-47b8-8267-3314ded8c1bd req-0e5357d3-59a7-41ef-9dd3-54f830e4c0d1 None None] Starting request: 10.222.0.48 "PUT /placement/allocations/d24cda67-77ae-4276-8234-54062ab60f07" {{(pid=104657) __call__ /opt/stack/placement/placement/requestlog.py:55}}
Mar 15 11:58:33.368440 n-d-833234-3 devstack@placement-api.service[104658]: [pid: 104658|app: 0|req: 473/951] 10.222.0.48 () {60 vars in 1380 bytes} [Tue Mar 15 11:58:33 2022] GET /placement/allocations/d24cda67-77ae-4276-8234-54062ab60f07 => generated 19 bytes in 37 msecs (HTTP/1.1 200) 8 headers in 295 bytes (1 switches on core 0)
Mar 15 11:58:33.470763 n-d-833234-3 devstack@placement-api.service[104657]: DEBUG placement.handlers.allocation [req-613b6138-ad58-47b8-8267-3314ded8c1bd req-0e5357d3-59a7-41ef-9dd3-54f830e4c0d1 service placement] Successfully wrote allocations [, , ] {{(pid=104657) _update_consumers_and_create_allocations /opt/stack/placement/placement/handlers/allocation.py:462}}
Mar 15 11:58:33.480154 n-d-833234-3 devstack@placement-api.service[104657]: INFO placement.requestlog [req-613b6138-ad58-47b8-8267-3314ded8c1bd req-0e5357d3-59a7-41ef-9dd3-54f830e4c0d1 service placement] 10.222.0.48 "PUT /placement/allocations/d24cda67-77ae-4276-8234-54062ab60f07" status: 204 len: 0 microversion: 1.36
Mar 15 11:58:33.480823 n-d-833234-3 devstack@placement-api.service[104657]: [pid: 104657|app: 0|req: 479/952] 10.222.0.48 () {64 vars in 1433 bytes} [Tue Mar 15 11:58:33 2022] PUT /placement/allocations/d24cda67-77ae-4276-8234-54062ab60f07 => generated 0 bytes in 114 msecs (HTTP/1.1 204) 5 headers in 199 bytes (2 switches on core 0)
Mar 15 11:58:34.072622 n-d-833234-3 devstack@placement-api.service[104658]: DEBUG placement.requestlog [req-613b6138-ad58-47b8-8267-3314ded8c1bd req-228c1438-7bbe-4625-bc06-4e844a85300d None None] Starting request: 10.222.0.20 "GET /placement/allocations/d24cda67-77ae-4276-8234-54062ab60f07" {{(pid=104658) __call__ /opt/stack/placement/placement/requestlog.py:55}}
Mar 15 11:58:34.114020 n-d-833234-3 devstack@placement-api.service[104658]: INFO placement.requestlog [req-613b6138-ad58-47b8-8267-3314ded8c1bd req-228c1438-7bbe-4625-bc06-4e844a85300d service placement] 10.222.0.20 "GET /placement/allocations/d24cda67-77ae-4276-8234-54062ab60f07" status: 200 len: 259 microversion: 1.28
Mar 15 11:58:34.115387 n-d-833234-3 devstack@placement-api.service[104658]: [pid: 104658|app: 0|req: 474/953] 10.222.0.20 () {60 vars in 1377 bytes} [Tue Mar 15 11:58:34 2022] GET /placement/allocations/d24cda67-77ae-4276-8234-54062ab60f07 => generated 259 bytes in 44 msecs (HTTP/1.1 200) 8 headers in 296 bytes (2 switches on core 0)
Mar 15 11:58:42.379800 n-d-833234-3 devstack@placement-api.service[104657]: DEBUG placement.requestlog [None req-74e5e577-0c76-4764-8298-926797cb44fb None None] Starting request: 10.222.0.48 "GET /placement/" {{(pid=104657) __call__ /opt/stack/placement/placement/requestlog.py:55}}
Mar 15 11:58:42.380813 n-d-833234-3 devstack@placement-api.service[104657]: INFO placement.requestlog [None req-74e5e577-0c76-4764-8298-926797cb44fb None None] 10.222.0.48 "GET /placement/" status: 200 len: 136 microversion: 1.0
Mar 15 11:58:42.381130 n-d-833234-3 devstack@placement-api.service[104657]: [pid: 104657|app: 0|req: 480/954] 10.222.0.48 () {54 vars in 907 bytes} [Tue Mar 15 11:58:42 2022] GET /placement => generated 136 bytes in 2 msecs (HTTP/1.1 200) 6 headers in 224 bytes (1 switches on core 0)
Mar 15 11:58:42.412967 n-d-833234-3 devstack@placement-api.service[104658]: DEBUG placement.requestlog [req-8dbc65bc-11e0-4022-a27f-38a3d22dd11c req-867f7467-d0f0-48a5-a3d8-050157d260c5 None None] Starting request: 10.222.0.48 "GET /placement/resource_providers/f9487c66-6d35-45f4-9bc0-5a39791b2d4b/traits" {{(pid=104658) __call__ /opt/stack/placement/placement/requestlog.py:55}}
Mar 15 11:58:42.625692 n-d-833234-3 devstack@placement-api.service[104658]: INFO placement.requestlog [req-8dbc65bc-11e0-4022-a27f-38a3d22dd11c req-867f7467-d0f0-48a5-a3d8-050157d260c5 service placement] 10.222.0.48 "GET /placement/resource_providers/f9487c66-6d35-45f4-9bc0-5a39791b2d4b/traits" status: 200 len: 212 microversion: 1.6
Mar 15 11:58:42.626866 n-d-833234-3 devstack@placement-api.service[104658]: [pid: 104658|app: 0|req: 475/955] 10.222.0.48 () {60 vars in 1412 bytes} [Tue Mar 15 11:58:42 2022] GET /placement/resource_providers/f9487c66-6d35-45f4-9bc0-5a39791b2d4b/traits => generated 212 bytes in 214 msecs (HTTP/1.1 200) 6 headers in 224 bytes (1 switches on core 0)
Mar 15 11:58:43.739431 n-d-833234-3 devstack@placement-api.service[104657]: DEBUG placement.requestlog [None req-e104575d-2d5e-45f0-b9f3-a473f8b753ee None None] Starting request: 10.222.0.48 "GET /placement/" {{(pid=104657) __call__ /opt/stack/placement/placement/requestlog.py:55}}
Mar 15 11:58:43.740966 n-d-833234-3 devstack@placement-api.service[104657]: INFO placement.requestlog [None req-e104575d-2d5e-45f0-b9f3-a473f8b753ee None None] 10.222.0.48 "GET /placement/" status: 200 len: 136 microversion: 1.0
Mar 15 11:58:43.741474 n-d-833234-3 devstack@placement-api.service[104657]: [pid: 104657|app: 0|req: 481/956] 10.222.0.48 () {54 vars in 916 bytes} [Tue Mar 15 11:58:43 2022] GET /placement => generated 136 bytes in 2 msecs (HTTP/1.1 200) 6 headers in 224 bytes (1 switches on core 0)
Mar 15 11:58:43.758379 n-d-833234-3 devstack@placement-api.service[104658]: DEBUG placement.requestlog [req-8dbc65bc-11e0-4022-a27f-38a3d22dd11c req-d2538eb0-8ed4-4ca0-8e4d-cd44ba9ae6f8 None None] Starting request: 10.222.0.48 "GET /placement/allocations/d791a18b-0b7d-417f-915c-13a0ca3a928d" {{(pid=104658) __call__ /opt/stack/placement/placement/requestlog.py:55}}
Mar 15 11:58:43.909297 n-d-833234-3 devstack@placement-api.service[104658]: INFO placement.requestlog [req-8dbc65bc-11e0-4022-a27f-38a3d22dd11c req-d2538eb0-8ed4-4ca0-8e4d-cd44ba9ae6f8 service placement] 10.222.0.48 "GET /placement/allocations/d791a18b-0b7d-417f-915c-13a0ca3a928d" status: 200 len: 259 microversion: 1.28
Mar 15 11:58:43.911799 n-d-833234-3 devstack@placement-api.service[104658]: [pid: 104658|app: 0|req: 476/957] 10.222.0.48 () {60 vars in 1380 bytes} [Tue Mar 15 11:58:43 2022] GET /placement/allocations/d791a18b-0b7d-417f-915c-13a0ca3a928d => generated 259 bytes in 156 msecs (HTTP/1.1 200) 8 headers in 296 bytes (1 switches on core 0)
Mar 15 11:58:43.918129 n-d-833234-3 devstack@placement-api.service[104657]: DEBUG placement.requestlog [req-8dbc65bc-11e0-4022-a27f-38a3d22dd11c req-c2818fbe-8c7c-4e59-bd53-8dc7804d18ea None None] Starting request: 10.222.0.48 "GET /placement/allocations/d791a18b-0b7d-417f-915c-13a0ca3a928d" {{(pid=104657) __call__ /opt/stack/placement/placement/requestlog.py:55}}
Mar 15 11:58:43.948422 n-d-833234-3 devstack@placement-api.service[104657]: INFO placement.requestlog [req-8dbc65bc-11e0-4022-a27f-38a3d22dd11c req-c2818fbe-8c7c-4e59-bd53-8dc7804d18ea service placement] 10.222.0.48 "GET /placement/allocations/d791a18b-0b7d-417f-915c-13a0ca3a928d" status: 200 len: 259 microversion: 1.28
Mar 15 11:58:43.954802 n-d-833234-3 devstack@placement-api.service[104658]: DEBUG placement.requestlog [req-8dbc65bc-11e0-4022-a27f-38a3d22dd11c req-14563264-fc2e-419f-9495-18bb0ef6d86b None None] Starting request: 10.222.0.48 "GET /placement/allocations/dc4f114e-1bbe-4f1f-addc-cd2f8595f7e7" {{(pid=104658) __call__ /opt/stack/placement/placement/requestlog.py:55}}
Mar 15 11:58:43.964069 n-d-833234-3 devstack@placement-api.service[104657]: [pid: 104657|app: 0|req: 482/958] 10.222.0.48 () {60 vars in 1380 bytes} [Tue Mar 15 11:58:43 2022] GET /placement/allocations/d791a18b-0b7d-417f-915c-13a0ca3a928d => generated 259 bytes in 38 msecs (HTTP/1.1 200) 8 headers in 296 bytes (1 switches on core 0)
Mar 15 11:58:43.968811 n-d-833234-3 devstack@placement-api.service[104658]: INFO placement.requestlog [req-8dbc65bc-11e0-4022-a27f-38a3d22dd11c req-14563264-fc2e-419f-9495-18bb0ef6d86b service placement] 10.222.0.48 "GET /placement/allocations/dc4f114e-1bbe-4f1f-addc-cd2f8595f7e7" status: 200 len: 19 microversion: 1.28
Mar 15 11:58:43.976295 n-d-833234-3 devstack@placement-api.service[104657]: DEBUG placement.requestlog [req-8dbc65bc-11e0-4022-a27f-38a3d22dd11c req-35166860-667e-4c4b-8a76-6e7e5dbc184e None None] Starting request: 10.222.0.48 "POST /placement/allocations" {{(pid=104657) __call__ /opt/stack/placement/placement/requestlog.py:55}}
Mar 15 11:58:43.977209 n-d-833234-3 devstack@placement-api.service[104658]: [pid: 104658|app: 0|req: 477/959] 10.222.0.48 () {60 vars in 1380 bytes} [Tue Mar 15 11:58:43 2022] GET /placement/allocations/dc4f114e-1bbe-4f1f-addc-cd2f8595f7e7 => generated 19 bytes in 23 msecs (HTTP/1.1 200) 8 headers in 295 bytes (2 switches on core 0)
Mar 15 11:58:44.093865 n-d-833234-3 devstack@placement-api.service[104657]: DEBUG placement.handlers.allocation [req-8dbc65bc-11e0-4022-a27f-38a3d22dd11c req-35166860-667e-4c4b-8a76-6e7e5dbc184e service placement] Successfully wrote allocations [, , , , , ] {{(pid=104657) _update_consumers_and_create_allocations /opt/stack/placement/placement/handlers/allocation.py:572}}
Mar 15 11:58:44.101319 n-d-833234-3 devstack@placement-api.service[104657]: INFO placement.requestlog [req-8dbc65bc-11e0-4022-a27f-38a3d22dd11c req-35166860-667e-4c4b-8a76-6e7e5dbc184e service placement] 10.222.0.48 "POST /placement/allocations" status: 204 len: 0 microversion: 1.28
Mar 15 11:58:44.114025 n-d-833234-3 devstack@placement-api.service[104657]: [pid: 104657|app: 0|req: 483/960] 10.222.0.48 () {64 vars in 1323 bytes} [Tue Mar 15 11:58:43 2022] POST /placement/allocations => generated 0 bytes in 126 msecs (HTTP/1.1 204) 5 headers in 199 bytes (1 switches on core 0)
Mar 15 11:58:44.340528 n-d-833234-3 devstack@placement-api.service[104658]: DEBUG placement.requestlog [req-8dbc65bc-11e0-4022-a27f-38a3d22dd11c req-495e90e1-0132-4b7c-8117-0cad00ad1dde None None] Starting request: 10.222.0.48 "GET /placement/allocation_candidates?limit=1000&resources=DISK_GB%3A1%2CMEMORY_MB%3A1024%2CVCPU%3A1&root_required=%21COMPUTE_STATUS_DISABLED" {{(pid=104658) __call__ /opt/stack/placement/placement/requestlog.py:55}}
Mar 15 11:58:44.378361 n-d-833234-3 devstack@placement-api.service[104658]: DEBUG placement.objects.research_context [req-8dbc65bc-11e0-4022-a27f-38a3d22dd11c req-495e90e1-0132-4b7c-8117-0cad00ad1dde service placement] getting providers with 1 DISK_GB {{(pid=104658) __init__ /opt/stack/placement/placement/objects/research_context.py:136}}
Mar 15 11:58:44.385585 n-d-833234-3 devstack@placement-api.service[104658]: DEBUG placement.objects.research_context [req-8dbc65bc-11e0-4022-a27f-38a3d22dd11c req-495e90e1-0132-4b7c-8117-0cad00ad1dde service placement] getting providers with 1024 MEMORY_MB {{(pid=104658) __init__ /opt/stack/placement/placement/objects/research_context.py:136}}
Mar 15 11:58:44.396989 n-d-833234-3 devstack@placement-api.service[104658]: DEBUG placement.objects.research_context [req-8dbc65bc-11e0-4022-a27f-38a3d22dd11c req-495e90e1-0132-4b7c-8117-0cad00ad1dde service placement] getting providers with 1 VCPU {{(pid=104658) __init__ /opt/stack/placement/placement/objects/research_context.py:136}}
Mar 15 11:58:44.405661 n-d-833234-3 devstack@placement-api.service[104658]: DEBUG placement.objects.research_context [req-8dbc65bc-11e0-4022-a27f-38a3d22dd11c req-495e90e1-0132-4b7c-8117-0cad00ad1dde service placement] found 2 providers with available 1 DISK_GB {{(pid=104658) get_provider_ids_matching /opt/stack/placement/placement/objects/research_context.py:559}}
Mar 15 11:58:44.406486 n-d-833234-3 devstack@placement-api.service[104658]: DEBUG placement.objects.research_context [req-8dbc65bc-11e0-4022-a27f-38a3d22dd11c req-495e90e1-0132-4b7c-8117-0cad00ad1dde service placement] found 2 providers with available 1024 MEMORY_MB {{(pid=104658) get_provider_ids_matching /opt/stack/placement/placement/objects/research_context.py:559}}
Mar 15 11:58:44.406992 n-d-833234-3 devstack@placement-api.service[104658]: DEBUG placement.objects.research_context [req-8dbc65bc-11e0-4022-a27f-38a3d22dd11c req-495e90e1-0132-4b7c-8117-0cad00ad1dde service placement] found 2 providers after filtering by previous result {{(pid=104658) get_provider_ids_matching /opt/stack/placement/placement/objects/research_context.py:590}}
Mar 15 11:58:44.407512 n-d-833234-3 devstack@placement-api.service[104658]: DEBUG placement.objects.research_context [req-8dbc65bc-11e0-4022-a27f-38a3d22dd11c req-495e90e1-0132-4b7c-8117-0cad00ad1dde service placement] found 2 providers with available 1 VCPU {{(pid=104658) get_provider_ids_matching /opt/stack/placement/placement/objects/research_context.py:559}}
Mar 15 11:58:44.408030 n-d-833234-3 devstack@placement-api.service[104658]: DEBUG placement.objects.research_context [req-8dbc65bc-11e0-4022-a27f-38a3d22dd11c req-495e90e1-0132-4b7c-8117-0cad00ad1dde service placement] found 2 providers after filtering by previous result {{(pid=104658) get_provider_ids_matching /opt/stack/placement/placement/objects/research_context.py:590}}
Mar 15 11:58:44.423478 n-d-833234-3 devstack@placement-api.service[104658]: DEBUG placement.objects.allocation_candidate [req-8dbc65bc-11e0-4022-a27f-38a3d22dd11c req-495e90e1-0132-4b7c-8117-0cad00ad1dde service placement] RequestGroup(use_same_provider=False, resources={DISK_GB:1, MEMORY_MB:1024, VCPU:1}, traits=(), aggregates=[]) (suffix '') returned 2 matches {{(pid=104658) _get_by_requests /opt/stack/placement/placement/objects/allocation_candidate.py:156}}
Mar 15 11:58:44.424553 n-d-833234-3 devstack@placement-api.service[104658]: DEBUG placement.objects.allocation_candidate [req-8dbc65bc-11e0-4022-a27f-38a3d22dd11c req-495e90e1-0132-4b7c-8117-0cad00ad1dde service placement] Merging candidates yields 2 allocation requests and 2 provider summaries {{(pid=104658) _merge_candidates /opt/stack/placement/placement/objects/allocation_candidate.py:809}}
Mar 15 11:58:44.427284 n-d-833234-3 devstack@placement-api.service[104658]: INFO placement.requestlog [req-8dbc65bc-11e0-4022-a27f-38a3d22dd11c req-495e90e1-0132-4b7c-8117-0cad00ad1dde service placement] 10.222.0.48 "GET /placement/allocation_candidates?limit=1000&resources=DISK_GB%3A1%2CMEMORY_MB%3A1024%2CVCPU%3A1&root_required=%21COMPUTE_STATUS_DISABLED" status: 200 len: 1309 microversion: 1.36
Mar 15 11:58:44.428246 n-d-833234-3 devstack@placement-api.service[104658]: [pid: 104658|app: 0|req: 478/961] 10.222.0.48 () {60 vars in 1506 bytes} [Tue Mar 15 11:58:44 2022] GET /placement/allocation_candidates?limit=1000&resources=DISK_GB%3A1%2CMEMORY_MB%3A1024%2CVCPU%3A1&root_required=%21COMPUTE_STATUS_DISABLED => generated 1309 bytes in 88 msecs (HTTP/1.1 200) 8 headers in 297 bytes (1 switches on core 0)
Mar 15 11:58:44.514041 n-d-833234-3 devstack@placement-api.service[104657]: DEBUG placement.requestlog [req-8dbc65bc-11e0-4022-a27f-38a3d22dd11c req-21f60e4e-cfc7-4e1d-ab7e-eb94f919c3cc None None] Starting request: 10.222.0.48 "GET /placement/allocations/d791a18b-0b7d-417f-915c-13a0ca3a928d" {{(pid=104657) __call__ /opt/stack/placement/placement/requestlog.py:55}}
Mar 15 11:58:44.526587 n-d-833234-3 devstack@placement-api.service[104657]: INFO placement.requestlog [req-8dbc65bc-11e0-4022-a27f-38a3d22dd11c req-21f60e4e-cfc7-4e1d-ab7e-eb94f919c3cc service placement] 10.222.0.48 "GET /placement/allocations/d791a18b-0b7d-417f-915c-13a0ca3a928d" status: 200 len: 19 microversion: 1.28
Mar 15 11:58:44.535020 n-d-833234-3 devstack@placement-api.service[104657]: [pid: 104657|app: 0|req: 484/962] 10.222.0.48 () {60 vars in 1380 bytes} [Tue Mar 15 11:58:44 2022] GET /placement/allocations/d791a18b-0b7d-417f-915c-13a0ca3a928d => generated 19 bytes in 21 msecs (HTTP/1.1 200) 8 headers in 295 bytes (1 switches on core 0)
Mar 15 11:58:44.537881 n-d-833234-3 devstack@placement-api.service[104658]: DEBUG placement.requestlog [req-8dbc65bc-11e0-4022-a27f-38a3d22dd11c req-af0a3de3-19f0-47e6-9a6a-a60e02a0a164 None None] Starting request: 10.222.0.48 "PUT /placement/allocations/d791a18b-0b7d-417f-915c-13a0ca3a928d" {{(pid=104658) __call__ /opt/stack/placement/placement/requestlog.py:55}}
Mar 15 11:58:44.635121 n-d-833234-3 devstack@placement-api.service[104658]: DEBUG placement.handlers.allocation [req-8dbc65bc-11e0-4022-a27f-38a3d22dd11c req-af0a3de3-19f0-47e6-9a6a-a60e02a0a164 service placement] Successfully wrote allocations [, , ] {{(pid=104658) _update_consumers_and_create_allocations /opt/stack/placement/placement/handlers/allocation.py:462}}
Mar 15 11:58:44.644768 n-d-833234-3 devstack@placement-api.service[104658]: INFO placement.requestlog [req-8dbc65bc-11e0-4022-a27f-38a3d22dd11c req-af0a3de3-19f0-47e6-9a6a-a60e02a0a164 service placement] 10.222.0.48 "PUT /placement/allocations/d791a18b-0b7d-417f-915c-13a0ca3a928d" status: 204 len: 0 microversion: 1.36
Mar 15 11:58:44.646148 n-d-833234-3 devstack@placement-api.service[104658]: [pid: 104658|app: 0|req: 479/963] 10.222.0.48 () {64 vars in 1433 bytes} [Tue Mar 15 11:58:44 2022] PUT /placement/allocations/d791a18b-0b7d-417f-915c-13a0ca3a928d => generated 0 bytes in 109 msecs (HTTP/1.1 204) 5 headers in 199 bytes (1 switches on core 0)
Mar 15 11:58:44.959561 n-d-833234-3 devstack@placement-api.service[104657]: DEBUG placement.requestlog [req-8dbc65bc-11e0-4022-a27f-38a3d22dd11c req-8813cfdc-2e17-45d8-b54f-726301405ba5 None None] Starting request: 10.222.0.43 "GET /placement/allocations/d791a18b-0b7d-417f-915c-13a0ca3a928d" {{(pid=104657) __call__ /opt/stack/placement/placement/requestlog.py:55}}
Mar 15 11:58:44.987052 n-d-833234-3 devstack@placement-api.service[104657]: INFO placement.requestlog [req-8dbc65bc-11e0-4022-a27f-38a3d22dd11c req-8813cfdc-2e17-45d8-b54f-726301405ba5 service placement] 10.222.0.43 "GET /placement/allocations/d791a18b-0b7d-417f-915c-13a0ca3a928d" status: 200 len: 260 microversion: 1.28
Mar 15 11:58:44.987438 n-d-833234-3 devstack@placement-api.service[104657]: [pid: 104657|app: 0|req: 485/964] 10.222.0.43 () {60 vars in 1377 bytes} [Tue Mar 15 11:58:44 2022] GET /placement/allocations/d791a18b-0b7d-417f-915c-13a0ca3a928d => generated 260 bytes in 28 msecs (HTTP/1.1 200) 8 headers in 296 bytes (1 switches on core 0)
Mar 15 11:58:54.410940 n-d-833234-3 devstack@placement-api.service[104658]: DEBUG placement.requestlog [req-0522b0a8-670e-4eab-ace1-cdfa96ca5510 req-b8b59a82-a177-4797-a1fb-168afddd7dbf None None] Starting request: 10.222.0.43 "GET /placement/resource_providers/bb4e2214-4e20-427d-a157-7839a94a7d71/allocations" {{(pid=104658) __call__ /opt/stack/placement/placement/requestlog.py:55}}
Mar 15 11:58:54.444196 n-d-833234-3 devstack@placement-api.service[104658]: INFO placement.requestlog [req-0522b0a8-670e-4eab-ace1-cdfa96ca5510 req-b8b59a82-a177-4797-a1fb-168afddd7dbf service placement] 10.222.0.43 "GET /placement/resource_providers/bb4e2214-4e20-427d-a157-7839a94a7d71/allocations" status: 200 len: 357 microversion: 1.0
Mar 15 11:58:54.446756 n-d-833234-3 devstack@placement-api.service[104658]: [pid: 104658|app: 0|req: 480/965] 10.222.0.43 () {58 vars in 1390 bytes} [Tue Mar 15 11:58:54 2022] GET /placement/resource_providers/bb4e2214-4e20-427d-a157-7839a94a7d71/allocations => generated 357 bytes in 37 msecs (HTTP/1.1 200) 6 headers in 224 bytes (2 switches on core 0)
Mar 15 11:58:58.745799 n-d-833234-3 devstack@placement-api.service[104657]: DEBUG placement.requestlog [req-864ef080-cd0e-40ed-aad4-9cdeac661f1a req-ebedd673-1a37-48e4-8d0a-f3e2b602cb28 None None] Starting request: 10.222.0.20 "GET /placement/resource_providers/f9487c66-6d35-45f4-9bc0-5a39791b2d4b/allocations" {{(pid=104657) __call__ /opt/stack/placement/placement/requestlog.py:55}}
Mar 15 11:58:58.802264 n-d-833234-3 devstack@placement-api.service[104657]: INFO placement.requestlog [req-864ef080-cd0e-40ed-aad4-9cdeac661f1a req-ebedd673-1a37-48e4-8d0a-f3e2b602cb28 service placement] 10.222.0.20 "GET /placement/resource_providers/f9487c66-6d35-45f4-9bc0-5a39791b2d4b/allocations" status: 200 len: 558 microversion: 1.0
Mar 15 11:58:58.807676 n-d-833234-3 devstack@placement-api.service[104657]: [pid: 104657|app: 0|req: 486/966] 10.222.0.20 () {58 vars in 1390 bytes} [Tue Mar 15 11:58:58 2022] GET /placement/resource_providers/f9487c66-6d35-45f4-9bc0-5a39791b2d4b/allocations => generated 558 bytes in 62 msecs (HTTP/1.1 200) 6 headers in 224 bytes (1 switches on core 0)
Mar 15 11:59:05.374097 n-d-833234-3 devstack@placement-api.service[104658]: DEBUG placement.requestlog [req-e197a63b-3d2e-4d49-8bc6-335e460def11 req-d4ef4c61-ec9a-4eec-8905-a43fa4fc3503 None None] Starting request: 10.222.0.43 "DELETE /placement/allocations/66a69ee5-c210-4a6d-aea7-65366a74a6ed" {{(pid=104658) __call__ /opt/stack/placement/placement/requestlog.py:55}}
Mar 15 11:59:05.480760 n-d-833234-3 devstack@placement-api.service[104658]: DEBUG placement.handlers.allocation [req-e197a63b-3d2e-4d49-8bc6-335e460def11 req-d4ef4c61-ec9a-4eec-8905-a43fa4fc3503 service placement] Successfully deleted allocations [, , ] {{(pid=104658) delete_allocations /opt/stack/placement/placement/handlers/allocation.py:627}}
Mar 15 11:59:05.481741 n-d-833234-3 devstack@placement-api.service[104658]: INFO placement.requestlog [req-e197a63b-3d2e-4d49-8bc6-335e460def11 req-d4ef4c61-ec9a-4eec-8905-a43fa4fc3503 service placement] 10.222.0.43 "DELETE /placement/allocations/66a69ee5-c210-4a6d-aea7-65366a74a6ed" status: 204 len: 0 microversion: 1.0
Mar 15 11:59:05.483215 n-d-833234-3 devstack@placement-api.service[104658]: [pid: 104658|app: 0|req: 481/967] 10.222.0.43 () {60 vars in 1355 bytes} [Tue Mar 15 11:59:05 2022] DELETE /placement/allocations/66a69ee5-c210-4a6d-aea7-65366a74a6ed => generated 0 bytes in 110 msecs (HTTP/1.1 204) 5 headers in 198 bytes (2 switches on core 0)
Mar 15 11:59:11.304201 n-d-833234-3 devstack@placement-api.service[104657]: DEBUG placement.requestlog [req-8216c743-db37-4503-bd43-aa3b8b89b990 req-cd16a967-519d-4b9c-9e21-023703467343 None None] Starting request: 10.222.0.48 "GET /placement/allocation_candidates?limit=1000&resources=DISK_GB%3A1%2CMEMORY_MB%3A1024%2CVCPU%3A1&root_required=%21COMPUTE_STATUS_DISABLED" {{(pid=104657) __call__ /opt/stack/placement/placement/requestlog.py:55}}
Mar 15 11:59:11.358014 n-d-833234-3 devstack@placement-api.service[104657]: DEBUG placement.objects.research_context [req-8216c743-db37-4503-bd43-aa3b8b89b990 req-cd16a967-519d-4b9c-9e21-023703467343 service placement] getting providers with 1 DISK_GB {{(pid=104657) __init__ /opt/stack/placement/placement/objects/research_context.py:136}}
Mar 15 11:59:11.365607 n-d-833234-3 devstack@placement-api.service[104657]: DEBUG placement.objects.research_context [req-8216c743-db37-4503-bd43-aa3b8b89b990 req-cd16a967-519d-4b9c-9e21-023703467343 service placement] getting providers with 1024 MEMORY_MB {{(pid=104657) __init__ /opt/stack/placement/placement/objects/research_context.py:136}}
Mar 15 11:59:11.372519 n-d-833234-3 devstack@placement-api.service[104657]: DEBUG placement.objects.research_context [req-8216c743-db37-4503-bd43-aa3b8b89b990 req-cd16a967-519d-4b9c-9e21-023703467343 service placement] getting providers with 1 VCPU {{(pid=104657) __init__ /opt/stack/placement/placement/objects/research_context.py:136}}
Mar 15 11:59:11.379920 n-d-833234-3 devstack@placement-api.service[104657]: DEBUG placement.objects.research_context [req-8216c743-db37-4503-bd43-aa3b8b89b990 req-cd16a967-519d-4b9c-9e21-023703467343 service placement] found 2 providers with available 1 DISK_GB {{(pid=104657) get_provider_ids_matching /opt/stack/placement/placement/objects/research_context.py:559}}
Mar 15 11:59:11.380594 n-d-833234-3 devstack@placement-api.service[104657]: DEBUG placement.objects.research_context [req-8216c743-db37-4503-bd43-aa3b8b89b990 req-cd16a967-519d-4b9c-9e21-023703467343 service placement] found 2 providers with available 1024 MEMORY_MB {{(pid=104657) get_provider_ids_matching /opt/stack/placement/placement/objects/research_context.py:559}}
Mar 15 11:59:11.381118 n-d-833234-3 devstack@placement-api.service[104657]: DEBUG placement.objects.research_context [req-8216c743-db37-4503-bd43-aa3b8b89b990 req-cd16a967-519d-4b9c-9e21-023703467343 service placement] found 2 providers after filtering by previous result {{(pid=104657) get_provider_ids_matching /opt/stack/placement/placement/objects/research_context.py:590}}
Mar 15 11:59:11.381970 n-d-833234-3 devstack@placement-api.service[104657]: DEBUG placement.objects.research_context [req-8216c743-db37-4503-bd43-aa3b8b89b990 req-cd16a967-519d-4b9c-9e21-023703467343 service placement] found 2 providers with available 1 VCPU {{(pid=104657) get_provider_ids_matching /opt/stack/placement/placement/objects/research_context.py:559}}
Mar 15 11:59:11.382572 n-d-833234-3 devstack@placement-api.service[104657]: DEBUG placement.objects.research_context [req-8216c743-db37-4503-bd43-aa3b8b89b990 req-cd16a967-519d-4b9c-9e21-023703467343 service placement] found 2 providers after filtering by previous result {{(pid=104657) get_provider_ids_matching /opt/stack/placement/placement/objects/research_context.py:590}}
Mar 15 11:59:11.396176 n-d-833234-3 devstack@placement-api.service[104657]: DEBUG placement.objects.allocation_candidate [req-8216c743-db37-4503-bd43-aa3b8b89b990 req-cd16a967-519d-4b9c-9e21-023703467343 service placement] RequestGroup(use_same_provider=False, resources={DISK_GB:1, MEMORY_MB:1024, VCPU:1}, traits=(), aggregates=[]) (suffix '') returned 2 matches {{(pid=104657) _get_by_requests /opt/stack/placement/placement/objects/allocation_candidate.py:156}}
Mar 15 11:59:11.396962 n-d-833234-3 devstack@placement-api.service[104657]: DEBUG placement.objects.allocation_candidate [req-8216c743-db37-4503-bd43-aa3b8b89b990 req-cd16a967-519d-4b9c-9e21-023703467343 service placement] Merging candidates yields 2 allocation requests and 2 provider summaries {{(pid=104657) _merge_candidates /opt/stack/placement/placement/objects/allocation_candidate.py:809}}
Mar 15 11:59:11.398950 n-d-833234-3 devstack@placement-api.service[104657]: INFO placement.requestlog [req-8216c743-db37-4503-bd43-aa3b8b89b990 req-cd16a967-519d-4b9c-9e21-023703467343 service placement] 10.222.0.48 "GET /placement/allocation_candidates?limit=1000&resources=DISK_GB%3A1%2CMEMORY_MB%3A1024%2CVCPU%3A1&root_required=%21COMPUTE_STATUS_DISABLED" status: 200 len: 1309 microversion: 1.36
Mar 15 11:59:11.403454 n-d-833234-3 devstack@placement-api.service[104657]: [pid: 104657|app: 0|req: 487/968] 10.222.0.48 () {60 vars in 1506 bytes} [Tue Mar 15 11:59:11 2022] GET /placement/allocation_candidates?limit=1000&resources=DISK_GB%3A1%2CMEMORY_MB%3A1024%2CVCPU%3A1&root_required=%21COMPUTE_STATUS_DISABLED => generated 1309 bytes in 99 msecs (HTTP/1.1 200) 8 headers in 297 bytes (1 switches on core 0)
Mar 15 11:59:11.492720 n-d-833234-3 devstack@placement-api.service[104658]: DEBUG placement.requestlog [req-8216c743-db37-4503-bd43-aa3b8b89b990 req-1dca6b3c-c879-4ddb-b1cd-f49b304b0a15 None None] Starting request: 10.222.0.48 "GET /placement/allocations/24716598-73cb-4cb4-9369-1bb9677f4b65" {{(pid=104658) __call__ /opt/stack/placement/placement/requestlog.py:55}}
Mar 15 11:59:11.506798 n-d-833234-3 devstack@placement-api.service[104658]: INFO placement.requestlog [req-8216c743-db37-4503-bd43-aa3b8b89b990 req-1dca6b3c-c879-4ddb-b1cd-f49b304b0a15 service placement] 10.222.0.48 "GET /placement/allocations/24716598-73cb-4cb4-9369-1bb9677f4b65" status: 200 len: 19 microversion: 1.28
Mar 15 11:59:11.508962 n-d-833234-3 devstack@placement-api.service[104658]: [pid: 104658|app: 0|req: 482/969] 10.222.0.48 () {60 vars in 1380 bytes} [Tue Mar 15 11:59:11 2022] GET /placement/allocations/24716598-73cb-4cb4-9369-1bb9677f4b65 => generated 19 bytes in 17 msecs (HTTP/1.1 200) 8 headers in 295 bytes (1 switches on core 0)
Mar 15 11:59:11.514859 n-d-833234-3 devstack@placement-api.service[104657]: DEBUG placement.requestlog [req-8216c743-db37-4503-bd43-aa3b8b89b990 req-0fd5825d-cb07-4e70-8dac-91649611d292 None None] Starting request: 10.222.0.48 "PUT /placement/allocations/24716598-73cb-4cb4-9369-1bb9677f4b65" {{(pid=104657) __call__ /opt/stack/placement/placement/requestlog.py:55}}
Mar 15 11:59:11.629512 n-d-833234-3 devstack@placement-api.service[104657]: DEBUG placement.handlers.allocation [req-8216c743-db37-4503-bd43-aa3b8b89b990 req-0fd5825d-cb07-4e70-8dac-91649611d292 service placement] Successfully wrote allocations [, , ] {{(pid=104657) _update_consumers_and_create_allocations /opt/stack/placement/placement/handlers/allocation.py:462}}
Mar 15 11:59:11.641566 n-d-833234-3 devstack@placement-api.service[104657]: INFO placement.requestlog [req-8216c743-db37-4503-bd43-aa3b8b89b990 req-0fd5825d-cb07-4e70-8dac-91649611d292 service placement] 10.222.0.48 "PUT /placement/allocations/24716598-73cb-4cb4-9369-1bb9677f4b65" status: 204 len: 0 microversion: 1.36
Mar 15 11:59:11.643135 n-d-833234-3 devstack@placement-api.service[104657]: [pid: 104657|app: 0|req: 488/970] 10.222.0.48 () {64 vars in 1433 bytes} [Tue Mar 15 11:59:11 2022] PUT /placement/allocations/24716598-73cb-4cb4-9369-1bb9677f4b65 => generated 0 bytes in 128 msecs (HTTP/1.1 204) 5 headers in 199 bytes (1 switches on core 0)
Mar 15 11:59:12.292786 n-d-833234-3 devstack@placement-api.service[104658]: DEBUG placement.requestlog [req-8216c743-db37-4503-bd43-aa3b8b89b990 req-fe267052-4bef-4cad-8489-013e32d2bf96 None None] Starting request: 10.222.0.43 "GET /placement/allocations/24716598-73cb-4cb4-9369-1bb9677f4b65" {{(pid=104658) __call__ /opt/stack/placement/placement/requestlog.py:55}}
Mar 15 11:59:12.319328 n-d-833234-3 devstack@placement-api.service[104658]: INFO placement.requestlog [req-8216c743-db37-4503-bd43-aa3b8b89b990 req-fe267052-4bef-4cad-8489-013e32d2bf96 service placement] 10.222.0.43 "GET /placement/allocations/24716598-73cb-4cb4-9369-1bb9677f4b65" status: 200 len: 260 microversion: 1.28
Mar 15 11:59:12.320189 n-d-833234-3 devstack@placement-api.service[104658]: [pid: 104658|app: 0|req: 483/971] 10.222.0.43 () {60 vars in 1377 bytes} [Tue Mar 15 11:59:12 2022] GET /placement/allocations/24716598-73cb-4cb4-9369-1bb9677f4b65 => generated 260 bytes in 28 msecs (HTTP/1.1 200) 8 headers in 296 bytes (1 switches on core 0)
Mar 15 11:59:12.337865 n-d-833234-3 devstack@placement-api.service[104657]: DEBUG placement.requestlog [req-9a74b4c4-391a-4310-9b6d-a937c60a00cd req-ee26971e-3515-4c6d-9158-8e375eacd6b5 None None] Starting request: 10.222.0.48 "GET /placement/allocation_candidates?limit=1000&resources=DISK_GB%3A1%2CMEMORY_MB%3A1024%2CVCPU%3A1&root_required=%21COMPUTE_STATUS_DISABLED" {{(pid=104657) __call__ /opt/stack/placement/placement/requestlog.py:55}}
Mar 15 11:59:12.396944 n-d-833234-3 devstack@placement-api.service[104657]: DEBUG placement.objects.research_context [req-9a74b4c4-391a-4310-9b6d-a937c60a00cd req-ee26971e-3515-4c6d-9158-8e375eacd6b5 service placement] getting providers with 1 DISK_GB {{(pid=104657) __init__ /opt/stack/placement/placement/objects/research_context.py:136}}
Mar 15 11:59:12.404084 n-d-833234-3 devstack@placement-api.service[104657]: DEBUG placement.objects.research_context [req-9a74b4c4-391a-4310-9b6d-a937c60a00cd req-ee26971e-3515-4c6d-9158-8e375eacd6b5 service placement] getting providers with 1024 MEMORY_MB {{(pid=104657) __init__ /opt/stack/placement/placement/objects/research_context.py:136}}
Mar 15 11:59:12.412082 n-d-833234-3 devstack@placement-api.service[104657]: DEBUG placement.objects.research_context [req-9a74b4c4-391a-4310-9b6d-a937c60a00cd req-ee26971e-3515-4c6d-9158-8e375eacd6b5 service placement] getting providers with 1 VCPU {{(pid=104657) __init__ /opt/stack/placement/placement/objects/research_context.py:136}}
Mar 15 11:59:12.419568 n-d-833234-3 devstack@placement-api.service[104657]: DEBUG placement.objects.research_context [req-9a74b4c4-391a-4310-9b6d-a937c60a00cd req-ee26971e-3515-4c6d-9158-8e375eacd6b5 service placement] found 2 providers with available 1 DISK_GB {{(pid=104657) get_provider_ids_matching /opt/stack/placement/placement/objects/research_context.py:559}}
Mar 15 11:59:12.420086 n-d-833234-3 devstack@placement-api.service[104657]: DEBUG placement.objects.research_context [req-9a74b4c4-391a-4310-9b6d-a937c60a00cd req-ee26971e-3515-4c6d-9158-8e375eacd6b5 service placement] found 2 providers with available 1024 MEMORY_MB {{(pid=104657) get_provider_ids_matching /opt/stack/placement/placement/objects/research_context.py:559}}
Mar 15 11:59:12.420537 n-d-833234-3 devstack@placement-api.service[104657]: DEBUG placement.objects.research_context [req-9a74b4c4-391a-4310-9b6d-a937c60a00cd req-ee26971e-3515-4c6d-9158-8e375eacd6b5 service placement] found 2 providers after filtering by previous result {{(pid=104657) get_provider_ids_matching /opt/stack/placement/placement/objects/research_context.py:590}}
Mar 15 11:59:12.421888 n-d-833234-3 devstack@placement-api.service[104657]: DEBUG placement.objects.research_context [req-9a74b4c4-391a-4310-9b6d-a937c60a00cd req-ee26971e-3515-4c6d-9158-8e375eacd6b5 service placement] found 2 providers with available 1 VCPU {{(pid=104657) get_provider_ids_matching /opt/stack/placement/placement/objects/research_context.py:559}}
Mar 15 11:59:12.422475 n-d-833234-3 devstack@placement-api.service[104657]: DEBUG placement.objects.research_context [req-9a74b4c4-391a-4310-9b6d-a937c60a00cd req-ee26971e-3515-4c6d-9158-8e375eacd6b5 service placement] found 2 providers after filtering by previous result {{(pid=104657) get_provider_ids_matching /opt/stack/placement/placement/objects/research_context.py:590}}
Mar 15 11:59:12.437283 n-d-833234-3 devstack@placement-api.service[104657]: DEBUG placement.objects.allocation_candidate [req-9a74b4c4-391a-4310-9b6d-a937c60a00cd req-ee26971e-3515-4c6d-9158-8e375eacd6b5 service placement] RequestGroup(use_same_provider=False, resources={DISK_GB:1, MEMORY_MB:1024, VCPU:1}, traits=(), aggregates=[]) (suffix '') returned 2 matches {{(pid=104657) _get_by_requests /opt/stack/placement/placement/objects/allocation_candidate.py:156}}
Mar 15 11:59:12.437953 n-d-833234-3 devstack@placement-api.service[104657]: DEBUG placement.objects.allocation_candidate [req-9a74b4c4-391a-4310-9b6d-a937c60a00cd req-ee26971e-3515-4c6d-9158-8e375eacd6b5 service placement] Merging candidates yields 2 allocation requests and 2 provider summaries {{(pid=104657) _merge_candidates /opt/stack/placement/placement/objects/allocation_candidate.py:809}}
Mar 15 11:59:12.440736 n-d-833234-3 devstack@placement-api.service[104657]: INFO placement.requestlog [req-9a74b4c4-391a-4310-9b6d-a937c60a00cd req-ee26971e-3515-4c6d-9158-8e375eacd6b5 service placement] 10.222.0.48 "GET /placement/allocation_candidates?limit=1000&resources=DISK_GB%3A1%2CMEMORY_MB%3A1024%2CVCPU%3A1&root_required=%21COMPUTE_STATUS_DISABLED" status: 200 len: 1309 microversion: 1.36
Mar 15 11:59:12.441675 n-d-833234-3 devstack@placement-api.service[104657]: [pid: 104657|app: 0|req: 489/972] 10.222.0.48 () {60 vars in 1506 bytes} [Tue Mar 15 11:59:12 2022] GET /placement/allocation_candidates?limit=1000&resources=DISK_GB%3A1%2CMEMORY_MB%3A1024%2CVCPU%3A1&root_required=%21COMPUTE_STATUS_DISABLED => generated 1309 bytes in 104 msecs (HTTP/1.1 200) 8 headers in 297 bytes (1 switches on core 0)
Mar 15 11:59:12.603405 n-d-833234-3 devstack@placement-api.service[104658]: DEBUG placement.requestlog [req-9a74b4c4-391a-4310-9b6d-a937c60a00cd req-d19847ef-5402-4b0e-96dd-4f2e9d5bf684 None None] Starting request: 10.222.0.48 "GET /placement/allocations/0848e784-270c-4a58-a86e-094379927865" {{(pid=104658) __call__ /opt/stack/placement/placement/requestlog.py:55}}
Mar 15 11:59:12.630857 n-d-833234-3 devstack@placement-api.service[104658]: INFO placement.requestlog [req-9a74b4c4-391a-4310-9b6d-a937c60a00cd req-d19847ef-5402-4b0e-96dd-4f2e9d5bf684 service placement] 10.222.0.48 "GET /placement/allocations/0848e784-270c-4a58-a86e-094379927865" status: 200 len: 19 microversion: 1.28
Mar 15 11:59:12.631523 n-d-833234-3 devstack@placement-api.service[104658]: [pid: 104658|app: 0|req: 484/973] 10.222.0.48 () {60 vars in 1380 bytes} [Tue Mar 15 11:59:12 2022] GET /placement/allocations/0848e784-270c-4a58-a86e-094379927865 => generated 19 bytes in 28 msecs (HTTP/1.1 200) 8 headers in 295 bytes (1 switches on core 0)
Mar 15 11:59:12.637568 n-d-833234-3 devstack@placement-api.service[104657]: DEBUG placement.requestlog [req-9a74b4c4-391a-4310-9b6d-a937c60a00cd req-39aaebfd-6549-4a6f-a193-946c3090ca9a None None] Starting request: 10.222.0.48 "PUT /placement/allocations/0848e784-270c-4a58-a86e-094379927865" {{(pid=104657) __call__ /opt/stack/placement/placement/requestlog.py:55}}
Mar 15 11:59:12.756213 n-d-833234-3 devstack@placement-api.service[104657]: DEBUG placement.handlers.allocation [req-9a74b4c4-391a-4310-9b6d-a937c60a00cd req-39aaebfd-6549-4a6f-a193-946c3090ca9a service placement] Successfully wrote allocations [, , ] {{(pid=104657) _update_consumers_and_create_allocations /opt/stack/placement/placement/handlers/allocation.py:462}}
Mar 15 11:59:12.761691 n-d-833234-3 devstack@placement-api.service[104657]: INFO placement.requestlog [req-9a74b4c4-391a-4310-9b6d-a937c60a00cd req-39aaebfd-6549-4a6f-a193-946c3090ca9a service placement] 10.222.0.48 "PUT /placement/allocations/0848e784-270c-4a58-a86e-094379927865" status: 204 len: 0 microversion: 1.36
Mar 15 11:59:12.765152 n-d-833234-3 devstack@placement-api.service[104657]: [pid: 104657|app: 0|req: 490/974] 10.222.0.48 () {64 vars in 1433 bytes} [Tue Mar 15 11:59:12 2022] PUT /placement/allocations/0848e784-270c-4a58-a86e-094379927865 => generated 0 bytes in 127 msecs (HTTP/1.1 204) 5 headers in 199 bytes (1 switches on core 0)
Mar 15 11:59:13.233374 n-d-833234-3 devstack@placement-api.service[104658]: DEBUG placement.requestlog [req-9a74b4c4-391a-4310-9b6d-a937c60a00cd req-4af2b447-3589-46b4-bac8-2aacc01e9d07 None None] Starting request: 10.222.0.43 "GET /placement/allocations/0848e784-270c-4a58-a86e-094379927865" {{(pid=104658) __call__ /opt/stack/placement/placement/requestlog.py:55}}
Mar 15 11:59:13.264732 n-d-833234-3 devstack@placement-api.service[104658]: INFO placement.requestlog [req-9a74b4c4-391a-4310-9b6d-a937c60a00cd req-4af2b447-3589-46b4-bac8-2aacc01e9d07 service placement] 10.222.0.43 "GET /placement/allocations/0848e784-270c-4a58-a86e-094379927865" status: 200 len: 260 microversion: 1.28
Mar 15 11:59:13.267261 n-d-833234-3 devstack@placement-api.service[104658]: [pid: 104658|app: 0|req: 485/975] 10.222.0.43 () {60 vars in 1377 bytes} [Tue Mar 15 11:59:13 2022] GET /placement/allocations/0848e784-270c-4a58-a86e-094379927865 => generated 260 bytes in 34 msecs (HTTP/1.1 200) 8 headers in 296 bytes (1 switches on core 0)
Mar 15 11:59:14.882676 n-d-833234-3 devstack@placement-api.service[104657]: DEBUG placement.requestlog [req-8dbc65bc-11e0-4022-a27f-38a3d22dd11c req-a2948c3e-d5bc-4d65-a41f-c8cae715b7a3 None None] Starting request: 10.222.0.43 "GET /placement/allocations/d791a18b-0b7d-417f-915c-13a0ca3a928d" {{(pid=104657) __call__ /opt/stack/placement/placement/requestlog.py:55}}
Mar 15 11:59:14.928503 n-d-833234-3 devstack@placement-api.service[104657]: INFO placement.requestlog [req-8dbc65bc-11e0-4022-a27f-38a3d22dd11c req-a2948c3e-d5bc-4d65-a41f-c8cae715b7a3 service placement] 10.222.0.43 "GET /placement/allocations/d791a18b-0b7d-417f-915c-13a0ca3a928d" status: 200 len: 260 microversion: 1.28
Mar 15 11:59:14.930005 n-d-833234-3 devstack@placement-api.service[104657]: [pid: 104657|app: 0|req: 491/976] 10.222.0.43 () {60 vars in 1377 bytes} [Tue Mar 15 11:59:14 2022] GET /placement/allocations/d791a18b-0b7d-417f-915c-13a0ca3a928d => generated 260 bytes in 48 msecs (HTTP/1.1 200) 8 headers in 296 bytes (2 switches on core 0)
Mar 15 11:59:23.634900 n-d-833234-3 devstack@placement-api.service[104658]: DEBUG placement.requestlog [req-71ee5644-52eb-4554-a998-82fc83b56577 req-29e04bb1-c47f-4b79-a89e-a1fba515e837 None None] Starting request: 10.222.0.20 "GET /placement/allocations/dc4f114e-1bbe-4f1f-addc-cd2f8595f7e7" {{(pid=104658) __call__ /opt/stack/placement/placement/requestlog.py:55}}
Mar 15 11:59:23.657811 n-d-833234-3 devstack@placement-api.service[104658]: INFO placement.requestlog [req-71ee5644-52eb-4554-a998-82fc83b56577 req-29e04bb1-c47f-4b79-a89e-a1fba515e837 service placement] 10.222.0.20 "GET /placement/allocations/dc4f114e-1bbe-4f1f-addc-cd2f8595f7e7" status: 200 len: 259 microversion: 1.28
Mar 15 11:59:23.658639 n-d-833234-3 devstack@placement-api.service[104658]: [pid: 104658|app: 0|req: 486/977] 10.222.0.20 () {60 vars in 1377 bytes} [Tue Mar 15 11:59:23 2022] GET /placement/allocations/dc4f114e-1bbe-4f1f-addc-cd2f8595f7e7 => generated 259 bytes in 24 msecs (HTTP/1.1 200) 8 headers in 296 bytes (1 switches on core 0)
Mar 15 11:59:23.667828 n-d-833234-3 devstack@placement-api.service[104657]: DEBUG placement.requestlog [req-71ee5644-52eb-4554-a998-82fc83b56577 req-b795e4f8-ecd7-4bd3-ac28-0f58a9184597 None None] Starting request: 10.222.0.20 "PUT /placement/allocations/dc4f114e-1bbe-4f1f-addc-cd2f8595f7e7" {{(pid=104657) __call__ /opt/stack/placement/placement/requestlog.py:55}}
Mar 15 11:59:23.773396 n-d-833234-3 devstack@placement-api.service[104657]: DEBUG placement.handlers.allocation [req-71ee5644-52eb-4554-a998-82fc83b56577 req-b795e4f8-ecd7-4bd3-ac28-0f58a9184597 service placement] Successfully wrote allocations [, , ] {{(pid=104657) _update_consumers_and_create_allocations /opt/stack/placement/placement/handlers/allocation.py:462}}
Mar 15 11:59:23.785493 n-d-833234-3 devstack@placement-api.service[104657]: INFO placement.requestlog [req-71ee5644-52eb-4554-a998-82fc83b56577 req-b795e4f8-ecd7-4bd3-ac28-0f58a9184597 service placement] 10.222.0.20 "PUT /placement/allocations/dc4f114e-1bbe-4f1f-addc-cd2f8595f7e7" status: 204 len: 0 microversion: 1.28
Mar 15 11:59:23.786394 n-d-833234-3 devstack@placement-api.service[104657]: [pid: 104657|app: 0|req: 492/978] 10.222.0.20 () {64 vars in 1430 bytes} [Tue Mar 15 11:59:23 2022] PUT /placement/allocations/dc4f114e-1bbe-4f1f-addc-cd2f8595f7e7 => generated 0 bytes in 119 msecs (HTTP/1.1 204) 5 headers in 199 bytes (1 switches on core 0)
Mar 15 11:59:56.390496 n-d-833234-3 devstack@placement-api.service[104658]: DEBUG placement.requestlog [req-3821f2cb-3522-4028-a933-6ac3d8f70f57 req-f7ab14d0-bc09-46ce-b737-8c969a769cb5 None None] Starting request: 10.222.0.43 "GET /placement/resource_providers/bb4e2214-4e20-427d-a157-7839a94a7d71/allocations" {{(pid=104658) __call__ /opt/stack/placement/placement/requestlog.py:55}}
