Mar 16 18:19:25.368697 n-d-833166-3 devstack@placement-api.service[104744]: [pid: 104744|app: 0|req: 183/370] 10.222.0.39 () {64 vars in 1323 bytes} [Wed Mar 16 18:19:25 2022] POST /placement/allocations => generated 0 bytes in 98 msecs (HTTP/1.1 204) 5 headers in 199 bytes (2 switches on core 0)
Mar 16 18:19:25.526160 n-d-833166-3 devstack@placement-api.service[104743]: DEBUG placement.requestlog [req-63f6819f-017d-45b3-b65f-d3c2dd3e19cf req-230db272-5117-47ae-a48b-f8615b3a81ab None None] Starting request: 10.222.0.39 "GET /placement/allocation_candidates?limit=1000&resources=DISK_GB%3A1%2CMEMORY_MB%3A512%2CVCPU%3A1&root_required=%21COMPUTE_STATUS_DISABLED" {{(pid=104743) __call__ /opt/stack/placement/placement/requestlog.py:55}}
Mar 16 18:19:25.604862 n-d-833166-3 devstack@placement-api.service[104743]: DEBUG placement.objects.research_context [req-63f6819f-017d-45b3-b65f-d3c2dd3e19cf req-230db272-5117-47ae-a48b-f8615b3a81ab service placement] getting providers with 1 DISK_GB {{(pid=104743) __init__ /opt/stack/placement/placement/objects/research_context.py:136}}
Mar 16 18:19:25.613189 n-d-833166-3 devstack@placement-api.service[104743]: DEBUG placement.objects.research_context [req-63f6819f-017d-45b3-b65f-d3c2dd3e19cf req-230db272-5117-47ae-a48b-f8615b3a81ab service placement] getting providers with 512 MEMORY_MB {{(pid=104743) __init__ /opt/stack/placement/placement/objects/research_context.py:136}}
Mar 16 18:19:25.622059 n-d-833166-3 devstack@placement-api.service[104743]: DEBUG placement.objects.research_context [req-63f6819f-017d-45b3-b65f-d3c2dd3e19cf req-230db272-5117-47ae-a48b-f8615b3a81ab service placement] getting providers with 1 VCPU {{(pid=104743) __init__ /opt/stack/placement/placement/objects/research_context.py:136}}
Mar 16 18:19:25.629302 n-d-833166-3 devstack@placement-api.service[104743]: DEBUG placement.objects.research_context [req-63f6819f-017d-45b3-b65f-d3c2dd3e19cf req-230db272-5117-47ae-a48b-f8615b3a81ab service placement] found 2 providers with available 1 DISK_GB {{(pid=104743) get_provider_ids_matching /opt/stack/placement/placement/objects/research_context.py:559}}
Mar 16 18:19:25.629577 n-d-833166-3 devstack@placement-api.service[104743]: DEBUG placement.objects.research_context [req-63f6819f-017d-45b3-b65f-d3c2dd3e19cf req-230db272-5117-47ae-a48b-f8615b3a81ab service placement] found 2 providers with available 512 MEMORY_MB {{(pid=104743) get_provider_ids_matching /opt/stack/placement/placement/objects/research_context.py:559}}
Mar 16 18:19:25.630968 n-d-833166-3 devstack@placement-api.service[104743]: DEBUG placement.objects.research_context [req-63f6819f-017d-45b3-b65f-d3c2dd3e19cf req-230db272-5117-47ae-a48b-f8615b3a81ab service placement] found 2 providers after filtering by previous result {{(pid=104743) get_provider_ids_matching /opt/stack/placement/placement/objects/research_context.py:590}}
Mar 16 18:19:25.631233 n-d-833166-3 devstack@placement-api.service[104743]: DEBUG placement.objects.research_context [req-63f6819f-017d-45b3-b65f-d3c2dd3e19cf req-230db272-5117-47ae-a48b-f8615b3a81ab service placement] found 2 providers with available 1 VCPU {{(pid=104743) get_provider_ids_matching /opt/stack/placement/placement/objects/research_context.py:559}}
Mar 16 18:19:25.631502 n-d-833166-3 devstack@placement-api.service[104743]: DEBUG placement.objects.research_context [req-63f6819f-017d-45b3-b65f-d3c2dd3e19cf req-230db272-5117-47ae-a48b-f8615b3a81ab service placement] found 2 providers after filtering by previous result {{(pid=104743) get_provider_ids_matching /opt/stack/placement/placement/objects/research_context.py:590}}
Mar 16 18:19:25.655431 n-d-833166-3 devstack@placement-api.service[104743]: DEBUG placement.objects.allocation_candidate [req-63f6819f-017d-45b3-b65f-d3c2dd3e19cf req-230db272-5117-47ae-a48b-f8615b3a81ab service placement] RequestGroup(use_same_provider=False, resources={DISK_GB:1, MEMORY_MB:512, VCPU:1}, traits=(), aggregates=[]) (suffix '') returned 2 matches {{(pid=104743) _get_by_requests /opt/stack/placement/placement/objects/allocation_candidate.py:156}}
Mar 16 18:19:25.655899 n-d-833166-3 devstack@placement-api.service[104743]: DEBUG placement.objects.allocation_candidate [req-63f6819f-017d-45b3-b65f-d3c2dd3e19cf req-230db272-5117-47ae-a48b-f8615b3a81ab service placement] Merging candidates yields 2 allocation requests and 2 provider summaries {{(pid=104743) _merge_candidates /opt/stack/placement/placement/objects/allocation_candidate.py:809}}
Mar 16 18:19:25.658420 n-d-833166-3 devstack@placement-api.service[104743]: INFO placement.requestlog [req-63f6819f-017d-45b3-b65f-d3c2dd3e19cf req-230db272-5117-47ae-a48b-f8615b3a81ab service placement] 10.222.0.39 "GET /placement/allocation_candidates?limit=1000&resources=DISK_GB%3A1%2CMEMORY_MB%3A512%2CVCPU%3A1&root_required=%21COMPUTE_STATUS_DISABLED" status: 200 len: 1307 microversion: 1.36
Mar 16 18:19:25.659498 n-d-833166-3 devstack@placement-api.service[104743]: [pid: 104743|app: 0|req: 188/371] 10.222.0.39 () {60 vars in 1504 bytes} [Wed Mar 16 18:19:25 2022] GET /placement/allocation_candidates?limit=1000&resources=DISK_GB%3A1%2CMEMORY_MB%3A512%2CVCPU%3A1&root_required=%21COMPUTE_STATUS_DISABLED => generated 1307 bytes in 134 msecs (HTTP/1.1 200) 8 headers in 297 bytes (1 switches on core 0)
Mar 16 18:19:25.837589 n-d-833166-3 devstack@placement-api.service[104744]: DEBUG placement.requestlog [req-63f6819f-017d-45b3-b65f-d3c2dd3e19cf req-128adc48-5e1e-4012-b629-100e51e626a2 None None] Starting request: 10.222.0.39 "GET /placement/allocations/9c11c49a-c57e-4095-ad5d-bab94c6e7d9c" {{(pid=104744) __call__ /opt/stack/placement/placement/requestlog.py:55}}
Mar 16 18:19:25.851494 n-d-833166-3 devstack@placement-api.service[104744]: INFO placement.requestlog [req-63f6819f-017d-45b3-b65f-d3c2dd3e19cf req-128adc48-5e1e-4012-b629-100e51e626a2 service placement] 10.222.0.39 "GET /placement/allocations/9c11c49a-c57e-4095-ad5d-bab94c6e7d9c" status: 200 len: 19 microversion: 1.28
Mar 16 18:19:25.851862 n-d-833166-3 devstack@placement-api.service[104744]: [pid: 104744|app: 0|req: 184/372] 10.222.0.39 () {60 vars in 1380 bytes} [Wed Mar 16 18:19:25 2022] GET /placement/allocations/9c11c49a-c57e-4095-ad5d-bab94c6e7d9c => generated 19 bytes in 15 msecs (HTTP/1.1 200) 8 headers in 295 bytes (1 switches on core 0)
Mar 16 18:19:25.860102 n-d-833166-3 devstack@placement-api.service[104743]: DEBUG placement.requestlog [req-63f6819f-017d-45b3-b65f-d3c2dd3e19cf req-dd8e2975-eee9-4ebd-9d52-9ede6d498911 None None] Starting request: 10.222.0.39 "PUT /placement/allocations/9c11c49a-c57e-4095-ad5d-bab94c6e7d9c" {{(pid=104743) __call__ /opt/stack/placement/placement/requestlog.py:55}}
Mar 16 18:19:26.007803 n-d-833166-3 devstack@placement-api.service[104743]: DEBUG placement.handlers.allocation [req-63f6819f-017d-45b3-b65f-d3c2dd3e19cf req-dd8e2975-eee9-4ebd-9d52-9ede6d498911 service placement] Successfully wrote allocations [, , ] {{(pid=104743) _update_consumers_and_create_allocations /opt/stack/placement/placement/handlers/allocation.py:462}}
Mar 16 18:19:26.012580 n-d-833166-3 devstack@placement-api.service[104743]: INFO placement.requestlog [req-63f6819f-017d-45b3-b65f-d3c2dd3e19cf req-dd8e2975-eee9-4ebd-9d52-9ede6d498911 service placement] 10.222.0.39 "PUT /placement/allocations/9c11c49a-c57e-4095-ad5d-bab94c6e7d9c" status: 204 len: 0 microversion: 1.36
Mar 16 18:19:26.013379 n-d-833166-3 devstack@placement-api.service[104743]: [pid: 104743|app: 0|req: 189/373] 10.222.0.39 () {64 vars in 1433 bytes} [Wed Mar 16 18:19:25 2022] PUT /placement/allocations/9c11c49a-c57e-4095-ad5d-bab94c6e7d9c => generated 0 bytes in 153 msecs (HTTP/1.1 204) 5 headers in 199 bytes (1 switches on core 0)
Mar 16 18:19:26.078988 n-d-833166-3 devstack@placement-api.service[104744]: DEBUG placement.requestlog [req-25a49484-044d-43da-9fb8-b9221d7bd1a7 req-608c0345-5572-421a-8712-b518363a633c None None] Starting request: 10.222.0.39 "GET /placement/allocation_candidates?limit=1000&resources=DISK_GB%3A1%2CMEMORY_MB%3A1024%2CVCPU%3A1&root_required=%21COMPUTE_STATUS_DISABLED" {{(pid=104744) __call__ /opt/stack/placement/placement/requestlog.py:55}}
Mar 16 18:19:26.163318 n-d-833166-3 devstack@placement-api.service[104744]: DEBUG placement.objects.research_context [req-25a49484-044d-43da-9fb8-b9221d7bd1a7 req-608c0345-5572-421a-8712-b518363a633c service placement] getting providers with 1 DISK_GB {{(pid=104744) __init__ /opt/stack/placement/placement/objects/research_context.py:136}}
Mar 16 18:19:26.195863 n-d-833166-3 devstack@placement-api.service[104744]: DEBUG placement.objects.research_context [req-25a49484-044d-43da-9fb8-b9221d7bd1a7 req-608c0345-5572-421a-8712-b518363a633c service placement] getting providers with 1024 MEMORY_MB {{(pid=104744) __init__ /opt/stack/placement/placement/objects/research_context.py:136}}
Mar 16 18:19:26.216137 n-d-833166-3 devstack@placement-api.service[104744]: DEBUG placement.objects.research_context [req-25a49484-044d-43da-9fb8-b9221d7bd1a7 req-608c0345-5572-421a-8712-b518363a633c service placement] getting providers with 1 VCPU {{(pid=104744) __init__ /opt/stack/placement/placement/objects/research_context.py:136}}
Mar 16 18:19:26.232659 n-d-833166-3 devstack@placement-api.service[104744]: DEBUG placement.objects.research_context [req-25a49484-044d-43da-9fb8-b9221d7bd1a7 req-608c0345-5572-421a-8712-b518363a633c service placement] found 2 providers with available 1 DISK_GB {{(pid=104744) get_provider_ids_matching /opt/stack/placement/placement/objects/research_context.py:559}}
Mar 16 18:19:26.232941 n-d-833166-3 devstack@placement-api.service[104744]: DEBUG placement.objects.research_context [req-25a49484-044d-43da-9fb8-b9221d7bd1a7 req-608c0345-5572-421a-8712-b518363a633c service placement] found 2 providers with available 1024 MEMORY_MB {{(pid=104744) get_provider_ids_matching /opt/stack/placement/placement/objects/research_context.py:559}}
Mar 16 18:19:26.233217 n-d-833166-3 devstack@placement-api.service[104744]: DEBUG placement.objects.research_context [req-25a49484-044d-43da-9fb8-b9221d7bd1a7 req-608c0345-5572-421a-8712-b518363a633c service placement] found 2 providers after filtering by previous result {{(pid=104744) get_provider_ids_matching /opt/stack/placement/placement/objects/research_context.py:590}}
Mar 16 18:19:26.233473 n-d-833166-3 devstack@placement-api.service[104744]: DEBUG placement.objects.research_context [req-25a49484-044d-43da-9fb8-b9221d7bd1a7 req-608c0345-5572-421a-8712-b518363a633c service placement] found 2 providers with available 1 VCPU {{(pid=104744) get_provider_ids_matching /opt/stack/placement/placement/objects/research_context.py:559}}
Mar 16 18:19:26.233735 n-d-833166-3 devstack@placement-api.service[104744]: DEBUG placement.objects.research_context [req-25a49484-044d-43da-9fb8-b9221d7bd1a7 req-608c0345-5572-421a-8712-b518363a633c service placement] found 2 providers after filtering by previous result {{(pid=104744) get_provider_ids_matching /opt/stack/placement/placement/objects/research_context.py:590}}
Mar 16 18:19:26.241438 n-d-833166-3 devstack@placement-api.service[104743]: DEBUG placement.requestlog [req-63f6819f-017d-45b3-b65f-d3c2dd3e19cf req-45d62a48-bdd2-4825-aaae-7e97bcd7417d None None] Starting request: 10.222.0.31 "GET /placement/allocations/9c11c49a-c57e-4095-ad5d-bab94c6e7d9c" {{(pid=104743) __call__ /opt/stack/placement/placement/requestlog.py:55}}
Mar 16 18:19:26.267682 n-d-833166-3 devstack@placement-api.service[104744]: DEBUG placement.objects.allocation_candidate [req-25a49484-044d-43da-9fb8-b9221d7bd1a7 req-608c0345-5572-421a-8712-b518363a633c service placement] RequestGroup(use_same_provider=False, resources={DISK_GB:1, MEMORY_MB:1024, VCPU:1}, traits=(), aggregates=[]) (suffix '') returned 2 matches {{(pid=104744) _get_by_requests /opt/stack/placement/placement/objects/allocation_candidate.py:156}}
Mar 16 18:19:26.268683 n-d-833166-3 devstack@placement-api.service[104744]: DEBUG placement.objects.allocation_candidate [req-25a49484-044d-43da-9fb8-b9221d7bd1a7 req-608c0345-5572-421a-8712-b518363a633c service placement] Merging candidates yields 2 allocation requests and 2 provider summaries {{(pid=104744) _merge_candidates /opt/stack/placement/placement/objects/allocation_candidate.py:809}}
Mar 16 18:19:26.270629 n-d-833166-3 devstack@placement-api.service[104744]: INFO placement.requestlog [req-25a49484-044d-43da-9fb8-b9221d7bd1a7 req-608c0345-5572-421a-8712-b518363a633c service placement] 10.222.0.39 "GET /placement/allocation_candidates?limit=1000&resources=DISK_GB%3A1%2CMEMORY_MB%3A1024%2CVCPU%3A1&root_required=%21COMPUTE_STATUS_DISABLED" status: 200 len: 1309 microversion: 1.36
Mar 16 18:19:26.271364 n-d-833166-3 devstack@placement-api.service[104743]: INFO placement.requestlog [req-63f6819f-017d-45b3-b65f-d3c2dd3e19cf req-45d62a48-bdd2-4825-aaae-7e97bcd7417d service placement] 10.222.0.31 "GET /placement/allocations/9c11c49a-c57e-4095-ad5d-bab94c6e7d9c" status: 200 len: 258 microversion: 1.28
Mar 16 18:19:26.272212 n-d-833166-3 devstack@placement-api.service[104743]: [pid: 104743|app: 0|req: 190/374] 10.222.0.31 () {60 vars in 1377 bytes} [Wed Mar 16 18:19:26 2022] GET /placement/allocations/9c11c49a-c57e-4095-ad5d-bab94c6e7d9c => generated 258 bytes in 31 msecs (HTTP/1.1 200) 8 headers in 296 bytes (2 switches on core 0)
Mar 16 18:19:26.294793 n-d-833166-3 devstack@placement-api.service[104744]: [pid: 104744|app: 0|req: 185/375] 10.222.0.39 () {60 vars in 1506 bytes} [Wed Mar 16 18:19:26 2022] GET /placement/allocation_candidates?limit=1000&resources=DISK_GB%3A1%2CMEMORY_MB%3A1024%2CVCPU%3A1&root_required=%21COMPUTE_STATUS_DISABLED => generated 1309 bytes in 216 msecs (HTTP/1.1 200) 8 headers in 297 bytes (1 switches on core 0)
Mar 16 18:19:26.407561 n-d-833166-3 devstack@placement-api.service[104743]: DEBUG placement.requestlog [req-25a49484-044d-43da-9fb8-b9221d7bd1a7 req-4a96f4a8-1f41-4899-8b4d-1bc563070639 None None] Starting request: 10.222.0.39 "GET /placement/allocations/6db818eb-c5f5-45dc-a489-4599d1824791" {{(pid=104743) __call__ /opt/stack/placement/placement/requestlog.py:55}}
Mar 16 18:19:26.447670 n-d-833166-3 devstack@placement-api.service[104743]: INFO placement.requestlog [req-25a49484-044d-43da-9fb8-b9221d7bd1a7 req-4a96f4a8-1f41-4899-8b4d-1bc563070639 service placement] 10.222.0.39 "GET /placement/allocations/6db818eb-c5f5-45dc-a489-4599d1824791" status: 200 len: 19 microversion: 1.28
Mar 16 18:19:26.455282 n-d-833166-3 devstack@placement-api.service[104743]: [pid: 104743|app: 0|req: 191/376] 10.222.0.39 () {60 vars in 1380 bytes} [Wed Mar 16 18:19:26 2022] GET /placement/allocations/6db818eb-c5f5-45dc-a489-4599d1824791 => generated 19 bytes in 48 msecs (HTTP/1.1 200) 8 headers in 295 bytes (1 switches on core 0)
Mar 16 18:19:26.459012 n-d-833166-3 devstack@placement-api.service[104744]: DEBUG placement.requestlog [req-25a49484-044d-43da-9fb8-b9221d7bd1a7 req-d0914c30-9759-4c92-90a1-fcb19543aa30 None None] Starting request: 10.222.0.39 "PUT /placement/allocations/6db818eb-c5f5-45dc-a489-4599d1824791" {{(pid=104744) __call__ /opt/stack/placement/placement/requestlog.py:55}}
Mar 16 18:19:26.529804 n-d-833166-3 devstack@placement-api.service[104744]: DEBUG placement.handlers.allocation [req-25a49484-044d-43da-9fb8-b9221d7bd1a7 req-d0914c30-9759-4c92-90a1-fcb19543aa30 service placement] Successfully wrote allocations [, , ] {{(pid=104744) _update_consumers_and_create_allocations /opt/stack/placement/placement/handlers/allocation.py:462}}
Mar 16 18:19:26.535834 n-d-833166-3 devstack@placement-api.service[104744]: INFO placement.requestlog [req-25a49484-044d-43da-9fb8-b9221d7bd1a7 req-d0914c30-9759-4c92-90a1-fcb19543aa30 service placement] 10.222.0.39 "PUT /placement/allocations/6db818eb-c5f5-45dc-a489-4599d1824791" status: 204 len: 0 microversion: 1.36
Mar 16 18:19:26.536910 n-d-833166-3 devstack@placement-api.service[104744]: [pid: 104744|app: 0|req: 186/377] 10.222.0.39 () {64 vars in 1433 bytes} [Wed Mar 16 18:19:26 2022] PUT /placement/allocations/6db818eb-c5f5-45dc-a489-4599d1824791 => generated 0 bytes in 78 msecs (HTTP/1.1 204) 5 headers in 199 bytes (1 switches on core 0)
Mar 16 18:19:26.571351 n-d-833166-3 devstack@placement-api.service[104743]: DEBUG placement.requestlog [req-25a49484-044d-43da-9fb8-b9221d7bd1a7 req-737da4ec-870e-4e5d-a395-f6abd502fff6 None None] Starting request: 10.222.0.39 "GET /placement/allocations/0a33bb39-20bb-4f67-a6e8-174b75bdc785" {{(pid=104743) __call__ /opt/stack/placement/placement/requestlog.py:55}}
Mar 16 18:19:26.585988 n-d-833166-3 devstack@placement-api.service[104743]: INFO placement.requestlog [req-25a49484-044d-43da-9fb8-b9221d7bd1a7 req-737da4ec-870e-4e5d-a395-f6abd502fff6 service placement] 10.222.0.39 "GET /placement/allocations/0a33bb39-20bb-4f67-a6e8-174b75bdc785" status: 200 len: 19 microversion: 1.28
Mar 16 18:19:26.586774 n-d-833166-3 devstack@placement-api.service[104743]: [pid: 104743|app: 0|req: 192/378] 10.222.0.39 () {60 vars in 1380 bytes} [Wed Mar 16 18:19:26 2022] GET /placement/allocations/0a33bb39-20bb-4f67-a6e8-174b75bdc785 => generated 19 bytes in 16 msecs (HTTP/1.1 200) 8 headers in 295 bytes (1 switches on core 0)
Mar 16 18:19:26.594753 n-d-833166-3 devstack@placement-api.service[104744]: DEBUG placement.requestlog [req-25a49484-044d-43da-9fb8-b9221d7bd1a7 req-d938fb7c-b9ee-4806-bba2-b094d32c618f None None] Starting request: 10.222.0.39 "PUT /placement/allocations/0a33bb39-20bb-4f67-a6e8-174b75bdc785" {{(pid=104744) __call__ /opt/stack/placement/placement/requestlog.py:55}}
Mar 16 18:19:26.696456 n-d-833166-3 devstack@placement-api.service[104744]: DEBUG placement.handlers.allocation [req-25a49484-044d-43da-9fb8-b9221d7bd1a7 req-d938fb7c-b9ee-4806-bba2-b094d32c618f service placement] Successfully wrote allocations [, , ] {{(pid=104744) _update_consumers_and_create_allocations /opt/stack/placement/placement/handlers/allocation.py:462}}
Mar 16 18:19:26.707159 n-d-833166-3 devstack@placement-api.service[104744]: INFO placement.requestlog [req-25a49484-044d-43da-9fb8-b9221d7bd1a7 req-d938fb7c-b9ee-4806-bba2-b094d32c618f service placement] 10.222.0.39 "PUT /placement/allocations/0a33bb39-20bb-4f67-a6e8-174b75bdc785" status: 204 len: 0 microversion: 1.36
Mar 16 18:19:26.736261 n-d-833166-3 devstack@placement-api.service[104744]: [pid: 104744|app: 0|req: 187/379] 10.222.0.39 () {64 vars in 1433 bytes} [Wed Mar 16 18:19:26 2022] PUT /placement/allocations/0a33bb39-20bb-4f67-a6e8-174b75bdc785 => generated 0 bytes in 114 msecs (HTTP/1.1 204) 5 headers in 199 bytes (2 switches on core 0)
Mar 16 18:19:27.347037 n-d-833166-3 devstack@placement-api.service[104743]: DEBUG placement.requestlog [req-25a49484-044d-43da-9fb8-b9221d7bd1a7 req-dff146a8-c40a-484b-88b8-0b35a216114e None None] Starting request: 10.222.0.31 "GET /placement/allocations/6db818eb-c5f5-45dc-a489-4599d1824791" {{(pid=104743) __call__ /opt/stack/placement/placement/requestlog.py:55}}
Mar 16 18:19:27.387473 n-d-833166-3 devstack@placement-api.service[104743]: INFO placement.requestlog [req-25a49484-044d-43da-9fb8-b9221d7bd1a7 req-dff146a8-c40a-484b-88b8-0b35a216114e service placement] 10.222.0.31 "GET /placement/allocations/6db818eb-c5f5-45dc-a489-4599d1824791" status: 200 len: 259 microversion: 1.28
Mar 16 18:19:27.390736 n-d-833166-3 devstack@placement-api.service[104743]: [pid: 104743|app: 0|req: 193/380] 10.222.0.31 () {60 vars in 1377 bytes} [Wed Mar 16 18:19:27 2022] GET /placement/allocations/6db818eb-c5f5-45dc-a489-4599d1824791 => generated 259 bytes in 44 msecs (HTTP/1.1 200) 8 headers in 296 bytes (1 switches on core 0)
Mar 16 18:19:27.473964 n-d-833166-3 devstack@placement-api.service[104744]: DEBUG placement.requestlog [req-25a49484-044d-43da-9fb8-b9221d7bd1a7 req-85e37c4b-96eb-4bc7-ba5f-6af025ad532f None None] Starting request: 10.222.0.53 "GET /placement/allocations/0a33bb39-20bb-4f67-a6e8-174b75bdc785" {{(pid=104744) __call__ /opt/stack/placement/placement/requestlog.py:55}}
Mar 16 18:19:27.519701 n-d-833166-3 devstack@placement-api.service[104744]: INFO placement.requestlog [req-25a49484-044d-43da-9fb8-b9221d7bd1a7 req-85e37c4b-96eb-4bc7-ba5f-6af025ad532f service placement] 10.222.0.53 "GET /placement/allocations/0a33bb39-20bb-4f67-a6e8-174b75bdc785" status: 200 len: 259 microversion: 1.28
Mar 16 18:19:27.520096 n-d-833166-3 devstack@placement-api.service[104744]: [pid: 104744|app: 0|req: 188/381] 10.222.0.53 () {60 vars in 1377 bytes} [Wed Mar 16 18:19:27 2022] GET /placement/allocations/0a33bb39-20bb-4f67-a6e8-174b75bdc785 => generated 259 bytes in 47 msecs (HTTP/1.1 200) 8 headers in 296 bytes (1 switches on core 0)
Mar 16 18:19:28.471764 n-d-833166-3 devstack@placement-api.service[104743]: DEBUG placement.requestlog [req-607cdc96-8875-4c39-9eac-b5f0a88b64d3 req-4023e28d-c614-448f-a24a-1dc52dbabca1 None None] Starting request: 10.222.0.31 "DELETE /placement/allocations/67df3bdb-b635-44eb-b152-65e2853aa858" {{(pid=104743) __call__ /opt/stack/placement/placement/requestlog.py:55}}
Mar 16 18:19:28.528303 n-d-833166-3 devstack@placement-api.service[104743]: DEBUG placement.handlers.allocation [req-607cdc96-8875-4c39-9eac-b5f0a88b64d3 req-4023e28d-c614-448f-a24a-1dc52dbabca1 service placement] Successfully deleted allocations [, , ] {{(pid=104743) delete_allocations /opt/stack/placement/placement/handlers/allocation.py:627}}
Mar 16 18:19:28.541691 n-d-833166-3 devstack@placement-api.service[104743]: INFO placement.requestlog [req-607cdc96-8875-4c39-9eac-b5f0a88b64d3 req-4023e28d-c614-448f-a24a-1dc52dbabca1 service placement] 10.222.0.31 "DELETE /placement/allocations/67df3bdb-b635-44eb-b152-65e2853aa858" status: 204 len: 0 microversion: 1.0
Mar 16 18:19:28.542593 n-d-833166-3 devstack@placement-api.service[104743]: [pid: 104743|app: 0|req: 194/382] 10.222.0.31 () {60 vars in 1355 bytes} [Wed Mar 16 18:19:28 2022] DELETE /placement/allocations/67df3bdb-b635-44eb-b152-65e2853aa858 => generated 0 bytes in 71 msecs (HTTP/1.1 204) 5 headers in 198 bytes (1 switches on core 0)
Mar 16 18:19:28.690759 n-d-833166-3 devstack@placement-api.service[104744]: DEBUG placement.requestlog [req-8d3fd2ed-3055-4f4c-9207-2d0957e94eda req-68844e0e-46dc-4e69-aaff-ea2925f67d34 None None] Starting request: 10.222.0.53 "DELETE /placement/allocations/b85db36f-e56a-4b00-823f-2fcc9c2ffab2" {{(pid=104744) __call__ /opt/stack/placement/placement/requestlog.py:55}}
Mar 16 18:19:28.765752 n-d-833166-3 devstack@placement-api.service[104744]: DEBUG placement.handlers.allocation [req-8d3fd2ed-3055-4f4c-9207-2d0957e94eda req-68844e0e-46dc-4e69-aaff-ea2925f67d34 service placement] Successfully deleted allocations [, , ] {{(pid=104744) delete_allocations /opt/stack/placement/placement/handlers/allocation.py:627}}
Mar 16 18:19:28.767956 n-d-833166-3 devstack@placement-api.service[104744]: INFO placement.requestlog [req-8d3fd2ed-3055-4f4c-9207-2d0957e94eda req-68844e0e-46dc-4e69-aaff-ea2925f67d34 service placement] 10.222.0.53 "DELETE /placement/allocations/b85db36f-e56a-4b00-823f-2fcc9c2ffab2" status: 204 len: 0 microversion: 1.0
Mar 16 18:19:28.770157 n-d-833166-3 devstack@placement-api.service[104744]: [pid: 104744|app: 0|req: 189/383] 10.222.0.53 () {60 vars in 1355 bytes} [Wed Mar 16 18:19:28 2022] DELETE /placement/allocations/b85db36f-e56a-4b00-823f-2fcc9c2ffab2 => generated 0 bytes in 80 msecs (HTTP/1.1 204) 5 headers in 198 bytes (1 switches on core 0)
Mar 16 18:19:41.219157 n-d-833166-3 devstack@placement-api.service[104743]: DEBUG placement.requestlog [req-4cfac6a5-2d42-4d26-b392-c1d7858ff31f req-4ed6e979-fa63-4d85-9ddb-302644b22955 None None] Starting request: 10.222.0.39 "GET /placement/allocation_candidates?limit=1000&resources=DISK_GB%3A1%2CMEMORY_MB%3A1024%2CVCPU%3A1&root_required=%21COMPUTE_STATUS_DISABLED" {{(pid=104743) __call__ /opt/stack/placement/placement/requestlog.py:55}}
Mar 16 18:19:41.283038 n-d-833166-3 devstack@placement-api.service[104743]: DEBUG placement.objects.research_context [req-4cfac6a5-2d42-4d26-b392-c1d7858ff31f req-4ed6e979-fa63-4d85-9ddb-302644b22955 service placement] getting providers with 1 DISK_GB {{(pid=104743) __init__ /opt/stack/placement/placement/objects/research_context.py:136}}
Mar 16 18:19:41.290258 n-d-833166-3 devstack@placement-api.service[104743]: DEBUG placement.objects.research_context [req-4cfac6a5-2d42-4d26-b392-c1d7858ff31f req-4ed6e979-fa63-4d85-9ddb-302644b22955 service placement] getting providers with 1024 MEMORY_MB {{(pid=104743) __init__ /opt/stack/placement/placement/objects/research_context.py:136}}
Mar 16 18:19:41.297557 n-d-833166-3 devstack@placement-api.service[104743]: DEBUG placement.objects.research_context [req-4cfac6a5-2d42-4d26-b392-c1d7858ff31f req-4ed6e979-fa63-4d85-9ddb-302644b22955 service placement] getting providers with 1 VCPU {{(pid=104743) __init__ /opt/stack/placement/placement/objects/research_context.py:136}}
Mar 16 18:19:41.310161 n-d-833166-3 devstack@placement-api.service[104743]: DEBUG placement.objects.research_context [req-4cfac6a5-2d42-4d26-b392-c1d7858ff31f req-4ed6e979-fa63-4d85-9ddb-302644b22955 service placement] found 2 providers with available 1 DISK_GB {{(pid=104743) get_provider_ids_matching /opt/stack/placement/placement/objects/research_context.py:559}}
Mar 16 18:19:41.310413 n-d-833166-3 devstack@placement-api.service[104743]: DEBUG placement.objects.research_context [req-4cfac6a5-2d42-4d26-b392-c1d7858ff31f req-4ed6e979-fa63-4d85-9ddb-302644b22955 service placement] found 2 providers with available 1024 MEMORY_MB {{(pid=104743) get_provider_ids_matching /opt/stack/placement/placement/objects/research_context.py:559}}
Mar 16 18:19:41.311093 n-d-833166-3 devstack@placement-api.service[104743]: DEBUG placement.objects.research_context [req-4cfac6a5-2d42-4d26-b392-c1d7858ff31f req-4ed6e979-fa63-4d85-9ddb-302644b22955 service placement] found 2 providers after filtering by previous result {{(pid=104743) get_provider_ids_matching /opt/stack/placement/placement/objects/research_context.py:590}}
Mar 16 18:19:41.311586 n-d-833166-3 devstack@placement-api.service[104743]: DEBUG placement.objects.research_context [req-4cfac6a5-2d42-4d26-b392-c1d7858ff31f req-4ed6e979-fa63-4d85-9ddb-302644b22955 service placement] found 2 providers with available 1 VCPU {{(pid=104743) get_provider_ids_matching /opt/stack/placement/placement/objects/research_context.py:559}}
Mar 16 18:19:41.312178 n-d-833166-3 devstack@placement-api.service[104743]: DEBUG placement.objects.research_context [req-4cfac6a5-2d42-4d26-b392-c1d7858ff31f req-4ed6e979-fa63-4d85-9ddb-302644b22955 service placement] found 2 providers after filtering by previous result {{(pid=104743) get_provider_ids_matching /opt/stack/placement/placement/objects/research_context.py:590}}
Mar 16 18:19:41.343566 n-d-833166-3 devstack@placement-api.service[104743]: DEBUG placement.objects.allocation_candidate [req-4cfac6a5-2d42-4d26-b392-c1d7858ff31f req-4ed6e979-fa63-4d85-9ddb-302644b22955 service placement] RequestGroup(use_same_provider=False, resources={DISK_GB:1, MEMORY_MB:1024, VCPU:1}, traits=(), aggregates=[]) (suffix '') returned 2 matches {{(pid=104743) _get_by_requests /opt/stack/placement/placement/objects/allocation_candidate.py:156}}
Mar 16 18:19:41.343879 n-d-833166-3 devstack@placement-api.service[104743]: DEBUG placement.objects.allocation_candidate [req-4cfac6a5-2d42-4d26-b392-c1d7858ff31f req-4ed6e979-fa63-4d85-9ddb-302644b22955 service placement] Merging candidates yields 2 allocation requests and 2 provider summaries {{(pid=104743) _merge_candidates /opt/stack/placement/placement/objects/allocation_candidate.py:809}}
Mar 16 18:19:41.345853 n-d-833166-3 devstack@placement-api.service[104743]: INFO placement.requestlog [req-4cfac6a5-2d42-4d26-b392-c1d7858ff31f req-4ed6e979-fa63-4d85-9ddb-302644b22955 service placement] 10.222.0.39 "GET /placement/allocation_candidates?limit=1000&resources=DISK_GB%3A1%2CMEMORY_MB%3A1024%2CVCPU%3A1&root_required=%21COMPUTE_STATUS_DISABLED" status: 200 len: 1309 microversion: 1.36
Mar 16 18:19:41.348358 n-d-833166-3 devstack@placement-api.service[104743]: [pid: 104743|app: 0|req: 195/384] 10.222.0.39 () {60 vars in 1506 bytes} [Wed Mar 16 18:19:41 2022] GET /placement/allocation_candidates?limit=1000&resources=DISK_GB%3A1%2CMEMORY_MB%3A1024%2CVCPU%3A1&root_required=%21COMPUTE_STATUS_DISABLED => generated 1309 bytes in 130 msecs (HTTP/1.1 200) 8 headers in 297 bytes (1 switches on core 0)
Mar 16 18:19:41.485140 n-d-833166-3 devstack@placement-api.service[104744]: DEBUG placement.requestlog [req-4cfac6a5-2d42-4d26-b392-c1d7858ff31f req-329b387f-e2ec-4cdb-8608-849bbf8f0ba1 None None] Starting request: 10.222.0.39 "GET /placement/allocations/f1cfd5c2-ecd7-495a-b454-dd54c6505ebe" {{(pid=104744) __call__ /opt/stack/placement/placement/requestlog.py:55}}
Mar 16 18:19:41.500338 n-d-833166-3 devstack@placement-api.service[104744]: INFO placement.requestlog [req-4cfac6a5-2d42-4d26-b392-c1d7858ff31f req-329b387f-e2ec-4cdb-8608-849bbf8f0ba1 service placement] 10.222.0.39 "GET /placement/allocations/f1cfd5c2-ecd7-495a-b454-dd54c6505ebe" status: 200 len: 19 microversion: 1.28
Mar 16 18:19:41.501435 n-d-833166-3 devstack@placement-api.service[104744]: [pid: 104744|app: 0|req: 190/385] 10.222.0.39 () {60 vars in 1380 bytes} [Wed Mar 16 18:19:41 2022] GET /placement/allocations/f1cfd5c2-ecd7-495a-b454-dd54c6505ebe => generated 19 bytes in 16 msecs (HTTP/1.1 200) 8 headers in 295 bytes (1 switches on core 0)
Mar 16 18:19:41.509935 n-d-833166-3 devstack@placement-api.service[104743]: DEBUG placement.requestlog [req-4cfac6a5-2d42-4d26-b392-c1d7858ff31f req-fd0ebb51-56e5-434a-9050-caca57fd5025 None None] Starting request: 10.222.0.39 "PUT /placement/allocations/f1cfd5c2-ecd7-495a-b454-dd54c6505ebe" {{(pid=104743) __call__ /opt/stack/placement/placement/requestlog.py:55}}
Mar 16 18:19:41.663938 n-d-833166-3 devstack@placement-api.service[104743]: DEBUG placement.handlers.allocation [req-4cfac6a5-2d42-4d26-b392-c1d7858ff31f req-fd0ebb51-56e5-434a-9050-caca57fd5025 service placement] Successfully wrote allocations [, , ] {{(pid=104743) _update_consumers_and_create_allocations /opt/stack/placement/placement/handlers/allocation.py:462}}
Mar 16 18:19:41.669599 n-d-833166-3 devstack@placement-api.service[104743]: INFO placement.requestlog [req-4cfac6a5-2d42-4d26-b392-c1d7858ff31f req-fd0ebb51-56e5-434a-9050-caca57fd5025 service placement] 10.222.0.39 "PUT /placement/allocations/f1cfd5c2-ecd7-495a-b454-dd54c6505ebe" status: 204 len: 0 microversion: 1.36
Mar 16 18:19:41.671510 n-d-833166-3 devstack@placement-api.service[104743]: [pid: 104743|app: 0|req: 196/386] 10.222.0.39 () {64 vars in 1433 bytes} [Wed Mar 16 18:19:41 2022] PUT /placement/allocations/f1cfd5c2-ecd7-495a-b454-dd54c6505ebe => generated 0 bytes in 162 msecs (HTTP/1.1 204) 5 headers in 199 bytes (3 switches on core 0)
Mar 16 18:19:41.737221 n-d-833166-3 devstack@placement-api.service[104744]: DEBUG placement.requestlog [req-4cfac6a5-2d42-4d26-b392-c1d7858ff31f req-787497de-7b28-4241-a903-120a3d55f4ac None None] Starting request: 10.222.0.39 "GET /placement/allocations/608a6fd2-3659-48df-8630-e4d6a89b5b4f" {{(pid=104744) __call__ /opt/stack/placement/placement/requestlog.py:55}}
Mar 16 18:19:41.752697 n-d-833166-3 devstack@placement-api.service[104744]: INFO placement.requestlog [req-4cfac6a5-2d42-4d26-b392-c1d7858ff31f req-787497de-7b28-4241-a903-120a3d55f4ac service placement] 10.222.0.39 "GET /placement/allocations/608a6fd2-3659-48df-8630-e4d6a89b5b4f" status: 200 len: 19 microversion: 1.28
Mar 16 18:19:41.753081 n-d-833166-3 devstack@placement-api.service[104744]: [pid: 104744|app: 0|req: 191/387] 10.222.0.39 () {60 vars in 1380 bytes} [Wed Mar 16 18:19:41 2022] GET /placement/allocations/608a6fd2-3659-48df-8630-e4d6a89b5b4f => generated 19 bytes in 16 msecs (HTTP/1.1 200) 8 headers in 295 bytes (1 switches on core 0)
Mar 16 18:19:41.765071 n-d-833166-3 devstack@placement-api.service[104743]: DEBUG placement.requestlog [req-4cfac6a5-2d42-4d26-b392-c1d7858ff31f req-e270b74c-7a62-48d6-bb28-06129fd9d327 None None] Starting request: 10.222.0.39 "PUT /placement/allocations/608a6fd2-3659-48df-8630-e4d6a89b5b4f" {{(pid=104743) __call__ /opt/stack/placement/placement/requestlog.py:55}}
Mar 16 18:19:41.832395 n-d-833166-3 devstack@placement-api.service[104743]: DEBUG placement.handlers.allocation [req-4cfac6a5-2d42-4d26-b392-c1d7858ff31f req-e270b74c-7a62-48d6-bb28-06129fd9d327 service placement] Successfully wrote allocations [, , ] {{(pid=104743) _update_consumers_and_create_allocations /opt/stack/placement/placement/handlers/allocation.py:462}}
Mar 16 18:19:41.835997 n-d-833166-3 devstack@placement-api.service[104743]: INFO placement.requestlog [req-4cfac6a5-2d42-4d26-b392-c1d7858ff31f req-e270b74c-7a62-48d6-bb28-06129fd9d327 service placement] 10.222.0.39 "PUT /placement/allocations/608a6fd2-3659-48df-8630-e4d6a89b5b4f" status: 204 len: 0 microversion: 1.36
Mar 16 18:19:41.836838 n-d-833166-3 devstack@placement-api.service[104743]: [pid: 104743|app: 0|req: 197/388] 10.222.0.39 () {64 vars in 1433 bytes} [Wed Mar 16 18:19:41 2022] PUT /placement/allocations/608a6fd2-3659-48df-8630-e4d6a89b5b4f => generated 0 bytes in 72 msecs (HTTP/1.1 204) 5 headers in 199 bytes (1 switches on core 0)
Mar 16 18:19:41.880374 n-d-833166-3 devstack@placement-api.service[104744]: DEBUG placement.requestlog [req-4cfac6a5-2d42-4d26-b392-c1d7858ff31f req-476ae13a-c23c-4a32-8ba0-e3155274e01c None None] Starting request: 10.222.0.39 "GET /placement/allocations/a3155dea-00bf-4213-92fc-986b6933270a" {{(pid=104744) __call__ /opt/stack/placement/placement/requestlog.py:55}}
Mar 16 18:19:41.896108 n-d-833166-3 devstack@placement-api.service[104744]: INFO placement.requestlog [req-4cfac6a5-2d42-4d26-b392-c1d7858ff31f req-476ae13a-c23c-4a32-8ba0-e3155274e01c service placement] 10.222.0.39 "GET /placement/allocations/a3155dea-00bf-4213-92fc-986b6933270a" status: 200 len: 19 microversion: 1.28
Mar 16 18:19:41.896454 n-d-833166-3 devstack@placement-api.service[104744]: [pid: 104744|app: 0|req: 192/389] 10.222.0.39 () {60 vars in 1380 bytes} [Wed Mar 16 18:19:41 2022] GET /placement/allocations/a3155dea-00bf-4213-92fc-986b6933270a => generated 19 bytes in 16 msecs (HTTP/1.1 200) 8 headers in 295 bytes (1 switches on core 0)
Mar 16 18:19:41.904294 n-d-833166-3 devstack@placement-api.service[104743]: DEBUG placement.requestlog [req-4cfac6a5-2d42-4d26-b392-c1d7858ff31f req-f559386d-c61b-4537-9f24-20d5731b9c61 None None] Starting request: 10.222.0.39 "PUT /placement/allocations/a3155dea-00bf-4213-92fc-986b6933270a" {{(pid=104743) __call__ /opt/stack/placement/placement/requestlog.py:55}}
Mar 16 18:19:41.973736 n-d-833166-3 devstack@placement-api.service[104743]: DEBUG placement.handlers.allocation [req-4cfac6a5-2d42-4d26-b392-c1d7858ff31f req-f559386d-c61b-4537-9f24-20d5731b9c61 service placement] Successfully wrote allocations [, , ] {{(pid=104743) _update_consumers_and_create_allocations /opt/stack/placement/placement/handlers/allocation.py:462}}
Mar 16 18:19:41.977443 n-d-833166-3 devstack@placement-api.service[104743]: INFO placement.requestlog [req-4cfac6a5-2d42-4d26-b392-c1d7858ff31f req-f559386d-c61b-4537-9f24-20d5731b9c61 service placement] 10.222.0.39 "PUT /placement/allocations/a3155dea-00bf-4213-92fc-986b6933270a" status: 204 len: 0 microversion: 1.36
Mar 16 18:19:41.978629 n-d-833166-3 devstack@placement-api.service[104743]: [pid: 104743|app: 0|req: 198/390] 10.222.0.39 () {64 vars in 1433 bytes} [Wed Mar 16 18:19:41 2022] PUT /placement/allocations/a3155dea-00bf-4213-92fc-986b6933270a => generated 0 bytes in 74 msecs (HTTP/1.1 204) 5 headers in 199 bytes (1 switches on core 0)
Mar 16 18:19:42.942122 n-d-833166-3 devstack@placement-api.service[104744]: DEBUG placement.requestlog [req-4cfac6a5-2d42-4d26-b392-c1d7858ff31f req-87c6f092-7796-40c5-905b-129a371fc69a None None] Starting request: 10.222.0.53 "GET /placement/allocations/f1cfd5c2-ecd7-495a-b454-dd54c6505ebe" {{(pid=104744) __call__ /opt/stack/placement/placement/requestlog.py:55}}
Mar 16 18:19:42.976842 n-d-833166-3 devstack@placement-api.service[104744]: INFO placement.requestlog [req-4cfac6a5-2d42-4d26-b392-c1d7858ff31f req-87c6f092-7796-40c5-905b-129a371fc69a service placement] 10.222.0.53 "GET /placement/allocations/f1cfd5c2-ecd7-495a-b454-dd54c6505ebe" status: 200 len: 259 microversion: 1.28
Mar 16 18:19:42.978707 n-d-833166-3 devstack@placement-api.service[104744]: [pid: 104744|app: 0|req: 193/391] 10.222.0.53 () {60 vars in 1377 bytes} [Wed Mar 16 18:19:42 2022] GET /placement/allocations/f1cfd5c2-ecd7-495a-b454-dd54c6505ebe => generated 259 bytes in 37 msecs (HTTP/1.1 200) 8 headers in 296 bytes (1 switches on core 0)
Mar 16 18:19:43.164406 n-d-833166-3 devstack@placement-api.service[104743]: DEBUG placement.requestlog [req-4cfac6a5-2d42-4d26-b392-c1d7858ff31f req-19aa3248-c0de-4a45-8f2c-496c4d95090f None None] Starting request: 10.222.0.31 "GET /placement/allocations/608a6fd2-3659-48df-8630-e4d6a89b5b4f" {{(pid=104743) __call__ /opt/stack/placement/placement/requestlog.py:55}}
Mar 16 18:19:43.178915 n-d-833166-3 devstack@placement-api.service[104744]: DEBUG placement.requestlog [req-4cfac6a5-2d42-4d26-b392-c1d7858ff31f req-fdc2e224-f536-430c-b877-b8a43afb2758 None None] Starting request: 10.222.0.53 "GET /placement/allocations/a3155dea-00bf-4213-92fc-986b6933270a" {{(pid=104744) __call__ /opt/stack/placement/placement/requestlog.py:55}}
Mar 16 18:19:43.198264 n-d-833166-3 devstack@placement-api.service[104743]: INFO placement.requestlog [req-4cfac6a5-2d42-4d26-b392-c1d7858ff31f req-19aa3248-c0de-4a45-8f2c-496c4d95090f service placement] 10.222.0.31 "GET /placement/allocations/608a6fd2-3659-48df-8630-e4d6a89b5b4f" status: 200 len: 259 microversion: 1.28
Mar 16 18:19:43.199699 n-d-833166-3 devstack@placement-api.service[104743]: [pid: 104743|app: 0|req: 199/392] 10.222.0.31 () {60 vars in 1377 bytes} [Wed Mar 16 18:19:43 2022] GET /placement/allocations/608a6fd2-3659-48df-8630-e4d6a89b5b4f => generated 259 bytes in 36 msecs (HTTP/1.1 200) 8 headers in 296 bytes (1 switches on core 0)
Mar 16 18:19:43.208798 n-d-833166-3 devstack@placement-api.service[104744]: INFO placement.requestlog [req-4cfac6a5-2d42-4d26-b392-c1d7858ff31f req-fdc2e224-f536-430c-b877-b8a43afb2758 service placement] 10.222.0.53 "GET /placement/allocations/a3155dea-00bf-4213-92fc-986b6933270a" status: 200 len: 259 microversion: 1.28
Mar 16 18:19:43.209314 n-d-833166-3 devstack@placement-api.service[104744]: [pid: 104744|app: 0|req: 194/393] 10.222.0.53 () {60 vars in 1377 bytes} [Wed Mar 16 18:19:43 2022] GET /placement/allocations/a3155dea-00bf-4213-92fc-986b6933270a => generated 259 bytes in 31 msecs (HTTP/1.1 200) 8 headers in 296 bytes (2 switches on core 0)
Mar 16 18:19:50.627126 n-d-833166-3 devstack@placement-api.service[104743]: DEBUG placement.requestlog [req-63f6819f-017d-45b3-b65f-d3c2dd3e19cf req-2fef5fa2-287b-4e53-b009-6d420e3fee2b None None] Starting request: 10.222.0.31 "GET /placement/allocations/9c11c49a-c57e-4095-ad5d-bab94c6e7d9c" {{(pid=104743) __call__ /opt/stack/placement/placement/requestlog.py:55}}
Mar 16 18:19:50.655479 n-d-833166-3 devstack@placement-api.service[104743]: INFO placement.requestlog [req-63f6819f-017d-45b3-b65f-d3c2dd3e19cf req-2fef5fa2-287b-4e53-b009-6d420e3fee2b service placement] 10.222.0.31 "GET /placement/allocations/9c11c49a-c57e-4095-ad5d-bab94c6e7d9c" status: 200 len: 258 microversion: 1.28
Mar 16 18:19:50.657374 n-d-833166-3 devstack@placement-api.service[104743]: [pid: 104743|app: 0|req: 200/394] 10.222.0.31 () {60 vars in 1377 bytes} [Wed Mar 16 18:19:50 2022] GET /placement/allocations/9c11c49a-c57e-4095-ad5d-bab94c6e7d9c => generated 258 bytes in 31 msecs (HTTP/1.1 200) 8 headers in 296 bytes (1 switches on core 0)
Mar 16 18:19:54.676142 n-d-833166-3 devstack@placement-api.service[104744]: DEBUG placement.requestlog [req-7a47ab5a-31e3-474f-a401-35383741cdb4 req-c8176c27-486b-42b1-9db1-8a6df58051e2 None None] Starting request: 10.222.0.53 "DELETE /placement/allocations/0a33bb39-20bb-4f67-a6e8-174b75bdc785" {{(pid=104744) __call__ /opt/stack/placement/placement/requestlog.py:55}}
Mar 16 18:19:54.725911 n-d-833166-3 devstack@placement-api.service[104744]: DEBUG placement.handlers.allocation [req-7a47ab5a-31e3-474f-a401-35383741cdb4 req-c8176c27-486b-42b1-9db1-8a6df58051e2 service placement] Successfully deleted allocations [, , ] {{(pid=104744) delete_allocations /opt/stack/placement/placement/handlers/allocation.py:627}}
Mar 16 18:19:54.726897 n-d-833166-3 devstack@placement-api.service[104744]: INFO placement.requestlog [req-7a47ab5a-31e3-474f-a401-35383741cdb4 req-c8176c27-486b-42b1-9db1-8a6df58051e2 service placement] 10.222.0.53 "DELETE /placement/allocations/0a33bb39-20bb-4f67-a6e8-174b75bdc785" status: 204 len: 0 microversion: 1.0
Mar 16 18:19:54.727333 n-d-833166-3 devstack@placement-api.service[104744]: [pid: 104744|app: 0|req: 195/395] 10.222.0.53 () {60 vars in 1355 bytes} [Wed Mar 16 18:19:54 2022] DELETE /placement/allocations/0a33bb39-20bb-4f67-a6e8-174b75bdc785 => generated 0 bytes in 52 msecs (HTTP/1.1 204) 5 headers in 198 bytes (1 switches on core 0)
Mar 16 18:19:56.294535 n-d-833166-3 devstack@placement-api.service[104743]: DEBUG placement.requestlog [req-240c295b-7b0a-42fb-b2b5-c49cc89216bf req-d4d21b40-a481-400b-9fff-fe2df2eeec6e None None] Starting request: 10.222.0.31 "DELETE /placement/allocations/6db818eb-c5f5-45dc-a489-4599d1824791" {{(pid=104743) __call__ /opt/stack/placement/placement/requestlog.py:55}}
Mar 16 18:19:56.353083 n-d-833166-3 devstack@placement-api.service[104743]: DEBUG placement.handlers.allocation [req-240c295b-7b0a-42fb-b2b5-c49cc89216bf req-d4d21b40-a481-400b-9fff-fe2df2eeec6e service placement] Successfully deleted allocations [, , ] {{(pid=104743) delete_allocations /opt/stack/placement/placement/handlers/allocation.py:627}}
Mar 16 18:19:56.353666 n-d-833166-3 devstack@placement-api.service[104743]: INFO placement.requestlog [req-240c295b-7b0a-42fb-b2b5-c49cc89216bf req-d4d21b40-a481-400b-9fff-fe2df2eeec6e service placement] 10.222.0.31 "DELETE /placement/allocations/6db818eb-c5f5-45dc-a489-4599d1824791" status: 204 len: 0 microversion: 1.0
Mar 16 18:19:56.354285 n-d-833166-3 devstack@placement-api.service[104743]: [pid: 104743|app: 0|req: 201/396] 10.222.0.31 () {60 vars in 1355 bytes} [Wed Mar 16 18:19:56 2022] DELETE /placement/allocations/6db818eb-c5f5-45dc-a489-4599d1824791 => generated 0 bytes in 60 msecs (HTTP/1.1 204) 5 headers in 198 bytes (2 switches on core 0)
Mar 16 18:19:57.238157 n-d-833166-3 devstack@placement-api.service[104744]: DEBUG placement.requestlog [req-a211b633-6eb2-4dbf-8c5d-1968ba019564 req-0e6b1e8d-65ac-4314-a40a-a328de06a6c8 None None] Starting request: 10.222.0.39 "GET /placement/allocation_candidates?limit=1000&resources=DISK_GB%3A1%2CMEMORY_MB%3A1024%2CVCPU%3A1&root_required=%21COMPUTE_STATUS_DISABLED" {{(pid=104744) __call__ /opt/stack/placement/placement/requestlog.py:55}}
Mar 16 18:19:57.317620 n-d-833166-3 devstack@placement-api.service[104744]: DEBUG placement.objects.research_context [req-a211b633-6eb2-4dbf-8c5d-1968ba019564 req-0e6b1e8d-65ac-4314-a40a-a328de06a6c8 service placement] getting providers with 1 DISK_GB {{(pid=104744) __init__ /opt/stack/placement/placement/objects/research_context.py:136}}
Mar 16 18:19:57.345945 n-d-833166-3 devstack@placement-api.service[104744]: DEBUG placement.objects.research_context [req-a211b633-6eb2-4dbf-8c5d-1968ba019564 req-0e6b1e8d-65ac-4314-a40a-a328de06a6c8 service placement] getting providers with 1024 MEMORY_MB {{(pid=104744) __init__ /opt/stack/placement/placement/objects/research_context.py:136}}
Mar 16 18:19:57.361043 n-d-833166-3 devstack@placement-api.service[104744]: DEBUG placement.objects.research_context [req-a211b633-6eb2-4dbf-8c5d-1968ba019564 req-0e6b1e8d-65ac-4314-a40a-a328de06a6c8 service placement] getting providers with 1 VCPU {{(pid=104744) __init__ /opt/stack/placement/placement/objects/research_context.py:136}}
Mar 16 18:19:57.381944 n-d-833166-3 devstack@placement-api.service[104744]: DEBUG placement.objects.research_context [req-a211b633-6eb2-4dbf-8c5d-1968ba019564 req-0e6b1e8d-65ac-4314-a40a-a328de06a6c8 service placement] found 2 providers with available 1 DISK_GB {{(pid=104744) get_provider_ids_matching /opt/stack/placement/placement/objects/research_context.py:559}}
Mar 16 18:19:57.387541 n-d-833166-3 devstack@placement-api.service[104744]: DEBUG placement.objects.research_context [req-a211b633-6eb2-4dbf-8c5d-1968ba019564 req-0e6b1e8d-65ac-4314-a40a-a328de06a6c8 service placement] found 2 providers with available 1024 MEMORY_MB {{(pid=104744) get_provider_ids_matching /opt/stack/placement/placement/objects/research_context.py:559}}
Mar 16 18:19:57.388037 n-d-833166-3 devstack@placement-api.service[104744]: DEBUG placement.objects.research_context [req-a211b633-6eb2-4dbf-8c5d-1968ba019564 req-0e6b1e8d-65ac-4314-a40a-a328de06a6c8 service placement] found 2 providers after filtering by previous result {{(pid=104744) get_provider_ids_matching /opt/stack/placement/placement/objects/research_context.py:590}}
Mar 16 18:19:57.390610 n-d-833166-3 devstack@placement-api.service[104744]: DEBUG placement.objects.research_context [req-a211b633-6eb2-4dbf-8c5d-1968ba019564 req-0e6b1e8d-65ac-4314-a40a-a328de06a6c8 service placement] found 2 providers with available 1 VCPU {{(pid=104744) get_provider_ids_matching /opt/stack/placement/placement/objects/research_context.py:559}}
Mar 16 18:19:57.391088 n-d-833166-3 devstack@placement-api.service[104744]: DEBUG placement.objects.research_context [req-a211b633-6eb2-4dbf-8c5d-1968ba019564 req-0e6b1e8d-65ac-4314-a40a-a328de06a6c8 service placement] found 2 providers after filtering by previous result {{(pid=104744) get_provider_ids_matching /opt/stack/placement/placement/objects/research_context.py:590}}
Mar 16 18:19:57.428656 n-d-833166-3 devstack@placement-api.service[104744]: DEBUG placement.objects.allocation_candidate [req-a211b633-6eb2-4dbf-8c5d-1968ba019564 req-0e6b1e8d-65ac-4314-a40a-a328de06a6c8 service placement] RequestGroup(use_same_provider=False, resources={DISK_GB:1, MEMORY_MB:1024, VCPU:1}, traits=(), aggregates=[]) (suffix '') returned 2 matches {{(pid=104744) _get_by_requests /opt/stack/placement/placement/objects/allocation_candidate.py:156}}
Mar 16 18:19:57.432145 n-d-833166-3 devstack@placement-api.service[104744]: DEBUG placement.objects.allocation_candidate [req-a211b633-6eb2-4dbf-8c5d-1968ba019564 req-0e6b1e8d-65ac-4314-a40a-a328de06a6c8 service placement] Merging candidates yields 2 allocation requests and 2 provider summaries {{(pid=104744) _merge_candidates /opt/stack/placement/placement/objects/allocation_candidate.py:809}}
Mar 16 18:19:57.437282 n-d-833166-3 devstack@placement-api.service[104744]: INFO placement.requestlog [req-a211b633-6eb2-4dbf-8c5d-1968ba019564 req-0e6b1e8d-65ac-4314-a40a-a328de06a6c8 service placement] 10.222.0.39 "GET /placement/allocation_candidates?limit=1000&resources=DISK_GB%3A1%2CMEMORY_MB%3A1024%2CVCPU%3A1&root_required=%21COMPUTE_STATUS_DISABLED" status: 200 len: 1309 microversion: 1.36
Mar 16 18:19:57.441715 n-d-833166-3 devstack@placement-api.service[104744]: [pid: 104744|app: 0|req: 196/397] 10.222.0.39 () {60 vars in 1506 bytes} [Wed Mar 16 18:19:57 2022] GET /placement/allocation_candidates?limit=1000&resources=DISK_GB%3A1%2CMEMORY_MB%3A1024%2CVCPU%3A1&root_required=%21COMPUTE_STATUS_DISABLED => generated 1309 bytes in 204 msecs (HTTP/1.1 200) 8 headers in 297 bytes (1 switches on core 0)
Mar 16 18:19:57.712819 n-d-833166-3 devstack@placement-api.service[104743]: DEBUG placement.requestlog [req-a211b633-6eb2-4dbf-8c5d-1968ba019564 req-2cc392e9-d569-4530-8ecf-657988df68a8 None None] Starting request: 10.222.0.39 "GET /placement/allocations/b34220f7-7982-4a34-8d93-ece12a40a952" {{(pid=104743) __call__ /opt/stack/placement/placement/requestlog.py:55}}
Mar 16 18:19:57.731445 n-d-833166-3 devstack@placement-api.service[104743]: INFO placement.requestlog [req-a211b633-6eb2-4dbf-8c5d-1968ba019564 req-2cc392e9-d569-4530-8ecf-657988df68a8 service placement] 10.222.0.39 "GET /placement/allocations/b34220f7-7982-4a34-8d93-ece12a40a952" status: 200 len: 19 microversion: 1.28
Mar 16 18:19:57.739908 n-d-833166-3 devstack@placement-api.service[104743]: [pid: 104743|app: 0|req: 202/398] 10.222.0.39 () {60 vars in 1380 bytes} [Wed Mar 16 18:19:57 2022] GET /placement/allocations/b34220f7-7982-4a34-8d93-ece12a40a952 => generated 19 bytes in 27 msecs (HTTP/1.1 200) 8 headers in 295 bytes (1 switches on core 0)
Mar 16 18:19:57.744275 n-d-833166-3 devstack@placement-api.service[104744]: DEBUG placement.requestlog [req-a211b633-6eb2-4dbf-8c5d-1968ba019564 req-0b7b7869-7594-458b-8fef-909ebc6d9ee9 None None] Starting request: 10.222.0.39 "PUT /placement/allocations/b34220f7-7982-4a34-8d93-ece12a40a952" {{(pid=104744) __call__ /opt/stack/placement/placement/requestlog.py:55}}
Mar 16 18:19:57.892498 n-d-833166-3 devstack@placement-api.service[104744]: DEBUG placement.handlers.allocation [req-a211b633-6eb2-4dbf-8c5d-1968ba019564 req-0b7b7869-7594-458b-8fef-909ebc6d9ee9 service placement] Successfully wrote allocations [, , ] {{(pid=104744) _update_consumers_and_create_allocations /opt/stack/placement/placement/handlers/allocation.py:462}}
Mar 16 18:19:57.896211 n-d-833166-3 devstack@placement-api.service[104744]: INFO placement.requestlog [req-a211b633-6eb2-4dbf-8c5d-1968ba019564 req-0b7b7869-7594-458b-8fef-909ebc6d9ee9 service placement] 10.222.0.39 "PUT /placement/allocations/b34220f7-7982-4a34-8d93-ece12a40a952" status: 204 len: 0 microversion: 1.36
Mar 16 18:19:57.896950 n-d-833166-3 devstack@placement-api.service[104744]: [pid: 104744|app: 0|req: 197/399] 10.222.0.39 () {64 vars in 1433 bytes} [Wed Mar 16 18:19:57 2022] PUT /placement/allocations/b34220f7-7982-4a34-8d93-ece12a40a952 => generated 0 bytes in 153 msecs (HTTP/1.1 204) 5 headers in 199 bytes (1 switches on core 0)
