Mar 10 19:59:48.794260 n-d-833166-1 devstack@placement-api.service[116630]: DEBUG placement.requestlog [req-c31edbb1-6bf7-4b0b-b47e-d15326c422cb req-cb23b98f-c4d0-42fb-8a39-5cf5d380e375 None None] Starting request: 10.222.0.36 "GET /placement/allocations/b57aa39e-cce3-4a07-8691-5274fc6f1c6d" {{(pid=116630) __call__ /opt/stack/placement/placement/requestlog.py:55}}
Mar 10 19:59:48.828203 n-d-833166-1 devstack@placement-api.service[116630]: INFO placement.requestlog [req-c31edbb1-6bf7-4b0b-b47e-d15326c422cb req-cb23b98f-c4d0-42fb-8a39-5cf5d380e375 service placement] 10.222.0.36 "GET /placement/allocations/b57aa39e-cce3-4a07-8691-5274fc6f1c6d" status: 200 len: 259 microversion: 1.28
Mar 10 19:59:48.828870 n-d-833166-1 devstack@placement-api.service[116630]: [pid: 116630|app: 0|req: 168/329] 10.222.0.36 () {60 vars in 1377 bytes} [Thu Mar 10 19:59:48 2022] GET /placement/allocations/b57aa39e-cce3-4a07-8691-5274fc6f1c6d => generated 259 bytes in 35 msecs (HTTP/1.1 200) 8 headers in 296 bytes (1 switches on core 0)
Mar 10 19:59:48.838217 n-d-833166-1 devstack@placement-api.service[116629]: DEBUG placement.requestlog [req-c31edbb1-6bf7-4b0b-b47e-d15326c422cb req-051456f6-19ce-4aea-9a99-23950cc9ab97 None None] Starting request: 10.222.0.36 "GET /placement/allocations/b57aa39e-cce3-4a07-8691-5274fc6f1c6d" {{(pid=116629) __call__ /opt/stack/placement/placement/requestlog.py:55}}
Mar 10 19:59:48.860933 n-d-833166-1 devstack@placement-api.service[116629]: INFO placement.requestlog [req-c31edbb1-6bf7-4b0b-b47e-d15326c422cb req-051456f6-19ce-4aea-9a99-23950cc9ab97 service placement] 10.222.0.36 "GET /placement/allocations/b57aa39e-cce3-4a07-8691-5274fc6f1c6d" status: 200 len: 259 microversion: 1.28
Mar 10 19:59:48.864117 n-d-833166-1 devstack@placement-api.service[116629]: [pid: 116629|app: 0|req: 162/330] 10.222.0.36 () {60 vars in 1377 bytes} [Thu Mar 10 19:59:48 2022] GET /placement/allocations/b57aa39e-cce3-4a07-8691-5274fc6f1c6d => generated 259 bytes in 26 msecs (HTTP/1.1 200) 8 headers in 296 bytes (1 switches on core 0)
Mar 10 19:59:48.870784 n-d-833166-1 devstack@placement-api.service[116630]: DEBUG placement.requestlog [req-c31edbb1-6bf7-4b0b-b47e-d15326c422cb req-9f9017e3-78c0-41a0-a440-5b8e25e50c4f None None] Starting request: 10.222.0.36 "GET /placement/allocations/6fa87a40-105f-41fc-afc8-12bfbdff420a" {{(pid=116630) __call__ /opt/stack/placement/placement/requestlog.py:55}}
Mar 10 19:59:48.900171 n-d-833166-1 devstack@placement-api.service[116630]: INFO placement.requestlog [req-c31edbb1-6bf7-4b0b-b47e-d15326c422cb req-9f9017e3-78c0-41a0-a440-5b8e25e50c4f service placement] 10.222.0.36 "GET /placement/allocations/6fa87a40-105f-41fc-afc8-12bfbdff420a" status: 200 len: 258 microversion: 1.28
Mar 10 19:59:48.900933 n-d-833166-1 devstack@placement-api.service[116630]: [pid: 116630|app: 0|req: 169/331] 10.222.0.36 () {60 vars in 1377 bytes} [Thu Mar 10 19:59:48 2022] GET /placement/allocations/6fa87a40-105f-41fc-afc8-12bfbdff420a => generated 258 bytes in 30 msecs (HTTP/1.1 200) 8 headers in 296 bytes (2 switches on core 0)
Mar 10 19:59:48.909716 n-d-833166-1 devstack@placement-api.service[116629]: DEBUG placement.requestlog [req-c31edbb1-6bf7-4b0b-b47e-d15326c422cb req-6df0249d-7b10-4d5f-a0ab-3698e6a88ae9 None None] Starting request: 10.222.0.36 "POST /placement/allocations" {{(pid=116629) __call__ /opt/stack/placement/placement/requestlog.py:55}}
Mar 10 19:59:49.040367 n-d-833166-1 devstack@placement-api.service[116629]: DEBUG placement.handlers.allocation [req-c31edbb1-6bf7-4b0b-b47e-d15326c422cb req-6df0249d-7b10-4d5f-a0ab-3698e6a88ae9 service placement] Successfully wrote allocations [, , , , , ] {{(pid=116629) _update_consumers_and_create_allocations /opt/stack/placement/placement/handlers/allocation.py:572}}
Mar 10 19:59:49.113016 n-d-833166-1 devstack@placement-api.service[116629]: INFO placement.requestlog [req-c31edbb1-6bf7-4b0b-b47e-d15326c422cb req-6df0249d-7b10-4d5f-a0ab-3698e6a88ae9 service placement] 10.222.0.36 "POST /placement/allocations" status: 204 len: 0 microversion: 1.28
Mar 10 19:59:49.117477 n-d-833166-1 devstack@placement-api.service[116629]: [pid: 116629|app: 0|req: 163/332] 10.222.0.36 () {64 vars in 1320 bytes} [Thu Mar 10 19:59:48 2022] POST /placement/allocations => generated 0 bytes in 205 msecs (HTTP/1.1 204) 5 headers in 199 bytes (2 switches on core 0)
Mar 10 19:59:49.177031 n-d-833166-1 devstack@placement-api.service[116630]: DEBUG placement.requestlog [req-83e681a3-0abf-41e6-8ea0-8243c250c711 req-74522a24-8d78-4a91-97c0-079f3f393169 None None] Starting request: 10.222.0.36 "GET /placement/allocations/3e8e462b-09c8-418a-8d90-48ca143fe327" {{(pid=116630) __call__ /opt/stack/placement/placement/requestlog.py:55}}
Mar 10 19:59:49.205688 n-d-833166-1 devstack@placement-api.service[116630]: INFO placement.requestlog [req-83e681a3-0abf-41e6-8ea0-8243c250c711 req-74522a24-8d78-4a91-97c0-079f3f393169 service placement] 10.222.0.36 "GET /placement/allocations/3e8e462b-09c8-418a-8d90-48ca143fe327" status: 200 len: 259 microversion: 1.28
Mar 10 19:59:49.207581 n-d-833166-1 devstack@placement-api.service[116630]: [pid: 116630|app: 0|req: 170/333] 10.222.0.36 () {60 vars in 1377 bytes} [Thu Mar 10 19:59:49 2022] GET /placement/allocations/3e8e462b-09c8-418a-8d90-48ca143fe327 => generated 259 bytes in 31 msecs (HTTP/1.1 200) 8 headers in 296 bytes (1 switches on core 0)
Mar 10 19:59:49.228309 n-d-833166-1 devstack@placement-api.service[116629]: DEBUG placement.requestlog [req-da67d9d2-8d66-439d-a619-0da3103e8752 req-ae877c9e-d24a-4e1c-a7da-eeefbdf7f7df None None] Starting request: 10.222.0.36 "GET /placement/allocations/c3f38ba1-a596-4768-b45c-d79324b0cd9d" {{(pid=116629) __call__ /opt/stack/placement/placement/requestlog.py:55}}
Mar 10 19:59:49.257001 n-d-833166-1 devstack@placement-api.service[116629]: INFO placement.requestlog [req-da67d9d2-8d66-439d-a619-0da3103e8752 req-ae877c9e-d24a-4e1c-a7da-eeefbdf7f7df service placement] 10.222.0.36 "GET /placement/allocations/c3f38ba1-a596-4768-b45c-d79324b0cd9d" status: 200 len: 245 microversion: 1.28
Mar 10 19:59:49.257784 n-d-833166-1 devstack@placement-api.service[116629]: [pid: 116629|app: 0|req: 164/334] 10.222.0.36 () {60 vars in 1377 bytes} [Thu Mar 10 19:59:49 2022] GET /placement/allocations/c3f38ba1-a596-4768-b45c-d79324b0cd9d => generated 245 bytes in 30 msecs (HTTP/1.1 200) 8 headers in 296 bytes (1 switches on core 0)
Mar 10 19:59:50.151292 n-d-833166-1 devstack@placement-api.service[116630]: DEBUG placement.requestlog [req-00fc6bb1-08f7-4b14-84c6-8b47f262d468 req-f4a5a8bd-5dfb-4229-9297-8265c0115e10 None None] Starting request: 10.222.0.20 "DELETE /placement/allocations/ee54e3f8-0ccc-45ae-8502-07b32a548f34" {{(pid=116630) __call__ /opt/stack/placement/placement/requestlog.py:55}}
Mar 10 19:59:50.347416 n-d-833166-1 devstack@placement-api.service[116630]: DEBUG placement.handlers.allocation [req-00fc6bb1-08f7-4b14-84c6-8b47f262d468 req-f4a5a8bd-5dfb-4229-9297-8265c0115e10 service placement] Successfully deleted allocations [, , ] {{(pid=116630) delete_allocations /opt/stack/placement/placement/handlers/allocation.py:627}}
Mar 10 19:59:50.350529 n-d-833166-1 devstack@placement-api.service[116630]: INFO placement.requestlog [req-00fc6bb1-08f7-4b14-84c6-8b47f262d468 req-f4a5a8bd-5dfb-4229-9297-8265c0115e10 service placement] 10.222.0.20 "DELETE /placement/allocations/ee54e3f8-0ccc-45ae-8502-07b32a548f34" status: 204 len: 0 microversion: 1.0
Mar 10 19:59:50.352635 n-d-833166-1 devstack@placement-api.service[116630]: [pid: 116630|app: 0|req: 171/335] 10.222.0.20 () {60 vars in 1355 bytes} [Thu Mar 10 19:59:50 2022] DELETE /placement/allocations/ee54e3f8-0ccc-45ae-8502-07b32a548f34 => generated 0 bytes in 202 msecs (HTTP/1.1 204) 5 headers in 198 bytes (1 switches on core 0)
Mar 10 19:59:56.644793 n-d-833166-1 devstack@placement-api.service[116629]: DEBUG placement.requestlog [req-b22db6f7-5dbf-4ea2-8afd-8c152af93c73 req-a567b3f3-ecc1-4464-ae9c-db9e41050a29 None None] Starting request: 10.222.0.11 "GET /placement/allocation_candidates?limit=1000&resources=DISK_GB%3A1%2CMEMORY_MB%3A1024%2CVCPU%3A1&root_required=%21COMPUTE_STATUS_DISABLED" {{(pid=116629) __call__ /opt/stack/placement/placement/requestlog.py:55}}
Mar 10 19:59:56.649348 n-d-833166-1 devstack@placement-api.service[116630]: DEBUG placement.requestlog [req-d487ba0c-a7b9-420f-9bc9-c2d28ab70b16 req-dc2fe399-b9f8-442b-a1d2-33bfc4c265a9 None None] Starting request: 10.222.0.20 "DELETE /placement/allocations/d4ff949b-9fb5-44ff-8460-eb733731f029" {{(pid=116630) __call__ /opt/stack/placement/placement/requestlog.py:55}}
Mar 10 19:59:56.704079 n-d-833166-1 devstack@placement-api.service[116629]: DEBUG placement.objects.research_context [req-b22db6f7-5dbf-4ea2-8afd-8c152af93c73 req-a567b3f3-ecc1-4464-ae9c-db9e41050a29 service placement] getting providers with 1 DISK_GB {{(pid=116629) __init__ /opt/stack/placement/placement/objects/research_context.py:136}}
Mar 10 19:59:56.719520 n-d-833166-1 devstack@placement-api.service[116629]: DEBUG placement.objects.research_context [req-b22db6f7-5dbf-4ea2-8afd-8c152af93c73 req-a567b3f3-ecc1-4464-ae9c-db9e41050a29 service placement] getting providers with 1024 MEMORY_MB {{(pid=116629) __init__ /opt/stack/placement/placement/objects/research_context.py:136}}
Mar 10 19:59:56.729464 n-d-833166-1 devstack@placement-api.service[116629]: DEBUG placement.objects.research_context [req-b22db6f7-5dbf-4ea2-8afd-8c152af93c73 req-a567b3f3-ecc1-4464-ae9c-db9e41050a29 service placement] getting providers with 1 VCPU {{(pid=116629) __init__ /opt/stack/placement/placement/objects/research_context.py:136}}
Mar 10 19:59:56.735773 n-d-833166-1 devstack@placement-api.service[116629]: DEBUG placement.objects.research_context [req-b22db6f7-5dbf-4ea2-8afd-8c152af93c73 req-a567b3f3-ecc1-4464-ae9c-db9e41050a29 service placement] found 2 providers with available 1 DISK_GB {{(pid=116629) get_provider_ids_matching /opt/stack/placement/placement/objects/research_context.py:559}}
Mar 10 19:59:56.736271 n-d-833166-1 devstack@placement-api.service[116629]: DEBUG placement.objects.research_context [req-b22db6f7-5dbf-4ea2-8afd-8c152af93c73 req-a567b3f3-ecc1-4464-ae9c-db9e41050a29 service placement] found 2 providers with available 1024 MEMORY_MB {{(pid=116629) get_provider_ids_matching /opt/stack/placement/placement/objects/research_context.py:559}}
Mar 10 19:59:56.736718 n-d-833166-1 devstack@placement-api.service[116629]: DEBUG placement.objects.research_context [req-b22db6f7-5dbf-4ea2-8afd-8c152af93c73 req-a567b3f3-ecc1-4464-ae9c-db9e41050a29 service placement] found 2 providers after filtering by previous result {{(pid=116629) get_provider_ids_matching /opt/stack/placement/placement/objects/research_context.py:590}}
Mar 10 19:59:56.737148 n-d-833166-1 devstack@placement-api.service[116629]: DEBUG placement.objects.research_context [req-b22db6f7-5dbf-4ea2-8afd-8c152af93c73 req-a567b3f3-ecc1-4464-ae9c-db9e41050a29 service placement] found 2 providers with available 1 VCPU {{(pid=116629) get_provider_ids_matching /opt/stack/placement/placement/objects/research_context.py:559}}
Mar 10 19:59:56.737575 n-d-833166-1 devstack@placement-api.service[116629]: DEBUG placement.objects.research_context [req-b22db6f7-5dbf-4ea2-8afd-8c152af93c73 req-a567b3f3-ecc1-4464-ae9c-db9e41050a29 service placement] found 2 providers after filtering by previous result {{(pid=116629) get_provider_ids_matching /opt/stack/placement/placement/objects/research_context.py:590}}
Mar 10 19:59:56.748739 n-d-833166-1 devstack@placement-api.service[116629]: DEBUG placement.objects.allocation_candidate [req-b22db6f7-5dbf-4ea2-8afd-8c152af93c73 req-a567b3f3-ecc1-4464-ae9c-db9e41050a29 service placement] RequestGroup(use_same_provider=False, resources={DISK_GB:1, MEMORY_MB:1024, VCPU:1}, traits=(), aggregates=[]) (suffix '') returned 2 matches {{(pid=116629) _get_by_requests /opt/stack/placement/placement/objects/allocation_candidate.py:156}}
Mar 10 19:59:56.749364 n-d-833166-1 devstack@placement-api.service[116629]: DEBUG placement.objects.allocation_candidate [req-b22db6f7-5dbf-4ea2-8afd-8c152af93c73 req-a567b3f3-ecc1-4464-ae9c-db9e41050a29 service placement] Merging candidates yields 2 allocation requests and 2 provider summaries {{(pid=116629) _merge_candidates /opt/stack/placement/placement/objects/allocation_candidate.py:809}}
Mar 10 19:59:56.751042 n-d-833166-1 devstack@placement-api.service[116629]: INFO placement.requestlog [req-b22db6f7-5dbf-4ea2-8afd-8c152af93c73 req-a567b3f3-ecc1-4464-ae9c-db9e41050a29 service placement] 10.222.0.11 "GET /placement/allocation_candidates?limit=1000&resources=DISK_GB%3A1%2CMEMORY_MB%3A1024%2CVCPU%3A1&root_required=%21COMPUTE_STATUS_DISABLED" status: 200 len: 1309 microversion: 1.36
Mar 10 19:59:56.755832 n-d-833166-1 devstack@placement-api.service[116629]: [pid: 116629|app: 0|req: 165/336] 10.222.0.11 () {60 vars in 1506 bytes} [Thu Mar 10 19:59:56 2022] GET /placement/allocation_candidates?limit=1000&resources=DISK_GB%3A1%2CMEMORY_MB%3A1024%2CVCPU%3A1&root_required=%21COMPUTE_STATUS_DISABLED => generated 1309 bytes in 111 msecs (HTTP/1.1 200) 8 headers in 297 bytes (1 switches on core 0)
Mar 10 19:59:56.813560 n-d-833166-1 devstack@placement-api.service[116629]: DEBUG placement.requestlog [req-b22db6f7-5dbf-4ea2-8afd-8c152af93c73 req-43eeeb89-bdd6-4f43-87a3-e8ccdeb1abeb None None] Starting request: 10.222.0.11 "GET /placement/allocations/76af15f9-6786-403f-b21c-5d8f1ef9686d" {{(pid=116629) __call__ /opt/stack/placement/placement/requestlog.py:55}}
Mar 10 19:59:56.823846 n-d-833166-1 devstack@placement-api.service[116629]: INFO placement.requestlog [req-b22db6f7-5dbf-4ea2-8afd-8c152af93c73 req-43eeeb89-bdd6-4f43-87a3-e8ccdeb1abeb service placement] 10.222.0.11 "GET /placement/allocations/76af15f9-6786-403f-b21c-5d8f1ef9686d" status: 200 len: 19 microversion: 1.28
Mar 10 19:59:56.829600 n-d-833166-1 devstack@placement-api.service[116629]: [pid: 116629|app: 0|req: 166/337] 10.222.0.11 () {60 vars in 1380 bytes} [Thu Mar 10 19:59:56 2022] GET /placement/allocations/76af15f9-6786-403f-b21c-5d8f1ef9686d => generated 19 bytes in 16 msecs (HTTP/1.1 200) 8 headers in 295 bytes (2 switches on core 0)
Mar 10 19:59:56.831005 n-d-833166-1 devstack@placement-api.service[116629]: DEBUG placement.requestlog [req-b22db6f7-5dbf-4ea2-8afd-8c152af93c73 req-1b9f85c3-c8a3-41e2-a4d3-2d803aeac46a None None] Starting request: 10.222.0.11 "PUT /placement/allocations/76af15f9-6786-403f-b21c-5d8f1ef9686d" {{(pid=116629) __call__ /opt/stack/placement/placement/requestlog.py:55}}
Mar 10 19:59:56.840150 n-d-833166-1 devstack@placement-api.service[116630]: DEBUG placement.handlers.allocation [req-d487ba0c-a7b9-420f-9bc9-c2d28ab70b16 req-dc2fe399-b9f8-442b-a1d2-33bfc4c265a9 service placement] Successfully deleted allocations [, , ] {{(pid=116630) delete_allocations /opt/stack/placement/placement/handlers/allocation.py:627}}
Mar 10 19:59:56.840150 n-d-833166-1 devstack@placement-api.service[116630]: INFO placement.requestlog [req-d487ba0c-a7b9-420f-9bc9-c2d28ab70b16 req-dc2fe399-b9f8-442b-a1d2-33bfc4c265a9 service placement] 10.222.0.20 "DELETE /placement/allocations/d4ff949b-9fb5-44ff-8460-eb733731f029" status: 204 len: 0 microversion: 1.0
Mar 10 19:59:56.840150 n-d-833166-1 devstack@placement-api.service[116630]: [pid: 116630|app: 0|req: 172/338] 10.222.0.20 () {60 vars in 1355 bytes} [Thu Mar 10 19:59:56 2022] DELETE /placement/allocations/d4ff949b-9fb5-44ff-8460-eb733731f029 => generated 0 bytes in 190 msecs (HTTP/1.1 204) 5 headers in 198 bytes (2 switches on core 0)
Mar 10 19:59:56.974734 n-d-833166-1 devstack@placement-api.service[116629]: DEBUG placement.handlers.allocation [req-b22db6f7-5dbf-4ea2-8afd-8c152af93c73 req-1b9f85c3-c8a3-41e2-a4d3-2d803aeac46a service placement] Successfully wrote allocations [, , ] {{(pid=116629) _update_consumers_and_create_allocations /opt/stack/placement/placement/handlers/allocation.py:462}}
Mar 10 19:59:57.038536 n-d-833166-1 devstack@placement-api.service[116629]: INFO placement.requestlog [req-b22db6f7-5dbf-4ea2-8afd-8c152af93c73 req-1b9f85c3-c8a3-41e2-a4d3-2d803aeac46a service placement] 10.222.0.11 "PUT /placement/allocations/76af15f9-6786-403f-b21c-5d8f1ef9686d" status: 204 len: 0 microversion: 1.36
Mar 10 19:59:57.039646 n-d-833166-1 devstack@placement-api.service[116629]: [pid: 116629|app: 0|req: 167/339] 10.222.0.11 () {64 vars in 1433 bytes} [Thu Mar 10 19:59:56 2022] PUT /placement/allocations/76af15f9-6786-403f-b21c-5d8f1ef9686d => generated 0 bytes in 209 msecs (HTTP/1.1 204) 5 headers in 199 bytes (1 switches on core 0)
Mar 10 19:59:57.611065 n-d-833166-1 devstack@placement-api.service[116630]: DEBUG placement.requestlog [req-6a74de64-1e69-4734-a95c-e0245f4f3065 req-45e37844-75f4-4185-9be8-466758e9081d None None] Starting request: 10.222.0.11 "GET /placement/allocation_candidates?limit=1000&resources=DISK_GB%3A1%2CMEMORY_MB%3A1024%2CVCPU%3A1&root_required=%21COMPUTE_STATUS_DISABLED" {{(pid=116630) __call__ /opt/stack/placement/placement/requestlog.py:55}}
Mar 10 19:59:57.707854 n-d-833166-1 devstack@placement-api.service[116630]: DEBUG placement.objects.research_context [req-6a74de64-1e69-4734-a95c-e0245f4f3065 req-45e37844-75f4-4185-9be8-466758e9081d service placement] getting providers with 1 DISK_GB {{(pid=116630) __init__ /opt/stack/placement/placement/objects/research_context.py:136}}
Mar 10 19:59:57.716210 n-d-833166-1 devstack@placement-api.service[116630]: DEBUG placement.objects.research_context [req-6a74de64-1e69-4734-a95c-e0245f4f3065 req-45e37844-75f4-4185-9be8-466758e9081d service placement] getting providers with 1024 MEMORY_MB {{(pid=116630) __init__ /opt/stack/placement/placement/objects/research_context.py:136}}
Mar 10 19:59:57.724678 n-d-833166-1 devstack@placement-api.service[116630]: DEBUG placement.objects.research_context [req-6a74de64-1e69-4734-a95c-e0245f4f3065 req-45e37844-75f4-4185-9be8-466758e9081d service placement] getting providers with 1 VCPU {{(pid=116630) __init__ /opt/stack/placement/placement/objects/research_context.py:136}}
Mar 10 19:59:57.733295 n-d-833166-1 devstack@placement-api.service[116630]: DEBUG placement.objects.research_context [req-6a74de64-1e69-4734-a95c-e0245f4f3065 req-45e37844-75f4-4185-9be8-466758e9081d service placement] found 2 providers with available 1 DISK_GB {{(pid=116630) get_provider_ids_matching /opt/stack/placement/placement/objects/research_context.py:559}}
Mar 10 19:59:57.735439 n-d-833166-1 devstack@placement-api.service[116630]: DEBUG placement.objects.research_context [req-6a74de64-1e69-4734-a95c-e0245f4f3065 req-45e37844-75f4-4185-9be8-466758e9081d service placement] found 2 providers with available 1024 MEMORY_MB {{(pid=116630) get_provider_ids_matching /opt/stack/placement/placement/objects/research_context.py:559}}
Mar 10 19:59:57.735439 n-d-833166-1 devstack@placement-api.service[116630]: DEBUG placement.objects.research_context [req-6a74de64-1e69-4734-a95c-e0245f4f3065 req-45e37844-75f4-4185-9be8-466758e9081d service placement] found 2 providers after filtering by previous result {{(pid=116630) get_provider_ids_matching /opt/stack/placement/placement/objects/research_context.py:590}}
Mar 10 19:59:57.735439 n-d-833166-1 devstack@placement-api.service[116630]: DEBUG placement.objects.research_context [req-6a74de64-1e69-4734-a95c-e0245f4f3065 req-45e37844-75f4-4185-9be8-466758e9081d service placement] found 2 providers with available 1 VCPU {{(pid=116630) get_provider_ids_matching /opt/stack/placement/placement/objects/research_context.py:559}}
Mar 10 19:59:57.735439 n-d-833166-1 devstack@placement-api.service[116630]: DEBUG placement.objects.research_context [req-6a74de64-1e69-4734-a95c-e0245f4f3065 req-45e37844-75f4-4185-9be8-466758e9081d service placement] found 2 providers after filtering by previous result {{(pid=116630) get_provider_ids_matching /opt/stack/placement/placement/objects/research_context.py:590}}
Mar 10 19:59:57.752576 n-d-833166-1 devstack@placement-api.service[116630]: DEBUG placement.objects.allocation_candidate [req-6a74de64-1e69-4734-a95c-e0245f4f3065 req-45e37844-75f4-4185-9be8-466758e9081d service placement] RequestGroup(use_same_provider=False, resources={DISK_GB:1, MEMORY_MB:1024, VCPU:1}, traits=(), aggregates=[]) (suffix '') returned 2 matches {{(pid=116630) _get_by_requests /opt/stack/placement/placement/objects/allocation_candidate.py:156}}
Mar 10 19:59:57.753281 n-d-833166-1 devstack@placement-api.service[116630]: DEBUG placement.objects.allocation_candidate [req-6a74de64-1e69-4734-a95c-e0245f4f3065 req-45e37844-75f4-4185-9be8-466758e9081d service placement] Merging candidates yields 2 allocation requests and 2 provider summaries {{(pid=116630) _merge_candidates /opt/stack/placement/placement/objects/allocation_candidate.py:809}}
Mar 10 19:59:57.755174 n-d-833166-1 devstack@placement-api.service[116630]: INFO placement.requestlog [req-6a74de64-1e69-4734-a95c-e0245f4f3065 req-45e37844-75f4-4185-9be8-466758e9081d service placement] 10.222.0.11 "GET /placement/allocation_candidates?limit=1000&resources=DISK_GB%3A1%2CMEMORY_MB%3A1024%2CVCPU%3A1&root_required=%21COMPUTE_STATUS_DISABLED" status: 200 len: 1309 microversion: 1.36
Mar 10 19:59:57.779725 n-d-833166-1 devstack@placement-api.service[116630]: [pid: 116630|app: 0|req: 173/340] 10.222.0.11 () {60 vars in 1506 bytes} [Thu Mar 10 19:59:57 2022] GET /placement/allocation_candidates?limit=1000&resources=DISK_GB%3A1%2CMEMORY_MB%3A1024%2CVCPU%3A1&root_required=%21COMPUTE_STATUS_DISABLED => generated 1309 bytes in 169 msecs (HTTP/1.1 200) 8 headers in 297 bytes (1 switches on core 0)
Mar 10 19:59:57.856413 n-d-833166-1 devstack@placement-api.service[116629]: DEBUG placement.requestlog [req-6a74de64-1e69-4734-a95c-e0245f4f3065 req-fad3bac8-1235-4a2e-926f-ddb114d914c1 None None] Starting request: 10.222.0.11 "GET /placement/allocations/d89e4ee0-c0b7-4a5b-ab49-54fb14c7d78f" {{(pid=116629) __call__ /opt/stack/placement/placement/requestlog.py:55}}
Mar 10 19:59:57.868484 n-d-833166-1 devstack@placement-api.service[116629]: INFO placement.requestlog [req-6a74de64-1e69-4734-a95c-e0245f4f3065 req-fad3bac8-1235-4a2e-926f-ddb114d914c1 service placement] 10.222.0.11 "GET /placement/allocations/d89e4ee0-c0b7-4a5b-ab49-54fb14c7d78f" status: 200 len: 19 microversion: 1.28
Mar 10 19:59:57.868842 n-d-833166-1 devstack@placement-api.service[116629]: [pid: 116629|app: 0|req: 168/341] 10.222.0.11 () {60 vars in 1380 bytes} [Thu Mar 10 19:59:57 2022] GET /placement/allocations/d89e4ee0-c0b7-4a5b-ab49-54fb14c7d78f => generated 19 bytes in 13 msecs (HTTP/1.1 200) 8 headers in 295 bytes (1 switches on core 0)
Mar 10 19:59:57.876580 n-d-833166-1 devstack@placement-api.service[116630]: DEBUG placement.requestlog [req-6a74de64-1e69-4734-a95c-e0245f4f3065 req-595b1d62-9c11-43eb-830d-6b0fd09e0639 None None] Starting request: 10.222.0.11 "PUT /placement/allocations/d89e4ee0-c0b7-4a5b-ab49-54fb14c7d78f" {{(pid=116630) __call__ /opt/stack/placement/placement/requestlog.py:55}}
Mar 10 19:59:58.037599 n-d-833166-1 devstack@placement-api.service[116629]: DEBUG placement.requestlog [req-b22db6f7-5dbf-4ea2-8afd-8c152af93c73 req-0c86c683-a306-43ff-abf7-159fe4810acd None None] Starting request: 10.222.0.36 "GET /placement/allocations/76af15f9-6786-403f-b21c-5d8f1ef9686d" {{(pid=116629) __call__ /opt/stack/placement/placement/requestlog.py:55}}
Mar 10 19:59:58.059417 n-d-833166-1 devstack@placement-api.service[116629]: INFO placement.requestlog [req-b22db6f7-5dbf-4ea2-8afd-8c152af93c73 req-0c86c683-a306-43ff-abf7-159fe4810acd service placement] 10.222.0.36 "GET /placement/allocations/76af15f9-6786-403f-b21c-5d8f1ef9686d" status: 200 len: 259 microversion: 1.28
Mar 10 19:59:58.060251 n-d-833166-1 devstack@placement-api.service[116629]: [pid: 116629|app: 0|req: 169/342] 10.222.0.36 () {60 vars in 1377 bytes} [Thu Mar 10 19:59:58 2022] GET /placement/allocations/76af15f9-6786-403f-b21c-5d8f1ef9686d => generated 259 bytes in 23 msecs (HTTP/1.1 200) 8 headers in 296 bytes (2 switches on core 0)
Mar 10 19:59:58.169487 n-d-833166-1 devstack@placement-api.service[116630]: DEBUG placement.handlers.allocation [req-6a74de64-1e69-4734-a95c-e0245f4f3065 req-595b1d62-9c11-43eb-830d-6b0fd09e0639 service placement] Successfully wrote allocations [, , ] {{(pid=116630) _update_consumers_and_create_allocations /opt/stack/placement/placement/handlers/allocation.py:462}}
Mar 10 19:59:58.255345 n-d-833166-1 devstack@placement-api.service[116630]: INFO placement.requestlog [req-6a74de64-1e69-4734-a95c-e0245f4f3065 req-595b1d62-9c11-43eb-830d-6b0fd09e0639 service placement] 10.222.0.11 "PUT /placement/allocations/d89e4ee0-c0b7-4a5b-ab49-54fb14c7d78f" status: 204 len: 0 microversion: 1.36
Mar 10 19:59:58.255840 n-d-833166-1 devstack@placement-api.service[116630]: [pid: 116630|app: 0|req: 174/343] 10.222.0.11 () {64 vars in 1433 bytes} [Thu Mar 10 19:59:57 2022] PUT /placement/allocations/d89e4ee0-c0b7-4a5b-ab49-54fb14c7d78f => generated 0 bytes in 380 msecs (HTTP/1.1 204) 5 headers in 199 bytes (1 switches on core 0)
Mar 10 19:59:59.346024 n-d-833166-1 devstack@placement-api.service[116629]: DEBUG placement.requestlog [req-6a74de64-1e69-4734-a95c-e0245f4f3065 req-77f9743e-b3b4-4577-918e-1724ad394a24 None None] Starting request: 10.222.0.36 "GET /placement/allocations/d89e4ee0-c0b7-4a5b-ab49-54fb14c7d78f" {{(pid=116629) __call__ /opt/stack/placement/placement/requestlog.py:55}}
Mar 10 19:59:59.388236 n-d-833166-1 devstack@placement-api.service[116629]: INFO placement.requestlog [req-6a74de64-1e69-4734-a95c-e0245f4f3065 req-77f9743e-b3b4-4577-918e-1724ad394a24 service placement] 10.222.0.36 "GET /placement/allocations/d89e4ee0-c0b7-4a5b-ab49-54fb14c7d78f" status: 200 len: 259 microversion: 1.28
Mar 10 19:59:59.389786 n-d-833166-1 devstack@placement-api.service[116629]: [pid: 116629|app: 0|req: 170/344] 10.222.0.36 () {60 vars in 1377 bytes} [Thu Mar 10 19:59:59 2022] GET /placement/allocations/d89e4ee0-c0b7-4a5b-ab49-54fb14c7d78f => generated 259 bytes in 44 msecs (HTTP/1.1 200) 8 headers in 296 bytes (1 switches on core 0)
Mar 10 20:00:08.595200 n-d-833166-1 devstack@placement-api.service[116630]: DEBUG placement.requestlog [req-808ced68-9c13-48c8-aedb-4e59e4ea73de req-662a7b00-8601-48b9-b570-7163fddc7bab None None] Starting request: 10.222.0.36 "GET /placement/allocations/3e8e462b-09c8-418a-8d90-48ca143fe327" {{(pid=116630) __call__ /opt/stack/placement/placement/requestlog.py:55}}
Mar 10 20:00:08.622525 n-d-833166-1 devstack@placement-api.service[116630]: INFO placement.requestlog [req-808ced68-9c13-48c8-aedb-4e59e4ea73de req-662a7b00-8601-48b9-b570-7163fddc7bab service placement] 10.222.0.36 "GET /placement/allocations/3e8e462b-09c8-418a-8d90-48ca143fe327" status: 200 len: 259 microversion: 1.28
Mar 10 20:00:08.627207 n-d-833166-1 devstack@placement-api.service[116630]: [pid: 116630|app: 0|req: 175/345] 10.222.0.36 () {60 vars in 1377 bytes} [Thu Mar 10 20:00:08 2022] GET /placement/allocations/3e8e462b-09c8-418a-8d90-48ca143fe327 => generated 259 bytes in 32 msecs (HTTP/1.1 200) 8 headers in 296 bytes (1 switches on core 0)
Mar 10 20:00:15.025147 n-d-833166-1 devstack@placement-api.service[116629]: DEBUG placement.requestlog [req-e4f3da8a-717a-4bb2-8f90-d421a2dc2ec6 req-e57bbddf-ea21-4fb8-abfb-cb20151c5933 None None] Starting request: 10.222.0.11 "GET /placement/allocation_candidates?limit=1000&resources=DISK_GB%3A1%2CMEMORY_MB%3A1024%2CVCPU%3A1&root_required=%21COMPUTE_STATUS_DISABLED" {{(pid=116629) __call__ /opt/stack/placement/placement/requestlog.py:55}}
Mar 10 20:00:15.103993 n-d-833166-1 devstack@placement-api.service[116629]: DEBUG placement.objects.research_context [req-e4f3da8a-717a-4bb2-8f90-d421a2dc2ec6 req-e57bbddf-ea21-4fb8-abfb-cb20151c5933 service placement] getting providers with 1 DISK_GB {{(pid=116629) __init__ /opt/stack/placement/placement/objects/research_context.py:136}}
Mar 10 20:00:15.112569 n-d-833166-1 devstack@placement-api.service[116629]: DEBUG placement.objects.research_context [req-e4f3da8a-717a-4bb2-8f90-d421a2dc2ec6 req-e57bbddf-ea21-4fb8-abfb-cb20151c5933 service placement] getting providers with 1024 MEMORY_MB {{(pid=116629) __init__ /opt/stack/placement/placement/objects/research_context.py:136}}
Mar 10 20:00:15.124979 n-d-833166-1 devstack@placement-api.service[116629]: DEBUG placement.objects.research_context [req-e4f3da8a-717a-4bb2-8f90-d421a2dc2ec6 req-e57bbddf-ea21-4fb8-abfb-cb20151c5933 service placement] getting providers with 1 VCPU {{(pid=116629) __init__ /opt/stack/placement/placement/objects/research_context.py:136}}
Mar 10 20:00:15.136979 n-d-833166-1 devstack@placement-api.service[116629]: DEBUG placement.objects.research_context [req-e4f3da8a-717a-4bb2-8f90-d421a2dc2ec6 req-e57bbddf-ea21-4fb8-abfb-cb20151c5933 service placement] found 2 providers with available 1 DISK_GB {{(pid=116629) get_provider_ids_matching /opt/stack/placement/placement/objects/research_context.py:559}}
Mar 10 20:00:15.141276 n-d-833166-1 devstack@placement-api.service[116629]: DEBUG placement.objects.research_context [req-e4f3da8a-717a-4bb2-8f90-d421a2dc2ec6 req-e57bbddf-ea21-4fb8-abfb-cb20151c5933 service placement] found 2 providers with available 1024 MEMORY_MB {{(pid=116629) get_provider_ids_matching /opt/stack/placement/placement/objects/research_context.py:559}}
Mar 10 20:00:15.145513 n-d-833166-1 devstack@placement-api.service[116629]: DEBUG placement.objects.research_context [req-e4f3da8a-717a-4bb2-8f90-d421a2dc2ec6 req-e57bbddf-ea21-4fb8-abfb-cb20151c5933 service placement] found 2 providers after filtering by previous result {{(pid=116629) get_provider_ids_matching /opt/stack/placement/placement/objects/research_context.py:590}}
Mar 10 20:00:15.146028 n-d-833166-1 devstack@placement-api.service[116629]: DEBUG placement.objects.research_context [req-e4f3da8a-717a-4bb2-8f90-d421a2dc2ec6 req-e57bbddf-ea21-4fb8-abfb-cb20151c5933 service placement] found 2 providers with available 1 VCPU {{(pid=116629) get_provider_ids_matching /opt/stack/placement/placement/objects/research_context.py:559}}
Mar 10 20:00:15.146314 n-d-833166-1 devstack@placement-api.service[116629]: DEBUG placement.objects.research_context [req-e4f3da8a-717a-4bb2-8f90-d421a2dc2ec6 req-e57bbddf-ea21-4fb8-abfb-cb20151c5933 service placement] found 2 providers after filtering by previous result {{(pid=116629) get_provider_ids_matching /opt/stack/placement/placement/objects/research_context.py:590}}
Mar 10 20:00:15.179146 n-d-833166-1 devstack@placement-api.service[116629]: DEBUG placement.objects.allocation_candidate [req-e4f3da8a-717a-4bb2-8f90-d421a2dc2ec6 req-e57bbddf-ea21-4fb8-abfb-cb20151c5933 service placement] RequestGroup(use_same_provider=False, resources={DISK_GB:1, MEMORY_MB:1024, VCPU:1}, traits=(), aggregates=[]) (suffix '') returned 2 matches {{(pid=116629) _get_by_requests /opt/stack/placement/placement/objects/allocation_candidate.py:156}}
Mar 10 20:00:15.179146 n-d-833166-1 devstack@placement-api.service[116629]: DEBUG placement.objects.allocation_candidate [req-e4f3da8a-717a-4bb2-8f90-d421a2dc2ec6 req-e57bbddf-ea21-4fb8-abfb-cb20151c5933 service placement] Merging candidates yields 2 allocation requests and 2 provider summaries {{(pid=116629) _merge_candidates /opt/stack/placement/placement/objects/allocation_candidate.py:809}}
Mar 10 20:00:15.184745 n-d-833166-1 devstack@placement-api.service[116629]: INFO placement.requestlog [req-e4f3da8a-717a-4bb2-8f90-d421a2dc2ec6 req-e57bbddf-ea21-4fb8-abfb-cb20151c5933 service placement] 10.222.0.11 "GET /placement/allocation_candidates?limit=1000&resources=DISK_GB%3A1%2CMEMORY_MB%3A1024%2CVCPU%3A1&root_required=%21COMPUTE_STATUS_DISABLED" status: 200 len: 1309 microversion: 1.36
Mar 10 20:00:15.189985 n-d-833166-1 devstack@placement-api.service[116629]: [pid: 116629|app: 0|req: 171/346] 10.222.0.11 () {60 vars in 1506 bytes} [Thu Mar 10 20:00:15 2022] GET /placement/allocation_candidates?limit=1000&resources=DISK_GB%3A1%2CMEMORY_MB%3A1024%2CVCPU%3A1&root_required=%21COMPUTE_STATUS_DISABLED => generated 1309 bytes in 165 msecs (HTTP/1.1 200) 8 headers in 297 bytes (1 switches on core 0)
Mar 10 20:00:15.359271 n-d-833166-1 devstack@placement-api.service[116630]: DEBUG placement.requestlog [req-e4f3da8a-717a-4bb2-8f90-d421a2dc2ec6 req-094cabdf-0994-4386-9c12-1470ba562d7e None None] Starting request: 10.222.0.11 "GET /placement/allocations/430600b1-a5ee-42f4-b421-0757f9b445e2" {{(pid=116630) __call__ /opt/stack/placement/placement/requestlog.py:55}}
Mar 10 20:00:15.380612 n-d-833166-1 devstack@placement-api.service[116630]: INFO placement.requestlog [req-e4f3da8a-717a-4bb2-8f90-d421a2dc2ec6 req-094cabdf-0994-4386-9c12-1470ba562d7e service placement] 10.222.0.11 "GET /placement/allocations/430600b1-a5ee-42f4-b421-0757f9b445e2" status: 200 len: 19 microversion: 1.28
Mar 10 20:00:15.381451 n-d-833166-1 devstack@placement-api.service[116630]: [pid: 116630|app: 0|req: 176/347] 10.222.0.11 () {60 vars in 1380 bytes} [Thu Mar 10 20:00:15 2022] GET /placement/allocations/430600b1-a5ee-42f4-b421-0757f9b445e2 => generated 19 bytes in 23 msecs (HTTP/1.1 200) 8 headers in 295 bytes (1 switches on core 0)
Mar 10 20:00:15.388202 n-d-833166-1 devstack@placement-api.service[116629]: DEBUG placement.requestlog [req-e4f3da8a-717a-4bb2-8f90-d421a2dc2ec6 req-895c9c4a-e89b-4f47-8dd5-e2c4e4acd6fd None None] Starting request: 10.222.0.11 "PUT /placement/allocations/430600b1-a5ee-42f4-b421-0757f9b445e2" {{(pid=116629) __call__ /opt/stack/placement/placement/requestlog.py:55}}
Mar 10 20:00:15.765578 n-d-833166-1 devstack@placement-api.service[116629]: DEBUG placement.handlers.allocation [req-e4f3da8a-717a-4bb2-8f90-d421a2dc2ec6 req-895c9c4a-e89b-4f47-8dd5-e2c4e4acd6fd service placement] Successfully wrote allocations [, , ] {{(pid=116629) _update_consumers_and_create_allocations /opt/stack/placement/placement/handlers/allocation.py:462}}
Mar 10 20:00:15.843490 n-d-833166-1 devstack@placement-api.service[116629]: INFO placement.requestlog [req-e4f3da8a-717a-4bb2-8f90-d421a2dc2ec6 req-895c9c4a-e89b-4f47-8dd5-e2c4e4acd6fd service placement] 10.222.0.11 "PUT /placement/allocations/430600b1-a5ee-42f4-b421-0757f9b445e2" status: 204 len: 0 microversion: 1.36
Mar 10 20:00:15.844210 n-d-833166-1 devstack@placement-api.service[116629]: [pid: 116629|app: 0|req: 172/348] 10.222.0.11 () {64 vars in 1433 bytes} [Thu Mar 10 20:00:15 2022] PUT /placement/allocations/430600b1-a5ee-42f4-b421-0757f9b445e2 => generated 0 bytes in 456 msecs (HTTP/1.1 204) 5 headers in 199 bytes (1 switches on core 0)
Mar 10 20:00:17.233773 n-d-833166-1 devstack@placement-api.service[116630]: DEBUG placement.requestlog [req-e4f3da8a-717a-4bb2-8f90-d421a2dc2ec6 req-397b7ff5-7535-4edb-b616-ac610e6054c6 None None] Starting request: 10.222.0.20 "GET /placement/allocations/430600b1-a5ee-42f4-b421-0757f9b445e2" {{(pid=116630) __call__ /opt/stack/placement/placement/requestlog.py:55}}
Mar 10 20:00:17.259915 n-d-833166-1 devstack@placement-api.service[116630]: INFO placement.requestlog [req-e4f3da8a-717a-4bb2-8f90-d421a2dc2ec6 req-397b7ff5-7535-4edb-b616-ac610e6054c6 service placement] 10.222.0.20 "GET /placement/allocations/430600b1-a5ee-42f4-b421-0757f9b445e2" status: 200 len: 259 microversion: 1.28
Mar 10 20:00:17.262349 n-d-833166-1 devstack@placement-api.service[116630]: [pid: 116630|app: 0|req: 177/349] 10.222.0.20 () {60 vars in 1377 bytes} [Thu Mar 10 20:00:17 2022] GET /placement/allocations/430600b1-a5ee-42f4-b421-0757f9b445e2 => generated 259 bytes in 29 msecs (HTTP/1.1 200) 8 headers in 296 bytes (1 switches on core 0)
Mar 10 20:00:18.223060 n-d-833166-1 devstack@placement-api.service[116629]: DEBUG placement.requestlog [None req-26a50aa7-de9d-4c4a-93cb-74bb9ac06081 None None] Starting request: 10.222.0.11 "GET /placement/" {{(pid=116629) __call__ /opt/stack/placement/placement/requestlog.py:55}}
Mar 10 20:00:18.227589 n-d-833166-1 devstack@placement-api.service[116629]: INFO placement.requestlog [None req-26a50aa7-de9d-4c4a-93cb-74bb9ac06081 None None] 10.222.0.11 "GET /placement/" status: 200 len: 136 microversion: 1.0
Mar 10 20:00:18.227589 n-d-833166-1 devstack@placement-api.service[116629]: [pid: 116629|app: 0|req: 173/350] 10.222.0.11 () {54 vars in 907 bytes} [Thu Mar 10 20:00:18 2022] GET /placement => generated 136 bytes in 3 msecs (HTTP/1.1 200) 6 headers in 224 bytes (1 switches on core 0)
Mar 10 20:00:18.264867 n-d-833166-1 devstack@placement-api.service[116630]: DEBUG placement.requestlog [req-e70ee9ab-95f1-4956-8045-3b478bf094b4 req-f54b8cbf-1722-4b1c-a9a9-00daa9a017b6 None None] Starting request: 10.222.0.11 "GET /placement/resource_providers/370fdfd7-86c5-44f5-8ac0-1eb768cbd85c/traits" {{(pid=116630) __call__ /opt/stack/placement/placement/requestlog.py:55}}
Mar 10 20:00:18.532545 n-d-833166-1 devstack@placement-api.service[116630]: INFO placement.requestlog [req-e70ee9ab-95f1-4956-8045-3b478bf094b4 req-f54b8cbf-1722-4b1c-a9a9-00daa9a017b6 service placement] 10.222.0.11 "GET /placement/resource_providers/370fdfd7-86c5-44f5-8ac0-1eb768cbd85c/traits" status: 200 len: 212 microversion: 1.6
Mar 10 20:00:18.533142 n-d-833166-1 devstack@placement-api.service[116630]: [pid: 116630|app: 0|req: 178/351] 10.222.0.11 () {60 vars in 1412 bytes} [Thu Mar 10 20:00:18 2022] GET /placement/resource_providers/370fdfd7-86c5-44f5-8ac0-1eb768cbd85c/traits => generated 212 bytes in 268 msecs (HTTP/1.1 200) 6 headers in 224 bytes (1 switches on core 0)
Mar 10 20:00:19.753001 n-d-833166-1 devstack@placement-api.service[116629]: DEBUG placement.requestlog [None req-9960d503-8f07-4ba7-a2a7-dcf55c138209 None None] Starting request: 10.222.0.11 "GET /placement/" {{(pid=116629) __call__ /opt/stack/placement/placement/requestlog.py:55}}
Mar 10 20:00:19.753870 n-d-833166-1 devstack@placement-api.service[116629]: INFO placement.requestlog [None req-9960d503-8f07-4ba7-a2a7-dcf55c138209 None None] 10.222.0.11 "GET /placement/" status: 200 len: 136 microversion: 1.0
Mar 10 20:00:19.754190 n-d-833166-1 devstack@placement-api.service[116629]: [pid: 116629|app: 0|req: 174/352] 10.222.0.11 () {54 vars in 916 bytes} [Thu Mar 10 20:00:19 2022] GET /placement => generated 136 bytes in 2 msecs (HTTP/1.1 200) 6 headers in 224 bytes (1 switches on core 0)
Mar 10 20:00:19.762707 n-d-833166-1 devstack@placement-api.service[116630]: DEBUG placement.requestlog [req-e70ee9ab-95f1-4956-8045-3b478bf094b4 req-ca6ea8aa-63dc-4bf6-a4b6-e9b9b5788e9f None None] Starting request: 10.222.0.11 "GET /placement/allocations/76af15f9-6786-403f-b21c-5d8f1ef9686d" {{(pid=116630) __call__ /opt/stack/placement/placement/requestlog.py:55}}
Mar 10 20:00:19.914554 n-d-833166-1 devstack@placement-api.service[116630]: INFO placement.requestlog [req-e70ee9ab-95f1-4956-8045-3b478bf094b4 req-ca6ea8aa-63dc-4bf6-a4b6-e9b9b5788e9f service placement] 10.222.0.11 "GET /placement/allocations/76af15f9-6786-403f-b21c-5d8f1ef9686d" status: 200 len: 259 microversion: 1.28
Mar 10 20:00:19.923292 n-d-833166-1 devstack@placement-api.service[116630]: [pid: 116630|app: 0|req: 179/353] 10.222.0.11 () {60 vars in 1380 bytes} [Thu Mar 10 20:00:19 2022] GET /placement/allocations/76af15f9-6786-403f-b21c-5d8f1ef9686d => generated 259 bytes in 161 msecs (HTTP/1.1 200) 8 headers in 296 bytes (1 switches on core 0)
Mar 10 20:00:19.924036 n-d-833166-1 devstack@placement-api.service[116629]: DEBUG placement.requestlog [req-e70ee9ab-95f1-4956-8045-3b478bf094b4 req-d3b27f3e-c63c-40ea-8f1f-397eb9b4efcc None None] Starting request: 10.222.0.11 "GET /placement/allocations/76af15f9-6786-403f-b21c-5d8f1ef9686d" {{(pid=116629) __call__ /opt/stack/placement/placement/requestlog.py:55}}
Mar 10 20:00:19.953013 n-d-833166-1 devstack@placement-api.service[116629]: INFO placement.requestlog [req-e70ee9ab-95f1-4956-8045-3b478bf094b4 req-d3b27f3e-c63c-40ea-8f1f-397eb9b4efcc service placement] 10.222.0.11 "GET /placement/allocations/76af15f9-6786-403f-b21c-5d8f1ef9686d" status: 200 len: 259 microversion: 1.28
Mar 10 20:00:19.959037 n-d-833166-1 devstack@placement-api.service[116630]: DEBUG placement.requestlog [req-e70ee9ab-95f1-4956-8045-3b478bf094b4 req-31763418-8353-471e-a792-bf2faadb9c89 None None] Starting request: 10.222.0.11 "GET /placement/allocations/fb29b583-bcfe-4663-8f9d-40ee1b03b210" {{(pid=116630) __call__ /opt/stack/placement/placement/requestlog.py:55}}
Mar 10 20:00:19.973753 n-d-833166-1 devstack@placement-api.service[116629]: [pid: 116629|app: 0|req: 175/354] 10.222.0.11 () {60 vars in 1380 bytes} [Thu Mar 10 20:00:19 2022] GET /placement/allocations/76af15f9-6786-403f-b21c-5d8f1ef9686d => generated 259 bytes in 50 msecs (HTTP/1.1 200) 8 headers in 296 bytes (1 switches on core 0)
Mar 10 20:00:19.975026 n-d-833166-1 devstack@placement-api.service[116630]: INFO placement.requestlog [req-e70ee9ab-95f1-4956-8045-3b478bf094b4 req-31763418-8353-471e-a792-bf2faadb9c89 service placement] 10.222.0.11 "GET /placement/allocations/fb29b583-bcfe-4663-8f9d-40ee1b03b210" status: 200 len: 19 microversion: 1.28
Mar 10 20:00:19.982926 n-d-833166-1 devstack@placement-api.service[116629]: DEBUG placement.requestlog [req-e70ee9ab-95f1-4956-8045-3b478bf094b4 req-3f8726bb-6083-49d7-978e-03a194ee57f4 None None] Starting request: 10.222.0.11 "POST /placement/allocations" {{(pid=116629) __call__ /opt/stack/placement/placement/requestlog.py:55}}
Mar 10 20:00:19.988470 n-d-833166-1 devstack@placement-api.service[116630]: [pid: 116630|app: 0|req: 180/355] 10.222.0.11 () {60 vars in 1380 bytes} [Thu Mar 10 20:00:19 2022] GET /placement/allocations/fb29b583-bcfe-4663-8f9d-40ee1b03b210 => generated 19 bytes in 25 msecs (HTTP/1.1 200) 8 headers in 295 bytes (2 switches on core 0)
Mar 10 20:00:20.153284 n-d-833166-1 devstack@placement-api.service[116629]: DEBUG placement.handlers.allocation [req-e70ee9ab-95f1-4956-8045-3b478bf094b4 req-3f8726bb-6083-49d7-978e-03a194ee57f4 service placement] Successfully wrote allocations [, , , , , ] {{(pid=116629) _update_consumers_and_create_allocations /opt/stack/placement/placement/handlers/allocation.py:572}}
Mar 10 20:00:20.230884 n-d-833166-1 devstack@placement-api.service[116629]: INFO placement.requestlog [req-e70ee9ab-95f1-4956-8045-3b478bf094b4 req-3f8726bb-6083-49d7-978e-03a194ee57f4 service placement] 10.222.0.11 "POST /placement/allocations" status: 204 len: 0 microversion: 1.28
Mar 10 20:00:20.231467 n-d-833166-1 devstack@placement-api.service[116629]: [pid: 116629|app: 0|req: 176/356] 10.222.0.11 () {64 vars in 1323 bytes} [Thu Mar 10 20:00:19 2022] POST /placement/allocations => generated 0 bytes in 250 msecs (HTTP/1.1 204) 5 headers in 199 bytes (1 switches on core 0)
Mar 10 20:00:20.257682 n-d-833166-1 devstack@placement-api.service[116630]: DEBUG placement.requestlog [req-3cbc048a-3cd2-4412-861d-353350723840 req-020e5582-ce6e-4cf1-bd9c-56b61e60fd40 None None] Starting request: 10.222.0.36 "GET /placement/resource_providers/370fdfd7-86c5-44f5-8ac0-1eb768cbd85c/allocations" {{(pid=116630) __call__ /opt/stack/placement/placement/requestlog.py:55}}
Mar 10 20:00:20.319763 n-d-833166-1 devstack@placement-api.service[116630]: INFO placement.requestlog [req-3cbc048a-3cd2-4412-861d-353350723840 req-020e5582-ce6e-4cf1-bd9c-56b61e60fd40 service placement] 10.222.0.36 "GET /placement/resource_providers/370fdfd7-86c5-44f5-8ac0-1eb768cbd85c/allocations" status: 200 len: 847 microversion: 1.0
Mar 10 20:00:20.321050 n-d-833166-1 devstack@placement-api.service[116630]: [pid: 116630|app: 0|req: 181/357] 10.222.0.36 () {58 vars in 1390 bytes} [Thu Mar 10 20:00:20 2022] GET /placement/resource_providers/370fdfd7-86c5-44f5-8ac0-1eb768cbd85c/allocations => generated 847 bytes in 65 msecs (HTTP/1.1 200) 6 headers in 224 bytes (1 switches on core 0)
Mar 10 20:00:20.405498 n-d-833166-1 devstack@placement-api.service[116629]: DEBUG placement.requestlog [req-e70ee9ab-95f1-4956-8045-3b478bf094b4 req-7f77d898-e838-4845-baa7-d4c6f70d36d6 None None] Starting request: 10.222.0.11 "GET /placement/allocation_candidates?limit=1000&resources=DISK_GB%3A1%2CMEMORY_MB%3A1024%2CVCPU%3A1&root_required=%21COMPUTE_STATUS_DISABLED" {{(pid=116629) __call__ /opt/stack/placement/placement/requestlog.py:55}}
Mar 10 20:00:20.446117 n-d-833166-1 devstack@placement-api.service[116629]: DEBUG placement.objects.research_context [req-e70ee9ab-95f1-4956-8045-3b478bf094b4 req-7f77d898-e838-4845-baa7-d4c6f70d36d6 service placement] getting providers with 1 DISK_GB {{(pid=116629) __init__ /opt/stack/placement/placement/objects/research_context.py:136}}
Mar 10 20:00:20.453941 n-d-833166-1 devstack@placement-api.service[116629]: DEBUG placement.objects.research_context [req-e70ee9ab-95f1-4956-8045-3b478bf094b4 req-7f77d898-e838-4845-baa7-d4c6f70d36d6 service placement] getting providers with 1024 MEMORY_MB {{(pid=116629) __init__ /opt/stack/placement/placement/objects/research_context.py:136}}
Mar 10 20:00:20.460207 n-d-833166-1 devstack@placement-api.service[116629]: DEBUG placement.objects.research_context [req-e70ee9ab-95f1-4956-8045-3b478bf094b4 req-7f77d898-e838-4845-baa7-d4c6f70d36d6 service placement] getting providers with 1 VCPU {{(pid=116629) __init__ /opt/stack/placement/placement/objects/research_context.py:136}}
Mar 10 20:00:20.467459 n-d-833166-1 devstack@placement-api.service[116629]: DEBUG placement.objects.research_context [req-e70ee9ab-95f1-4956-8045-3b478bf094b4 req-7f77d898-e838-4845-baa7-d4c6f70d36d6 service placement] found 2 providers with available 1 DISK_GB {{(pid=116629) get_provider_ids_matching /opt/stack/placement/placement/objects/research_context.py:559}}
Mar 10 20:00:20.471463 n-d-833166-1 devstack@placement-api.service[116629]: DEBUG placement.objects.research_context [req-e70ee9ab-95f1-4956-8045-3b478bf094b4 req-7f77d898-e838-4845-baa7-d4c6f70d36d6 service placement] found 2 providers with available 1024 MEMORY_MB {{(pid=116629) get_provider_ids_matching /opt/stack/placement/placement/objects/research_context.py:559}}
Mar 10 20:00:20.471463 n-d-833166-1 devstack@placement-api.service[116629]: DEBUG placement.objects.research_context [req-e70ee9ab-95f1-4956-8045-3b478bf094b4 req-7f77d898-e838-4845-baa7-d4c6f70d36d6 service placement] found 2 providers after filtering by previous result {{(pid=116629) get_provider_ids_matching /opt/stack/placement/placement/objects/research_context.py:590}}
Mar 10 20:00:20.471463 n-d-833166-1 devstack@placement-api.service[116629]: DEBUG placement.objects.research_context [req-e70ee9ab-95f1-4956-8045-3b478bf094b4 req-7f77d898-e838-4845-baa7-d4c6f70d36d6 service placement] found 2 providers with available 1 VCPU {{(pid=116629) get_provider_ids_matching /opt/stack/placement/placement/objects/research_context.py:559}}
Mar 10 20:00:20.471463 n-d-833166-1 devstack@placement-api.service[116629]: DEBUG placement.objects.research_context [req-e70ee9ab-95f1-4956-8045-3b478bf094b4 req-7f77d898-e838-4845-baa7-d4c6f70d36d6 service placement] found 2 providers after filtering by previous result {{(pid=116629) get_provider_ids_matching /opt/stack/placement/placement/objects/research_context.py:590}}
Mar 10 20:00:20.485415 n-d-833166-1 devstack@placement-api.service[116629]: DEBUG placement.objects.allocation_candidate [req-e70ee9ab-95f1-4956-8045-3b478bf094b4 req-7f77d898-e838-4845-baa7-d4c6f70d36d6 service placement] RequestGroup(use_same_provider=False, resources={DISK_GB:1, MEMORY_MB:1024, VCPU:1}, traits=(), aggregates=[]) (suffix '') returned 2 matches {{(pid=116629) _get_by_requests /opt/stack/placement/placement/objects/allocation_candidate.py:156}}
Mar 10 20:00:20.486068 n-d-833166-1 devstack@placement-api.service[116629]: DEBUG placement.objects.allocation_candidate [req-e70ee9ab-95f1-4956-8045-3b478bf094b4 req-7f77d898-e838-4845-baa7-d4c6f70d36d6 service placement] Merging candidates yields 2 allocation requests and 2 provider summaries {{(pid=116629) _merge_candidates /opt/stack/placement/placement/objects/allocation_candidate.py:809}}
Mar 10 20:00:20.488029 n-d-833166-1 devstack@placement-api.service[116629]: INFO placement.requestlog [req-e70ee9ab-95f1-4956-8045-3b478bf094b4 req-7f77d898-e838-4845-baa7-d4c6f70d36d6 service placement] 10.222.0.11 "GET /placement/allocation_candidates?limit=1000&resources=DISK_GB%3A1%2CMEMORY_MB%3A1024%2CVCPU%3A1&root_required=%21COMPUTE_STATUS_DISABLED" status: 200 len: 1309 microversion: 1.36
Mar 10 20:00:20.489052 n-d-833166-1 devstack@placement-api.service[116629]: [pid: 116629|app: 0|req: 177/358] 10.222.0.11 () {60 vars in 1506 bytes} [Thu Mar 10 20:00:20 2022] GET /placement/allocation_candidates?limit=1000&resources=DISK_GB%3A1%2CMEMORY_MB%3A1024%2CVCPU%3A1&root_required=%21COMPUTE_STATUS_DISABLED => generated 1309 bytes in 86 msecs (HTTP/1.1 200) 8 headers in 297 bytes (1 switches on core 0)
Mar 10 20:00:20.584173 n-d-833166-1 devstack@placement-api.service[116630]: DEBUG placement.requestlog [req-e70ee9ab-95f1-4956-8045-3b478bf094b4 req-10291c37-f423-46b6-8231-014338e959dc None None] Starting request: 10.222.0.11 "GET /placement/allocations/76af15f9-6786-403f-b21c-5d8f1ef9686d" {{(pid=116630) __call__ /opt/stack/placement/placement/requestlog.py:55}}
Mar 10 20:00:20.598411 n-d-833166-1 devstack@placement-api.service[116630]: INFO placement.requestlog [req-e70ee9ab-95f1-4956-8045-3b478bf094b4 req-10291c37-f423-46b6-8231-014338e959dc service placement] 10.222.0.11 "GET /placement/allocations/76af15f9-6786-403f-b21c-5d8f1ef9686d" status: 200 len: 19 microversion: 1.28
Mar 10 20:00:20.599006 n-d-833166-1 devstack@placement-api.service[116630]: [pid: 116630|app: 0|req: 182/359] 10.222.0.11 () {60 vars in 1380 bytes} [Thu Mar 10 20:00:20 2022] GET /placement/allocations/76af15f9-6786-403f-b21c-5d8f1ef9686d => generated 19 bytes in 15 msecs (HTTP/1.1 200) 8 headers in 295 bytes (1 switches on core 0)
