Jul 26 14:15:45.634500 n-d-833090-9 devstack@placement-api.service[105183]: DEBUG placement.objects.research_context [req-9c2da7ce-0917-4a1b-ade5-58ac49d18653 req-101b84d1-8d71-4401-8340-a49e35995708 service placement] getting providers with 1 VCPU {{(pid=105183) __init__ /opt/stack/placement/placement/objects/research_context.py:136}}
Jul 26 14:15:45.649836 n-d-833090-9 devstack@placement-api.service[105183]: DEBUG placement.objects.research_context [req-9c2da7ce-0917-4a1b-ade5-58ac49d18653 req-101b84d1-8d71-4401-8340-a49e35995708 service placement] found 2 providers with available 1 DISK_GB {{(pid=105183) get_provider_ids_matching /opt/stack/placement/placement/objects/research_context.py:563}}
Jul 26 14:15:45.650684 n-d-833090-9 devstack@placement-api.service[105183]: DEBUG placement.objects.research_context [req-9c2da7ce-0917-4a1b-ade5-58ac49d18653 req-101b84d1-8d71-4401-8340-a49e35995708 service placement] found 2 providers with available 1024 MEMORY_MB {{(pid=105183) get_provider_ids_matching /opt/stack/placement/placement/objects/research_context.py:563}}
Jul 26 14:15:45.651891 n-d-833090-9 devstack@placement-api.service[105183]: DEBUG placement.objects.research_context [req-9c2da7ce-0917-4a1b-ade5-58ac49d18653 req-101b84d1-8d71-4401-8340-a49e35995708 service placement] found 2 providers after filtering by previous result {{(pid=105183) get_provider_ids_matching /opt/stack/placement/placement/objects/research_context.py:594}}
Jul 26 14:15:45.652924 n-d-833090-9 devstack@placement-api.service[105183]: DEBUG placement.objects.research_context [req-9c2da7ce-0917-4a1b-ade5-58ac49d18653 req-101b84d1-8d71-4401-8340-a49e35995708 service placement] found 2 providers with available 1 VCPU {{(pid=105183) get_provider_ids_matching /opt/stack/placement/placement/objects/research_context.py:563}}
Jul 26 14:15:45.654040 n-d-833090-9 devstack@placement-api.service[105183]: DEBUG placement.objects.research_context [req-9c2da7ce-0917-4a1b-ade5-58ac49d18653 req-101b84d1-8d71-4401-8340-a49e35995708 service placement] found 2 providers after filtering by previous result {{(pid=105183) get_provider_ids_matching /opt/stack/placement/placement/objects/research_context.py:594}}
Jul 26 14:15:45.687544 n-d-833090-9 devstack@placement-api.service[105183]: DEBUG placement.objects.allocation_candidate [req-9c2da7ce-0917-4a1b-ade5-58ac49d18653 req-101b84d1-8d71-4401-8340-a49e35995708 service placement] RequestGroup(use_same_provider=False, resources={DISK_GB:1, MEMORY_MB:1024, VCPU:1}, traits=(), aggregates=[]) (suffix '') returned 2 matches {{(pid=105183) _get_by_requests /opt/stack/placement/placement/objects/allocation_candidate.py:156}}
Jul 26 14:15:45.688283 n-d-833090-9 devstack@placement-api.service[105183]: DEBUG placement.objects.allocation_candidate [req-9c2da7ce-0917-4a1b-ade5-58ac49d18653 req-101b84d1-8d71-4401-8340-a49e35995708 service placement] Merging candidates yields 2 allocation requests and 2 provider summaries {{(pid=105183) _merge_candidates /opt/stack/placement/placement/objects/allocation_candidate.py:809}}
Jul 26 14:15:45.690254 n-d-833090-9 devstack@placement-api.service[105183]: INFO placement.requestlog [req-9c2da7ce-0917-4a1b-ade5-58ac49d18653 req-101b84d1-8d71-4401-8340-a49e35995708 service placement] 10.222.0.70 "GET /placement/allocation_candidates?limit=1000&resources=DISK_GB%3A1%2CMEMORY_MB%3A1024%2CVCPU%3A1&root_required=%21COMPUTE_STATUS_DISABLED" status: 200 len: 1309 microversion: 1.36
Jul 26 14:15:45.691176 n-d-833090-9 devstack@placement-api.service[105183]: [pid: 105183|app: 0|req: 268/542] 10.222.0.70 () {60 vars in 1506 bytes} [Tue Jul 26 14:15:45 2022] GET /placement/allocation_candidates?limit=1000&resources=DISK_GB%3A1%2CMEMORY_MB%3A1024%2CVCPU%3A1&root_required=%21COMPUTE_STATUS_DISABLED => generated 1309 bytes in 182 msecs (HTTP/1.1 200) 8 headers in 297 bytes (1 switches on core 0)
Jul 26 14:15:45.779186 n-d-833090-9 devstack@placement-api.service[105182]: DEBUG placement.requestlog [req-9c2da7ce-0917-4a1b-ade5-58ac49d18653 req-27258018-49e9-4902-83bd-732963463e7f None None] Starting request: 10.222.0.70 "GET /placement/allocations/e6b94307-dd41-4f71-b529-c6cbb944c27f" {{(pid=105182) __call__ /opt/stack/placement/placement/requestlog.py:55}}
Jul 26 14:15:45.793383 n-d-833090-9 devstack@placement-api.service[105182]: INFO placement.requestlog [req-9c2da7ce-0917-4a1b-ade5-58ac49d18653 req-27258018-49e9-4902-83bd-732963463e7f service placement] 10.222.0.70 "GET /placement/allocations/e6b94307-dd41-4f71-b529-c6cbb944c27f" status: 200 len: 19 microversion: 1.28
Jul 26 14:15:45.799776 n-d-833090-9 devstack@placement-api.service[105182]: [pid: 105182|app: 0|req: 275/543] 10.222.0.70 () {60 vars in 1380 bytes} [Tue Jul 26 14:15:45 2022] GET /placement/allocations/e6b94307-dd41-4f71-b529-c6cbb944c27f => generated 19 bytes in 20 msecs (HTTP/1.1 200) 8 headers in 295 bytes (1 switches on core 0)
Jul 26 14:15:45.804820 n-d-833090-9 devstack@placement-api.service[105183]: DEBUG placement.requestlog [req-9c2da7ce-0917-4a1b-ade5-58ac49d18653 req-372a64e0-549a-456e-b310-f1c126a4d439 None None] Starting request: 10.222.0.70 "PUT /placement/allocations/e6b94307-dd41-4f71-b529-c6cbb944c27f" {{(pid=105183) __call__ /opt/stack/placement/placement/requestlog.py:55}}
Jul 26 14:15:46.023252 n-d-833090-9 devstack@placement-api.service[105183]: DEBUG placement.handlers.allocation [req-9c2da7ce-0917-4a1b-ade5-58ac49d18653 req-372a64e0-549a-456e-b310-f1c126a4d439 service placement] Successfully wrote allocations [, , ] {{(pid=105183) _update_consumers_and_create_allocations /opt/stack/placement/placement/handlers/allocation.py:462}}
Jul 26 14:15:46.036858 n-d-833090-9 devstack@placement-api.service[105183]: INFO placement.requestlog [req-9c2da7ce-0917-4a1b-ade5-58ac49d18653 req-372a64e0-549a-456e-b310-f1c126a4d439 service placement] 10.222.0.70 "PUT /placement/allocations/e6b94307-dd41-4f71-b529-c6cbb944c27f" status: 204 len: 0 microversion: 1.36
Jul 26 14:15:46.040022 n-d-833090-9 devstack@placement-api.service[105183]: [pid: 105183|app: 0|req: 269/544] 10.222.0.70 () {64 vars in 1433 bytes} [Tue Jul 26 14:15:45 2022] PUT /placement/allocations/e6b94307-dd41-4f71-b529-c6cbb944c27f => generated 0 bytes in 233 msecs (HTTP/1.1 204) 5 headers in 199 bytes (1 switches on core 0)
Jul 26 14:15:46.368606 n-d-833090-9 devstack@placement-api.service[105182]: DEBUG placement.requestlog [req-9c2da7ce-0917-4a1b-ade5-58ac49d18653 req-38700925-e0b8-4e91-9a10-8f041590551c None None] Starting request: 10.222.0.45 "GET /placement/allocations/e6b94307-dd41-4f71-b529-c6cbb944c27f" {{(pid=105182) __call__ /opt/stack/placement/placement/requestlog.py:55}}
Jul 26 14:15:46.376754 n-d-833090-9 devstack@placement-api.service[105182]: DEBUG dbcounter [-] [105182] Writing DB stats placement:SELECT=44,placement:INSERT=4,placement:DELETE=4,placement:UPDATE=2 {{(pid=105182) stat_writer /usr/local/lib/python3.8/dist-packages/dbcounter.py:114}}
Jul 26 14:15:46.397466 n-d-833090-9 devstack@placement-api.service[105182]: INFO placement.requestlog [req-9c2da7ce-0917-4a1b-ade5-58ac49d18653 req-38700925-e0b8-4e91-9a10-8f041590551c service placement] 10.222.0.45 "GET /placement/allocations/e6b94307-dd41-4f71-b529-c6cbb944c27f" status: 200 len: 259 microversion: 1.28
Jul 26 14:15:46.398330 n-d-833090-9 devstack@placement-api.service[105182]: [pid: 105182|app: 0|req: 276/545] 10.222.0.45 () {60 vars in 1377 bytes} [Tue Jul 26 14:15:46 2022] GET /placement/allocations/e6b94307-dd41-4f71-b529-c6cbb944c27f => generated 259 bytes in 30 msecs (HTTP/1.1 200) 8 headers in 296 bytes (1 switches on core 0)
Jul 26 14:15:51.601253 n-d-833090-9 devstack@placement-api.service[105183]: DEBUG placement.requestlog [req-354527bf-e51f-4d76-a9c9-8882a67a0f52 req-37844341-60fe-40a1-b341-15852453a81a None None] Starting request: 10.222.0.69 "GET /placement/resource_providers/1a46960b-4da5-4945-bb65-89ff81e59f5b/allocations" {{(pid=105183) __call__ /opt/stack/placement/placement/requestlog.py:55}}
Jul 26 14:15:52.017280 n-d-833090-9 devstack@placement-api.service[105183]: INFO placement.requestlog [req-354527bf-e51f-4d76-a9c9-8882a67a0f52 req-37844341-60fe-40a1-b341-15852453a81a service placement] 10.222.0.69 "GET /placement/resource_providers/1a46960b-4da5-4945-bb65-89ff81e59f5b/allocations" status: 200 len: 342 microversion: 1.0
Jul 26 14:15:52.019975 n-d-833090-9 devstack@placement-api.service[105183]: [pid: 105183|app: 0|req: 270/546] 10.222.0.69 () {58 vars in 1390 bytes} [Tue Jul 26 14:15:51 2022] GET /placement/resource_providers/1a46960b-4da5-4945-bb65-89ff81e59f5b/allocations => generated 342 bytes in 419 msecs (HTTP/1.1 200) 6 headers in 224 bytes (1 switches on core 0)
Jul 26 14:15:52.040872 n-d-833090-9 devstack@placement-api.service[105182]: DEBUG placement.requestlog [req-b0ca221f-0266-4cd2-9953-6eb7144e957b req-0656025a-2c1b-421b-9c7f-09003d1ec293 None None] Starting request: 10.222.0.45 "GET /placement/resource_providers/cd7e41ce-debe-4c2c-9910-f846b38f6986/allocations" {{(pid=105182) __call__ /opt/stack/placement/placement/requestlog.py:55}}
Jul 26 14:15:52.101586 n-d-833090-9 devstack@placement-api.service[105183]: DEBUG placement.requestlog [req-354527bf-e51f-4d76-a9c9-8882a67a0f52 req-31d1dd55-92e7-459c-8602-7c14ac2e4cff None None] Starting request: 10.222.0.69 "GET /placement/resource_providers?in_tree=1a46960b-4da5-4945-bb65-89ff81e59f5b" {{(pid=105183) __call__ /opt/stack/placement/placement/requestlog.py:55}}
Jul 26 14:15:52.194328 n-d-833090-9 devstack@placement-api.service[105183]: INFO placement.requestlog [req-354527bf-e51f-4d76-a9c9-8882a67a0f52 req-31d1dd55-92e7-459c-8602-7c14ac2e4cff service placement] 10.222.0.69 "GET /placement/resource_providers?in_tree=1a46960b-4da5-4945-bb65-89ff81e59f5b" status: 200 len: 863 microversion: 1.14
Jul 26 14:15:52.197170 n-d-833090-9 devstack@placement-api.service[105183]: [pid: 105183|app: 0|req: 271/547] 10.222.0.69 () {60 vars in 1376 bytes} [Tue Jul 26 14:15:52 2022] GET /placement/resource_providers?in_tree=1a46960b-4da5-4945-bb65-89ff81e59f5b => generated 863 bytes in 96 msecs (HTTP/1.1 200) 6 headers in 225 bytes (2 switches on core 0)
Jul 26 14:15:52.207216 n-d-833090-9 devstack@placement-api.service[105183]: DEBUG placement.requestlog [req-354527bf-e51f-4d76-a9c9-8882a67a0f52 req-0e84818d-ef3a-4feb-a688-7dae4a4ea143 None None] Starting request: 10.222.0.69 "GET /placement/resource_providers/1a46960b-4da5-4945-bb65-89ff81e59f5b/inventories" {{(pid=105183) __call__ /opt/stack/placement/placement/requestlog.py:55}}
Jul 26 14:15:52.271137 n-d-833090-9 devstack@placement-api.service[105183]: INFO placement.requestlog [req-354527bf-e51f-4d76-a9c9-8882a67a0f52 req-0e84818d-ef3a-4feb-a688-7dae4a4ea143 service placement] 10.222.0.69 "GET /placement/resource_providers/1a46960b-4da5-4945-bb65-89ff81e59f5b/inventories" status: 200 len: 398 microversion: 1.0
Jul 26 14:15:52.272267 n-d-833090-9 devstack@placement-api.service[105183]: [pid: 105183|app: 0|req: 272/548] 10.222.0.69 () {58 vars in 1390 bytes} [Tue Jul 26 14:15:52 2022] GET /placement/resource_providers/1a46960b-4da5-4945-bb65-89ff81e59f5b/inventories => generated 398 bytes in 65 msecs (HTTP/1.1 200) 6 headers in 224 bytes (2 switches on core 0)
Jul 26 14:15:52.283983 n-d-833090-9 devstack@placement-api.service[105183]: DEBUG placement.requestlog [req-354527bf-e51f-4d76-a9c9-8882a67a0f52 req-2d744b63-64ed-49c0-aa3a-7a4c8c0a36f3 None None] Starting request: 10.222.0.69 "GET /placement/resource_providers/1a46960b-4da5-4945-bb65-89ff81e59f5b/aggregates" {{(pid=105183) __call__ /opt/stack/placement/placement/requestlog.py:55}}
Jul 26 14:15:52.305875 n-d-833090-9 devstack@placement-api.service[105183]: INFO placement.requestlog [req-354527bf-e51f-4d76-a9c9-8882a67a0f52 req-2d744b63-64ed-49c0-aa3a-7a4c8c0a36f3 service placement] 10.222.0.69 "GET /placement/resource_providers/1a46960b-4da5-4945-bb65-89ff81e59f5b/aggregates" status: 200 len: 54 microversion: 1.19
Jul 26 14:15:52.307254 n-d-833090-9 devstack@placement-api.service[105183]: [pid: 105183|app: 0|req: 273/549] 10.222.0.69 () {60 vars in 1431 bytes} [Tue Jul 26 14:15:52 2022] GET /placement/resource_providers/1a46960b-4da5-4945-bb65-89ff81e59f5b/aggregates => generated 54 bytes in 24 msecs (HTTP/1.1 200) 8 headers in 295 bytes (2 switches on core 0)
Jul 26 14:15:52.332802 n-d-833090-9 devstack@placement-api.service[105183]: DEBUG placement.requestlog [req-354527bf-e51f-4d76-a9c9-8882a67a0f52 req-3274f009-d4b6-4d20-9df9-2681cc8203ae None None] Starting request: 10.222.0.69 "GET /placement/resource_providers/1a46960b-4da5-4945-bb65-89ff81e59f5b/traits" {{(pid=105183) __call__ /opt/stack/placement/placement/requestlog.py:55}}
Jul 26 14:15:52.343762 n-d-833090-9 devstack@placement-api.service[105182]: INFO placement.requestlog [req-b0ca221f-0266-4cd2-9953-6eb7144e957b req-0656025a-2c1b-421b-9c7f-09003d1ec293 service placement] 10.222.0.45 "GET /placement/resource_providers/cd7e41ce-debe-4c2c-9910-f846b38f6986/allocations" status: 200 len: 255 microversion: 1.0
Jul 26 14:15:52.346010 n-d-833090-9 devstack@placement-api.service[105182]: [pid: 105182|app: 0|req: 277/550] 10.222.0.45 () {58 vars in 1390 bytes} [Tue Jul 26 14:15:52 2022] GET /placement/resource_providers/cd7e41ce-debe-4c2c-9910-f846b38f6986/allocations => generated 255 bytes in 305 msecs (HTTP/1.1 200) 6 headers in 224 bytes (1 switches on core 0)
Jul 26 14:15:52.415579 n-d-833090-9 devstack@placement-api.service[105182]: DEBUG placement.requestlog [req-b0ca221f-0266-4cd2-9953-6eb7144e957b req-32f4230c-871f-48c4-ac4a-12cadbd892e0 None None] Starting request: 10.222.0.45 "GET /placement/resource_providers?in_tree=cd7e41ce-debe-4c2c-9910-f846b38f6986" {{(pid=105182) __call__ /opt/stack/placement/placement/requestlog.py:55}}
Jul 26 14:15:52.415892 n-d-833090-9 devstack@placement-api.service[105183]: INFO placement.requestlog [req-354527bf-e51f-4d76-a9c9-8882a67a0f52 req-3274f009-d4b6-4d20-9df9-2681cc8203ae service placement] 10.222.0.69 "GET /placement/resource_providers/1a46960b-4da5-4945-bb65-89ff81e59f5b/traits" status: 200 len: 212 microversion: 1.6
Jul 26 14:15:52.417212 n-d-833090-9 devstack@placement-api.service[105183]: [pid: 105183|app: 0|req: 274/551] 10.222.0.69 () {60 vars in 1418 bytes} [Tue Jul 26 14:15:52 2022] GET /placement/resource_providers/1a46960b-4da5-4945-bb65-89ff81e59f5b/traits => generated 212 bytes in 85 msecs (HTTP/1.1 200) 6 headers in 224 bytes (1 switches on core 0)
Jul 26 14:15:52.489377 n-d-833090-9 devstack@placement-api.service[105182]: INFO placement.requestlog [req-b0ca221f-0266-4cd2-9953-6eb7144e957b req-32f4230c-871f-48c4-ac4a-12cadbd892e0 service placement] 10.222.0.45 "GET /placement/resource_providers?in_tree=cd7e41ce-debe-4c2c-9910-f846b38f6986" status: 200 len: 863 microversion: 1.14
Jul 26 14:15:52.490417 n-d-833090-9 devstack@placement-api.service[105182]: [pid: 105182|app: 0|req: 278/552] 10.222.0.45 () {60 vars in 1376 bytes} [Tue Jul 26 14:15:52 2022] GET /placement/resource_providers?in_tree=cd7e41ce-debe-4c2c-9910-f846b38f6986 => generated 863 bytes in 75 msecs (HTTP/1.1 200) 6 headers in 225 bytes (1 switches on core 0)
Jul 26 14:15:52.515327 n-d-833090-9 devstack@placement-api.service[105183]: DEBUG placement.requestlog [req-b0ca221f-0266-4cd2-9953-6eb7144e957b req-0d25a045-f763-406a-8320-f6a679c7bf79 None None] Starting request: 10.222.0.45 "GET /placement/resource_providers/cd7e41ce-debe-4c2c-9910-f846b38f6986/inventories" {{(pid=105183) __call__ /opt/stack/placement/placement/requestlog.py:55}}
Jul 26 14:15:52.561880 n-d-833090-9 devstack@placement-api.service[105183]: INFO placement.requestlog [req-b0ca221f-0266-4cd2-9953-6eb7144e957b req-0d25a045-f763-406a-8320-f6a679c7bf79 service placement] 10.222.0.45 "GET /placement/resource_providers/cd7e41ce-debe-4c2c-9910-f846b38f6986/inventories" status: 200 len: 398 microversion: 1.0
Jul 26 14:15:52.567219 n-d-833090-9 devstack@placement-api.service[105183]: [pid: 105183|app: 0|req: 275/553] 10.222.0.45 () {58 vars in 1390 bytes} [Tue Jul 26 14:15:52 2022] GET /placement/resource_providers/cd7e41ce-debe-4c2c-9910-f846b38f6986/inventories => generated 398 bytes in 53 msecs (HTTP/1.1 200) 6 headers in 224 bytes (1 switches on core 0)
Jul 26 14:15:52.585003 n-d-833090-9 devstack@placement-api.service[105182]: DEBUG placement.requestlog [req-b0ca221f-0266-4cd2-9953-6eb7144e957b req-dc425332-1f9b-41aa-94e9-08a5c354b0f6 None None] Starting request: 10.222.0.45 "GET /placement/resource_providers/cd7e41ce-debe-4c2c-9910-f846b38f6986/aggregates" {{(pid=105182) __call__ /opt/stack/placement/placement/requestlog.py:55}}
Jul 26 14:15:52.649925 n-d-833090-9 devstack@placement-api.service[105182]: INFO placement.requestlog [req-b0ca221f-0266-4cd2-9953-6eb7144e957b req-dc425332-1f9b-41aa-94e9-08a5c354b0f6 service placement] 10.222.0.45 "GET /placement/resource_providers/cd7e41ce-debe-4c2c-9910-f846b38f6986/aggregates" status: 200 len: 54 microversion: 1.19
Jul 26 14:15:52.652326 n-d-833090-9 devstack@placement-api.service[105182]: [pid: 105182|app: 0|req: 279/554] 10.222.0.45 () {60 vars in 1431 bytes} [Tue Jul 26 14:15:52 2022] GET /placement/resource_providers/cd7e41ce-debe-4c2c-9910-f846b38f6986/aggregates => generated 54 bytes in 67 msecs (HTTP/1.1 200) 8 headers in 295 bytes (2 switches on core 0)
Jul 26 14:15:52.668110 n-d-833090-9 devstack@placement-api.service[105183]: DEBUG placement.requestlog [req-b0ca221f-0266-4cd2-9953-6eb7144e957b req-0ea0a5db-e2c4-407b-9166-802637de1fbe None None] Starting request: 10.222.0.45 "GET /placement/resource_providers/cd7e41ce-debe-4c2c-9910-f846b38f6986/traits" {{(pid=105183) __call__ /opt/stack/placement/placement/requestlog.py:55}}
Jul 26 14:15:52.678117 n-d-833090-9 devstack@placement-api.service[105183]: DEBUG dbcounter [-] [105183] Writing DB stats placement:SELECT=82,placement:INSERT=10,placement:DELETE=4,placement:UPDATE=4 {{(pid=105183) stat_writer /usr/local/lib/python3.8/dist-packages/dbcounter.py:114}}
Jul 26 14:15:52.765311 n-d-833090-9 devstack@placement-api.service[105183]: INFO placement.requestlog [req-b0ca221f-0266-4cd2-9953-6eb7144e957b req-0ea0a5db-e2c4-407b-9166-802637de1fbe service placement] 10.222.0.45 "GET /placement/resource_providers/cd7e41ce-debe-4c2c-9910-f846b38f6986/traits" status: 200 len: 212 microversion: 1.6
Jul 26 14:15:52.766525 n-d-833090-9 devstack@placement-api.service[105183]: [pid: 105183|app: 0|req: 276/555] 10.222.0.45 () {60 vars in 1418 bytes} [Tue Jul 26 14:15:52 2022] GET /placement/resource_providers/cd7e41ce-debe-4c2c-9910-f846b38f6986/traits => generated 212 bytes in 99 msecs (HTTP/1.1 200) 6 headers in 224 bytes (1 switches on core 0)
Jul 26 14:15:53.836408 n-d-833090-9 devstack@placement-api.service[105182]: DEBUG placement.requestlog [None req-8eaeeff1-e3ff-44e1-bd49-f806bce59002 None None] Starting request: 10.222.0.70 "GET /placement/resource_providers/c11b6307-adfb-433a-b639-fdb6bf638299/aggregates" {{(pid=105182) __call__ /opt/stack/placement/placement/requestlog.py:55}}
Jul 26 14:15:53.861261 n-d-833090-9 devstack@placement-api.service[105182]: INFO placement.requestlog [None req-8eaeeff1-e3ff-44e1-bd49-f806bce59002 service placement] 10.222.0.70 "GET /placement/resource_providers/c11b6307-adfb-433a-b639-fdb6bf638299/aggregates" status: 404 len: 235 microversion: 1.1
Jul 26 14:15:53.861932 n-d-833090-9 devstack@placement-api.service[105182]: [pid: 105182|app: 0|req: 280/556] 10.222.0.70 () {58 vars in 1362 bytes} [Tue Jul 26 14:15:53 2022] GET /placement/resource_providers/c11b6307-adfb-433a-b639-fdb6bf638299/aggregates => generated 235 bytes in 26 msecs (HTTP/1.1 404) 5 headers in 202 bytes (2 switches on core 0)
Jul 26 14:15:53.877556 n-d-833090-9 devstack@placement-api.service[105183]: DEBUG placement.requestlog [None req-21bd2e7b-ebd3-47eb-bee8-3de697a3454c None None] Starting request: 10.222.0.70 "DELETE /placement/resource_providers/c11b6307-adfb-433a-b639-fdb6bf638299" {{(pid=105183) __call__ /opt/stack/placement/placement/requestlog.py:55}}
Jul 26 14:15:53.892727 n-d-833090-9 devstack@placement-api.service[105183]: DEBUG placement.wsgi_wrapper [None req-21bd2e7b-ebd3-47eb-bee8-3de697a3454c service placement] Placement API returning an error response: No resource provider with uuid c11b6307-adfb-433a-b639-fdb6bf638299 found for delete {{(pid=105183) call_func /opt/stack/placement/placement/wsgi_wrapper.py:31}}
Jul 26 14:15:53.894155 n-d-833090-9 devstack@placement-api.service[105183]: INFO placement.requestlog [None req-21bd2e7b-ebd3-47eb-bee8-3de697a3454c service placement] 10.222.0.70 "DELETE /placement/resource_providers/c11b6307-adfb-433a-b639-fdb6bf638299" status: 404 len: 246 microversion: 1.1
Jul 26 14:15:53.897061 n-d-833090-9 devstack@placement-api.service[105183]: [pid: 105183|app: 0|req: 277/557] 10.222.0.70 () {60 vars in 1351 bytes} [Tue Jul 26 14:15:53 2022] DELETE /placement/resource_providers/c11b6307-adfb-433a-b639-fdb6bf638299 => generated 246 bytes in 20 msecs (HTTP/1.1 404) 6 headers in 231 bytes (1 switches on core 0)
Jul 26 14:15:55.904709 n-d-833090-9 devstack@placement-api.service[105182]: DEBUG placement.requestlog [req-8facbeb5-112d-48b2-b9d9-293b8cf7cecd req-d3342ab9-36a5-4023-82a2-abd3175b65e8 None None] Starting request: 10.222.0.70 "GET /placement/allocation_candidates?limit=1000&resources=DISK_GB%3A1%2CMEMORY_MB%3A1024%2CVCPU%3A1&root_required=%21COMPUTE_STATUS_DISABLED" {{(pid=105182) __call__ /opt/stack/placement/placement/requestlog.py:55}}
Jul 26 14:15:56.013653 n-d-833090-9 devstack@placement-api.service[105182]: DEBUG placement.objects.research_context [req-8facbeb5-112d-48b2-b9d9-293b8cf7cecd req-d3342ab9-36a5-4023-82a2-abd3175b65e8 service placement] getting providers with 1 DISK_GB {{(pid=105182) __init__ /opt/stack/placement/placement/objects/research_context.py:136}}
Jul 26 14:15:56.050317 n-d-833090-9 devstack@placement-api.service[105182]: DEBUG placement.objects.research_context [req-8facbeb5-112d-48b2-b9d9-293b8cf7cecd req-d3342ab9-36a5-4023-82a2-abd3175b65e8 service placement] getting providers with 1024 MEMORY_MB {{(pid=105182) __init__ /opt/stack/placement/placement/objects/research_context.py:136}}
Jul 26 14:15:56.090309 n-d-833090-9 devstack@placement-api.service[105182]: DEBUG placement.objects.research_context [req-8facbeb5-112d-48b2-b9d9-293b8cf7cecd req-d3342ab9-36a5-4023-82a2-abd3175b65e8 service placement] getting providers with 1 VCPU {{(pid=105182) __init__ /opt/stack/placement/placement/objects/research_context.py:136}}
Jul 26 14:15:56.133790 n-d-833090-9 devstack@placement-api.service[105182]: DEBUG placement.objects.research_context [req-8facbeb5-112d-48b2-b9d9-293b8cf7cecd req-d3342ab9-36a5-4023-82a2-abd3175b65e8 service placement] found 2 providers with available 1 DISK_GB {{(pid=105182) get_provider_ids_matching /opt/stack/placement/placement/objects/research_context.py:563}}
Jul 26 14:15:56.135263 n-d-833090-9 devstack@placement-api.service[105182]: DEBUG placement.objects.research_context [req-8facbeb5-112d-48b2-b9d9-293b8cf7cecd req-d3342ab9-36a5-4023-82a2-abd3175b65e8 service placement] found 2 providers with available 1024 MEMORY_MB {{(pid=105182) get_provider_ids_matching /opt/stack/placement/placement/objects/research_context.py:563}}
Jul 26 14:15:56.136398 n-d-833090-9 devstack@placement-api.service[105182]: DEBUG placement.objects.research_context [req-8facbeb5-112d-48b2-b9d9-293b8cf7cecd req-d3342ab9-36a5-4023-82a2-abd3175b65e8 service placement] found 2 providers after filtering by previous result {{(pid=105182) get_provider_ids_matching /opt/stack/placement/placement/objects/research_context.py:594}}
Jul 26 14:15:56.137280 n-d-833090-9 devstack@placement-api.service[105182]: DEBUG placement.objects.research_context [req-8facbeb5-112d-48b2-b9d9-293b8cf7cecd req-d3342ab9-36a5-4023-82a2-abd3175b65e8 service placement] found 2 providers with available 1 VCPU {{(pid=105182) get_provider_ids_matching /opt/stack/placement/placement/objects/research_context.py:563}}
Jul 26 14:15:56.138616 n-d-833090-9 devstack@placement-api.service[105182]: DEBUG placement.objects.research_context [req-8facbeb5-112d-48b2-b9d9-293b8cf7cecd req-d3342ab9-36a5-4023-82a2-abd3175b65e8 service placement] found 2 providers after filtering by previous result {{(pid=105182) get_provider_ids_matching /opt/stack/placement/placement/objects/research_context.py:594}}
Jul 26 14:15:56.174727 n-d-833090-9 devstack@placement-api.service[105182]: DEBUG placement.objects.allocation_candidate [req-8facbeb5-112d-48b2-b9d9-293b8cf7cecd req-d3342ab9-36a5-4023-82a2-abd3175b65e8 service placement] RequestGroup(use_same_provider=False, resources={DISK_GB:1, MEMORY_MB:1024, VCPU:1}, traits=(), aggregates=[]) (suffix '') returned 2 matches {{(pid=105182) _get_by_requests /opt/stack/placement/placement/objects/allocation_candidate.py:156}}
Jul 26 14:15:56.176199 n-d-833090-9 devstack@placement-api.service[105182]: DEBUG placement.objects.allocation_candidate [req-8facbeb5-112d-48b2-b9d9-293b8cf7cecd req-d3342ab9-36a5-4023-82a2-abd3175b65e8 service placement] Merging candidates yields 2 allocation requests and 2 provider summaries {{(pid=105182) _merge_candidates /opt/stack/placement/placement/objects/allocation_candidate.py:809}}
Jul 26 14:15:56.180974 n-d-833090-9 devstack@placement-api.service[105182]: INFO placement.requestlog [req-8facbeb5-112d-48b2-b9d9-293b8cf7cecd req-d3342ab9-36a5-4023-82a2-abd3175b65e8 service placement] 10.222.0.70 "GET /placement/allocation_candidates?limit=1000&resources=DISK_GB%3A1%2CMEMORY_MB%3A1024%2CVCPU%3A1&root_required=%21COMPUTE_STATUS_DISABLED" status: 200 len: 1309 microversion: 1.36
Jul 26 14:15:56.186741 n-d-833090-9 devstack@placement-api.service[105182]: [pid: 105182|app: 0|req: 281/558] 10.222.0.70 () {60 vars in 1506 bytes} [Tue Jul 26 14:15:55 2022] GET /placement/allocation_candidates?limit=1000&resources=DISK_GB%3A1%2CMEMORY_MB%3A1024%2CVCPU%3A1&root_required=%21COMPUTE_STATUS_DISABLED => generated 1309 bytes in 282 msecs (HTTP/1.1 200) 8 headers in 297 bytes (1 switches on core 0)
Jul 26 14:15:56.359763 n-d-833090-9 devstack@placement-api.service[105183]: DEBUG placement.requestlog [req-8facbeb5-112d-48b2-b9d9-293b8cf7cecd req-678935ea-ee63-4a88-bed3-4c61b92defbf None None] Starting request: 10.222.0.70 "GET /placement/allocations/d7b249a7-0a91-42a1-a4c1-85272a588947" {{(pid=105183) __call__ /opt/stack/placement/placement/requestlog.py:55}}
Jul 26 14:15:56.400758 n-d-833090-9 devstack@placement-api.service[105183]: INFO placement.requestlog [req-8facbeb5-112d-48b2-b9d9-293b8cf7cecd req-678935ea-ee63-4a88-bed3-4c61b92defbf service placement] 10.222.0.70 "GET /placement/allocations/d7b249a7-0a91-42a1-a4c1-85272a588947" status: 200 len: 19 microversion: 1.28
Jul 26 14:15:56.402444 n-d-833090-9 devstack@placement-api.service[105183]: [pid: 105183|app: 0|req: 278/559] 10.222.0.70 () {60 vars in 1380 bytes} [Tue Jul 26 14:15:56 2022] GET /placement/allocations/d7b249a7-0a91-42a1-a4c1-85272a588947 => generated 19 bytes in 43 msecs (HTTP/1.1 200) 8 headers in 295 bytes (1 switches on core 0)
Jul 26 14:15:56.412208 n-d-833090-9 devstack@placement-api.service[105182]: DEBUG placement.requestlog [req-8facbeb5-112d-48b2-b9d9-293b8cf7cecd req-17a9d1bd-1ea4-442d-87c3-29db560a4b50 None None] Starting request: 10.222.0.70 "PUT /placement/allocations/d7b249a7-0a91-42a1-a4c1-85272a588947" {{(pid=105182) __call__ /opt/stack/placement/placement/requestlog.py:55}}
Jul 26 14:15:56.590107 n-d-833090-9 devstack@placement-api.service[105182]: DEBUG placement.handlers.allocation [req-8facbeb5-112d-48b2-b9d9-293b8cf7cecd req-17a9d1bd-1ea4-442d-87c3-29db560a4b50 service placement] Successfully wrote allocations [, , ] {{(pid=105182) _update_consumers_and_create_allocations /opt/stack/placement/placement/handlers/allocation.py:462}}
Jul 26 14:15:56.596496 n-d-833090-9 devstack@placement-api.service[105182]: INFO placement.requestlog [req-8facbeb5-112d-48b2-b9d9-293b8cf7cecd req-17a9d1bd-1ea4-442d-87c3-29db560a4b50 service placement] 10.222.0.70 "PUT /placement/allocations/d7b249a7-0a91-42a1-a4c1-85272a588947" status: 204 len: 0 microversion: 1.36
Jul 26 14:15:56.607464 n-d-833090-9 devstack@placement-api.service[105182]: [pid: 105182|app: 0|req: 282/560] 10.222.0.70 () {64 vars in 1433 bytes} [Tue Jul 26 14:15:56 2022] PUT /placement/allocations/d7b249a7-0a91-42a1-a4c1-85272a588947 => generated 0 bytes in 187 msecs (HTTP/1.1 204) 5 headers in 199 bytes (1 switches on core 0)
Jul 26 14:15:57.258750 n-d-833090-9 devstack@placement-api.service[105183]: DEBUG placement.requestlog [req-8facbeb5-112d-48b2-b9d9-293b8cf7cecd req-08bacc8e-5eb8-4a7d-863d-1382ea72b988 None None] Starting request: 10.222.0.45 "GET /placement/allocations/d7b249a7-0a91-42a1-a4c1-85272a588947" {{(pid=105183) __call__ /opt/stack/placement/placement/requestlog.py:55}}
Jul 26 14:15:57.306293 n-d-833090-9 devstack@placement-api.service[105183]: INFO placement.requestlog [req-8facbeb5-112d-48b2-b9d9-293b8cf7cecd req-08bacc8e-5eb8-4a7d-863d-1382ea72b988 service placement] 10.222.0.45 "GET /placement/allocations/d7b249a7-0a91-42a1-a4c1-85272a588947" status: 200 len: 259 microversion: 1.28
Jul 26 14:15:57.307850 n-d-833090-9 devstack@placement-api.service[105183]: [pid: 105183|app: 0|req: 279/561] 10.222.0.45 () {60 vars in 1377 bytes} [Tue Jul 26 14:15:57 2022] GET /placement/allocations/d7b249a7-0a91-42a1-a4c1-85272a588947 => generated 259 bytes in 49 msecs (HTTP/1.1 200) 8 headers in 296 bytes (1 switches on core 0)
Jul 26 14:16:04.763156 n-d-833090-9 devstack@placement-api.service[105182]: DEBUG placement.requestlog [req-89c663aa-678d-460f-aea8-77362683d556 req-b418b3f0-5947-41e1-860a-8cbf91bced0a None None] Starting request: 10.222.0.70 "GET /placement/allocation_candidates?limit=1000&resources=DISK_GB%3A1%2CMEMORY_MB%3A1024%2CVCPU%3A1&root_required=%21COMPUTE_STATUS_DISABLED" {{(pid=105182) __call__ /opt/stack/placement/placement/requestlog.py:55}}
Jul 26 14:16:04.872407 n-d-833090-9 devstack@placement-api.service[105182]: DEBUG placement.objects.research_context [req-89c663aa-678d-460f-aea8-77362683d556 req-b418b3f0-5947-41e1-860a-8cbf91bced0a service placement] getting providers with 1 DISK_GB {{(pid=105182) __init__ /opt/stack/placement/placement/objects/research_context.py:136}}
Jul 26 14:16:04.893455 n-d-833090-9 devstack@placement-api.service[105182]: DEBUG placement.objects.research_context [req-89c663aa-678d-460f-aea8-77362683d556 req-b418b3f0-5947-41e1-860a-8cbf91bced0a service placement] getting providers with 1024 MEMORY_MB {{(pid=105182) __init__ /opt/stack/placement/placement/objects/research_context.py:136}}
Jul 26 14:16:04.914053 n-d-833090-9 devstack@placement-api.service[105182]: DEBUG placement.objects.research_context [req-89c663aa-678d-460f-aea8-77362683d556 req-b418b3f0-5947-41e1-860a-8cbf91bced0a service placement] getting providers with 1 VCPU {{(pid=105182) __init__ /opt/stack/placement/placement/objects/research_context.py:136}}
Jul 26 14:16:04.924502 n-d-833090-9 devstack@placement-api.service[105182]: DEBUG placement.objects.research_context [req-89c663aa-678d-460f-aea8-77362683d556 req-b418b3f0-5947-41e1-860a-8cbf91bced0a service placement] found 2 providers with available 1 DISK_GB {{(pid=105182) get_provider_ids_matching /opt/stack/placement/placement/objects/research_context.py:563}}
Jul 26 14:16:04.925375 n-d-833090-9 devstack@placement-api.service[105182]: DEBUG placement.objects.research_context [req-89c663aa-678d-460f-aea8-77362683d556 req-b418b3f0-5947-41e1-860a-8cbf91bced0a service placement] found 2 providers with available 1024 MEMORY_MB {{(pid=105182) get_provider_ids_matching /opt/stack/placement/placement/objects/research_context.py:563}}
Jul 26 14:16:04.925832 n-d-833090-9 devstack@placement-api.service[105182]: DEBUG placement.objects.research_context [req-89c663aa-678d-460f-aea8-77362683d556 req-b418b3f0-5947-41e1-860a-8cbf91bced0a service placement] found 2 providers after filtering by previous result {{(pid=105182) get_provider_ids_matching /opt/stack/placement/placement/objects/research_context.py:594}}
Jul 26 14:16:04.926862 n-d-833090-9 devstack@placement-api.service[105182]: DEBUG placement.objects.research_context [req-89c663aa-678d-460f-aea8-77362683d556 req-b418b3f0-5947-41e1-860a-8cbf91bced0a service placement] found 2 providers with available 1 VCPU {{(pid=105182) get_provider_ids_matching /opt/stack/placement/placement/objects/research_context.py:563}}
Jul 26 14:16:04.927497 n-d-833090-9 devstack@placement-api.service[105182]: DEBUG placement.objects.research_context [req-89c663aa-678d-460f-aea8-77362683d556 req-b418b3f0-5947-41e1-860a-8cbf91bced0a service placement] found 2 providers after filtering by previous result {{(pid=105182) get_provider_ids_matching /opt/stack/placement/placement/objects/research_context.py:594}}
Jul 26 14:16:04.946127 n-d-833090-9 devstack@placement-api.service[105182]: DEBUG placement.objects.allocation_candidate [req-89c663aa-678d-460f-aea8-77362683d556 req-b418b3f0-5947-41e1-860a-8cbf91bced0a service placement] RequestGroup(use_same_provider=False, resources={DISK_GB:1, MEMORY_MB:1024, VCPU:1}, traits=(), aggregates=[]) (suffix '') returned 2 matches {{(pid=105182) _get_by_requests /opt/stack/placement/placement/objects/allocation_candidate.py:156}}
Jul 26 14:16:04.946570 n-d-833090-9 devstack@placement-api.service[105182]: DEBUG placement.objects.allocation_candidate [req-89c663aa-678d-460f-aea8-77362683d556 req-b418b3f0-5947-41e1-860a-8cbf91bced0a service placement] Merging candidates yields 2 allocation requests and 2 provider summaries {{(pid=105182) _merge_candidates /opt/stack/placement/placement/objects/allocation_candidate.py:809}}
Jul 26 14:16:04.949046 n-d-833090-9 devstack@placement-api.service[105182]: INFO placement.requestlog [req-89c663aa-678d-460f-aea8-77362683d556 req-b418b3f0-5947-41e1-860a-8cbf91bced0a service placement] 10.222.0.70 "GET /placement/allocation_candidates?limit=1000&resources=DISK_GB%3A1%2CMEMORY_MB%3A1024%2CVCPU%3A1&root_required=%21COMPUTE_STATUS_DISABLED" status: 200 len: 1309 microversion: 1.36
Jul 26 14:16:04.949975 n-d-833090-9 devstack@placement-api.service[105182]: [pid: 105182|app: 0|req: 283/562] 10.222.0.70 () {60 vars in 1506 bytes} [Tue Jul 26 14:16:04 2022] GET /placement/allocation_candidates?limit=1000&resources=DISK_GB%3A1%2CMEMORY_MB%3A1024%2CVCPU%3A1&root_required=%21COMPUTE_STATUS_DISABLED => generated 1309 bytes in 187 msecs (HTTP/1.1 200) 8 headers in 297 bytes (2 switches on core 0)
Jul 26 14:16:05.211174 n-d-833090-9 devstack@placement-api.service[105183]: DEBUG placement.requestlog [req-89c663aa-678d-460f-aea8-77362683d556 req-8216c646-a989-4210-ad4e-cc642e288029 None None] Starting request: 10.222.0.70 "GET /placement/allocations/dcaf7033-f14c-4c88-90d2-4060c1fc2b8a" {{(pid=105183) __call__ /opt/stack/placement/placement/requestlog.py:55}}
Jul 26 14:16:05.227259 n-d-833090-9 devstack@placement-api.service[105183]: INFO placement.requestlog [req-89c663aa-678d-460f-aea8-77362683d556 req-8216c646-a989-4210-ad4e-cc642e288029 service placement] 10.222.0.70 "GET /placement/allocations/dcaf7033-f14c-4c88-90d2-4060c1fc2b8a" status: 200 len: 19 microversion: 1.28
Jul 26 14:16:05.228053 n-d-833090-9 devstack@placement-api.service[105183]: [pid: 105183|app: 0|req: 280/563] 10.222.0.70 () {60 vars in 1380 bytes} [Tue Jul 26 14:16:05 2022] GET /placement/allocations/dcaf7033-f14c-4c88-90d2-4060c1fc2b8a => generated 19 bytes in 17 msecs (HTTP/1.1 200) 8 headers in 295 bytes (1 switches on core 0)
Jul 26 14:16:05.235180 n-d-833090-9 devstack@placement-api.service[105182]: DEBUG placement.requestlog [req-89c663aa-678d-460f-aea8-77362683d556 req-97084554-e6c9-4e17-83de-1dff1e562c15 None None] Starting request: 10.222.0.70 "PUT /placement/allocations/dcaf7033-f14c-4c88-90d2-4060c1fc2b8a" {{(pid=105182) __call__ /opt/stack/placement/placement/requestlog.py:55}}
Jul 26 14:16:05.350080 n-d-833090-9 devstack@placement-api.service[105182]: DEBUG placement.handlers.allocation [req-89c663aa-678d-460f-aea8-77362683d556 req-97084554-e6c9-4e17-83de-1dff1e562c15 service placement] Successfully wrote allocations [, , ] {{(pid=105182) _update_consumers_and_create_allocations /opt/stack/placement/placement/handlers/allocation.py:462}}
Jul 26 14:16:05.355803 n-d-833090-9 devstack@placement-api.service[105182]: INFO placement.requestlog [req-89c663aa-678d-460f-aea8-77362683d556 req-97084554-e6c9-4e17-83de-1dff1e562c15 service placement] 10.222.0.70 "PUT /placement/allocations/dcaf7033-f14c-4c88-90d2-4060c1fc2b8a" status: 204 len: 0 microversion: 1.36
Jul 26 14:16:05.356711 n-d-833090-9 devstack@placement-api.service[105182]: [pid: 105182|app: 0|req: 284/564] 10.222.0.70 () {64 vars in 1433 bytes} [Tue Jul 26 14:16:05 2022] PUT /placement/allocations/dcaf7033-f14c-4c88-90d2-4060c1fc2b8a => generated 0 bytes in 122 msecs (HTTP/1.1 204) 5 headers in 199 bytes (1 switches on core 0)
Jul 26 14:16:06.616431 n-d-833090-9 devstack@placement-api.service[105183]: DEBUG placement.requestlog [req-89c663aa-678d-460f-aea8-77362683d556 req-2b80e4b2-0e49-4bc1-be33-1050614a8054 None None] Starting request: 10.222.0.45 "GET /placement/allocations/dcaf7033-f14c-4c88-90d2-4060c1fc2b8a" {{(pid=105183) __call__ /opt/stack/placement/placement/requestlog.py:55}}
Jul 26 14:16:06.634058 n-d-833090-9 devstack@placement-api.service[105183]: INFO placement.requestlog [req-89c663aa-678d-460f-aea8-77362683d556 req-2b80e4b2-0e49-4bc1-be33-1050614a8054 service placement] 10.222.0.45 "GET /placement/allocations/dcaf7033-f14c-4c88-90d2-4060c1fc2b8a" status: 200 len: 259 microversion: 1.28
Jul 26 14:16:06.635124 n-d-833090-9 devstack@placement-api.service[105183]: [pid: 105183|app: 0|req: 281/565] 10.222.0.45 () {60 vars in 1377 bytes} [Tue Jul 26 14:16:06 2022] GET /placement/allocations/dcaf7033-f14c-4c88-90d2-4060c1fc2b8a => generated 259 bytes in 19 msecs (HTTP/1.1 200) 8 headers in 296 bytes (1 switches on core 0)
Jul 26 14:16:07.600605 n-d-833090-9 devstack@placement-api.service[105182]: DEBUG placement.requestlog [req-5006f49e-5b41-4d77-a8bd-ac51f4049516 req-565f6dab-0e7b-4235-9509-2c5b362f7d87 None None] Starting request: 10.222.0.70 "GET /placement/allocation_candidates?limit=1000&resources=DISK_GB%3A1%2CMEMORY_MB%3A1024%2CVCPU%3A1&root_required=%21COMPUTE_STATUS_DISABLED" {{(pid=105182) __call__ /opt/stack/placement/placement/requestlog.py:55}}
Jul 26 14:16:07.661340 n-d-833090-9 devstack@placement-api.service[105182]: DEBUG placement.objects.research_context [req-5006f49e-5b41-4d77-a8bd-ac51f4049516 req-565f6dab-0e7b-4235-9509-2c5b362f7d87 service placement] getting providers with 1 DISK_GB {{(pid=105182) __init__ /opt/stack/placement/placement/objects/research_context.py:136}}
Jul 26 14:16:07.669783 n-d-833090-9 devstack@placement-api.service[105182]: DEBUG placement.objects.research_context [req-5006f49e-5b41-4d77-a8bd-ac51f4049516 req-565f6dab-0e7b-4235-9509-2c5b362f7d87 service placement] getting providers with 1024 MEMORY_MB {{(pid=105182) __init__ /opt/stack/placement/placement/objects/research_context.py:136}}
Jul 26 14:16:07.676488 n-d-833090-9 devstack@placement-api.service[105182]: DEBUG placement.objects.research_context [req-5006f49e-5b41-4d77-a8bd-ac51f4049516 req-565f6dab-0e7b-4235-9509-2c5b362f7d87 service placement] getting providers with 1 VCPU {{(pid=105182) __init__ /opt/stack/placement/placement/objects/research_context.py:136}}
Jul 26 14:16:07.683333 n-d-833090-9 devstack@placement-api.service[105182]: DEBUG placement.objects.research_context [req-5006f49e-5b41-4d77-a8bd-ac51f4049516 req-565f6dab-0e7b-4235-9509-2c5b362f7d87 service placement] found 2 providers with available 1 DISK_GB {{(pid=105182) get_provider_ids_matching /opt/stack/placement/placement/objects/research_context.py:563}}
Jul 26 14:16:07.683989 n-d-833090-9 devstack@placement-api.service[105182]: DEBUG placement.objects.research_context [req-5006f49e-5b41-4d77-a8bd-ac51f4049516 req-565f6dab-0e7b-4235-9509-2c5b362f7d87 service placement] found 2 providers with available 1024 MEMORY_MB {{(pid=105182) get_provider_ids_matching /opt/stack/placement/placement/objects/research_context.py:563}}
Jul 26 14:16:07.684498 n-d-833090-9 devstack@placement-api.service[105182]: DEBUG placement.objects.research_context [req-5006f49e-5b41-4d77-a8bd-ac51f4049516 req-565f6dab-0e7b-4235-9509-2c5b362f7d87 service placement] found 2 providers after filtering by previous result {{(pid=105182) get_provider_ids_matching /opt/stack/placement/placement/objects/research_context.py:594}}
Jul 26 14:16:07.684926 n-d-833090-9 devstack@placement-api.service[105182]: DEBUG placement.objects.research_context [req-5006f49e-5b41-4d77-a8bd-ac51f4049516 req-565f6dab-0e7b-4235-9509-2c5b362f7d87 service placement] found 2 providers with available 1 VCPU {{(pid=105182) get_provider_ids_matching /opt/stack/placement/placement/objects/research_context.py:563}}
Jul 26 14:16:07.685354 n-d-833090-9 devstack@placement-api.service[105182]: DEBUG placement.objects.research_context [req-5006f49e-5b41-4d77-a8bd-ac51f4049516 req-565f6dab-0e7b-4235-9509-2c5b362f7d87 service placement] found 2 providers after filtering by previous result {{(pid=105182) get_provider_ids_matching /opt/stack/placement/placement/objects/research_context.py:594}}
Jul 26 14:16:07.707029 n-d-833090-9 devstack@placement-api.service[105182]: DEBUG dbcounter [-] [105182] Writing DB stats placement:SELECT=82,placement:INSERT=10,placement:DELETE=4,placement:UPDATE=4 {{(pid=105182) stat_writer /usr/local/lib/python3.8/dist-packages/dbcounter.py:114}}
Jul 26 14:16:07.708507 n-d-833090-9 devstack@placement-api.service[105182]: DEBUG placement.objects.allocation_candidate [req-5006f49e-5b41-4d77-a8bd-ac51f4049516 req-565f6dab-0e7b-4235-9509-2c5b362f7d87 service placement] RequestGroup(use_same_provider=False, resources={DISK_GB:1, MEMORY_MB:1024, VCPU:1}, traits=(), aggregates=[]) (suffix '') returned 2 matches {{(pid=105182) _get_by_requests /opt/stack/placement/placement/objects/allocation_candidate.py:156}}
Jul 26 14:16:07.708747 n-d-833090-9 devstack@placement-api.service[105182]: DEBUG placement.objects.allocation_candidate [req-5006f49e-5b41-4d77-a8bd-ac51f4049516 req-565f6dab-0e7b-4235-9509-2c5b362f7d87 service placement] Merging candidates yields 2 allocation requests and 2 provider summaries {{(pid=105182) _merge_candidates /opt/stack/placement/placement/objects/allocation_candidate.py:809}}
Jul 26 14:16:07.716638 n-d-833090-9 devstack@placement-api.service[105182]: INFO placement.requestlog [req-5006f49e-5b41-4d77-a8bd-ac51f4049516 req-565f6dab-0e7b-4235-9509-2c5b362f7d87 service placement] 10.222.0.70 "GET /placement/allocation_candidates?limit=1000&resources=DISK_GB%3A1%2CMEMORY_MB%3A1024%2CVCPU%3A1&root_required=%21COMPUTE_STATUS_DISABLED" status: 200 len: 1309 microversion: 1.36
Jul 26 14:16:07.717557 n-d-833090-9 devstack@placement-api.service[105182]: [pid: 105182|app: 0|req: 285/566] 10.222.0.70 () {60 vars in 1506 bytes} [Tue Jul 26 14:16:07 2022] GET /placement/allocation_candidates?limit=1000&resources=DISK_GB%3A1%2CMEMORY_MB%3A1024%2CVCPU%3A1&root_required=%21COMPUTE_STATUS_DISABLED => generated 1309 bytes in 117 msecs (HTTP/1.1 200) 8 headers in 297 bytes (1 switches on core 0)
Jul 26 14:16:07.861208 n-d-833090-9 devstack@placement-api.service[105183]: DEBUG placement.requestlog [req-5006f49e-5b41-4d77-a8bd-ac51f4049516 req-e40885ca-8543-4dfe-a74e-089d199688c8 None None] Starting request: 10.222.0.70 "GET /placement/allocations/da1e35fe-99b6-426a-9c00-890423632b69" {{(pid=105183) __call__ /opt/stack/placement/placement/requestlog.py:55}}
Jul 26 14:16:07.875230 n-d-833090-9 devstack@placement-api.service[105183]: INFO placement.requestlog [req-5006f49e-5b41-4d77-a8bd-ac51f4049516 req-e40885ca-8543-4dfe-a74e-089d199688c8 service placement] 10.222.0.70 "GET /placement/allocations/da1e35fe-99b6-426a-9c00-890423632b69" status: 200 len: 19 microversion: 1.28
Jul 26 14:16:07.876315 n-d-833090-9 devstack@placement-api.service[105183]: [pid: 105183|app: 0|req: 282/567] 10.222.0.70 () {60 vars in 1380 bytes} [Tue Jul 26 14:16:07 2022] GET /placement/allocations/da1e35fe-99b6-426a-9c00-890423632b69 => generated 19 bytes in 15 msecs (HTTP/1.1 200) 8 headers in 295 bytes (1 switches on core 0)
Jul 26 14:16:07.882985 n-d-833090-9 devstack@placement-api.service[105182]: DEBUG placement.requestlog [req-5006f49e-5b41-4d77-a8bd-ac51f4049516 req-29a5c5f2-b24c-4abd-9b26-20ebca0100ef None None] Starting request: 10.222.0.70 "PUT /placement/allocations/da1e35fe-99b6-426a-9c00-890423632b69" {{(pid=105182) __call__ /opt/stack/placement/placement/requestlog.py:55}}
Jul 26 14:16:07.996659 n-d-833090-9 devstack@placement-api.service[105182]: DEBUG placement.handlers.allocation [req-5006f49e-5b41-4d77-a8bd-ac51f4049516 req-29a5c5f2-b24c-4abd-9b26-20ebca0100ef service placement] Successfully wrote allocations [, , ] {{(pid=105182) _update_consumers_and_create_allocations /opt/stack/placement/placement/handlers/allocation.py:462}}
Jul 26 14:16:08.002493 n-d-833090-9 devstack@placement-api.service[105182]: INFO placement.requestlog [req-5006f49e-5b41-4d77-a8bd-ac51f4049516 req-29a5c5f2-b24c-4abd-9b26-20ebca0100ef service placement] 10.222.0.70 "PUT /placement/allocations/da1e35fe-99b6-426a-9c00-890423632b69" status: 204 len: 0 microversion: 1.36
Jul 26 14:16:08.003552 n-d-833090-9 devstack@placement-api.service[105182]: [pid: 105182|app: 0|req: 286/568] 10.222.0.70 () {64 vars in 1433 bytes} [Tue Jul 26 14:16:07 2022] PUT /placement/allocations/da1e35fe-99b6-426a-9c00-890423632b69 => generated 0 bytes in 121 msecs (HTTP/1.1 204) 5 headers in 199 bytes (1 switches on core 0)
Jul 26 14:16:08.840761 n-d-833090-9 devstack@placement-api.service[105183]: DEBUG placement.requestlog [req-d1af3740-d512-4f0f-944b-82ddc157f266 req-9a9389da-2850-401a-9917-fa73be4602bb None None] Starting request: 10.222.0.70 "GET /placement/allocation_candidates?limit=1000&resources=DISK_GB%3A1%2CMEMORY_MB%3A1024%2CVCPU%3A1&root_required=%21COMPUTE_STATUS_DISABLED" {{(pid=105183) __call__ /opt/stack/placement/placement/requestlog.py:55}}
Jul 26 14:16:08.956114 n-d-833090-9 devstack@placement-api.service[105183]: DEBUG placement.objects.research_context [req-d1af3740-d512-4f0f-944b-82ddc157f266 req-9a9389da-2850-401a-9917-fa73be4602bb service placement] getting providers with 1 DISK_GB {{(pid=105183) __init__ /opt/stack/placement/placement/objects/research_context.py:136}}
Jul 26 14:16:08.971983 n-d-833090-9 devstack@placement-api.service[105183]: DEBUG placement.objects.research_context [req-d1af3740-d512-4f0f-944b-82ddc157f266 req-9a9389da-2850-401a-9917-fa73be4602bb service placement] getting providers with 1024 MEMORY_MB {{(pid=105183) __init__ /opt/stack/placement/placement/objects/research_context.py:136}}
Jul 26 14:16:08.987021 n-d-833090-9 devstack@placement-api.service[105183]: DEBUG placement.objects.research_context [req-d1af3740-d512-4f0f-944b-82ddc157f266 req-9a9389da-2850-401a-9917-fa73be4602bb service placement] getting providers with 1 VCPU {{(pid=105183) __init__ /opt/stack/placement/placement/objects/research_context.py:136}}
Jul 26 14:16:08.996031 n-d-833090-9 devstack@placement-api.service[105183]: DEBUG placement.objects.research_context [req-d1af3740-d512-4f0f-944b-82ddc157f266 req-9a9389da-2850-401a-9917-fa73be4602bb service placement] found 2 providers with available 1 DISK_GB {{(pid=105183) get_provider_ids_matching /opt/stack/placement/placement/objects/research_context.py:563}}
Jul 26 14:16:08.996642 n-d-833090-9 devstack@placement-api.service[105183]: DEBUG placement.objects.research_context [req-d1af3740-d512-4f0f-944b-82ddc157f266 req-9a9389da-2850-401a-9917-fa73be4602bb service placement] found 2 providers with available 1024 MEMORY_MB {{(pid=105183) get_provider_ids_matching /opt/stack/placement/placement/objects/research_context.py:563}}
Jul 26 14:16:08.996920 n-d-833090-9 devstack@placement-api.service[105183]: DEBUG placement.objects.research_context [req-d1af3740-d512-4f0f-944b-82ddc157f266 req-9a9389da-2850-401a-9917-fa73be4602bb service placement] found 2 providers after filtering by previous result {{(pid=105183) get_provider_ids_matching /opt/stack/placement/placement/objects/research_context.py:594}}
Jul 26 14:16:08.998022 n-d-833090-9 devstack@placement-api.service[105183]: DEBUG placement.objects.research_context [req-d1af3740-d512-4f0f-944b-82ddc157f266 req-9a9389da-2850-401a-9917-fa73be4602bb service placement] found 2 providers with available 1 VCPU {{(pid=105183) get_provider_ids_matching /opt/stack/placement/placement/objects/research_context.py:563}}
Jul 26 14:16:08.998294 n-d-833090-9 devstack@placement-api.service[105183]: DEBUG placement.objects.research_context [req-d1af3740-d512-4f0f-944b-82ddc157f266 req-9a9389da-2850-401a-9917-fa73be4602bb service placement] found 2 providers after filtering by previous result {{(pid=105183) get_provider_ids_matching /opt/stack/placement/placement/objects/research_context.py:594}}
Jul 26 14:16:09.017087 n-d-833090-9 devstack@placement-api.service[105183]: DEBUG placement.objects.allocation_candidate [req-d1af3740-d512-4f0f-944b-82ddc157f266 req-9a9389da-2850-401a-9917-fa73be4602bb service placement] RequestGroup(use_same_provider=False, resources={DISK_GB:1, MEMORY_MB:1024, VCPU:1}, traits=(), aggregates=[]) (suffix '') returned 2 matches {{(pid=105183) _get_by_requests /opt/stack/placement/placement/objects/allocation_candidate.py:156}}
Jul 26 14:16:09.017420 n-d-833090-9 devstack@placement-api.service[105183]: DEBUG placement.objects.allocation_candidate [req-d1af3740-d512-4f0f-944b-82ddc157f266 req-9a9389da-2850-401a-9917-fa73be4602bb service placement] Merging candidates yields 2 allocation requests and 2 provider summaries {{(pid=105183) _merge_candidates /opt/stack/placement/placement/objects/allocation_candidate.py:809}}
