Aug 31 15:56:00.874162 n-d-833090-16 devstack@placement-api.service[114315]: [pid: 114315|app: 0|req: 516/1021] 10.222.0.72 () {60 vars in 1377 bytes} [Wed Aug 31 15:56:00 2022] GET /placement/allocations/236954ea-2791-477d-a92b-88e590593c63 => generated 258 bytes in 30 msecs (HTTP/1.1 200) 8 headers in 296 bytes (1 switches on core 0)
Aug 31 15:56:00.882564 n-d-833090-16 devstack@placement-api.service[114314]: DEBUG placement.requestlog [req-47e040eb-35d9-4867-a83a-8a32d3f8744e req-b8816004-c038-4949-8b98-7f1f4e0467f6 None None] Starting request: 10.222.0.72 "GET /placement/allocations/11bf6774-dc05-481c-a9f9-29c2ebd4531f" {{(pid=114314) __call__ /opt/stack/placement/placement/requestlog.py:55}}
Aug 31 15:56:00.908985 n-d-833090-16 devstack@placement-api.service[114314]: INFO placement.requestlog [req-47e040eb-35d9-4867-a83a-8a32d3f8744e req-b8816004-c038-4949-8b98-7f1f4e0467f6 service placement] 10.222.0.72 "GET /placement/allocations/11bf6774-dc05-481c-a9f9-29c2ebd4531f" status: 200 len: 259 microversion: 1.28
Aug 31 15:56:00.910261 n-d-833090-16 devstack@placement-api.service[114314]: [pid: 114314|app: 0|req: 506/1022] 10.222.0.72 () {60 vars in 1377 bytes} [Wed Aug 31 15:56:00 2022] GET /placement/allocations/11bf6774-dc05-481c-a9f9-29c2ebd4531f => generated 259 bytes in 28 msecs (HTTP/1.1 200) 8 headers in 296 bytes (1 switches on core 0)
Aug 31 15:56:00.919193 n-d-833090-16 devstack@placement-api.service[114315]: DEBUG placement.requestlog [req-47e040eb-35d9-4867-a83a-8a32d3f8744e req-e5dbe919-d09e-4379-8bfa-227939636f04 None None] Starting request: 10.222.0.72 "GET /placement/allocations/bbf8b630-eb17-4c08-9347-531e5b63c829" {{(pid=114315) __call__ /opt/stack/placement/placement/requestlog.py:55}}
Aug 31 15:56:00.944632 n-d-833090-16 devstack@placement-api.service[114315]: INFO placement.requestlog [req-47e040eb-35d9-4867-a83a-8a32d3f8744e req-e5dbe919-d09e-4379-8bfa-227939636f04 service placement] 10.222.0.72 "GET /placement/allocations/bbf8b630-eb17-4c08-9347-531e5b63c829" status: 200 len: 259 microversion: 1.28
Aug 31 15:56:00.945543 n-d-833090-16 devstack@placement-api.service[114315]: [pid: 114315|app: 0|req: 517/1023] 10.222.0.72 () {60 vars in 1377 bytes} [Wed Aug 31 15:56:00 2022] GET /placement/allocations/bbf8b630-eb17-4c08-9347-531e5b63c829 => generated 259 bytes in 27 msecs (HTTP/1.1 200) 8 headers in 296 bytes (1 switches on core 0)
Aug 31 15:56:01.273963 n-d-833090-16 devstack@placement-api.service[114314]: DEBUG placement.requestlog [req-47e040eb-35d9-4867-a83a-8a32d3f8744e req-4bfe2399-aaf7-4cab-af6e-ec6448c30ff6 None None] Starting request: 10.222.0.72 "GET /placement/allocations/6d78d792-9702-4df1-b168-bf78ad572dc3" {{(pid=114314) __call__ /opt/stack/placement/placement/requestlog.py:55}}
Aug 31 15:56:01.321506 n-d-833090-16 devstack@placement-api.service[114314]: INFO placement.requestlog [req-47e040eb-35d9-4867-a83a-8a32d3f8744e req-4bfe2399-aaf7-4cab-af6e-ec6448c30ff6 service placement] 10.222.0.72 "GET /placement/allocations/6d78d792-9702-4df1-b168-bf78ad572dc3" status: 200 len: 259 microversion: 1.28
Aug 31 15:56:01.322204 n-d-833090-16 devstack@placement-api.service[114314]: [pid: 114314|app: 0|req: 507/1024] 10.222.0.72 () {60 vars in 1377 bytes} [Wed Aug 31 15:56:01 2022] GET /placement/allocations/6d78d792-9702-4df1-b168-bf78ad572dc3 => generated 259 bytes in 49 msecs (HTTP/1.1 200) 8 headers in 296 bytes (1 switches on core 0)
Aug 31 15:56:01.330179 n-d-833090-16 devstack@placement-api.service[114315]: DEBUG placement.requestlog [req-47e040eb-35d9-4867-a83a-8a32d3f8744e req-151e5f35-f828-47cd-9291-1336a5bb4a53 None None] Starting request: 10.222.0.72 "PUT /placement/allocations/6d78d792-9702-4df1-b168-bf78ad572dc3" {{(pid=114315) __call__ /opt/stack/placement/placement/requestlog.py:55}}
Aug 31 15:56:01.384356 n-d-833090-16 devstack@placement-api.service[114315]: DEBUG dbcounter [-] [114315] Writing DB stats placement:SELECT=91,placement:DELETE=3,placement:INSERT=3,placement:UPDATE=3 {{(pid=114315) stat_writer /usr/local/lib/python3.8/dist-packages/dbcounter.py:114}}
Aug 31 15:56:01.409341 n-d-833090-16 devstack@placement-api.service[114315]: DEBUG placement.handlers.allocation [req-47e040eb-35d9-4867-a83a-8a32d3f8744e req-151e5f35-f828-47cd-9291-1336a5bb4a53 service placement] Successfully wrote allocations [, , ] {{(pid=114315) _update_consumers_and_create_allocations /opt/stack/placement/placement/handlers/allocation.py:462}}
Aug 31 15:56:01.414967 n-d-833090-16 devstack@placement-api.service[114315]: INFO placement.requestlog [req-47e040eb-35d9-4867-a83a-8a32d3f8744e req-151e5f35-f828-47cd-9291-1336a5bb4a53 service placement] 10.222.0.72 "PUT /placement/allocations/6d78d792-9702-4df1-b168-bf78ad572dc3" status: 204 len: 0 microversion: 1.28
Aug 31 15:56:01.416304 n-d-833090-16 devstack@placement-api.service[114315]: [pid: 114315|app: 0|req: 518/1025] 10.222.0.72 () {64 vars in 1430 bytes} [Wed Aug 31 15:56:01 2022] PUT /placement/allocations/6d78d792-9702-4df1-b168-bf78ad572dc3 => generated 0 bytes in 86 msecs (HTTP/1.1 204) 5 headers in 199 bytes (1 switches on core 0)
Aug 31 15:56:02.729768 n-d-833090-16 devstack@placement-api.service[114314]: DEBUG placement.requestlog [req-a578a1ba-68df-40cf-81b7-c3831300b748 req-1a386777-8fda-48b8-8fc8-fe5f91a0b778 None None] Starting request: 10.222.0.72 "GET /placement/resource_providers/4c5bbcb6-3a9d-40ae-83f0-7a07786bd17b/allocations" {{(pid=114314) __call__ /opt/stack/placement/placement/requestlog.py:55}}
Aug 31 15:56:02.736717 n-d-833090-16 devstack@placement-api.service[114314]: DEBUG dbcounter [-] [114314] Writing DB stats placement:UPDATE=1,placement:SELECT=98,placement:DELETE=1 {{(pid=114314) stat_writer /usr/local/lib/python3.8/dist-packages/dbcounter.py:114}}
Aug 31 15:56:02.769155 n-d-833090-16 devstack@placement-api.service[114314]: INFO placement.requestlog [req-a578a1ba-68df-40cf-81b7-c3831300b748 req-1a386777-8fda-48b8-8fc8-fe5f91a0b778 service placement] 10.222.0.72 "GET /placement/resource_providers/4c5bbcb6-3a9d-40ae-83f0-7a07786bd17b/allocations" status: 200 len: 557 microversion: 1.0
Aug 31 15:56:02.769155 n-d-833090-16 devstack@placement-api.service[114314]: [pid: 114314|app: 0|req: 508/1026] 10.222.0.72 () {58 vars in 1390 bytes} [Wed Aug 31 15:56:02 2022] GET /placement/resource_providers/4c5bbcb6-3a9d-40ae-83f0-7a07786bd17b/allocations => generated 557 bytes in 39 msecs (HTTP/1.1 200) 6 headers in 224 bytes (1 switches on core 0)
Aug 31 15:56:02.776849 n-d-833090-16 devstack@placement-api.service[114315]: DEBUG placement.requestlog [req-a578a1ba-68df-40cf-81b7-c3831300b748 req-2821919d-049b-4a45-b0d3-55e6977c668c None None] Starting request: 10.222.0.72 "GET /placement/allocations/d065e0ee-199e-4e8b-99ca-5801d627ce65" {{(pid=114315) __call__ /opt/stack/placement/placement/requestlog.py:55}}
Aug 31 15:56:02.801862 n-d-833090-16 devstack@placement-api.service[114315]: INFO placement.requestlog [req-a578a1ba-68df-40cf-81b7-c3831300b748 req-2821919d-049b-4a45-b0d3-55e6977c668c service placement] 10.222.0.72 "GET /placement/allocations/d065e0ee-199e-4e8b-99ca-5801d627ce65" status: 200 len: 259 microversion: 1.28
Aug 31 15:56:02.802983 n-d-833090-16 devstack@placement-api.service[114315]: [pid: 114315|app: 0|req: 519/1027] 10.222.0.72 () {60 vars in 1377 bytes} [Wed Aug 31 15:56:02 2022] GET /placement/allocations/d065e0ee-199e-4e8b-99ca-5801d627ce65 => generated 259 bytes in 26 msecs (HTTP/1.1 200) 8 headers in 296 bytes (1 switches on core 0)
Aug 31 15:56:02.810351 n-d-833090-16 devstack@placement-api.service[114314]: DEBUG placement.requestlog [req-a578a1ba-68df-40cf-81b7-c3831300b748 req-6c5515a0-5933-4ff8-a22f-2aa4e3a46971 None None] Starting request: 10.222.0.72 "GET /placement/allocations/61e7db75-00b5-41e8-8efb-bced641ddd7a" {{(pid=114314) __call__ /opt/stack/placement/placement/requestlog.py:55}}
Aug 31 15:56:02.845873 n-d-833090-16 devstack@placement-api.service[114314]: INFO placement.requestlog [req-a578a1ba-68df-40cf-81b7-c3831300b748 req-6c5515a0-5933-4ff8-a22f-2aa4e3a46971 service placement] 10.222.0.72 "GET /placement/allocations/61e7db75-00b5-41e8-8efb-bced641ddd7a" status: 200 len: 259 microversion: 1.28
Aug 31 15:56:02.846835 n-d-833090-16 devstack@placement-api.service[114314]: [pid: 114314|app: 0|req: 509/1028] 10.222.0.72 () {60 vars in 1377 bytes} [Wed Aug 31 15:56:02 2022] GET /placement/allocations/61e7db75-00b5-41e8-8efb-bced641ddd7a => generated 259 bytes in 37 msecs (HTTP/1.1 200) 8 headers in 296 bytes (2 switches on core 0)
Aug 31 15:56:02.855097 n-d-833090-16 devstack@placement-api.service[114315]: DEBUG placement.requestlog [req-a578a1ba-68df-40cf-81b7-c3831300b748 req-7cf80f71-e92e-4240-9435-1bcf594b9b73 None None] Starting request: 10.222.0.72 "GET /placement/allocations/236954ea-2791-477d-a92b-88e590593c63" {{(pid=114315) __call__ /opt/stack/placement/placement/requestlog.py:55}}
Aug 31 15:56:02.896152 n-d-833090-16 devstack@placement-api.service[114315]: INFO placement.requestlog [req-a578a1ba-68df-40cf-81b7-c3831300b748 req-7cf80f71-e92e-4240-9435-1bcf594b9b73 service placement] 10.222.0.72 "GET /placement/allocations/236954ea-2791-477d-a92b-88e590593c63" status: 200 len: 258 microversion: 1.28
Aug 31 15:56:02.898717 n-d-833090-16 devstack@placement-api.service[114315]: [pid: 114315|app: 0|req: 520/1029] 10.222.0.72 () {60 vars in 1377 bytes} [Wed Aug 31 15:56:02 2022] GET /placement/allocations/236954ea-2791-477d-a92b-88e590593c63 => generated 258 bytes in 44 msecs (HTTP/1.1 200) 8 headers in 296 bytes (1 switches on core 0)
Aug 31 15:56:02.905943 n-d-833090-16 devstack@placement-api.service[114314]: DEBUG placement.requestlog [req-a578a1ba-68df-40cf-81b7-c3831300b748 req-58acd224-fde1-4924-a804-875a41015f8f None None] Starting request: 10.222.0.72 "GET /placement/allocations/11bf6774-dc05-481c-a9f9-29c2ebd4531f" {{(pid=114314) __call__ /opt/stack/placement/placement/requestlog.py:55}}
Aug 31 15:56:02.949374 n-d-833090-16 devstack@placement-api.service[114314]: INFO placement.requestlog [req-a578a1ba-68df-40cf-81b7-c3831300b748 req-58acd224-fde1-4924-a804-875a41015f8f service placement] 10.222.0.72 "GET /placement/allocations/11bf6774-dc05-481c-a9f9-29c2ebd4531f" status: 200 len: 259 microversion: 1.28
Aug 31 15:56:02.950077 n-d-833090-16 devstack@placement-api.service[114314]: [pid: 114314|app: 0|req: 510/1030] 10.222.0.72 () {60 vars in 1377 bytes} [Wed Aug 31 15:56:02 2022] GET /placement/allocations/11bf6774-dc05-481c-a9f9-29c2ebd4531f => generated 259 bytes in 44 msecs (HTTP/1.1 200) 8 headers in 296 bytes (1 switches on core 0)
Aug 31 15:56:02.956443 n-d-833090-16 devstack@placement-api.service[114315]: DEBUG placement.requestlog [req-a578a1ba-68df-40cf-81b7-c3831300b748 req-e78ad3de-eff2-447e-b636-3461d755d5c9 None None] Starting request: 10.222.0.72 "GET /placement/allocations/bbf8b630-eb17-4c08-9347-531e5b63c829" {{(pid=114315) __call__ /opt/stack/placement/placement/requestlog.py:55}}
Aug 31 15:56:03.016937 n-d-833090-16 devstack@placement-api.service[114315]: INFO placement.requestlog [req-a578a1ba-68df-40cf-81b7-c3831300b748 req-e78ad3de-eff2-447e-b636-3461d755d5c9 service placement] 10.222.0.72 "GET /placement/allocations/bbf8b630-eb17-4c08-9347-531e5b63c829" status: 200 len: 259 microversion: 1.28
Aug 31 15:56:03.018729 n-d-833090-16 devstack@placement-api.service[114315]: [pid: 114315|app: 0|req: 521/1031] 10.222.0.72 () {60 vars in 1377 bytes} [Wed Aug 31 15:56:02 2022] GET /placement/allocations/bbf8b630-eb17-4c08-9347-531e5b63c829 => generated 259 bytes in 62 msecs (HTTP/1.1 200) 8 headers in 296 bytes (2 switches on core 0)
Aug 31 15:56:03.315267 n-d-833090-16 devstack@placement-api.service[114314]: DEBUG placement.requestlog [req-a578a1ba-68df-40cf-81b7-c3831300b748 req-0acfde7e-b37c-4592-bedf-178a905d84a6 None None] Starting request: 10.222.0.72 "DELETE /placement/allocations/bbf8b630-eb17-4c08-9347-531e5b63c829" {{(pid=114314) __call__ /opt/stack/placement/placement/requestlog.py:55}}
Aug 31 15:56:03.360908 n-d-833090-16 devstack@placement-api.service[114314]: DEBUG placement.handlers.allocation [req-a578a1ba-68df-40cf-81b7-c3831300b748 req-0acfde7e-b37c-4592-bedf-178a905d84a6 service placement] Successfully deleted allocations [, , ] {{(pid=114314) delete_allocations /opt/stack/placement/placement/handlers/allocation.py:627}}
Aug 31 15:56:03.361619 n-d-833090-16 devstack@placement-api.service[114314]: INFO placement.requestlog [req-a578a1ba-68df-40cf-81b7-c3831300b748 req-0acfde7e-b37c-4592-bedf-178a905d84a6 service placement] 10.222.0.72 "DELETE /placement/allocations/bbf8b630-eb17-4c08-9347-531e5b63c829" status: 204 len: 0 microversion: 1.0
Aug 31 15:56:03.362647 n-d-833090-16 devstack@placement-api.service[114314]: [pid: 114314|app: 0|req: 511/1032] 10.222.0.72 () {60 vars in 1355 bytes} [Wed Aug 31 15:56:03 2022] DELETE /placement/allocations/bbf8b630-eb17-4c08-9347-531e5b63c829 => generated 0 bytes in 47 msecs (HTTP/1.1 204) 5 headers in 198 bytes (1 switches on core 0)
Aug 31 15:56:04.149798 n-d-833090-16 devstack@placement-api.service[114315]: DEBUG placement.requestlog [None req-cd69ca54-74b4-4314-9ded-1aeab86c905f None None] Starting request: 10.222.0.50 "GET /placement/resource_providers/a8a2978d-a962-4c42-896b-2fcd5b4b4ee1/aggregates" {{(pid=114315) __call__ /opt/stack/placement/placement/requestlog.py:55}}
Aug 31 15:56:04.170340 n-d-833090-16 devstack@placement-api.service[114315]: INFO placement.requestlog [None req-cd69ca54-74b4-4314-9ded-1aeab86c905f service placement] 10.222.0.50 "GET /placement/resource_providers/a8a2978d-a962-4c42-896b-2fcd5b4b4ee1/aggregates" status: 404 len: 235 microversion: 1.1
Aug 31 15:56:04.171477 n-d-833090-16 devstack@placement-api.service[114315]: [pid: 114315|app: 0|req: 522/1033] 10.222.0.50 () {58 vars in 1362 bytes} [Wed Aug 31 15:56:04 2022] GET /placement/resource_providers/a8a2978d-a962-4c42-896b-2fcd5b4b4ee1/aggregates => generated 235 bytes in 22 msecs (HTTP/1.1 404) 5 headers in 202 bytes (1 switches on core 0)
Aug 31 15:56:04.199189 n-d-833090-16 devstack@placement-api.service[114314]: DEBUG placement.requestlog [None req-935c3e4c-aca5-4839-9e39-6eac5869d446 None None] Starting request: 10.222.0.50 "DELETE /placement/resource_providers/a8a2978d-a962-4c42-896b-2fcd5b4b4ee1" {{(pid=114314) __call__ /opt/stack/placement/placement/requestlog.py:55}}
Aug 31 15:56:04.211227 n-d-833090-16 devstack@placement-api.service[114314]: DEBUG placement.wsgi_wrapper [None req-935c3e4c-aca5-4839-9e39-6eac5869d446 service placement] Placement API returning an error response: No resource provider with uuid a8a2978d-a962-4c42-896b-2fcd5b4b4ee1 found for delete {{(pid=114314) call_func /opt/stack/placement/placement/wsgi_wrapper.py:31}}
Aug 31 15:56:04.212090 n-d-833090-16 devstack@placement-api.service[114314]: INFO placement.requestlog [None req-935c3e4c-aca5-4839-9e39-6eac5869d446 service placement] 10.222.0.50 "DELETE /placement/resource_providers/a8a2978d-a962-4c42-896b-2fcd5b4b4ee1" status: 404 len: 246 microversion: 1.1
Aug 31 15:56:04.215234 n-d-833090-16 devstack@placement-api.service[114314]: [pid: 114314|app: 0|req: 512/1034] 10.222.0.50 () {60 vars in 1351 bytes} [Wed Aug 31 15:56:04 2022] DELETE /placement/resource_providers/a8a2978d-a962-4c42-896b-2fcd5b4b4ee1 => generated 246 bytes in 16 msecs (HTTP/1.1 404) 6 headers in 231 bytes (2 switches on core 0)
Aug 31 15:56:05.263633 n-d-833090-16 devstack@placement-api.service[114315]: DEBUG placement.requestlog [req-50f7c1d2-83d2-4d98-9671-e220f0bf36be req-42860772-a044-4213-b13d-cf2633353bcb None None] Starting request: 10.222.0.50 "GET /placement/allocation_candidates?limit=1000&resources=DISK_GB%3A1%2CMEMORY_MB%3A1024%2CVCPU%3A1&root_required=%21COMPUTE_STATUS_DISABLED" {{(pid=114315) __call__ /opt/stack/placement/placement/requestlog.py:55}}
Aug 31 15:56:05.334507 n-d-833090-16 devstack@placement-api.service[114315]: DEBUG placement.objects.research_context [req-50f7c1d2-83d2-4d98-9671-e220f0bf36be req-42860772-a044-4213-b13d-cf2633353bcb service placement] getting providers with 1 DISK_GB {{(pid=114315) __init__ /opt/stack/placement/placement/objects/research_context.py:136}}
Aug 31 15:56:05.344222 n-d-833090-16 devstack@placement-api.service[114315]: DEBUG placement.objects.research_context [req-50f7c1d2-83d2-4d98-9671-e220f0bf36be req-42860772-a044-4213-b13d-cf2633353bcb service placement] getting providers with 1024 MEMORY_MB {{(pid=114315) __init__ /opt/stack/placement/placement/objects/research_context.py:136}}
Aug 31 15:56:05.351093 n-d-833090-16 devstack@placement-api.service[114315]: DEBUG placement.objects.research_context [req-50f7c1d2-83d2-4d98-9671-e220f0bf36be req-42860772-a044-4213-b13d-cf2633353bcb service placement] getting providers with 1 VCPU {{(pid=114315) __init__ /opt/stack/placement/placement/objects/research_context.py:136}}
Aug 31 15:56:05.359269 n-d-833090-16 devstack@placement-api.service[114315]: DEBUG placement.objects.research_context [req-50f7c1d2-83d2-4d98-9671-e220f0bf36be req-42860772-a044-4213-b13d-cf2633353bcb service placement] found 2 providers with available 1 DISK_GB {{(pid=114315) get_provider_ids_matching /opt/stack/placement/placement/objects/research_context.py:563}}
Aug 31 15:56:05.360041 n-d-833090-16 devstack@placement-api.service[114315]: DEBUG placement.objects.research_context [req-50f7c1d2-83d2-4d98-9671-e220f0bf36be req-42860772-a044-4213-b13d-cf2633353bcb service placement] found 2 providers with available 1024 MEMORY_MB {{(pid=114315) get_provider_ids_matching /opt/stack/placement/placement/objects/research_context.py:563}}
Aug 31 15:56:05.360456 n-d-833090-16 devstack@placement-api.service[114315]: DEBUG placement.objects.research_context [req-50f7c1d2-83d2-4d98-9671-e220f0bf36be req-42860772-a044-4213-b13d-cf2633353bcb service placement] found 2 providers after filtering by previous result {{(pid=114315) get_provider_ids_matching /opt/stack/placement/placement/objects/research_context.py:594}}
Aug 31 15:56:05.360961 n-d-833090-16 devstack@placement-api.service[114315]: DEBUG placement.objects.research_context [req-50f7c1d2-83d2-4d98-9671-e220f0bf36be req-42860772-a044-4213-b13d-cf2633353bcb service placement] found 2 providers with available 1 VCPU {{(pid=114315) get_provider_ids_matching /opt/stack/placement/placement/objects/research_context.py:563}}
Aug 31 15:56:05.361501 n-d-833090-16 devstack@placement-api.service[114315]: DEBUG placement.objects.research_context [req-50f7c1d2-83d2-4d98-9671-e220f0bf36be req-42860772-a044-4213-b13d-cf2633353bcb service placement] found 2 providers after filtering by previous result {{(pid=114315) get_provider_ids_matching /opt/stack/placement/placement/objects/research_context.py:594}}
Aug 31 15:56:05.381412 n-d-833090-16 devstack@placement-api.service[114315]: DEBUG placement.objects.allocation_candidate [req-50f7c1d2-83d2-4d98-9671-e220f0bf36be req-42860772-a044-4213-b13d-cf2633353bcb service placement] RequestGroup(use_same_provider=False, resources={DISK_GB:1, MEMORY_MB:1024, VCPU:1}, traits=(), aggregates=[]) (suffix '') returned 2 matches {{(pid=114315) _get_by_requests /opt/stack/placement/placement/objects/allocation_candidate.py:156}}
Aug 31 15:56:05.382010 n-d-833090-16 devstack@placement-api.service[114315]: DEBUG placement.objects.allocation_candidate [req-50f7c1d2-83d2-4d98-9671-e220f0bf36be req-42860772-a044-4213-b13d-cf2633353bcb service placement] Merging candidates yields 2 allocation requests and 2 provider summaries {{(pid=114315) _merge_candidates /opt/stack/placement/placement/objects/allocation_candidate.py:809}}
Aug 31 15:56:05.383776 n-d-833090-16 devstack@placement-api.service[114315]: INFO placement.requestlog [req-50f7c1d2-83d2-4d98-9671-e220f0bf36be req-42860772-a044-4213-b13d-cf2633353bcb service placement] 10.222.0.50 "GET /placement/allocation_candidates?limit=1000&resources=DISK_GB%3A1%2CMEMORY_MB%3A1024%2CVCPU%3A1&root_required=%21COMPUTE_STATUS_DISABLED" status: 200 len: 1309 microversion: 1.36
Aug 31 15:56:05.386034 n-d-833090-16 devstack@placement-api.service[114315]: [pid: 114315|app: 0|req: 523/1035] 10.222.0.50 () {60 vars in 1506 bytes} [Wed Aug 31 15:56:05 2022] GET /placement/allocation_candidates?limit=1000&resources=DISK_GB%3A1%2CMEMORY_MB%3A1024%2CVCPU%3A1&root_required=%21COMPUTE_STATUS_DISABLED => generated 1309 bytes in 123 msecs (HTTP/1.1 200) 8 headers in 297 bytes (1 switches on core 0)
Aug 31 15:56:05.519278 n-d-833090-16 devstack@placement-api.service[114314]: DEBUG placement.requestlog [req-50f7c1d2-83d2-4d98-9671-e220f0bf36be req-39cdb95d-4639-4812-9cb4-064c0970e4f5 None None] Starting request: 10.222.0.50 "GET /placement/allocations/f6574815-a484-4d2d-82b4-9cc761af2c9a" {{(pid=114314) __call__ /opt/stack/placement/placement/requestlog.py:55}}
Aug 31 15:56:05.532576 n-d-833090-16 devstack@placement-api.service[114314]: INFO placement.requestlog [req-50f7c1d2-83d2-4d98-9671-e220f0bf36be req-39cdb95d-4639-4812-9cb4-064c0970e4f5 service placement] 10.222.0.50 "GET /placement/allocations/f6574815-a484-4d2d-82b4-9cc761af2c9a" status: 200 len: 19 microversion: 1.28
Aug 31 15:56:05.539033 n-d-833090-16 devstack@placement-api.service[114314]: [pid: 114314|app: 0|req: 513/1036] 10.222.0.50 () {60 vars in 1380 bytes} [Wed Aug 31 15:56:05 2022] GET /placement/allocations/f6574815-a484-4d2d-82b4-9cc761af2c9a => generated 19 bytes in 20 msecs (HTTP/1.1 200) 8 headers in 295 bytes (1 switches on core 0)
Aug 31 15:56:05.544044 n-d-833090-16 devstack@placement-api.service[114315]: DEBUG placement.requestlog [req-50f7c1d2-83d2-4d98-9671-e220f0bf36be req-34cb068f-3ee2-430a-829b-75791a99ca7d None None] Starting request: 10.222.0.50 "PUT /placement/allocations/f6574815-a484-4d2d-82b4-9cc761af2c9a" {{(pid=114315) __call__ /opt/stack/placement/placement/requestlog.py:55}}
Aug 31 15:56:05.646007 n-d-833090-16 devstack@placement-api.service[114315]: DEBUG placement.handlers.allocation [req-50f7c1d2-83d2-4d98-9671-e220f0bf36be req-34cb068f-3ee2-430a-829b-75791a99ca7d service placement] Successfully wrote allocations [, , ] {{(pid=114315) _update_consumers_and_create_allocations /opt/stack/placement/placement/handlers/allocation.py:462}}
Aug 31 15:56:05.652098 n-d-833090-16 devstack@placement-api.service[114315]: INFO placement.requestlog [req-50f7c1d2-83d2-4d98-9671-e220f0bf36be req-34cb068f-3ee2-430a-829b-75791a99ca7d service placement] 10.222.0.50 "PUT /placement/allocations/f6574815-a484-4d2d-82b4-9cc761af2c9a" status: 204 len: 0 microversion: 1.36
Aug 31 15:56:05.652932 n-d-833090-16 devstack@placement-api.service[114315]: [pid: 114315|app: 0|req: 524/1037] 10.222.0.50 () {64 vars in 1433 bytes} [Wed Aug 31 15:56:05 2022] PUT /placement/allocations/f6574815-a484-4d2d-82b4-9cc761af2c9a => generated 0 bytes in 109 msecs (HTTP/1.1 204) 5 headers in 199 bytes (2 switches on core 0)
Aug 31 15:56:06.304290 n-d-833090-16 devstack@placement-api.service[114314]: DEBUG placement.requestlog [None req-2c5375ff-e368-404b-90e9-81538654e379 None None] Starting request: 10.222.0.50 "GET /placement/resource_providers/5a5b56b1-96ee-49a3-acaf-67f805b1929a/aggregates" {{(pid=114314) __call__ /opt/stack/placement/placement/requestlog.py:55}}
Aug 31 15:56:06.331827 n-d-833090-16 devstack@placement-api.service[114314]: INFO placement.requestlog [None req-2c5375ff-e368-404b-90e9-81538654e379 service placement] 10.222.0.50 "GET /placement/resource_providers/5a5b56b1-96ee-49a3-acaf-67f805b1929a/aggregates" status: 404 len: 235 microversion: 1.1
Aug 31 15:56:06.332838 n-d-833090-16 devstack@placement-api.service[114314]: [pid: 114314|app: 0|req: 514/1038] 10.222.0.50 () {58 vars in 1362 bytes} [Wed Aug 31 15:56:06 2022] GET /placement/resource_providers/5a5b56b1-96ee-49a3-acaf-67f805b1929a/aggregates => generated 235 bytes in 29 msecs (HTTP/1.1 404) 5 headers in 202 bytes (1 switches on core 0)
Aug 31 15:56:06.351413 n-d-833090-16 devstack@placement-api.service[114315]: DEBUG placement.requestlog [None req-91275a50-0389-4709-b4b3-871f85cb10ab None None] Starting request: 10.222.0.50 "DELETE /placement/resource_providers/5a5b56b1-96ee-49a3-acaf-67f805b1929a" {{(pid=114315) __call__ /opt/stack/placement/placement/requestlog.py:55}}
Aug 31 15:56:06.365676 n-d-833090-16 devstack@placement-api.service[114315]: DEBUG placement.wsgi_wrapper [None req-91275a50-0389-4709-b4b3-871f85cb10ab service placement] Placement API returning an error response: No resource provider with uuid 5a5b56b1-96ee-49a3-acaf-67f805b1929a found for delete {{(pid=114315) call_func /opt/stack/placement/placement/wsgi_wrapper.py:31}}
Aug 31 15:56:06.366471 n-d-833090-16 devstack@placement-api.service[114315]: INFO placement.requestlog [None req-91275a50-0389-4709-b4b3-871f85cb10ab service placement] 10.222.0.50 "DELETE /placement/resource_providers/5a5b56b1-96ee-49a3-acaf-67f805b1929a" status: 404 len: 246 microversion: 1.1
Aug 31 15:56:06.369105 n-d-833090-16 devstack@placement-api.service[114315]: [pid: 114315|app: 0|req: 525/1039] 10.222.0.50 () {60 vars in 1351 bytes} [Wed Aug 31 15:56:06 2022] DELETE /placement/resource_providers/5a5b56b1-96ee-49a3-acaf-67f805b1929a => generated 246 bytes in 18 msecs (HTTP/1.1 404) 6 headers in 231 bytes (1 switches on core 0)
Aug 31 15:56:06.746029 n-d-833090-16 devstack@placement-api.service[114314]: DEBUG placement.requestlog [req-36740f36-968c-4493-a9ad-e82ca0bcf3a1 req-df5a28b8-4a52-4dc1-9e34-c690bd4375c8 None None] Starting request: 10.222.0.50 "GET /placement/allocation_candidates?limit=1000&resources=DISK_GB%3A1%2CMEMORY_MB%3A1024%2CVCPU%3A1&root_required=%21COMPUTE_STATUS_DISABLED" {{(pid=114314) __call__ /opt/stack/placement/placement/requestlog.py:55}}
Aug 31 15:56:06.811676 n-d-833090-16 devstack@placement-api.service[114314]: DEBUG placement.objects.research_context [req-36740f36-968c-4493-a9ad-e82ca0bcf3a1 req-df5a28b8-4a52-4dc1-9e34-c690bd4375c8 service placement] getting providers with 1 DISK_GB {{(pid=114314) __init__ /opt/stack/placement/placement/objects/research_context.py:136}}
Aug 31 15:56:06.819246 n-d-833090-16 devstack@placement-api.service[114314]: DEBUG placement.objects.research_context [req-36740f36-968c-4493-a9ad-e82ca0bcf3a1 req-df5a28b8-4a52-4dc1-9e34-c690bd4375c8 service placement] getting providers with 1024 MEMORY_MB {{(pid=114314) __init__ /opt/stack/placement/placement/objects/research_context.py:136}}
Aug 31 15:56:06.825890 n-d-833090-16 devstack@placement-api.service[114314]: DEBUG placement.objects.research_context [req-36740f36-968c-4493-a9ad-e82ca0bcf3a1 req-df5a28b8-4a52-4dc1-9e34-c690bd4375c8 service placement] getting providers with 1 VCPU {{(pid=114314) __init__ /opt/stack/placement/placement/objects/research_context.py:136}}
Aug 31 15:56:06.832657 n-d-833090-16 devstack@placement-api.service[114314]: DEBUG placement.objects.research_context [req-36740f36-968c-4493-a9ad-e82ca0bcf3a1 req-df5a28b8-4a52-4dc1-9e34-c690bd4375c8 service placement] found 2 providers with available 1 DISK_GB {{(pid=114314) get_provider_ids_matching /opt/stack/placement/placement/objects/research_context.py:563}}
Aug 31 15:56:06.833224 n-d-833090-16 devstack@placement-api.service[114314]: DEBUG placement.objects.research_context [req-36740f36-968c-4493-a9ad-e82ca0bcf3a1 req-df5a28b8-4a52-4dc1-9e34-c690bd4375c8 service placement] found 2 providers with available 1024 MEMORY_MB {{(pid=114314) get_provider_ids_matching /opt/stack/placement/placement/objects/research_context.py:563}}
Aug 31 15:56:06.833660 n-d-833090-16 devstack@placement-api.service[114314]: DEBUG placement.objects.research_context [req-36740f36-968c-4493-a9ad-e82ca0bcf3a1 req-df5a28b8-4a52-4dc1-9e34-c690bd4375c8 service placement] found 2 providers after filtering by previous result {{(pid=114314) get_provider_ids_matching /opt/stack/placement/placement/objects/research_context.py:594}}
Aug 31 15:56:06.834081 n-d-833090-16 devstack@placement-api.service[114314]: DEBUG placement.objects.research_context [req-36740f36-968c-4493-a9ad-e82ca0bcf3a1 req-df5a28b8-4a52-4dc1-9e34-c690bd4375c8 service placement] found 2 providers with available 1 VCPU {{(pid=114314) get_provider_ids_matching /opt/stack/placement/placement/objects/research_context.py:563}}
Aug 31 15:56:06.834520 n-d-833090-16 devstack@placement-api.service[114314]: DEBUG placement.objects.research_context [req-36740f36-968c-4493-a9ad-e82ca0bcf3a1 req-df5a28b8-4a52-4dc1-9e34-c690bd4375c8 service placement] found 2 providers after filtering by previous result {{(pid=114314) get_provider_ids_matching /opt/stack/placement/placement/objects/research_context.py:594}}
Aug 31 15:56:06.847893 n-d-833090-16 devstack@placement-api.service[114314]: DEBUG placement.objects.allocation_candidate [req-36740f36-968c-4493-a9ad-e82ca0bcf3a1 req-df5a28b8-4a52-4dc1-9e34-c690bd4375c8 service placement] RequestGroup(use_same_provider=False, resources={DISK_GB:1, MEMORY_MB:1024, VCPU:1}, traits=(), aggregates=[]) (suffix '') returned 2 matches {{(pid=114314) _get_by_requests /opt/stack/placement/placement/objects/allocation_candidate.py:156}}
Aug 31 15:56:06.848648 n-d-833090-16 devstack@placement-api.service[114314]: DEBUG placement.objects.allocation_candidate [req-36740f36-968c-4493-a9ad-e82ca0bcf3a1 req-df5a28b8-4a52-4dc1-9e34-c690bd4375c8 service placement] Merging candidates yields 2 allocation requests and 2 provider summaries {{(pid=114314) _merge_candidates /opt/stack/placement/placement/objects/allocation_candidate.py:809}}
Aug 31 15:56:06.850770 n-d-833090-16 devstack@placement-api.service[114314]: INFO placement.requestlog [req-36740f36-968c-4493-a9ad-e82ca0bcf3a1 req-df5a28b8-4a52-4dc1-9e34-c690bd4375c8 service placement] 10.222.0.50 "GET /placement/allocation_candidates?limit=1000&resources=DISK_GB%3A1%2CMEMORY_MB%3A1024%2CVCPU%3A1&root_required=%21COMPUTE_STATUS_DISABLED" status: 200 len: 1309 microversion: 1.36
Aug 31 15:56:06.851349 n-d-833090-16 devstack@placement-api.service[114314]: [pid: 114314|app: 0|req: 515/1040] 10.222.0.50 () {60 vars in 1506 bytes} [Wed Aug 31 15:56:06 2022] GET /placement/allocation_candidates?limit=1000&resources=DISK_GB%3A1%2CMEMORY_MB%3A1024%2CVCPU%3A1&root_required=%21COMPUTE_STATUS_DISABLED => generated 1309 bytes in 106 msecs (HTTP/1.1 200) 8 headers in 297 bytes (1 switches on core 0)
Aug 31 15:56:06.978152 n-d-833090-16 devstack@placement-api.service[114315]: DEBUG placement.requestlog [req-36740f36-968c-4493-a9ad-e82ca0bcf3a1 req-a9009caa-869f-4ac5-9680-1928c3664769 None None] Starting request: 10.222.0.50 "GET /placement/allocations/56489785-4b4c-4614-acfc-af86763249f9" {{(pid=114315) __call__ /opt/stack/placement/placement/requestlog.py:55}}
Aug 31 15:56:06.995004 n-d-833090-16 devstack@placement-api.service[114315]: INFO placement.requestlog [req-36740f36-968c-4493-a9ad-e82ca0bcf3a1 req-a9009caa-869f-4ac5-9680-1928c3664769 service placement] 10.222.0.50 "GET /placement/allocations/56489785-4b4c-4614-acfc-af86763249f9" status: 200 len: 19 microversion: 1.28
Aug 31 15:56:06.997061 n-d-833090-16 devstack@placement-api.service[114315]: [pid: 114315|app: 0|req: 526/1041] 10.222.0.50 () {60 vars in 1380 bytes} [Wed Aug 31 15:56:06 2022] GET /placement/allocations/56489785-4b4c-4614-acfc-af86763249f9 => generated 19 bytes in 19 msecs (HTTP/1.1 200) 8 headers in 295 bytes (1 switches on core 0)
Aug 31 15:56:07.003875 n-d-833090-16 devstack@placement-api.service[114314]: DEBUG placement.requestlog [req-36740f36-968c-4493-a9ad-e82ca0bcf3a1 req-141cba7d-d1b5-49d7-a9be-0c9fac5faf15 None None] Starting request: 10.222.0.50 "PUT /placement/allocations/56489785-4b4c-4614-acfc-af86763249f9" {{(pid=114314) __call__ /opt/stack/placement/placement/requestlog.py:55}}
Aug 31 15:56:07.147489 n-d-833090-16 devstack@placement-api.service[114314]: DEBUG placement.handlers.allocation [req-36740f36-968c-4493-a9ad-e82ca0bcf3a1 req-141cba7d-d1b5-49d7-a9be-0c9fac5faf15 service placement] Successfully wrote allocations [, , ] {{(pid=114314) _update_consumers_and_create_allocations /opt/stack/placement/placement/handlers/allocation.py:462}}
Aug 31 15:56:07.164012 n-d-833090-16 devstack@placement-api.service[114314]: INFO placement.requestlog [req-36740f36-968c-4493-a9ad-e82ca0bcf3a1 req-141cba7d-d1b5-49d7-a9be-0c9fac5faf15 service placement] 10.222.0.50 "PUT /placement/allocations/56489785-4b4c-4614-acfc-af86763249f9" status: 204 len: 0 microversion: 1.36
Aug 31 15:56:07.165564 n-d-833090-16 devstack@placement-api.service[114314]: [pid: 114314|app: 0|req: 516/1042] 10.222.0.50 () {64 vars in 1433 bytes} [Wed Aug 31 15:56:07 2022] PUT /placement/allocations/56489785-4b4c-4614-acfc-af86763249f9 => generated 0 bytes in 162 msecs (HTTP/1.1 204) 5 headers in 199 bytes (1 switches on core 0)
Aug 31 15:56:08.177842 n-d-833090-16 devstack@placement-api.service[114315]: DEBUG placement.requestlog [req-36740f36-968c-4493-a9ad-e82ca0bcf3a1 req-8e796a51-8756-406f-8ca0-5553be661dbe None None] Starting request: 10.222.0.72 "GET /placement/allocations/56489785-4b4c-4614-acfc-af86763249f9" {{(pid=114315) __call__ /opt/stack/placement/placement/requestlog.py:55}}
Aug 31 15:56:08.219203 n-d-833090-16 devstack@placement-api.service[114315]: INFO placement.requestlog [req-36740f36-968c-4493-a9ad-e82ca0bcf3a1 req-8e796a51-8756-406f-8ca0-5553be661dbe service placement] 10.222.0.72 "GET /placement/allocations/56489785-4b4c-4614-acfc-af86763249f9" status: 200 len: 259 microversion: 1.28
Aug 31 15:56:08.223450 n-d-833090-16 devstack@placement-api.service[114315]: [pid: 114315|app: 0|req: 527/1043] 10.222.0.72 () {60 vars in 1377 bytes} [Wed Aug 31 15:56:08 2022] GET /placement/allocations/56489785-4b4c-4614-acfc-af86763249f9 => generated 259 bytes in 46 msecs (HTTP/1.1 200) 8 headers in 296 bytes (1 switches on core 0)
Aug 31 15:56:08.299068 n-d-833090-16 devstack@placement-api.service[114314]: DEBUG placement.requestlog [req-50f7c1d2-83d2-4d98-9671-e220f0bf36be req-b67c76af-3bd6-4f14-b293-118c1284af24 None None] Starting request: 10.222.0.72 "GET /placement/allocations/f6574815-a484-4d2d-82b4-9cc761af2c9a" {{(pid=114314) __call__ /opt/stack/placement/placement/requestlog.py:55}}
Aug 31 15:56:08.379320 n-d-833090-16 devstack@placement-api.service[114314]: INFO placement.requestlog [req-50f7c1d2-83d2-4d98-9671-e220f0bf36be req-b67c76af-3bd6-4f14-b293-118c1284af24 service placement] 10.222.0.72 "GET /placement/allocations/f6574815-a484-4d2d-82b4-9cc761af2c9a" status: 200 len: 259 microversion: 1.28
Aug 31 15:56:08.379712 n-d-833090-16 devstack@placement-api.service[114314]: [pid: 114314|app: 0|req: 517/1044] 10.222.0.72 () {60 vars in 1377 bytes} [Wed Aug 31 15:56:08 2022] GET /placement/allocations/f6574815-a484-4d2d-82b4-9cc761af2c9a => generated 259 bytes in 81 msecs (HTTP/1.1 200) 8 headers in 296 bytes (1 switches on core 0)
Aug 31 15:56:08.663575 n-d-833090-16 devstack@placement-api.service[114315]: DEBUG placement.requestlog [req-36740f36-968c-4493-a9ad-e82ca0bcf3a1 req-1bdd54ea-aad3-4957-9711-6a01f0455999 None None] Starting request: 10.222.0.72 "GET /placement/resource_providers/4c5bbcb6-3a9d-40ae-83f0-7a07786bd17b/allocations" {{(pid=114315) __call__ /opt/stack/placement/placement/requestlog.py:55}}
Aug 31 15:56:08.737233 n-d-833090-16 devstack@placement-api.service[114315]: INFO placement.requestlog [req-36740f36-968c-4493-a9ad-e82ca0bcf3a1 req-1bdd54ea-aad3-4957-9711-6a01f0455999 service placement] 10.222.0.72 "GET /placement/resource_providers/4c5bbcb6-3a9d-40ae-83f0-7a07786bd17b/allocations" status: 200 len: 658 microversion: 1.0
Aug 31 15:56:08.742221 n-d-833090-16 devstack@placement-api.service[114315]: [pid: 114315|app: 0|req: 528/1045] 10.222.0.72 () {58 vars in 1390 bytes} [Wed Aug 31 15:56:08 2022] GET /placement/resource_providers/4c5bbcb6-3a9d-40ae-83f0-7a07786bd17b/allocations => generated 658 bytes in 79 msecs (HTTP/1.1 200) 6 headers in 224 bytes (1 switches on core 0)
Aug 31 15:56:08.745984 n-d-833090-16 devstack@placement-api.service[114314]: DEBUG placement.requestlog [req-36740f36-968c-4493-a9ad-e82ca0bcf3a1 req-4de20a2a-9321-4a4e-88df-026388cf9bcd None None] Starting request: 10.222.0.72 "GET /placement/allocations/f6574815-a484-4d2d-82b4-9cc761af2c9a" {{(pid=114314) __call__ /opt/stack/placement/placement/requestlog.py:55}}
Aug 31 15:56:08.780780 n-d-833090-16 devstack@placement-api.service[114314]: INFO placement.requestlog [req-36740f36-968c-4493-a9ad-e82ca0bcf3a1 req-4de20a2a-9321-4a4e-88df-026388cf9bcd service placement] 10.222.0.72 "GET /placement/allocations/f6574815-a484-4d2d-82b4-9cc761af2c9a" status: 200 len: 259 microversion: 1.28
Aug 31 15:56:08.781084 n-d-833090-16 devstack@placement-api.service[114314]: [pid: 114314|app: 0|req: 518/1046] 10.222.0.72 () {60 vars in 1377 bytes} [Wed Aug 31 15:56:08 2022] GET /placement/allocations/f6574815-a484-4d2d-82b4-9cc761af2c9a => generated 259 bytes in 36 msecs (HTTP/1.1 200) 8 headers in 296 bytes (1 switches on core 0)
Aug 31 15:56:08.797887 n-d-833090-16 devstack@placement-api.service[114315]: DEBUG placement.requestlog [req-36740f36-968c-4493-a9ad-e82ca0bcf3a1 req-ea10071b-aa33-49a2-a597-e36d7d05a874 None None] Starting request: 10.222.0.72 "GET /placement/allocations/d065e0ee-199e-4e8b-99ca-5801d627ce65" {{(pid=114315) __call__ /opt/stack/placement/placement/requestlog.py:55}}
Aug 31 15:56:08.833107 n-d-833090-16 devstack@placement-api.service[114315]: INFO placement.requestlog [req-36740f36-968c-4493-a9ad-e82ca0bcf3a1 req-ea10071b-aa33-49a2-a597-e36d7d05a874 service placement] 10.222.0.72 "GET /placement/allocations/d065e0ee-199e-4e8b-99ca-5801d627ce65" status: 200 len: 259 microversion: 1.28
Aug 31 15:56:08.833501 n-d-833090-16 devstack@placement-api.service[114315]: [pid: 114315|app: 0|req: 529/1047] 10.222.0.72 () {60 vars in 1377 bytes} [Wed Aug 31 15:56:08 2022] GET /placement/allocations/d065e0ee-199e-4e8b-99ca-5801d627ce65 => generated 259 bytes in 36 msecs (HTTP/1.1 200) 8 headers in 296 bytes (1 switches on core 0)
Aug 31 15:56:08.843625 n-d-833090-16 devstack@placement-api.service[114314]: DEBUG placement.requestlog [req-50f7c1d2-83d2-4d98-9671-e220f0bf36be req-c29fdda5-34ff-484e-a2f8-5e0be6c74a32 None None] Starting request: 10.222.0.72 "GET /placement/resource_providers/4c5bbcb6-3a9d-40ae-83f0-7a07786bd17b/allocations" {{(pid=114314) __call__ /opt/stack/placement/placement/requestlog.py:55}}
Aug 31 15:56:08.844237 n-d-833090-16 devstack@placement-api.service[114315]: DEBUG placement.requestlog [req-36740f36-968c-4493-a9ad-e82ca0bcf3a1 req-5bb59742-1d0d-4bf6-a8e3-cee267c15431 None None] Starting request: 10.222.0.72 "GET /placement/allocations/61e7db75-00b5-41e8-8efb-bced641ddd7a" {{(pid=114315) __call__ /opt/stack/placement/placement/requestlog.py:55}}
Aug 31 15:56:08.886701 n-d-833090-16 devstack@placement-api.service[114315]: INFO placement.requestlog [req-36740f36-968c-4493-a9ad-e82ca0bcf3a1 req-5bb59742-1d0d-4bf6-a8e3-cee267c15431 service placement] 10.222.0.72 "GET /placement/allocations/61e7db75-00b5-41e8-8efb-bced641ddd7a" status: 200 len: 259 microversion: 1.28
Aug 31 15:56:08.889174 n-d-833090-16 devstack@placement-api.service[114315]: [pid: 114315|app: 0|req: 530/1048] 10.222.0.72 () {60 vars in 1377 bytes} [Wed Aug 31 15:56:08 2022] GET /placement/allocations/61e7db75-00b5-41e8-8efb-bced641ddd7a => generated 259 bytes in 45 msecs (HTTP/1.1 200) 8 headers in 296 bytes (1 switches on core 0)
Aug 31 15:56:08.896520 n-d-833090-16 devstack@placement-api.service[114315]: DEBUG placement.requestlog [req-36740f36-968c-4493-a9ad-e82ca0bcf3a1 req-5d181f39-f561-4454-bcc4-463049adafe3 None None] Starting request: 10.222.0.72 "GET /placement/allocations/236954ea-2791-477d-a92b-88e590593c63" {{(pid=114315) __call__ /opt/stack/placement/placement/requestlog.py:55}}
Aug 31 15:56:08.911983 n-d-833090-16 devstack@placement-api.service[114314]: INFO placement.requestlog [req-50f7c1d2-83d2-4d98-9671-e220f0bf36be req-c29fdda5-34ff-484e-a2f8-5e0be6c74a32 service placement] 10.222.0.72 "GET /placement/resource_providers/4c5bbcb6-3a9d-40ae-83f0-7a07786bd17b/allocations" status: 200 len: 658 microversion: 1.0
Aug 31 15:56:08.912909 n-d-833090-16 devstack@placement-api.service[114314]: [pid: 114314|app: 0|req: 519/1049] 10.222.0.72 () {58 vars in 1390 bytes} [Wed Aug 31 15:56:08 2022] GET /placement/resource_providers/4c5bbcb6-3a9d-40ae-83f0-7a07786bd17b/allocations => generated 658 bytes in 69 msecs (HTTP/1.1 200) 6 headers in 224 bytes (1 switches on core 0)
Aug 31 15:56:08.921330 n-d-833090-16 devstack@placement-api.service[114314]: DEBUG placement.requestlog [req-50f7c1d2-83d2-4d98-9671-e220f0bf36be req-dcf0804b-de74-4429-9871-5b81f6aba74e None None] Starting request: 10.222.0.72 "GET /placement/allocations/f6574815-a484-4d2d-82b4-9cc761af2c9a" {{(pid=114314) __call__ /opt/stack/placement/placement/requestlog.py:55}}
Aug 31 15:56:08.936731 n-d-833090-16 devstack@placement-api.service[114315]: INFO placement.requestlog [req-36740f36-968c-4493-a9ad-e82ca0bcf3a1 req-5d181f39-f561-4454-bcc4-463049adafe3 service placement] 10.222.0.72 "GET /placement/allocations/236954ea-2791-477d-a92b-88e590593c63" status: 200 len: 258 microversion: 1.28
Aug 31 15:56:08.939609 n-d-833090-16 devstack@placement-api.service[114315]: [pid: 114315|app: 0|req: 531/1050] 10.222.0.72 () {60 vars in 1377 bytes} [Wed Aug 31 15:56:08 2022] GET /placement/allocations/236954ea-2791-477d-a92b-88e590593c63 => generated 258 bytes in 43 msecs (HTTP/1.1 200) 8 headers in 296 bytes (2 switches on core 0)
Aug 31 15:56:08.949540 n-d-833090-16 devstack@placement-api.service[114315]: DEBUG placement.requestlog [req-36740f36-968c-4493-a9ad-e82ca0bcf3a1 req-d20fb612-7ffa-4adc-ba98-ea9785c49282 None None] Starting request: 10.222.0.72 "GET /placement/allocations/56489785-4b4c-4614-acfc-af86763249f9" {{(pid=114315) __call__ /opt/stack/placement/placement/requestlog.py:55}}
Aug 31 15:56:08.975190 n-d-833090-16 devstack@placement-api.service[114314]: INFO placement.requestlog [req-50f7c1d2-83d2-4d98-9671-e220f0bf36be req-dcf0804b-de74-4429-9871-5b81f6aba74e service placement] 10.222.0.72 "GET /placement/allocations/f6574815-a484-4d2d-82b4-9cc761af2c9a" status: 200 len: 259 microversion: 1.28
Aug 31 15:56:08.977539 n-d-833090-16 devstack@placement-api.service[114314]: [pid: 114314|app: 0|req: 520/1051] 10.222.0.72 () {60 vars in 1377 bytes} [Wed Aug 31 15:56:08 2022] GET /placement/allocations/f6574815-a484-4d2d-82b4-9cc761af2c9a => generated 259 bytes in 57 msecs (HTTP/1.1 200) 8 headers in 296 bytes (1 switches on core 0)
Aug 31 15:56:08.984296 n-d-833090-16 devstack@placement-api.service[114314]: DEBUG placement.requestlog [req-50f7c1d2-83d2-4d98-9671-e220f0bf36be req-081e5201-bd9b-4093-a3b4-4f73fbe38e25 None None] Starting request: 10.222.0.72 "GET /placement/allocations/d065e0ee-199e-4e8b-99ca-5801d627ce65" {{(pid=114314) __call__ /opt/stack/placement/placement/requestlog.py:55}}
Aug 31 15:56:08.995152 n-d-833090-16 devstack@placement-api.service[114315]: INFO placement.requestlog [req-36740f36-968c-4493-a9ad-e82ca0bcf3a1 req-d20fb612-7ffa-4adc-ba98-ea9785c49282 service placement] 10.222.0.72 "GET /placement/allocations/56489785-4b4c-4614-acfc-af86763249f9" status: 200 len: 259 microversion: 1.28
Aug 31 15:56:09.002471 n-d-833090-16 devstack@placement-api.service[114315]: [pid: 114315|app: 0|req: 532/1052] 10.222.0.72 () {60 vars in 1377 bytes} [Wed Aug 31 15:56:08 2022] GET /placement/allocations/56489785-4b4c-4614-acfc-af86763249f9 => generated 259 bytes in 53 msecs (HTTP/1.1 200) 8 headers in 296 bytes (2 switches on core 0)
Aug 31 15:56:09.004801 n-d-833090-16 devstack@placement-api.service[114315]: DEBUG placement.requestlog [req-36740f36-968c-4493-a9ad-e82ca0bcf3a1 req-2c77347b-43e9-4d5b-b0cd-54e747001c20 None None] Starting request: 10.222.0.72 "GET /placement/allocations/11bf6774-dc05-481c-a9f9-29c2ebd4531f" {{(pid=114315) __call__ /opt/stack/placement/placement/requestlog.py:55}}
Aug 31 15:56:09.035321 n-d-833090-16 devstack@placement-api.service[114314]: INFO placement.requestlog [req-50f7c1d2-83d2-4d98-9671-e220f0bf36be req-081e5201-bd9b-4093-a3b4-4f73fbe38e25 service placement] 10.222.0.72 "GET /placement/allocations/d065e0ee-199e-4e8b-99ca-5801d627ce65" status: 200 len: 259 microversion: 1.28
Aug 31 15:56:09.037242 n-d-833090-16 devstack@placement-api.service[114314]: [pid: 114314|app: 0|req: 521/1053] 10.222.0.72 () {60 vars in 1377 bytes} [Wed Aug 31 15:56:08 2022] GET /placement/allocations/d065e0ee-199e-4e8b-99ca-5801d627ce65 => generated 259 bytes in 53 msecs (HTTP/1.1 200) 8 headers in 296 bytes (1 switches on core 0)
Aug 31 15:56:09.044418 n-d-833090-16 devstack@placement-api.service[114314]: DEBUG placement.requestlog [req-50f7c1d2-83d2-4d98-9671-e220f0bf36be req-7f088834-0dc6-420f-a4ca-b5b1029b3989 None None] Starting request: 10.222.0.72 "GET /placement/allocations/61e7db75-00b5-41e8-8efb-bced641ddd7a" {{(pid=114314) __call__ /opt/stack/placement/placement/requestlog.py:55}}
Aug 31 15:56:09.044817 n-d-833090-16 devstack@placement-api.service[114315]: INFO placement.requestlog [req-36740f36-968c-4493-a9ad-e82ca0bcf3a1 req-2c77347b-43e9-4d5b-b0cd-54e747001c20 service placement] 10.222.0.72 "GET /placement/allocations/11bf6774-dc05-481c-a9f9-29c2ebd4531f" status: 200 len: 259 microversion: 1.28
Aug 31 15:56:09.046289 n-d-833090-16 devstack@placement-api.service[114315]: [pid: 114315|app: 0|req: 533/1054] 10.222.0.72 () {60 vars in 1377 bytes} [Wed Aug 31 15:56:09 2022] GET /placement/allocations/11bf6774-dc05-481c-a9f9-29c2ebd4531f => generated 259 bytes in 42 msecs (HTTP/1.1 200) 8 headers in 296 bytes (1 switches on core 0)
Aug 31 15:56:09.100664 n-d-833090-16 devstack@placement-api.service[114314]: INFO placement.requestlog [req-50f7c1d2-83d2-4d98-9671-e220f0bf36be req-7f088834-0dc6-420f-a4ca-b5b1029b3989 service placement] 10.222.0.72 "GET /placement/allocations/61e7db75-00b5-41e8-8efb-bced641ddd7a" status: 200 len: 259 microversion: 1.28
Aug 31 15:56:09.102852 n-d-833090-16 devstack@placement-api.service[114314]: [pid: 114314|app: 0|req: 522/1055] 10.222.0.72 () {60 vars in 1377 bytes} [Wed Aug 31 15:56:09 2022] GET /placement/allocations/61e7db75-00b5-41e8-8efb-bced641ddd7a => generated 259 bytes in 58 msecs (HTTP/1.1 200) 8 headers in 296 bytes (1 switches on core 0)
Aug 31 15:56:09.280887 n-d-833090-16 devstack@placement-api.service[114315]: DEBUG placement.requestlog [req-50f7c1d2-83d2-4d98-9671-e220f0bf36be req-0da597a4-b359-4680-a6c2-111a000d05b2 None None] Starting request: 10.222.0.72 "GET /placement/allocations/236954ea-2791-477d-a92b-88e590593c63" {{(pid=114315) __call__ /opt/stack/placement/placement/requestlog.py:55}}
Aug 31 15:56:09.322782 n-d-833090-16 devstack@placement-api.service[114315]: INFO placement.requestlog [req-50f7c1d2-83d2-4d98-9671-e220f0bf36be req-0da597a4-b359-4680-a6c2-111a000d05b2 service placement] 10.222.0.72 "GET /placement/allocations/236954ea-2791-477d-a92b-88e590593c63" status: 200 len: 258 microversion: 1.28
Aug 31 15:56:09.322782 n-d-833090-16 devstack@placement-api.service[114315]: [pid: 114315|app: 0|req: 534/1056] 10.222.0.72 () {60 vars in 1377 bytes} [Wed Aug 31 15:56:09 2022] GET /placement/allocations/236954ea-2791-477d-a92b-88e590593c63 => generated 258 bytes in 42 msecs (HTTP/1.1 200) 8 headers in 296 bytes (1 switches on core 0)
Aug 31 15:56:09.331735 n-d-833090-16 devstack@placement-api.service[114314]: DEBUG placement.requestlog [req-50f7c1d2-83d2-4d98-9671-e220f0bf36be req-0c197568-8ad7-41db-a5a7-1c5094a60a26 None None] Starting request: 10.222.0.72 "GET /placement/allocations/56489785-4b4c-4614-acfc-af86763249f9" {{(pid=114314) __call__ /opt/stack/placement/placement/requestlog.py:55}}
Aug 31 15:56:09.374715 n-d-833090-16 devstack@placement-api.service[114314]: INFO placement.requestlog [req-50f7c1d2-83d2-4d98-9671-e220f0bf36be req-0c197568-8ad7-41db-a5a7-1c5094a60a26 service placement] 10.222.0.72 "GET /placement/allocations/56489785-4b4c-4614-acfc-af86763249f9" status: 200 len: 259 microversion: 1.28
Aug 31 15:56:09.376999 n-d-833090-16 devstack@placement-api.service[114314]: [pid: 114314|app: 0|req: 523/1057] 10.222.0.72 () {60 vars in 1377 bytes} [Wed Aug 31 15:56:09 2022] GET /placement/allocations/56489785-4b4c-4614-acfc-af86763249f9 => generated 259 bytes in 44 msecs (HTTP/1.1 200) 8 headers in 296 bytes (1 switches on core 0)
Aug 31 15:56:09.383039 n-d-833090-16 devstack@placement-api.service[114315]: DEBUG placement.requestlog [req-50f7c1d2-83d2-4d98-9671-e220f0bf36be req-aa8186fb-a1a6-4fde-a710-5a9b8abe2d7e None None] Starting request: 10.222.0.72 "GET /placement/allocations/11bf6774-dc05-481c-a9f9-29c2ebd4531f" {{(pid=114315) __call__ /opt/stack/placement/placement/requestlog.py:55}}
Aug 31 15:56:09.418473 n-d-833090-16 devstack@placement-api.service[114315]: INFO placement.requestlog [req-50f7c1d2-83d2-4d98-9671-e220f0bf36be req-aa8186fb-a1a6-4fde-a710-5a9b8abe2d7e service placement] 10.222.0.72 "GET /placement/allocations/11bf6774-dc05-481c-a9f9-29c2ebd4531f" status: 200 len: 259 microversion: 1.28
Aug 31 15:56:09.423534 n-d-833090-16 devstack@placement-api.service[114315]: [pid: 114315|app: 0|req: 535/1058] 10.222.0.72 () {60 vars in 1377 bytes} [Wed Aug 31 15:56:09 2022] GET /placement/allocations/11bf6774-dc05-481c-a9f9-29c2ebd4531f => generated 259 bytes in 41 msecs (HTTP/1.1 200) 8 headers in 296 bytes (1 switches on core 0)
Aug 31 15:56:11.329561 n-d-833090-16 devstack@placement-api.service[114314]: DEBUG placement.requestlog [req-dc49ce70-5d8b-480e-a41c-03271b6ffb27 req-6b39110b-d241-4222-83ce-cd8add184975 None None] Starting request: 10.222.0.72 "GET /placement/resource_providers/4c5bbcb6-3a9d-40ae-83f0-7a07786bd17b/allocations" {{(pid=114314) __call__ /opt/stack/placement/placement/requestlog.py:55}}
Aug 31 15:56:11.375685 n-d-833090-16 devstack@placement-api.service[114314]: DEBUG dbcounter [-] [114314] Writing DB stats placement:SELECT=88,placement:DELETE=4,placement:INSERT=6,placement:UPDATE=2 {{(pid=114314) stat_writer /usr/local/lib/python3.8/dist-packages/dbcounter.py:114}}
