Aug 29 15:49:50.238246 n-d-833090-15 devstack@placement-api.service[115477]: [pid: 115477|app: 0|req: 33/61] 10.222.0.73 () {60 vars in 1380 bytes} [Mon Aug 29 15:49:50 2022] GET /placement/allocations/3d11e2f7-15c1-42a1-9deb-00b445c7c691 => generated 19 bytes in 25 msecs (HTTP/1.1 200) 8 headers in 295 bytes (1 switches on core 0)
Aug 29 15:49:50.245731 n-d-833090-15 devstack@placement-api.service[115476]: DEBUG placement.requestlog [req-2dbf6410-0c67-47ee-803f-88d3c5a7d550 req-36b97d42-3110-48a6-b728-0948399e4e99 None None] Starting request: 10.222.0.73 "PUT /placement/allocations/3d11e2f7-15c1-42a1-9deb-00b445c7c691" {{(pid=115476) __call__ /opt/stack/placement/placement/requestlog.py:55}}
Aug 29 15:49:50.616613 n-d-833090-15 devstack@placement-api.service[115477]: DEBUG placement.requestlog [req-ec06f7a1-e5cd-4217-adf0-1b7233da475d req-0c1be3ec-1894-40d2-94bc-3d9fa0421564 None None] Starting request: 10.222.0.73 "GET /placement/resource_providers?name=n-h1-833090-15" {{(pid=115477) __call__ /opt/stack/placement/placement/requestlog.py:55}}
Aug 29 15:49:50.632940 n-d-833090-15 devstack@placement-api.service[115476]: DEBUG placement.handlers.allocation [req-2dbf6410-0c67-47ee-803f-88d3c5a7d550 req-36b97d42-3110-48a6-b728-0948399e4e99 service placement] Successfully wrote allocations [, , ] {{(pid=115476) _update_consumers_and_create_allocations /opt/stack/placement/placement/handlers/allocation.py:462}}
Aug 29 15:49:50.649289 n-d-833090-15 devstack@placement-api.service[115477]: INFO placement.requestlog [req-ec06f7a1-e5cd-4217-adf0-1b7233da475d req-0c1be3ec-1894-40d2-94bc-3d9fa0421564 service placement] 10.222.0.73 "GET /placement/resource_providers?name=n-h1-833090-15" status: 200 len: 441 microversion: 1.0
Aug 29 15:49:50.649289 n-d-833090-15 devstack@placement-api.service[115477]: [pid: 115477|app: 0|req: 34/62] 10.222.0.73 () {58 vars in 1276 bytes} [Mon Aug 29 15:49:50 2022] GET /placement/resource_providers?name=n-h1-833090-15 => generated 441 bytes in 30 msecs (HTTP/1.1 200) 6 headers in 224 bytes (2 switches on core 0)
Aug 29 15:49:50.654625 n-d-833090-15 devstack@placement-api.service[115477]: DEBUG placement.requestlog [req-ec06f7a1-e5cd-4217-adf0-1b7233da475d req-053f7cbe-e4f4-42b9-bdb0-c91e8db16e1a None None] Starting request: 10.222.0.73 "GET /placement/resource_providers/b1c810b4-024c-4411-9779-e3f40705ccfe/aggregates" {{(pid=115477) __call__ /opt/stack/placement/placement/requestlog.py:55}}
Aug 29 15:49:50.702872 n-d-833090-15 devstack@placement-api.service[115477]: INFO placement.requestlog [req-ec06f7a1-e5cd-4217-adf0-1b7233da475d req-053f7cbe-e4f4-42b9-bdb0-c91e8db16e1a service placement] 10.222.0.73 "GET /placement/resource_providers/b1c810b4-024c-4411-9779-e3f40705ccfe/aggregates" status: 200 len: 91 microversion: 1.19
Aug 29 15:49:50.703591 n-d-833090-15 devstack@placement-api.service[115477]: [pid: 115477|app: 0|req: 35/63] 10.222.0.73 () {60 vars in 1425 bytes} [Mon Aug 29 15:49:50 2022] GET /placement/resource_providers/b1c810b4-024c-4411-9779-e3f40705ccfe/aggregates => generated 91 bytes in 49 msecs (HTTP/1.1 200) 8 headers in 295 bytes (1 switches on core 0)
Aug 29 15:49:50.711638 n-d-833090-15 devstack@placement-api.service[115477]: DEBUG placement.requestlog [req-ec06f7a1-e5cd-4217-adf0-1b7233da475d req-ad622b21-ff62-4aa4-bf17-148dbe737f2e None None] Starting request: 10.222.0.73 "PUT /placement/resource_providers/b1c810b4-024c-4411-9779-e3f40705ccfe/aggregates" {{(pid=115477) __call__ /opt/stack/placement/placement/requestlog.py:55}}
Aug 29 15:49:50.718184 n-d-833090-15 devstack@placement-api.service[115476]: INFO placement.requestlog [req-2dbf6410-0c67-47ee-803f-88d3c5a7d550 req-36b97d42-3110-48a6-b728-0948399e4e99 service placement] 10.222.0.73 "PUT /placement/allocations/3d11e2f7-15c1-42a1-9deb-00b445c7c691" status: 204 len: 0 microversion: 1.36
Aug 29 15:49:50.720136 n-d-833090-15 devstack@placement-api.service[115476]: [pid: 115476|app: 0|req: 29/64] 10.222.0.73 () {64 vars in 1433 bytes} [Mon Aug 29 15:49:50 2022] PUT /placement/allocations/3d11e2f7-15c1-42a1-9deb-00b445c7c691 => generated 0 bytes in 475 msecs (HTTP/1.1 204) 5 headers in 199 bytes (1 switches on core 0)
Aug 29 15:49:50.758522 n-d-833090-15 devstack@placement-api.service[115477]: DEBUG placement.wsgi_wrapper [req-ec06f7a1-e5cd-4217-adf0-1b7233da475d req-ad622b21-ff62-4aa4-bf17-148dbe737f2e service placement] Placement API returning an error response: Resource provider's generation already changed. Please update the generation and try again. {{(pid=115477) call_func /opt/stack/placement/placement/wsgi_wrapper.py:31}}
Aug 29 15:49:50.766286 n-d-833090-15 devstack@placement-api.service[115477]: INFO placement.requestlog [req-ec06f7a1-e5cd-4217-adf0-1b7233da475d req-ad622b21-ff62-4aa4-bf17-148dbe737f2e service placement] 10.222.0.73 "PUT /placement/resource_providers/b1c810b4-024c-4411-9779-e3f40705ccfe/aggregates" status: 409 len: 278 microversion: 1.19
Aug 29 15:49:50.766681 n-d-833090-15 devstack@placement-api.service[115477]: [pid: 115477|app: 0|req: 36/65] 10.222.0.73 () {64 vars in 1477 bytes} [Mon Aug 29 15:49:50 2022] PUT /placement/resource_providers/b1c810b4-024c-4411-9779-e3f40705ccfe/aggregates => generated 278 bytes in 55 msecs (HTTP/1.1 409) 6 headers in 231 bytes (1 switches on core 0)
Aug 29 15:49:50.780162 n-d-833090-15 devstack@placement-api.service[115476]: DEBUG placement.requestlog [req-ec06f7a1-e5cd-4217-adf0-1b7233da475d req-40e7a6a4-da54-47fa-9e8a-87cee7817898 None None] Starting request: 10.222.0.73 "GET /placement/resource_providers?name=n-h1-833090-15" {{(pid=115476) __call__ /opt/stack/placement/placement/requestlog.py:55}}
Aug 29 15:49:50.823376 n-d-833090-15 devstack@placement-api.service[115476]: INFO placement.requestlog [req-ec06f7a1-e5cd-4217-adf0-1b7233da475d req-40e7a6a4-da54-47fa-9e8a-87cee7817898 service placement] 10.222.0.73 "GET /placement/resource_providers?name=n-h1-833090-15" status: 200 len: 441 microversion: 1.0
Aug 29 15:49:50.823766 n-d-833090-15 devstack@placement-api.service[115476]: [pid: 115476|app: 0|req: 30/66] 10.222.0.73 () {58 vars in 1276 bytes} [Mon Aug 29 15:49:50 2022] GET /placement/resource_providers?name=n-h1-833090-15 => generated 441 bytes in 45 msecs (HTTP/1.1 200) 6 headers in 224 bytes (1 switches on core 0)
Aug 29 15:49:50.836462 n-d-833090-15 devstack@placement-api.service[115477]: DEBUG placement.requestlog [req-ec06f7a1-e5cd-4217-adf0-1b7233da475d req-48ca21be-e0e1-455d-89a8-76e9b3e9075e None None] Starting request: 10.222.0.73 "GET /placement/resource_providers/b1c810b4-024c-4411-9779-e3f40705ccfe/aggregates" {{(pid=115477) __call__ /opt/stack/placement/placement/requestlog.py:55}}
Aug 29 15:49:50.858405 n-d-833090-15 devstack@placement-api.service[115477]: INFO placement.requestlog [req-ec06f7a1-e5cd-4217-adf0-1b7233da475d req-48ca21be-e0e1-455d-89a8-76e9b3e9075e service placement] 10.222.0.73 "GET /placement/resource_providers/b1c810b4-024c-4411-9779-e3f40705ccfe/aggregates" status: 200 len: 91 microversion: 1.19
Aug 29 15:49:50.858787 n-d-833090-15 devstack@placement-api.service[115477]: [pid: 115477|app: 0|req: 37/67] 10.222.0.73 () {60 vars in 1425 bytes} [Mon Aug 29 15:49:50 2022] GET /placement/resource_providers/b1c810b4-024c-4411-9779-e3f40705ccfe/aggregates => generated 91 bytes in 23 msecs (HTTP/1.1 200) 8 headers in 295 bytes (1 switches on core 0)
Aug 29 15:49:50.875583 n-d-833090-15 devstack@placement-api.service[115476]: DEBUG placement.requestlog [req-ec06f7a1-e5cd-4217-adf0-1b7233da475d req-ae79aae2-e261-45cc-b5a0-a423deb6780d None None] Starting request: 10.222.0.73 "PUT /placement/resource_providers/b1c810b4-024c-4411-9779-e3f40705ccfe/aggregates" {{(pid=115476) __call__ /opt/stack/placement/placement/requestlog.py:55}}
Aug 29 15:49:50.920919 n-d-833090-15 devstack@placement-api.service[115476]: DEBUG placement.objects.resource_provider [req-ec06f7a1-e5cd-4217-adf0-1b7233da475d req-ae79aae2-e261-45cc-b5a0-a423deb6780d service placement] Setting aggregates for provider b1c810b4-024c-4411-9779-e3f40705ccfe. Successfully disassociated aggregate 972c4ca9-f6ef-4576-aecd-e7c94ce900b0. {{(pid=115476) _set_aggregates /opt/stack/placement/placement/objects/resource_provider.py:404}}
Aug 29 15:49:51.005826 n-d-833090-15 devstack@placement-api.service[115476]: INFO placement.requestlog [req-ec06f7a1-e5cd-4217-adf0-1b7233da475d req-ae79aae2-e261-45cc-b5a0-a423deb6780d service placement] 10.222.0.73 "PUT /placement/resource_providers/b1c810b4-024c-4411-9779-e3f40705ccfe/aggregates" status: 200 len: 53 microversion: 1.19
Aug 29 15:49:51.011457 n-d-833090-15 devstack@placement-api.service[115476]: [pid: 115476|app: 0|req: 31/68] 10.222.0.73 () {64 vars in 1477 bytes} [Mon Aug 29 15:49:50 2022] PUT /placement/resource_providers/b1c810b4-024c-4411-9779-e3f40705ccfe/aggregates => generated 53 bytes in 136 msecs (HTTP/1.1 200) 8 headers in 295 bytes (2 switches on core 0)
Aug 29 15:49:51.505500 n-d-833090-15 devstack@placement-api.service[115477]: DEBUG placement.requestlog [req-50e02006-54a6-46a8-800d-25643e55c4bb req-ac2b65ff-a65e-4ced-9fe6-8ff4f596d295 None None] Starting request: 10.222.0.73 "GET /placement/allocation_candidates?limit=1000&resources=DISK_GB%3A1%2CMEMORY_MB%3A1024%2CVCPU%3A1&root_required=%21COMPUTE_STATUS_DISABLED" {{(pid=115477) __call__ /opt/stack/placement/placement/requestlog.py:55}}
Aug 29 15:49:51.562736 n-d-833090-15 devstack@placement-api.service[115477]: DEBUG placement.objects.research_context [req-50e02006-54a6-46a8-800d-25643e55c4bb req-ac2b65ff-a65e-4ced-9fe6-8ff4f596d295 service placement] getting providers with 1 DISK_GB {{(pid=115477) __init__ /opt/stack/placement/placement/objects/research_context.py:136}}
Aug 29 15:49:51.570244 n-d-833090-15 devstack@placement-api.service[115477]: DEBUG placement.objects.research_context [req-50e02006-54a6-46a8-800d-25643e55c4bb req-ac2b65ff-a65e-4ced-9fe6-8ff4f596d295 service placement] getting providers with 1024 MEMORY_MB {{(pid=115477) __init__ /opt/stack/placement/placement/objects/research_context.py:136}}
Aug 29 15:49:51.576301 n-d-833090-15 devstack@placement-api.service[115477]: DEBUG placement.objects.research_context [req-50e02006-54a6-46a8-800d-25643e55c4bb req-ac2b65ff-a65e-4ced-9fe6-8ff4f596d295 service placement] getting providers with 1 VCPU {{(pid=115477) __init__ /opt/stack/placement/placement/objects/research_context.py:136}}
Aug 29 15:49:51.582411 n-d-833090-15 devstack@placement-api.service[115477]: DEBUG placement.objects.research_context [req-50e02006-54a6-46a8-800d-25643e55c4bb req-ac2b65ff-a65e-4ced-9fe6-8ff4f596d295 service placement] found 2 providers with available 1 DISK_GB {{(pid=115477) get_provider_ids_matching /opt/stack/placement/placement/objects/research_context.py:563}}
Aug 29 15:49:51.582889 n-d-833090-15 devstack@placement-api.service[115477]: DEBUG placement.objects.research_context [req-50e02006-54a6-46a8-800d-25643e55c4bb req-ac2b65ff-a65e-4ced-9fe6-8ff4f596d295 service placement] found 2 providers with available 1024 MEMORY_MB {{(pid=115477) get_provider_ids_matching /opt/stack/placement/placement/objects/research_context.py:563}}
Aug 29 15:49:51.583168 n-d-833090-15 devstack@placement-api.service[115477]: DEBUG placement.objects.research_context [req-50e02006-54a6-46a8-800d-25643e55c4bb req-ac2b65ff-a65e-4ced-9fe6-8ff4f596d295 service placement] found 2 providers after filtering by previous result {{(pid=115477) get_provider_ids_matching /opt/stack/placement/placement/objects/research_context.py:594}}
Aug 29 15:49:51.583475 n-d-833090-15 devstack@placement-api.service[115477]: DEBUG placement.objects.research_context [req-50e02006-54a6-46a8-800d-25643e55c4bb req-ac2b65ff-a65e-4ced-9fe6-8ff4f596d295 service placement] found 2 providers with available 1 VCPU {{(pid=115477) get_provider_ids_matching /opt/stack/placement/placement/objects/research_context.py:563}}
Aug 29 15:49:51.583753 n-d-833090-15 devstack@placement-api.service[115477]: DEBUG placement.objects.research_context [req-50e02006-54a6-46a8-800d-25643e55c4bb req-ac2b65ff-a65e-4ced-9fe6-8ff4f596d295 service placement] found 2 providers after filtering by previous result {{(pid=115477) get_provider_ids_matching /opt/stack/placement/placement/objects/research_context.py:594}}
Aug 29 15:49:51.596980 n-d-833090-15 devstack@placement-api.service[115477]: DEBUG placement.objects.allocation_candidate [req-50e02006-54a6-46a8-800d-25643e55c4bb req-ac2b65ff-a65e-4ced-9fe6-8ff4f596d295 service placement] RequestGroup(use_same_provider=False, resources={DISK_GB:1, MEMORY_MB:1024, VCPU:1}, traits=(), aggregates=[]) (suffix '') returned 2 matches {{(pid=115477) _get_by_requests /opt/stack/placement/placement/objects/allocation_candidate.py:156}}
Aug 29 15:49:51.600674 n-d-833090-15 devstack@placement-api.service[115477]: DEBUG placement.objects.allocation_candidate [req-50e02006-54a6-46a8-800d-25643e55c4bb req-ac2b65ff-a65e-4ced-9fe6-8ff4f596d295 service placement] Merging candidates yields 2 allocation requests and 2 provider summaries {{(pid=115477) _merge_candidates /opt/stack/placement/placement/objects/allocation_candidate.py:809}}
Aug 29 15:49:51.600674 n-d-833090-15 devstack@placement-api.service[115477]: INFO placement.requestlog [req-50e02006-54a6-46a8-800d-25643e55c4bb req-ac2b65ff-a65e-4ced-9fe6-8ff4f596d295 service placement] 10.222.0.73 "GET /placement/allocation_candidates?limit=1000&resources=DISK_GB%3A1%2CMEMORY_MB%3A1024%2CVCPU%3A1&root_required=%21COMPUTE_STATUS_DISABLED" status: 200 len: 1309 microversion: 1.36
Aug 29 15:49:51.606265 n-d-833090-15 devstack@placement-api.service[115477]: [pid: 115477|app: 0|req: 38/69] 10.222.0.73 () {60 vars in 1506 bytes} [Mon Aug 29 15:49:51 2022] GET /placement/allocation_candidates?limit=1000&resources=DISK_GB%3A1%2CMEMORY_MB%3A1024%2CVCPU%3A1&root_required=%21COMPUTE_STATUS_DISABLED => generated 1309 bytes in 101 msecs (HTTP/1.1 200) 8 headers in 297 bytes (1 switches on core 0)
Aug 29 15:49:51.732396 n-d-833090-15 devstack@placement-api.service[115476]: DEBUG placement.requestlog [req-50e02006-54a6-46a8-800d-25643e55c4bb req-d3134b8b-ce7e-45d4-ae41-d532c9933223 None None] Starting request: 10.222.0.73 "GET /placement/allocations/e139d457-64b3-4277-b40b-7e96191b7f7a" {{(pid=115476) __call__ /opt/stack/placement/placement/requestlog.py:55}}
Aug 29 15:49:51.749070 n-d-833090-15 devstack@placement-api.service[115476]: INFO placement.requestlog [req-50e02006-54a6-46a8-800d-25643e55c4bb req-d3134b8b-ce7e-45d4-ae41-d532c9933223 service placement] 10.222.0.73 "GET /placement/allocations/e139d457-64b3-4277-b40b-7e96191b7f7a" status: 200 len: 19 microversion: 1.28
Aug 29 15:49:51.749566 n-d-833090-15 devstack@placement-api.service[115476]: [pid: 115476|app: 0|req: 32/70] 10.222.0.73 () {60 vars in 1380 bytes} [Mon Aug 29 15:49:51 2022] GET /placement/allocations/e139d457-64b3-4277-b40b-7e96191b7f7a => generated 19 bytes in 17 msecs (HTTP/1.1 200) 8 headers in 295 bytes (1 switches on core 0)
Aug 29 15:49:51.756662 n-d-833090-15 devstack@placement-api.service[115477]: DEBUG placement.requestlog [req-50e02006-54a6-46a8-800d-25643e55c4bb req-86c33353-cdd3-427d-bb59-ab77917acc64 None None] Starting request: 10.222.0.73 "PUT /placement/allocations/e139d457-64b3-4277-b40b-7e96191b7f7a" {{(pid=115477) __call__ /opt/stack/placement/placement/requestlog.py:55}}
Aug 29 15:49:51.790066 n-d-833090-15 devstack@placement-api.service[115477]: DEBUG dbcounter [-] [115477] Writing DB stats placement:SELECT=88,placement:INSERT=6,placement:DELETE=4,placement:UPDATE=2 {{(pid=115477) stat_writer /usr/local/lib/python3.8/dist-packages/dbcounter.py:114}}
Aug 29 15:49:51.948119 n-d-833090-15 devstack@placement-api.service[115476]: DEBUG placement.requestlog [req-2dbf6410-0c67-47ee-803f-88d3c5a7d550 req-0876dba1-3987-4f28-9d29-21e173ac87c9 None None] Starting request: 10.222.0.59 "GET /placement/allocations/3d11e2f7-15c1-42a1-9deb-00b445c7c691" {{(pid=115476) __call__ /opt/stack/placement/placement/requestlog.py:55}}
Aug 29 15:49:51.965334 n-d-833090-15 devstack@placement-api.service[115477]: DEBUG placement.handlers.allocation [req-50e02006-54a6-46a8-800d-25643e55c4bb req-86c33353-cdd3-427d-bb59-ab77917acc64 service placement] Successfully wrote allocations [, , ] {{(pid=115477) _update_consumers_and_create_allocations /opt/stack/placement/placement/handlers/allocation.py:462}}
Aug 29 15:49:51.972397 n-d-833090-15 devstack@placement-api.service[115476]: INFO placement.requestlog [req-2dbf6410-0c67-47ee-803f-88d3c5a7d550 req-0876dba1-3987-4f28-9d29-21e173ac87c9 service placement] 10.222.0.59 "GET /placement/allocations/3d11e2f7-15c1-42a1-9deb-00b445c7c691" status: 200 len: 258 microversion: 1.28
Aug 29 15:49:51.973260 n-d-833090-15 devstack@placement-api.service[115476]: [pid: 115476|app: 0|req: 33/71] 10.222.0.59 () {60 vars in 1377 bytes} [Mon Aug 29 15:49:51 2022] GET /placement/allocations/3d11e2f7-15c1-42a1-9deb-00b445c7c691 => generated 258 bytes in 25 msecs (HTTP/1.1 200) 8 headers in 296 bytes (2 switches on core 0)
Aug 29 15:49:52.125927 n-d-833090-15 devstack@placement-api.service[115477]: INFO placement.requestlog [req-50e02006-54a6-46a8-800d-25643e55c4bb req-86c33353-cdd3-427d-bb59-ab77917acc64 service placement] 10.222.0.73 "PUT /placement/allocations/e139d457-64b3-4277-b40b-7e96191b7f7a" status: 204 len: 0 microversion: 1.36
Aug 29 15:49:52.127669 n-d-833090-15 devstack@placement-api.service[115477]: [pid: 115477|app: 0|req: 39/72] 10.222.0.73 () {64 vars in 1433 bytes} [Mon Aug 29 15:49:51 2022] PUT /placement/allocations/e139d457-64b3-4277-b40b-7e96191b7f7a => generated 0 bytes in 371 msecs (HTTP/1.1 204) 5 headers in 199 bytes (1 switches on core 0)
Aug 29 15:49:52.339930 n-d-833090-15 devstack@placement-api.service[115476]: DEBUG placement.requestlog [req-bad39727-bbc8-4ef0-aefc-0c1cd6d770b5 req-e518d3a0-3d96-4238-9a6b-405f8aebe30b None None] Starting request: 10.222.0.73 "GET /placement/resource_providers?name=n-h1-833090-15" {{(pid=115476) __call__ /opt/stack/placement/placement/requestlog.py:55}}
Aug 29 15:49:52.363028 n-d-833090-15 devstack@placement-api.service[115477]: DEBUG placement.requestlog [req-2dbf6410-0c67-47ee-803f-88d3c5a7d550 req-26d5ef46-f0b0-4565-a432-776c375b9002 None None] Starting request: 10.222.0.59 "GET /placement/resource_providers/b1c810b4-024c-4411-9779-e3f40705ccfe/allocations" {{(pid=115477) __call__ /opt/stack/placement/placement/requestlog.py:55}}
Aug 29 15:49:52.382937 n-d-833090-15 devstack@placement-api.service[115476]: INFO placement.requestlog [req-bad39727-bbc8-4ef0-aefc-0c1cd6d770b5 req-e518d3a0-3d96-4238-9a6b-405f8aebe30b service placement] 10.222.0.73 "GET /placement/resource_providers?name=n-h1-833090-15" status: 200 len: 441 microversion: 1.0
Aug 29 15:49:52.386953 n-d-833090-15 devstack@placement-api.service[115476]: [pid: 115476|app: 0|req: 34/73] 10.222.0.73 () {58 vars in 1276 bytes} [Mon Aug 29 15:49:52 2022] GET /placement/resource_providers?name=n-h1-833090-15 => generated 441 bytes in 47 msecs (HTTP/1.1 200) 6 headers in 224 bytes (1 switches on core 0)
Aug 29 15:49:52.394128 n-d-833090-15 devstack@placement-api.service[115476]: DEBUG placement.requestlog [req-bad39727-bbc8-4ef0-aefc-0c1cd6d770b5 req-417d8abd-b8bc-4944-83b9-58f80cb22243 None None] Starting request: 10.222.0.73 "GET /placement/resource_providers/b1c810b4-024c-4411-9779-e3f40705ccfe/aggregates" {{(pid=115476) __call__ /opt/stack/placement/placement/requestlog.py:55}}
Aug 29 15:49:52.406913 n-d-833090-15 devstack@placement-api.service[115477]: INFO placement.requestlog [req-2dbf6410-0c67-47ee-803f-88d3c5a7d550 req-26d5ef46-f0b0-4565-a432-776c375b9002 service placement] 10.222.0.59 "GET /placement/resource_providers/b1c810b4-024c-4411-9779-e3f40705ccfe/allocations" status: 200 len: 254 microversion: 1.0
Aug 29 15:49:52.407300 n-d-833090-15 devstack@placement-api.service[115477]: [pid: 115477|app: 0|req: 40/74] 10.222.0.59 () {58 vars in 1390 bytes} [Mon Aug 29 15:49:52 2022] GET /placement/resource_providers/b1c810b4-024c-4411-9779-e3f40705ccfe/allocations => generated 254 bytes in 45 msecs (HTTP/1.1 200) 6 headers in 224 bytes (2 switches on core 0)
Aug 29 15:49:52.415376 n-d-833090-15 devstack@placement-api.service[115477]: DEBUG placement.requestlog [req-2dbf6410-0c67-47ee-803f-88d3c5a7d550 req-ad7d1bd8-93d1-4ee1-ac8c-707341c8ed20 None None] Starting request: 10.222.0.59 "GET /placement/allocations/e139d457-64b3-4277-b40b-7e96191b7f7a" {{(pid=115477) __call__ /opt/stack/placement/placement/requestlog.py:55}}
Aug 29 15:49:52.423984 n-d-833090-15 devstack@placement-api.service[115476]: INFO placement.requestlog [req-bad39727-bbc8-4ef0-aefc-0c1cd6d770b5 req-417d8abd-b8bc-4944-83b9-58f80cb22243 service placement] 10.222.0.73 "GET /placement/resource_providers/b1c810b4-024c-4411-9779-e3f40705ccfe/aggregates" status: 200 len: 53 microversion: 1.19
Aug 29 15:49:52.434790 n-d-833090-15 devstack@placement-api.service[115476]: [pid: 115476|app: 0|req: 35/75] 10.222.0.73 () {60 vars in 1425 bytes} [Mon Aug 29 15:49:52 2022] GET /placement/resource_providers/b1c810b4-024c-4411-9779-e3f40705ccfe/aggregates => generated 53 bytes in 41 msecs (HTTP/1.1 200) 8 headers in 295 bytes (2 switches on core 0)
Aug 29 15:49:52.440918 n-d-833090-15 devstack@placement-api.service[115476]: DEBUG placement.requestlog [req-bad39727-bbc8-4ef0-aefc-0c1cd6d770b5 req-04214673-2c44-4c68-8e61-51005cffa519 None None] Starting request: 10.222.0.73 "PUT /placement/resource_providers/b1c810b4-024c-4411-9779-e3f40705ccfe/aggregates" {{(pid=115476) __call__ /opt/stack/placement/placement/requestlog.py:55}}
Aug 29 15:49:52.441670 n-d-833090-15 devstack@placement-api.service[115477]: INFO placement.requestlog [req-2dbf6410-0c67-47ee-803f-88d3c5a7d550 req-ad7d1bd8-93d1-4ee1-ac8c-707341c8ed20 service placement] 10.222.0.59 "GET /placement/allocations/e139d457-64b3-4277-b40b-7e96191b7f7a" status: 200 len: 258 microversion: 1.28
Aug 29 15:49:52.441670 n-d-833090-15 devstack@placement-api.service[115477]: [pid: 115477|app: 0|req: 41/76] 10.222.0.59 () {60 vars in 1377 bytes} [Mon Aug 29 15:49:52 2022] GET /placement/allocations/e139d457-64b3-4277-b40b-7e96191b7f7a => generated 258 bytes in 23 msecs (HTTP/1.1 200) 8 headers in 296 bytes (2 switches on core 0)
Aug 29 15:49:52.445614 n-d-833090-15 devstack@placement-api.service[115477]: DEBUG placement.requestlog [req-2dbf6410-0c67-47ee-803f-88d3c5a7d550 req-a7c4e839-bf4c-4d2a-aabf-ffb3d5af6ae6 None None] Starting request: 10.222.0.59 "GET /placement/allocations/3d11e2f7-15c1-42a1-9deb-00b445c7c691" {{(pid=115477) __call__ /opt/stack/placement/placement/requestlog.py:55}}
Aug 29 15:49:52.464600 n-d-833090-15 devstack@placement-api.service[115477]: INFO placement.requestlog [req-2dbf6410-0c67-47ee-803f-88d3c5a7d550 req-a7c4e839-bf4c-4d2a-aabf-ffb3d5af6ae6 service placement] 10.222.0.59 "GET /placement/allocations/3d11e2f7-15c1-42a1-9deb-00b445c7c691" status: 200 len: 258 microversion: 1.28
Aug 29 15:49:52.465357 n-d-833090-15 devstack@placement-api.service[115476]: DEBUG placement.objects.resource_provider [req-bad39727-bbc8-4ef0-aefc-0c1cd6d770b5 req-04214673-2c44-4c68-8e61-51005cffa519 service placement] _ensure_aggregate() did not find aggregate 21cdb557-8f5c-48f0-afd8-24f116d04743. Attempting to create it. {{(pid=115476) _ensure_aggregate /opt/stack/placement/placement/objects/resource_provider.py:321}}
Aug 29 15:49:52.465695 n-d-833090-15 devstack@placement-api.service[115477]: [pid: 115477|app: 0|req: 42/77] 10.222.0.59 () {60 vars in 1377 bytes} [Mon Aug 29 15:49:52 2022] GET /placement/allocations/3d11e2f7-15c1-42a1-9deb-00b445c7c691 => generated 258 bytes in 20 msecs (HTTP/1.1 200) 8 headers in 296 bytes (1 switches on core 0)
Aug 29 15:49:52.468415 n-d-833090-15 devstack@placement-api.service[115476]: DEBUG placement.objects.resource_provider [req-bad39727-bbc8-4ef0-aefc-0c1cd6d770b5 req-04214673-2c44-4c68-8e61-51005cffa519 service placement] _ensure_aggregate() created new aggregate 21cdb557-8f5c-48f0-afd8-24f116d04743 (id=2). {{(pid=115476) _ensure_aggregate /opt/stack/placement/placement/objects/resource_provider.py:327}}
Aug 29 15:49:52.470632 n-d-833090-15 devstack@placement-api.service[115476]: DEBUG placement.objects.resource_provider [req-bad39727-bbc8-4ef0-aefc-0c1cd6d770b5 req-04214673-2c44-4c68-8e61-51005cffa519 service placement] Setting aggregates for provider b1c810b4-024c-4411-9779-e3f40705ccfe. Successfully associated aggregate 21cdb557-8f5c-48f0-afd8-24f116d04743. {{(pid=115476) _set_aggregates /opt/stack/placement/placement/objects/resource_provider.py:389}}
Aug 29 15:49:52.560609 n-d-833090-15 devstack@placement-api.service[115476]: INFO placement.requestlog [req-bad39727-bbc8-4ef0-aefc-0c1cd6d770b5 req-04214673-2c44-4c68-8e61-51005cffa519 service placement] 10.222.0.73 "PUT /placement/resource_providers/b1c810b4-024c-4411-9779-e3f40705ccfe/aggregates" status: 200 len: 91 microversion: 1.19
Aug 29 15:49:52.576881 n-d-833090-15 devstack@placement-api.service[115476]: [pid: 115476|app: 0|req: 36/78] 10.222.0.73 () {64 vars in 1477 bytes} [Mon Aug 29 15:49:52 2022] PUT /placement/resource_providers/b1c810b4-024c-4411-9779-e3f40705ccfe/aggregates => generated 91 bytes in 140 msecs (HTTP/1.1 200) 8 headers in 295 bytes (1 switches on core 0)
Aug 29 15:49:52.836813 n-d-833090-15 devstack@placement-api.service[115477]: DEBUG placement.requestlog [None req-0f2b4090-f58d-413c-ae15-b8aa42a80417 None None] Starting request: 10.222.0.73 "GET /placement/" {{(pid=115477) __call__ /opt/stack/placement/placement/requestlog.py:55}}
Aug 29 15:49:52.837876 n-d-833090-15 devstack@placement-api.service[115477]: INFO placement.requestlog [None req-0f2b4090-f58d-413c-ae15-b8aa42a80417 None None] 10.222.0.73 "GET /placement/" status: 200 len: 136 microversion: 1.0
Aug 29 15:49:52.838543 n-d-833090-15 devstack@placement-api.service[115477]: [pid: 115477|app: 0|req: 43/79] 10.222.0.73 () {54 vars in 907 bytes} [Mon Aug 29 15:49:52 2022] GET /placement => generated 136 bytes in 2 msecs (HTTP/1.1 200) 6 headers in 224 bytes (1 switches on core 0)
Aug 29 15:49:52.856064 n-d-833090-15 devstack@placement-api.service[115476]: DEBUG placement.requestlog [req-37005996-e97a-425c-8e1d-65a1fa2b058d req-09e31cc9-157a-4e4c-89fd-716e18491038 None None] Starting request: 10.222.0.73 "GET /placement/resource_providers?name=n-h1-833090-15" {{(pid=115476) __call__ /opt/stack/placement/placement/requestlog.py:55}}
Aug 29 15:49:53.083810 n-d-833090-15 devstack@placement-api.service[115476]: INFO placement.requestlog [req-37005996-e97a-425c-8e1d-65a1fa2b058d req-09e31cc9-157a-4e4c-89fd-716e18491038 service placement] 10.222.0.73 "GET /placement/resource_providers?name=n-h1-833090-15" status: 200 len: 441 microversion: 1.0
Aug 29 15:49:53.086061 n-d-833090-15 devstack@placement-api.service[115476]: [pid: 115476|app: 0|req: 37/80] 10.222.0.73 () {58 vars in 1276 bytes} [Mon Aug 29 15:49:52 2022] GET /placement/resource_providers?name=n-h1-833090-15 => generated 441 bytes in 230 msecs (HTTP/1.1 200) 6 headers in 224 bytes (1 switches on core 0)
Aug 29 15:49:53.094993 n-d-833090-15 devstack@placement-api.service[115477]: DEBUG placement.requestlog [req-37005996-e97a-425c-8e1d-65a1fa2b058d req-1de233e5-2f4f-44e0-8a19-4d15de9e1d22 None None] Starting request: 10.222.0.73 "GET /placement/resource_providers/b1c810b4-024c-4411-9779-e3f40705ccfe/aggregates" {{(pid=115477) __call__ /opt/stack/placement/placement/requestlog.py:55}}
Aug 29 15:49:53.123918 n-d-833090-15 devstack@placement-api.service[115477]: INFO placement.requestlog [req-37005996-e97a-425c-8e1d-65a1fa2b058d req-1de233e5-2f4f-44e0-8a19-4d15de9e1d22 service placement] 10.222.0.73 "GET /placement/resource_providers/b1c810b4-024c-4411-9779-e3f40705ccfe/aggregates" status: 200 len: 91 microversion: 1.19
Aug 29 15:49:53.132369 n-d-833090-15 devstack@placement-api.service[115477]: [pid: 115477|app: 0|req: 44/81] 10.222.0.73 () {60 vars in 1425 bytes} [Mon Aug 29 15:49:53 2022] GET /placement/resource_providers/b1c810b4-024c-4411-9779-e3f40705ccfe/aggregates => generated 91 bytes in 37 msecs (HTTP/1.1 200) 8 headers in 295 bytes (1 switches on core 0)
Aug 29 15:49:53.135819 n-d-833090-15 devstack@placement-api.service[115476]: DEBUG placement.requestlog [req-37005996-e97a-425c-8e1d-65a1fa2b058d req-95d89450-6650-47ca-8e3e-12609d736fe1 None None] Starting request: 10.222.0.73 "PUT /placement/resource_providers/b1c810b4-024c-4411-9779-e3f40705ccfe/aggregates" {{(pid=115476) __call__ /opt/stack/placement/placement/requestlog.py:55}}
Aug 29 15:49:53.171461 n-d-833090-15 devstack@placement-api.service[115476]: DEBUG placement.objects.resource_provider [req-37005996-e97a-425c-8e1d-65a1fa2b058d req-95d89450-6650-47ca-8e3e-12609d736fe1 service placement] Setting aggregates for provider b1c810b4-024c-4411-9779-e3f40705ccfe. Successfully disassociated aggregate 21cdb557-8f5c-48f0-afd8-24f116d04743. {{(pid=115476) _set_aggregates /opt/stack/placement/placement/objects/resource_provider.py:404}}
Aug 29 15:49:53.234362 n-d-833090-15 devstack@placement-api.service[115476]: INFO placement.requestlog [req-37005996-e97a-425c-8e1d-65a1fa2b058d req-95d89450-6650-47ca-8e3e-12609d736fe1 service placement] 10.222.0.73 "PUT /placement/resource_providers/b1c810b4-024c-4411-9779-e3f40705ccfe/aggregates" status: 200 len: 54 microversion: 1.19
Aug 29 15:49:53.235384 n-d-833090-15 devstack@placement-api.service[115476]: [pid: 115476|app: 0|req: 38/82] 10.222.0.73 () {64 vars in 1477 bytes} [Mon Aug 29 15:49:53 2022] PUT /placement/resource_providers/b1c810b4-024c-4411-9779-e3f40705ccfe/aggregates => generated 54 bytes in 99 msecs (HTTP/1.1 200) 8 headers in 295 bytes (1 switches on core 0)
Aug 29 15:49:53.419678 n-d-833090-15 devstack@placement-api.service[115477]: DEBUG placement.requestlog [req-a9382809-5269-489f-bdc0-b25677af79cd req-034110e4-8508-403b-9215-1e843e3c31b9 None None] Starting request: 10.222.0.59 "GET /placement/resource_providers/b1c810b4-024c-4411-9779-e3f40705ccfe/allocations" {{(pid=115477) __call__ /opt/stack/placement/placement/requestlog.py:55}}
Aug 29 15:49:53.465635 n-d-833090-15 devstack@placement-api.service[115477]: INFO placement.requestlog [req-a9382809-5269-489f-bdc0-b25677af79cd req-034110e4-8508-403b-9215-1e843e3c31b9 service placement] 10.222.0.59 "GET /placement/resource_providers/b1c810b4-024c-4411-9779-e3f40705ccfe/allocations" status: 200 len: 255 microversion: 1.0
Aug 29 15:49:53.466912 n-d-833090-15 devstack@placement-api.service[115477]: [pid: 115477|app: 0|req: 45/83] 10.222.0.59 () {58 vars in 1390 bytes} [Mon Aug 29 15:49:53 2022] GET /placement/resource_providers/b1c810b4-024c-4411-9779-e3f40705ccfe/allocations => generated 255 bytes in 47 msecs (HTTP/1.1 200) 6 headers in 224 bytes (2 switches on core 0)
Aug 29 15:49:53.537694 n-d-833090-15 devstack@placement-api.service[115476]: DEBUG placement.requestlog [req-50e02006-54a6-46a8-800d-25643e55c4bb req-b0d01e5b-668a-4307-9445-d89a1cf91d7a None None] Starting request: 10.222.0.59 "GET /placement/allocations/e139d457-64b3-4277-b40b-7e96191b7f7a" {{(pid=115476) __call__ /opt/stack/placement/placement/requestlog.py:55}}
Aug 29 15:49:53.562049 n-d-833090-15 devstack@placement-api.service[115476]: DEBUG dbcounter [-] [115476] Writing DB stats placement:SELECT=81,placement:DELETE=6,placement:INSERT=8,placement:UPDATE=5 {{(pid=115476) stat_writer /usr/local/lib/python3.8/dist-packages/dbcounter.py:114}}
Aug 29 15:49:53.571475 n-d-833090-15 devstack@placement-api.service[115476]: INFO placement.requestlog [req-50e02006-54a6-46a8-800d-25643e55c4bb req-b0d01e5b-668a-4307-9445-d89a1cf91d7a service placement] 10.222.0.59 "GET /placement/allocations/e139d457-64b3-4277-b40b-7e96191b7f7a" status: 200 len: 259 microversion: 1.28
Aug 29 15:49:53.572324 n-d-833090-15 devstack@placement-api.service[115476]: [pid: 115476|app: 0|req: 39/84] 10.222.0.59 () {60 vars in 1377 bytes} [Mon Aug 29 15:49:53 2022] GET /placement/allocations/e139d457-64b3-4277-b40b-7e96191b7f7a => generated 259 bytes in 35 msecs (HTTP/1.1 200) 8 headers in 296 bytes (1 switches on core 0)
Aug 29 15:49:53.767043 n-d-833090-15 devstack@placement-api.service[115477]: DEBUG placement.requestlog [req-a9382809-5269-489f-bdc0-b25677af79cd req-b5daf407-6dea-4b26-9cc0-5531c216db54 None None] Starting request: 10.222.0.59 "GET /placement/resource_providers/b1c810b4-024c-4411-9779-e3f40705ccfe/allocations" {{(pid=115477) __call__ /opt/stack/placement/placement/requestlog.py:55}}
Aug 29 15:49:53.806592 n-d-833090-15 devstack@placement-api.service[115477]: INFO placement.requestlog [req-a9382809-5269-489f-bdc0-b25677af79cd req-b5daf407-6dea-4b26-9cc0-5531c216db54 service placement] 10.222.0.59 "GET /placement/resource_providers/b1c810b4-024c-4411-9779-e3f40705ccfe/allocations" status: 200 len: 255 microversion: 1.0
Aug 29 15:49:53.807565 n-d-833090-15 devstack@placement-api.service[115477]: [pid: 115477|app: 0|req: 46/85] 10.222.0.59 () {58 vars in 1390 bytes} [Mon Aug 29 15:49:53 2022] GET /placement/resource_providers/b1c810b4-024c-4411-9779-e3f40705ccfe/allocations => generated 255 bytes in 41 msecs (HTTP/1.1 200) 6 headers in 224 bytes (2 switches on core 0)
Aug 29 15:49:53.815049 n-d-833090-15 devstack@placement-api.service[115476]: DEBUG placement.requestlog [req-a9382809-5269-489f-bdc0-b25677af79cd req-c0fc8b3f-4945-4170-8cc3-216d83fbdc88 None None] Starting request: 10.222.0.59 "GET /placement/allocations/e139d457-64b3-4277-b40b-7e96191b7f7a" {{(pid=115476) __call__ /opt/stack/placement/placement/requestlog.py:55}}
Aug 29 15:49:53.836850 n-d-833090-15 devstack@placement-api.service[115476]: INFO placement.requestlog [req-a9382809-5269-489f-bdc0-b25677af79cd req-c0fc8b3f-4945-4170-8cc3-216d83fbdc88 service placement] 10.222.0.59 "GET /placement/allocations/e139d457-64b3-4277-b40b-7e96191b7f7a" status: 200 len: 259 microversion: 1.28
Aug 29 15:49:53.838914 n-d-833090-15 devstack@placement-api.service[115476]: [pid: 115476|app: 0|req: 40/86] 10.222.0.59 () {60 vars in 1377 bytes} [Mon Aug 29 15:49:53 2022] GET /placement/allocations/e139d457-64b3-4277-b40b-7e96191b7f7a => generated 259 bytes in 24 msecs (HTTP/1.1 200) 8 headers in 296 bytes (1 switches on core 0)
Aug 29 15:49:53.846076 n-d-833090-15 devstack@placement-api.service[115477]: DEBUG placement.requestlog [req-a9382809-5269-489f-bdc0-b25677af79cd req-4ca3555a-c86e-471d-a71b-953648d16181 None None] Starting request: 10.222.0.59 "GET /placement/allocations/3d11e2f7-15c1-42a1-9deb-00b445c7c691" {{(pid=115477) __call__ /opt/stack/placement/placement/requestlog.py:55}}
Aug 29 15:49:53.868309 n-d-833090-15 devstack@placement-api.service[115477]: INFO placement.requestlog [req-a9382809-5269-489f-bdc0-b25677af79cd req-4ca3555a-c86e-471d-a71b-953648d16181 service placement] 10.222.0.59 "GET /placement/allocations/3d11e2f7-15c1-42a1-9deb-00b445c7c691" status: 200 len: 259 microversion: 1.28
Aug 29 15:49:53.869225 n-d-833090-15 devstack@placement-api.service[115477]: [pid: 115477|app: 0|req: 47/87] 10.222.0.59 () {60 vars in 1377 bytes} [Mon Aug 29 15:49:53 2022] GET /placement/allocations/3d11e2f7-15c1-42a1-9deb-00b445c7c691 => generated 259 bytes in 23 msecs (HTTP/1.1 200) 8 headers in 296 bytes (1 switches on core 0)
Aug 29 15:49:54.221537 n-d-833090-15 devstack@placement-api.service[115476]: DEBUG placement.requestlog [req-3f658d91-229e-468d-a312-42c9bf88f844 req-ec1e7075-b330-4077-99df-8d05ebb119a4 None None] Starting request: 10.222.0.73 "GET /placement/resource_providers?name=n-h1-833090-15" {{(pid=115476) __call__ /opt/stack/placement/placement/requestlog.py:55}}
Aug 29 15:49:54.250556 n-d-833090-15 devstack@placement-api.service[115476]: INFO placement.requestlog [req-3f658d91-229e-468d-a312-42c9bf88f844 req-ec1e7075-b330-4077-99df-8d05ebb119a4 service placement] 10.222.0.73 "GET /placement/resource_providers?name=n-h1-833090-15" status: 200 len: 442 microversion: 1.0
Aug 29 15:49:54.250930 n-d-833090-15 devstack@placement-api.service[115476]: [pid: 115476|app: 0|req: 41/88] 10.222.0.73 () {58 vars in 1276 bytes} [Mon Aug 29 15:49:54 2022] GET /placement/resource_providers?name=n-h1-833090-15 => generated 442 bytes in 30 msecs (HTTP/1.1 200) 6 headers in 224 bytes (1 switches on core 0)
Aug 29 15:49:54.285905 n-d-833090-15 devstack@placement-api.service[115477]: DEBUG placement.requestlog [req-3f658d91-229e-468d-a312-42c9bf88f844 req-39145e3f-7f99-4f64-8e5e-0eba18523c0a None None] Starting request: 10.222.0.73 "GET /placement/resource_providers/b1c810b4-024c-4411-9779-e3f40705ccfe/aggregates" {{(pid=115477) __call__ /opt/stack/placement/placement/requestlog.py:55}}
Aug 29 15:49:54.326284 n-d-833090-15 devstack@placement-api.service[115477]: INFO placement.requestlog [req-3f658d91-229e-468d-a312-42c9bf88f844 req-39145e3f-7f99-4f64-8e5e-0eba18523c0a service placement] 10.222.0.73 "GET /placement/resource_providers/b1c810b4-024c-4411-9779-e3f40705ccfe/aggregates" status: 200 len: 54 microversion: 1.19
Aug 29 15:49:54.327110 n-d-833090-15 devstack@placement-api.service[115477]: [pid: 115477|app: 0|req: 48/89] 10.222.0.73 () {60 vars in 1425 bytes} [Mon Aug 29 15:49:54 2022] GET /placement/resource_providers/b1c810b4-024c-4411-9779-e3f40705ccfe/aggregates => generated 54 bytes in 41 msecs (HTTP/1.1 200) 8 headers in 295 bytes (1 switches on core 0)
Aug 29 15:49:54.339558 n-d-833090-15 devstack@placement-api.service[115476]: DEBUG placement.requestlog [req-3f658d91-229e-468d-a312-42c9bf88f844 req-4ce43120-9c46-4038-ab4d-5d5a61c99296 None None] Starting request: 10.222.0.73 "PUT /placement/resource_providers/b1c810b4-024c-4411-9779-e3f40705ccfe/aggregates" {{(pid=115476) __call__ /opt/stack/placement/placement/requestlog.py:55}}
Aug 29 15:49:54.397757 n-d-833090-15 devstack@placement-api.service[115476]: DEBUG placement.objects.resource_provider [req-3f658d91-229e-468d-a312-42c9bf88f844 req-4ce43120-9c46-4038-ab4d-5d5a61c99296 service placement] _ensure_aggregate() did not find aggregate 0b0ed839-52f2-4157-89b5-d2f8ade3d861. Attempting to create it. {{(pid=115476) _ensure_aggregate /opt/stack/placement/placement/objects/resource_provider.py:321}}
Aug 29 15:49:54.409547 n-d-833090-15 devstack@placement-api.service[115476]: DEBUG placement.objects.resource_provider [req-3f658d91-229e-468d-a312-42c9bf88f844 req-4ce43120-9c46-4038-ab4d-5d5a61c99296 service placement] _ensure_aggregate() created new aggregate 0b0ed839-52f2-4157-89b5-d2f8ade3d861 (id=3). {{(pid=115476) _ensure_aggregate /opt/stack/placement/placement/objects/resource_provider.py:327}}
Aug 29 15:49:54.409547 n-d-833090-15 devstack@placement-api.service[115476]: DEBUG placement.objects.resource_provider [req-3f658d91-229e-468d-a312-42c9bf88f844 req-4ce43120-9c46-4038-ab4d-5d5a61c99296 service placement] Setting aggregates for provider b1c810b4-024c-4411-9779-e3f40705ccfe. Successfully associated aggregate 0b0ed839-52f2-4157-89b5-d2f8ade3d861. {{(pid=115476) _set_aggregates /opt/stack/placement/placement/objects/resource_provider.py:389}}
Aug 29 15:49:54.514602 n-d-833090-15 devstack@placement-api.service[115476]: INFO placement.requestlog [req-3f658d91-229e-468d-a312-42c9bf88f844 req-4ce43120-9c46-4038-ab4d-5d5a61c99296 service placement] 10.222.0.73 "PUT /placement/resource_providers/b1c810b4-024c-4411-9779-e3f40705ccfe/aggregates" status: 200 len: 92 microversion: 1.19
Aug 29 15:49:54.515278 n-d-833090-15 devstack@placement-api.service[115476]: [pid: 115476|app: 0|req: 42/90] 10.222.0.73 () {64 vars in 1477 bytes} [Mon Aug 29 15:49:54 2022] PUT /placement/resource_providers/b1c810b4-024c-4411-9779-e3f40705ccfe/aggregates => generated 92 bytes in 176 msecs (HTTP/1.1 200) 8 headers in 295 bytes (1 switches on core 0)
Aug 29 15:49:54.555252 n-d-833090-15 devstack@placement-api.service[115477]: DEBUG placement.requestlog [req-50e02006-54a6-46a8-800d-25643e55c4bb req-c49e8b7c-e300-4d25-b3d2-635fe11e5fcb None None] Starting request: 10.222.0.59 "GET /placement/resource_providers/b1c810b4-024c-4411-9779-e3f40705ccfe/allocations" {{(pid=115477) __call__ /opt/stack/placement/placement/requestlog.py:55}}
Aug 29 15:49:54.595618 n-d-833090-15 devstack@placement-api.service[115477]: INFO placement.requestlog [req-50e02006-54a6-46a8-800d-25643e55c4bb req-c49e8b7c-e300-4d25-b3d2-635fe11e5fcb service placement] 10.222.0.59 "GET /placement/resource_providers/b1c810b4-024c-4411-9779-e3f40705ccfe/allocations" status: 200 len: 255 microversion: 1.0
Aug 29 15:49:54.596463 n-d-833090-15 devstack@placement-api.service[115477]: [pid: 115477|app: 0|req: 49/91] 10.222.0.59 () {58 vars in 1390 bytes} [Mon Aug 29 15:49:54 2022] GET /placement/resource_providers/b1c810b4-024c-4411-9779-e3f40705ccfe/allocations => generated 255 bytes in 42 msecs (HTTP/1.1 200) 6 headers in 224 bytes (1 switches on core 0)
Aug 29 15:49:54.604328 n-d-833090-15 devstack@placement-api.service[115476]: DEBUG placement.requestlog [req-50e02006-54a6-46a8-800d-25643e55c4bb req-5f9636fe-2168-49da-b911-5fbeae7108e1 None None] Starting request: 10.222.0.59 "GET /placement/allocations/e139d457-64b3-4277-b40b-7e96191b7f7a" {{(pid=115476) __call__ /opt/stack/placement/placement/requestlog.py:55}}
Aug 29 15:49:54.628645 n-d-833090-15 devstack@placement-api.service[115477]: DEBUG placement.requestlog [req-0858c61b-de5c-42d0-909b-5527ea5e4174 req-959ad23f-13ce-4c13-869a-a7afaefd6ace None None] Starting request: 10.222.0.73 "GET /placement/resource_providers?name=n-h1-833090-15" {{(pid=115477) __call__ /opt/stack/placement/placement/requestlog.py:55}}
Aug 29 15:49:54.646831 n-d-833090-15 devstack@placement-api.service[115477]: INFO placement.requestlog [req-0858c61b-de5c-42d0-909b-5527ea5e4174 req-959ad23f-13ce-4c13-869a-a7afaefd6ace service placement] 10.222.0.73 "GET /placement/resource_providers?name=n-h1-833090-15" status: 200 len: 442 microversion: 1.0
Aug 29 15:49:54.647638 n-d-833090-15 devstack@placement-api.service[115476]: INFO placement.requestlog [req-50e02006-54a6-46a8-800d-25643e55c4bb req-5f9636fe-2168-49da-b911-5fbeae7108e1 service placement] 10.222.0.59 "GET /placement/allocations/e139d457-64b3-4277-b40b-7e96191b7f7a" status: 200 len: 259 microversion: 1.28
Aug 29 15:49:54.647973 n-d-833090-15 devstack@placement-api.service[115476]: [pid: 115476|app: 0|req: 43/93] 10.222.0.59 () {60 vars in 1377 bytes} [Mon Aug 29 15:49:54 2022] GET /placement/allocations/e139d457-64b3-4277-b40b-7e96191b7f7a => generated 259 bytes in 44 msecs (HTTP/1.1 200) 8 headers in 296 bytes (1 switches on core 0)
Aug 29 15:49:54.648127 n-d-833090-15 devstack@placement-api.service[115477]: [pid: 115477|app: 0|req: 50/93] 10.222.0.73 () {58 vars in 1276 bytes} [Mon Aug 29 15:49:54 2022] GET /placement/resource_providers?name=n-h1-833090-15 => generated 442 bytes in 23 msecs (HTTP/1.1 200) 6 headers in 224 bytes (1 switches on core 0)
Aug 29 15:49:54.658119 n-d-833090-15 devstack@placement-api.service[115476]: DEBUG placement.requestlog [req-0858c61b-de5c-42d0-909b-5527ea5e4174 req-a310ff47-36b2-4551-a710-cea8bd45e354 None None] Starting request: 10.222.0.73 "GET /placement/resource_providers/b1c810b4-024c-4411-9779-e3f40705ccfe/aggregates" {{(pid=115476) __call__ /opt/stack/placement/placement/requestlog.py:55}}
Aug 29 15:49:54.666768 n-d-833090-15 devstack@placement-api.service[115477]: DEBUG placement.requestlog [req-50e02006-54a6-46a8-800d-25643e55c4bb req-b47df40f-1571-44c5-a4d6-52deb18315f2 None None] Starting request: 10.222.0.59 "GET /placement/allocations/3d11e2f7-15c1-42a1-9deb-00b445c7c691" {{(pid=115477) __call__ /opt/stack/placement/placement/requestlog.py:55}}
Aug 29 15:49:54.675700 n-d-833090-15 devstack@placement-api.service[115476]: INFO placement.requestlog [req-0858c61b-de5c-42d0-909b-5527ea5e4174 req-a310ff47-36b2-4551-a710-cea8bd45e354 service placement] 10.222.0.73 "GET /placement/resource_providers/b1c810b4-024c-4411-9779-e3f40705ccfe/aggregates" status: 200 len: 92 microversion: 1.19
Aug 29 15:49:54.676540 n-d-833090-15 devstack@placement-api.service[115476]: [pid: 115476|app: 0|req: 44/94] 10.222.0.73 () {60 vars in 1425 bytes} [Mon Aug 29 15:49:54 2022] GET /placement/resource_providers/b1c810b4-024c-4411-9779-e3f40705ccfe/aggregates => generated 92 bytes in 19 msecs (HTTP/1.1 200) 8 headers in 295 bytes (1 switches on core 0)
Aug 29 15:49:54.690198 n-d-833090-15 devstack@placement-api.service[115476]: DEBUG placement.requestlog [req-0858c61b-de5c-42d0-909b-5527ea5e4174 req-bd3eefc0-05a0-4585-adc6-342b146f786f None None] Starting request: 10.222.0.73 "PUT /placement/resource_providers/b1c810b4-024c-4411-9779-e3f40705ccfe/aggregates" {{(pid=115476) __call__ /opt/stack/placement/placement/requestlog.py:55}}
Aug 29 15:49:54.709518 n-d-833090-15 devstack@placement-api.service[115477]: INFO placement.requestlog [req-50e02006-54a6-46a8-800d-25643e55c4bb req-b47df40f-1571-44c5-a4d6-52deb18315f2 service placement] 10.222.0.59 "GET /placement/allocations/3d11e2f7-15c1-42a1-9deb-00b445c7c691" status: 200 len: 259 microversion: 1.28
Aug 29 15:49:54.710537 n-d-833090-15 devstack@placement-api.service[115477]: [pid: 115477|app: 0|req: 51/95] 10.222.0.59 () {60 vars in 1377 bytes} [Mon Aug 29 15:49:54 2022] GET /placement/allocations/3d11e2f7-15c1-42a1-9deb-00b445c7c691 => generated 259 bytes in 44 msecs (HTTP/1.1 200) 8 headers in 296 bytes (1 switches on core 0)
Aug 29 15:49:54.720464 n-d-833090-15 devstack@placement-api.service[115476]: DEBUG placement.objects.resource_provider [req-0858c61b-de5c-42d0-909b-5527ea5e4174 req-bd3eefc0-05a0-4585-adc6-342b146f786f service placement] Setting aggregates for provider b1c810b4-024c-4411-9779-e3f40705ccfe. Successfully disassociated aggregate 0b0ed839-52f2-4157-89b5-d2f8ade3d861. {{(pid=115476) _set_aggregates /opt/stack/placement/placement/objects/resource_provider.py:404}}
Aug 29 15:49:54.822011 n-d-833090-15 devstack@placement-api.service[115476]: INFO placement.requestlog [req-0858c61b-de5c-42d0-909b-5527ea5e4174 req-bd3eefc0-05a0-4585-adc6-342b146f786f service placement] 10.222.0.73 "PUT /placement/resource_providers/b1c810b4-024c-4411-9779-e3f40705ccfe/aggregates" status: 200 len: 54 microversion: 1.19
Aug 29 15:49:54.822888 n-d-833090-15 devstack@placement-api.service[115476]: [pid: 115476|app: 0|req: 45/96] 10.222.0.73 () {64 vars in 1477 bytes} [Mon Aug 29 15:49:54 2022] PUT /placement/resource_providers/b1c810b4-024c-4411-9779-e3f40705ccfe/aggregates => generated 54 bytes in 133 msecs (HTTP/1.1 200) 8 headers in 295 bytes (2 switches on core 0)
Aug 29 15:49:55.092192 n-d-833090-15 devstack@placement-api.service[115477]: DEBUG placement.requestlog [req-f4a6135d-560b-4e76-947e-cd13164f3eb8 req-53097688-acaf-4060-bd2a-4423405efc26 None None] Starting request: 10.222.0.71 "GET /placement/resource_providers/a82282b4-5600-494a-a7d2-9ddcdf0a3af9/allocations" {{(pid=115477) __call__ /opt/stack/placement/placement/requestlog.py:55}}
Aug 29 15:49:55.402278 n-d-833090-15 devstack@placement-api.service[115477]: INFO placement.requestlog [req-f4a6135d-560b-4e76-947e-cd13164f3eb8 req-53097688-acaf-4060-bd2a-4423405efc26 service placement] 10.222.0.71 "GET /placement/resource_providers/a82282b4-5600-494a-a7d2-9ddcdf0a3af9/allocations" status: 200 len: 153 microversion: 1.0
Aug 29 15:49:55.402278 n-d-833090-15 devstack@placement-api.service[115477]: [pid: 115477|app: 0|req: 52/97] 10.222.0.71 () {58 vars in 1390 bytes} [Mon Aug 29 15:49:55 2022] GET /placement/resource_providers/a82282b4-5600-494a-a7d2-9ddcdf0a3af9/allocations => generated 153 bytes in 240 msecs (HTTP/1.1 200) 6 headers in 224 bytes (1 switches on core 0)
Aug 29 15:49:55.712329 n-d-833090-15 devstack@placement-api.service[115476]: DEBUG placement.requestlog [req-f4a6135d-560b-4e76-947e-cd13164f3eb8 req-94fcfcc5-e42d-4430-b3ed-c9fd92bcd8db None None] Starting request: 10.222.0.71 "GET /placement/resource_providers/a82282b4-5600-494a-a7d2-9ddcdf0a3af9/allocations" {{(pid=115476) __call__ /opt/stack/placement/placement/requestlog.py:55}}
Aug 29 15:49:55.735982 n-d-833090-15 devstack@placement-api.service[115476]: INFO placement.requestlog [req-f4a6135d-560b-4e76-947e-cd13164f3eb8 req-94fcfcc5-e42d-4430-b3ed-c9fd92bcd8db service placement] 10.222.0.71 "GET /placement/resource_providers/a82282b4-5600-494a-a7d2-9ddcdf0a3af9/allocations" status: 200 len: 153 microversion: 1.0
Aug 29 15:49:55.738027 n-d-833090-15 devstack@placement-api.service[115476]: [pid: 115476|app: 0|req: 46/98] 10.222.0.71 () {58 vars in 1390 bytes} [Mon Aug 29 15:49:55 2022] GET /placement/resource_providers/a82282b4-5600-494a-a7d2-9ddcdf0a3af9/allocations => generated 153 bytes in 29 msecs (HTTP/1.1 200) 6 headers in 224 bytes (1 switches on core 0)
Aug 29 15:49:55.754562 n-d-833090-15 devstack@placement-api.service[115477]: DEBUG placement.requestlog [req-f4a6135d-560b-4e76-947e-cd13164f3eb8 req-58f4f008-cf19-4093-9eaf-bcc3045a1355 None None] Starting request: 10.222.0.71 "GET /placement/allocations/56d4626b-d0e2-4ac6-9e15-c491a0df244c" {{(pid=115477) __call__ /opt/stack/placement/placement/requestlog.py:55}}
Aug 29 15:49:55.775870 n-d-833090-15 devstack@placement-api.service[115477]: INFO placement.requestlog [req-f4a6135d-560b-4e76-947e-cd13164f3eb8 req-58f4f008-cf19-4093-9eaf-bcc3045a1355 service placement] 10.222.0.71 "GET /placement/allocations/56d4626b-d0e2-4ac6-9e15-c491a0df244c" status: 200 len: 258 microversion: 1.28
Aug 29 15:49:55.776643 n-d-833090-15 devstack@placement-api.service[115477]: [pid: 115477|app: 0|req: 53/99] 10.222.0.71 () {60 vars in 1377 bytes} [Mon Aug 29 15:49:55 2022] GET /placement/allocations/56d4626b-d0e2-4ac6-9e15-c491a0df244c => generated 258 bytes in 22 msecs (HTTP/1.1 200) 8 headers in 296 bytes (2 switches on core 0)
Aug 29 15:49:56.202121 n-d-833090-15 devstack@placement-api.service[115476]: DEBUG placement.requestlog [req-09df0964-d346-4e8c-a969-7f280f741439 req-7e7827b4-32f1-4668-b27a-50e6740458ac None None] Starting request: 10.222.0.73 "GET /placement/resource_providers?name=n-h1-833090-15" {{(pid=115476) __call__ /opt/stack/placement/placement/requestlog.py:55}}
