Aug 29 15:51:44.683382 n-d-833090-15 devstack@placement-api.service[115476]: DEBUG placement.handlers.allocation [req-a28e71f9-04e3-45e3-be59-7c651435b3f2 req-52046ac8-e1ef-4c43-a522-ad7f65843279 service placement] Successfully wrote allocations [, , , , , ] {{(pid=115476) _update_consumers_and_create_allocations /opt/stack/placement/placement/handlers/allocation.py:572}}
Aug 29 15:51:44.764895 n-d-833090-15 devstack@placement-api.service[115476]: INFO placement.requestlog [req-a28e71f9-04e3-45e3-be59-7c651435b3f2 req-52046ac8-e1ef-4c43-a522-ad7f65843279 service placement] 10.222.0.73 "POST /placement/allocations" status: 204 len: 0 microversion: 1.28
Aug 29 15:51:44.768359 n-d-833090-15 devstack@placement-api.service[115476]: [pid: 115476|app: 0|req: 99/203] 10.222.0.73 () {64 vars in 1323 bytes} [Mon Aug 29 15:51:44 2022] POST /placement/allocations => generated 0 bytes in 239 msecs (HTTP/1.1 204) 5 headers in 199 bytes (2 switches on core 0)
Aug 29 15:51:45.039351 n-d-833090-15 devstack@placement-api.service[115477]: DEBUG placement.requestlog [req-a28e71f9-04e3-45e3-be59-7c651435b3f2 req-059da806-6eba-491f-80e7-c9f8b9a77bf3 None None] Starting request: 10.222.0.73 "GET /placement/allocation_candidates?limit=1000&resources=DISK_GB%3A1%2CMEMORY_MB%3A1024%2CVCPU%3A1&root_required=%21COMPUTE_STATUS_DISABLED" {{(pid=115477) __call__ /opt/stack/placement/placement/requestlog.py:55}}
Aug 29 15:51:45.141520 n-d-833090-15 devstack@placement-api.service[115477]: DEBUG placement.objects.research_context [req-a28e71f9-04e3-45e3-be59-7c651435b3f2 req-059da806-6eba-491f-80e7-c9f8b9a77bf3 service placement] getting providers with 1 DISK_GB {{(pid=115477) __init__ /opt/stack/placement/placement/objects/research_context.py:136}}
Aug 29 15:51:45.153396 n-d-833090-15 devstack@placement-api.service[115477]: DEBUG placement.objects.research_context [req-a28e71f9-04e3-45e3-be59-7c651435b3f2 req-059da806-6eba-491f-80e7-c9f8b9a77bf3 service placement] getting providers with 1024 MEMORY_MB {{(pid=115477) __init__ /opt/stack/placement/placement/objects/research_context.py:136}}
Aug 29 15:51:45.162242 n-d-833090-15 devstack@placement-api.service[115477]: DEBUG placement.objects.research_context [req-a28e71f9-04e3-45e3-be59-7c651435b3f2 req-059da806-6eba-491f-80e7-c9f8b9a77bf3 service placement] getting providers with 1 VCPU {{(pid=115477) __init__ /opt/stack/placement/placement/objects/research_context.py:136}}
Aug 29 15:51:45.169282 n-d-833090-15 devstack@placement-api.service[115477]: DEBUG placement.objects.research_context [req-a28e71f9-04e3-45e3-be59-7c651435b3f2 req-059da806-6eba-491f-80e7-c9f8b9a77bf3 service placement] found 2 providers with available 1 DISK_GB {{(pid=115477) get_provider_ids_matching /opt/stack/placement/placement/objects/research_context.py:563}}
Aug 29 15:51:45.169830 n-d-833090-15 devstack@placement-api.service[115477]: DEBUG placement.objects.research_context [req-a28e71f9-04e3-45e3-be59-7c651435b3f2 req-059da806-6eba-491f-80e7-c9f8b9a77bf3 service placement] found 2 providers with available 1024 MEMORY_MB {{(pid=115477) get_provider_ids_matching /opt/stack/placement/placement/objects/research_context.py:563}}
Aug 29 15:51:45.170115 n-d-833090-15 devstack@placement-api.service[115477]: DEBUG placement.objects.research_context [req-a28e71f9-04e3-45e3-be59-7c651435b3f2 req-059da806-6eba-491f-80e7-c9f8b9a77bf3 service placement] found 2 providers after filtering by previous result {{(pid=115477) get_provider_ids_matching /opt/stack/placement/placement/objects/research_context.py:594}}
Aug 29 15:51:45.170380 n-d-833090-15 devstack@placement-api.service[115477]: DEBUG placement.objects.research_context [req-a28e71f9-04e3-45e3-be59-7c651435b3f2 req-059da806-6eba-491f-80e7-c9f8b9a77bf3 service placement] found 2 providers with available 1 VCPU {{(pid=115477) get_provider_ids_matching /opt/stack/placement/placement/objects/research_context.py:563}}
Aug 29 15:51:45.170649 n-d-833090-15 devstack@placement-api.service[115477]: DEBUG placement.objects.research_context [req-a28e71f9-04e3-45e3-be59-7c651435b3f2 req-059da806-6eba-491f-80e7-c9f8b9a77bf3 service placement] found 2 providers after filtering by previous result {{(pid=115477) get_provider_ids_matching /opt/stack/placement/placement/objects/research_context.py:594}}
Aug 29 15:51:45.190378 n-d-833090-15 devstack@placement-api.service[115477]: DEBUG placement.objects.allocation_candidate [req-a28e71f9-04e3-45e3-be59-7c651435b3f2 req-059da806-6eba-491f-80e7-c9f8b9a77bf3 service placement] RequestGroup(use_same_provider=False, resources={DISK_GB:1, MEMORY_MB:1024, VCPU:1}, traits=(), aggregates=[]) (suffix '') returned 2 matches {{(pid=115477) _get_by_requests /opt/stack/placement/placement/objects/allocation_candidate.py:156}}
Aug 29 15:51:45.190767 n-d-833090-15 devstack@placement-api.service[115477]: DEBUG placement.objects.allocation_candidate [req-a28e71f9-04e3-45e3-be59-7c651435b3f2 req-059da806-6eba-491f-80e7-c9f8b9a77bf3 service placement] Merging candidates yields 2 allocation requests and 2 provider summaries {{(pid=115477) _merge_candidates /opt/stack/placement/placement/objects/allocation_candidate.py:809}}
Aug 29 15:51:45.196671 n-d-833090-15 devstack@placement-api.service[115477]: INFO placement.requestlog [req-a28e71f9-04e3-45e3-be59-7c651435b3f2 req-059da806-6eba-491f-80e7-c9f8b9a77bf3 service placement] 10.222.0.73 "GET /placement/allocation_candidates?limit=1000&resources=DISK_GB%3A1%2CMEMORY_MB%3A1024%2CVCPU%3A1&root_required=%21COMPUTE_STATUS_DISABLED" status: 200 len: 1309 microversion: 1.36
Aug 29 15:51:45.196671 n-d-833090-15 devstack@placement-api.service[115477]: [pid: 115477|app: 0|req: 105/204] 10.222.0.73 () {60 vars in 1506 bytes} [Mon Aug 29 15:51:45 2022] GET /placement/allocation_candidates?limit=1000&resources=DISK_GB%3A1%2CMEMORY_MB%3A1024%2CVCPU%3A1&root_required=%21COMPUTE_STATUS_DISABLED => generated 1309 bytes in 157 msecs (HTTP/1.1 200) 8 headers in 297 bytes (1 switches on core 0)
Aug 29 15:51:45.257806 n-d-833090-15 devstack@placement-api.service[115476]: DEBUG placement.requestlog [req-a28e71f9-04e3-45e3-be59-7c651435b3f2 req-4df976cc-51c9-4734-8bd9-a3799db1917b None None] Starting request: 10.222.0.73 "GET /placement/allocations/b4971a05-f285-4271-bbca-2e7d92f70642" {{(pid=115476) __call__ /opt/stack/placement/placement/requestlog.py:55}}
Aug 29 15:51:45.273462 n-d-833090-15 devstack@placement-api.service[115476]: INFO placement.requestlog [req-a28e71f9-04e3-45e3-be59-7c651435b3f2 req-4df976cc-51c9-4734-8bd9-a3799db1917b service placement] 10.222.0.73 "GET /placement/allocations/b4971a05-f285-4271-bbca-2e7d92f70642" status: 200 len: 19 microversion: 1.28
Aug 29 15:51:45.274277 n-d-833090-15 devstack@placement-api.service[115476]: [pid: 115476|app: 0|req: 100/205] 10.222.0.73 () {60 vars in 1380 bytes} [Mon Aug 29 15:51:45 2022] GET /placement/allocations/b4971a05-f285-4271-bbca-2e7d92f70642 => generated 19 bytes in 18 msecs (HTTP/1.1 200) 8 headers in 295 bytes (1 switches on core 0)
Aug 29 15:51:45.280697 n-d-833090-15 devstack@placement-api.service[115477]: DEBUG placement.requestlog [req-a28e71f9-04e3-45e3-be59-7c651435b3f2 req-4872ee7c-afe3-44a4-b413-83d58875ea33 None None] Starting request: 10.222.0.73 "PUT /placement/allocations/b4971a05-f285-4271-bbca-2e7d92f70642" {{(pid=115477) __call__ /opt/stack/placement/placement/requestlog.py:55}}
Aug 29 15:51:45.454952 n-d-833090-15 devstack@placement-api.service[115477]: DEBUG placement.handlers.allocation [req-a28e71f9-04e3-45e3-be59-7c651435b3f2 req-4872ee7c-afe3-44a4-b413-83d58875ea33 service placement] Successfully wrote allocations [, , ] {{(pid=115477) _update_consumers_and_create_allocations /opt/stack/placement/placement/handlers/allocation.py:462}}
Aug 29 15:51:45.528997 n-d-833090-15 devstack@placement-api.service[115477]: INFO placement.requestlog [req-a28e71f9-04e3-45e3-be59-7c651435b3f2 req-4872ee7c-afe3-44a4-b413-83d58875ea33 service placement] 10.222.0.73 "PUT /placement/allocations/b4971a05-f285-4271-bbca-2e7d92f70642" status: 204 len: 0 microversion: 1.36
Aug 29 15:51:45.529436 n-d-833090-15 devstack@placement-api.service[115477]: [pid: 115477|app: 0|req: 106/206] 10.222.0.73 () {64 vars in 1433 bytes} [Mon Aug 29 15:51:45 2022] PUT /placement/allocations/b4971a05-f285-4271-bbca-2e7d92f70642 => generated 0 bytes in 249 msecs (HTTP/1.1 204) 5 headers in 199 bytes (1 switches on core 0)
Aug 29 15:51:46.951811 n-d-833090-15 devstack@placement-api.service[115476]: DEBUG placement.requestlog [req-a28e71f9-04e3-45e3-be59-7c651435b3f2 req-95bba245-a818-4a09-8759-d1bc6009abff None None] Starting request: 10.222.0.59 "GET /placement/allocations/b4971a05-f285-4271-bbca-2e7d92f70642" {{(pid=115476) __call__ /opt/stack/placement/placement/requestlog.py:55}}
Aug 29 15:51:46.975422 n-d-833090-15 devstack@placement-api.service[115476]: INFO placement.requestlog [req-a28e71f9-04e3-45e3-be59-7c651435b3f2 req-95bba245-a818-4a09-8759-d1bc6009abff service placement] 10.222.0.59 "GET /placement/allocations/b4971a05-f285-4271-bbca-2e7d92f70642" status: 200 len: 259 microversion: 1.28
Aug 29 15:51:46.976521 n-d-833090-15 devstack@placement-api.service[115476]: [pid: 115476|app: 0|req: 101/207] 10.222.0.59 () {60 vars in 1377 bytes} [Mon Aug 29 15:51:46 2022] GET /placement/allocations/b4971a05-f285-4271-bbca-2e7d92f70642 => generated 259 bytes in 25 msecs (HTTP/1.1 200) 8 headers in 296 bytes (1 switches on core 0)
Aug 29 15:51:47.603689 n-d-833090-15 devstack@placement-api.service[115477]: DEBUG placement.requestlog [req-a28e71f9-04e3-45e3-be59-7c651435b3f2 req-f9f00704-d449-4591-b97b-9ee5df9745c5 None None] Starting request: 10.222.0.59 "GET /placement/resource_providers/b1c810b4-024c-4411-9779-e3f40705ccfe/allocations" {{(pid=115477) __call__ /opt/stack/placement/placement/requestlog.py:55}}
Aug 29 15:51:47.627700 n-d-833090-15 devstack@placement-api.service[115477]: INFO placement.requestlog [req-a28e71f9-04e3-45e3-be59-7c651435b3f2 req-f9f00704-d449-4591-b97b-9ee5df9745c5 service placement] 10.222.0.59 "GET /placement/resource_providers/b1c810b4-024c-4411-9779-e3f40705ccfe/allocations" status: 200 len: 457 microversion: 1.0
Aug 29 15:51:47.630064 n-d-833090-15 devstack@placement-api.service[115477]: [pid: 115477|app: 0|req: 107/208] 10.222.0.59 () {58 vars in 1390 bytes} [Mon Aug 29 15:51:47 2022] GET /placement/resource_providers/b1c810b4-024c-4411-9779-e3f40705ccfe/allocations => generated 457 bytes in 25 msecs (HTTP/1.1 200) 6 headers in 224 bytes (1 switches on core 0)
Aug 29 15:51:47.636849 n-d-833090-15 devstack@placement-api.service[115476]: DEBUG placement.requestlog [req-a28e71f9-04e3-45e3-be59-7c651435b3f2 req-9cb7778b-9991-43a0-a3e8-3e1a0b7d8a7c None None] Starting request: 10.222.0.59 "GET /placement/allocations/b4971a05-f285-4271-bbca-2e7d92f70642" {{(pid=115476) __call__ /opt/stack/placement/placement/requestlog.py:55}}
Aug 29 15:51:47.660731 n-d-833090-15 devstack@placement-api.service[115476]: INFO placement.requestlog [req-a28e71f9-04e3-45e3-be59-7c651435b3f2 req-9cb7778b-9991-43a0-a3e8-3e1a0b7d8a7c service placement] 10.222.0.59 "GET /placement/allocations/b4971a05-f285-4271-bbca-2e7d92f70642" status: 200 len: 259 microversion: 1.28
Aug 29 15:51:47.662907 n-d-833090-15 devstack@placement-api.service[115476]: [pid: 115476|app: 0|req: 102/209] 10.222.0.59 () {60 vars in 1377 bytes} [Mon Aug 29 15:51:47 2022] GET /placement/allocations/b4971a05-f285-4271-bbca-2e7d92f70642 => generated 259 bytes in 26 msecs (HTTP/1.1 200) 8 headers in 296 bytes (1 switches on core 0)
Aug 29 15:51:47.670609 n-d-833090-15 devstack@placement-api.service[115477]: DEBUG placement.requestlog [req-a28e71f9-04e3-45e3-be59-7c651435b3f2 req-8c98f54f-5cac-45a3-93fa-bcaf12a8a49a None None] Starting request: 10.222.0.59 "GET /placement/allocations/7b375e76-daa9-44a5-accc-2bd866ccea2c" {{(pid=115477) __call__ /opt/stack/placement/placement/requestlog.py:55}}
Aug 29 15:51:47.708697 n-d-833090-15 devstack@placement-api.service[115477]: INFO placement.requestlog [req-a28e71f9-04e3-45e3-be59-7c651435b3f2 req-8c98f54f-5cac-45a3-93fa-bcaf12a8a49a service placement] 10.222.0.59 "GET /placement/allocations/7b375e76-daa9-44a5-accc-2bd866ccea2c" status: 200 len: 259 microversion: 1.28
Aug 29 15:51:47.710153 n-d-833090-15 devstack@placement-api.service[115477]: [pid: 115477|app: 0|req: 108/210] 10.222.0.59 () {60 vars in 1377 bytes} [Mon Aug 29 15:51:47 2022] GET /placement/allocations/7b375e76-daa9-44a5-accc-2bd866ccea2c => generated 259 bytes in 40 msecs (HTTP/1.1 200) 8 headers in 296 bytes (1 switches on core 0)
Aug 29 15:51:47.722351 n-d-833090-15 devstack@placement-api.service[115476]: DEBUG placement.requestlog [req-a28e71f9-04e3-45e3-be59-7c651435b3f2 req-4fb2a99d-0711-4305-ad80-4747f03774ed None None] Starting request: 10.222.0.59 "GET /placement/allocations/760bbc84-eeef-4d9f-a7e1-fe5b068ce732" {{(pid=115476) __call__ /opt/stack/placement/placement/requestlog.py:55}}
Aug 29 15:51:47.771369 n-d-833090-15 devstack@placement-api.service[115476]: INFO placement.requestlog [req-a28e71f9-04e3-45e3-be59-7c651435b3f2 req-4fb2a99d-0711-4305-ad80-4747f03774ed service placement] 10.222.0.59 "GET /placement/allocations/760bbc84-eeef-4d9f-a7e1-fe5b068ce732" status: 200 len: 259 microversion: 1.28
Aug 29 15:51:47.773643 n-d-833090-15 devstack@placement-api.service[115476]: [pid: 115476|app: 0|req: 103/211] 10.222.0.59 () {60 vars in 1377 bytes} [Mon Aug 29 15:51:47 2022] GET /placement/allocations/760bbc84-eeef-4d9f-a7e1-fe5b068ce732 => generated 259 bytes in 53 msecs (HTTP/1.1 200) 8 headers in 296 bytes (1 switches on core 0)
Aug 29 15:51:47.779622 n-d-833090-15 devstack@placement-api.service[115477]: DEBUG placement.requestlog [req-a28e71f9-04e3-45e3-be59-7c651435b3f2 req-84a17d72-95c6-47de-a925-58bf44192ead None None] Starting request: 10.222.0.59 "GET /placement/allocations/b5a078a5-cc7f-4041-839c-90191574f4e2" {{(pid=115477) __call__ /opt/stack/placement/placement/requestlog.py:55}}
Aug 29 15:51:47.816050 n-d-833090-15 devstack@placement-api.service[115477]: INFO placement.requestlog [req-a28e71f9-04e3-45e3-be59-7c651435b3f2 req-84a17d72-95c6-47de-a925-58bf44192ead service placement] 10.222.0.59 "GET /placement/allocations/b5a078a5-cc7f-4041-839c-90191574f4e2" status: 200 len: 259 microversion: 1.28
Aug 29 15:51:47.818759 n-d-833090-15 devstack@placement-api.service[115477]: [pid: 115477|app: 0|req: 109/212] 10.222.0.59 () {60 vars in 1377 bytes} [Mon Aug 29 15:51:47 2022] GET /placement/allocations/b5a078a5-cc7f-4041-839c-90191574f4e2 => generated 259 bytes in 39 msecs (HTTP/1.1 200) 8 headers in 296 bytes (1 switches on core 0)
Aug 29 15:51:48.706367 n-d-833090-15 devstack@placement-api.service[115476]: DEBUG placement.requestlog [None req-926e918d-793e-4657-88d1-b2cac01c0e0a None None] Starting request: 10.222.0.73 "GET /placement/resource_providers/2edb52e1-679c-40de-ac43-59435bcd25d5/aggregates" {{(pid=115476) __call__ /opt/stack/placement/placement/requestlog.py:55}}
Aug 29 15:51:48.723971 n-d-833090-15 devstack@placement-api.service[115476]: INFO placement.requestlog [None req-926e918d-793e-4657-88d1-b2cac01c0e0a service placement] 10.222.0.73 "GET /placement/resource_providers/2edb52e1-679c-40de-ac43-59435bcd25d5/aggregates" status: 404 len: 235 microversion: 1.1
Aug 29 15:51:48.725840 n-d-833090-15 devstack@placement-api.service[115476]: [pid: 115476|app: 0|req: 104/213] 10.222.0.73 () {58 vars in 1362 bytes} [Mon Aug 29 15:51:48 2022] GET /placement/resource_providers/2edb52e1-679c-40de-ac43-59435bcd25d5/aggregates => generated 235 bytes in 19 msecs (HTTP/1.1 404) 5 headers in 202 bytes (1 switches on core 0)
Aug 29 15:51:48.777906 n-d-833090-15 devstack@placement-api.service[115477]: DEBUG placement.requestlog [None req-f8cfec86-2244-46b7-b2ca-2774a44b17e6 None None] Starting request: 10.222.0.73 "DELETE /placement/resource_providers/2edb52e1-679c-40de-ac43-59435bcd25d5" {{(pid=115477) __call__ /opt/stack/placement/placement/requestlog.py:55}}
Aug 29 15:51:48.791485 n-d-833090-15 devstack@placement-api.service[115477]: DEBUG placement.wsgi_wrapper [None req-f8cfec86-2244-46b7-b2ca-2774a44b17e6 service placement] Placement API returning an error response: No resource provider with uuid 2edb52e1-679c-40de-ac43-59435bcd25d5 found for delete {{(pid=115477) call_func /opt/stack/placement/placement/wsgi_wrapper.py:31}}
Aug 29 15:51:48.792255 n-d-833090-15 devstack@placement-api.service[115477]: INFO placement.requestlog [None req-f8cfec86-2244-46b7-b2ca-2774a44b17e6 service placement] 10.222.0.73 "DELETE /placement/resource_providers/2edb52e1-679c-40de-ac43-59435bcd25d5" status: 404 len: 246 microversion: 1.1
Aug 29 15:51:48.792928 n-d-833090-15 devstack@placement-api.service[115477]: [pid: 115477|app: 0|req: 110/214] 10.222.0.73 () {60 vars in 1351 bytes} [Mon Aug 29 15:51:48 2022] DELETE /placement/resource_providers/2edb52e1-679c-40de-ac43-59435bcd25d5 => generated 246 bytes in 15 msecs (HTTP/1.1 404) 6 headers in 231 bytes (1 switches on core 0)
Aug 29 15:51:49.337934 n-d-833090-15 devstack@placement-api.service[115476]: DEBUG placement.requestlog [req-1935829b-27b9-4337-8c14-a48ae5e56364 req-77da47af-c249-4dde-aef8-6f0808ecc8d2 None None] Starting request: 10.222.0.73 "GET /placement/allocation_candidates?limit=1000&resources=DISK_GB%3A1%2CMEMORY_MB%3A1024%2CVCPU%3A1&root_required=%21COMPUTE_STATUS_DISABLED" {{(pid=115476) __call__ /opt/stack/placement/placement/requestlog.py:55}}
Aug 29 15:51:49.437726 n-d-833090-15 devstack@placement-api.service[115476]: DEBUG placement.objects.research_context [req-1935829b-27b9-4337-8c14-a48ae5e56364 req-77da47af-c249-4dde-aef8-6f0808ecc8d2 service placement] getting providers with 1 DISK_GB {{(pid=115476) __init__ /opt/stack/placement/placement/objects/research_context.py:136}}
Aug 29 15:51:49.445700 n-d-833090-15 devstack@placement-api.service[115476]: DEBUG placement.objects.research_context [req-1935829b-27b9-4337-8c14-a48ae5e56364 req-77da47af-c249-4dde-aef8-6f0808ecc8d2 service placement] getting providers with 1024 MEMORY_MB {{(pid=115476) __init__ /opt/stack/placement/placement/objects/research_context.py:136}}
Aug 29 15:51:49.455096 n-d-833090-15 devstack@placement-api.service[115476]: DEBUG placement.objects.research_context [req-1935829b-27b9-4337-8c14-a48ae5e56364 req-77da47af-c249-4dde-aef8-6f0808ecc8d2 service placement] getting providers with 1 VCPU {{(pid=115476) __init__ /opt/stack/placement/placement/objects/research_context.py:136}}
Aug 29 15:51:49.469081 n-d-833090-15 devstack@placement-api.service[115476]: DEBUG placement.objects.research_context [req-1935829b-27b9-4337-8c14-a48ae5e56364 req-77da47af-c249-4dde-aef8-6f0808ecc8d2 service placement] found 2 providers with available 1 DISK_GB {{(pid=115476) get_provider_ids_matching /opt/stack/placement/placement/objects/research_context.py:563}}
Aug 29 15:51:49.469672 n-d-833090-15 devstack@placement-api.service[115476]: DEBUG placement.objects.research_context [req-1935829b-27b9-4337-8c14-a48ae5e56364 req-77da47af-c249-4dde-aef8-6f0808ecc8d2 service placement] found 2 providers with available 1024 MEMORY_MB {{(pid=115476) get_provider_ids_matching /opt/stack/placement/placement/objects/research_context.py:563}}
Aug 29 15:51:49.469968 n-d-833090-15 devstack@placement-api.service[115476]: DEBUG placement.objects.research_context [req-1935829b-27b9-4337-8c14-a48ae5e56364 req-77da47af-c249-4dde-aef8-6f0808ecc8d2 service placement] found 2 providers after filtering by previous result {{(pid=115476) get_provider_ids_matching /opt/stack/placement/placement/objects/research_context.py:594}}
Aug 29 15:51:49.470501 n-d-833090-15 devstack@placement-api.service[115476]: DEBUG placement.objects.research_context [req-1935829b-27b9-4337-8c14-a48ae5e56364 req-77da47af-c249-4dde-aef8-6f0808ecc8d2 service placement] found 2 providers with available 1 VCPU {{(pid=115476) get_provider_ids_matching /opt/stack/placement/placement/objects/research_context.py:563}}
Aug 29 15:51:49.470775 n-d-833090-15 devstack@placement-api.service[115476]: DEBUG placement.objects.research_context [req-1935829b-27b9-4337-8c14-a48ae5e56364 req-77da47af-c249-4dde-aef8-6f0808ecc8d2 service placement] found 2 providers after filtering by previous result {{(pid=115476) get_provider_ids_matching /opt/stack/placement/placement/objects/research_context.py:594}}
Aug 29 15:51:49.489727 n-d-833090-15 devstack@placement-api.service[115476]: DEBUG placement.objects.allocation_candidate [req-1935829b-27b9-4337-8c14-a48ae5e56364 req-77da47af-c249-4dde-aef8-6f0808ecc8d2 service placement] RequestGroup(use_same_provider=False, resources={DISK_GB:1, MEMORY_MB:1024, VCPU:1}, traits=(), aggregates=[]) (suffix '') returned 2 matches {{(pid=115476) _get_by_requests /opt/stack/placement/placement/objects/allocation_candidate.py:156}}
Aug 29 15:51:49.489727 n-d-833090-15 devstack@placement-api.service[115476]: DEBUG placement.objects.allocation_candidate [req-1935829b-27b9-4337-8c14-a48ae5e56364 req-77da47af-c249-4dde-aef8-6f0808ecc8d2 service placement] Merging candidates yields 2 allocation requests and 2 provider summaries {{(pid=115476) _merge_candidates /opt/stack/placement/placement/objects/allocation_candidate.py:809}}
Aug 29 15:51:49.489727 n-d-833090-15 devstack@placement-api.service[115476]: INFO placement.requestlog [req-1935829b-27b9-4337-8c14-a48ae5e56364 req-77da47af-c249-4dde-aef8-6f0808ecc8d2 service placement] 10.222.0.73 "GET /placement/allocation_candidates?limit=1000&resources=DISK_GB%3A1%2CMEMORY_MB%3A1024%2CVCPU%3A1&root_required=%21COMPUTE_STATUS_DISABLED" status: 200 len: 1309 microversion: 1.36
Aug 29 15:51:49.493342 n-d-833090-15 devstack@placement-api.service[115476]: [pid: 115476|app: 0|req: 105/215] 10.222.0.73 () {60 vars in 1506 bytes} [Mon Aug 29 15:51:49 2022] GET /placement/allocation_candidates?limit=1000&resources=DISK_GB%3A1%2CMEMORY_MB%3A1024%2CVCPU%3A1&root_required=%21COMPUTE_STATUS_DISABLED => generated 1309 bytes in 156 msecs (HTTP/1.1 200) 8 headers in 297 bytes (1 switches on core 0)
Aug 29 15:51:49.517299 n-d-833090-15 devstack@placement-api.service[115477]: DEBUG placement.requestlog [req-5ac08002-2712-4736-8853-850a79e6573b req-3f0d9622-5f3a-4b18-a782-b9ac2222ba2f None None] Starting request: 10.222.0.71 "GET /placement/resource_providers/a82282b4-5600-494a-a7d2-9ddcdf0a3af9/allocations" {{(pid=115477) __call__ /opt/stack/placement/placement/requestlog.py:55}}
Aug 29 15:51:49.559616 n-d-833090-15 devstack@placement-api.service[115477]: INFO placement.requestlog [req-5ac08002-2712-4736-8853-850a79e6573b req-3f0d9622-5f3a-4b18-a782-b9ac2222ba2f service placement] 10.222.0.71 "GET /placement/resource_providers/a82282b4-5600-494a-a7d2-9ddcdf0a3af9/allocations" status: 200 len: 355 microversion: 1.0
Aug 29 15:51:49.561238 n-d-833090-15 devstack@placement-api.service[115477]: [pid: 115477|app: 0|req: 111/216] 10.222.0.71 () {58 vars in 1390 bytes} [Mon Aug 29 15:51:49 2022] GET /placement/resource_providers/a82282b4-5600-494a-a7d2-9ddcdf0a3af9/allocations => generated 355 bytes in 46 msecs (HTTP/1.1 200) 6 headers in 224 bytes (2 switches on core 0)
Aug 29 15:51:49.568255 n-d-833090-15 devstack@placement-api.service[115476]: DEBUG placement.requestlog [req-5ac08002-2712-4736-8853-850a79e6573b req-2ca98b47-abf5-4238-9859-d190c598ae59 None None] Starting request: 10.222.0.71 "GET /placement/allocations/27176ec3-f269-48f7-bbe1-c2e1e3ea4159" {{(pid=115476) __call__ /opt/stack/placement/placement/requestlog.py:55}}
Aug 29 15:51:49.598894 n-d-833090-15 devstack@placement-api.service[115476]: INFO placement.requestlog [req-5ac08002-2712-4736-8853-850a79e6573b req-2ca98b47-abf5-4238-9859-d190c598ae59 service placement] 10.222.0.71 "GET /placement/allocations/27176ec3-f269-48f7-bbe1-c2e1e3ea4159" status: 200 len: 258 microversion: 1.28
Aug 29 15:51:49.599819 n-d-833090-15 devstack@placement-api.service[115476]: [pid: 115476|app: 0|req: 106/217] 10.222.0.71 () {60 vars in 1377 bytes} [Mon Aug 29 15:51:49 2022] GET /placement/allocations/27176ec3-f269-48f7-bbe1-c2e1e3ea4159 => generated 258 bytes in 32 msecs (HTTP/1.1 200) 8 headers in 296 bytes (1 switches on core 0)
Aug 29 15:51:49.627849 n-d-833090-15 devstack@placement-api.service[115476]: DEBUG placement.requestlog [req-5ac08002-2712-4736-8853-850a79e6573b req-e29abb6e-7cf4-4323-8dae-7a6e70d7fbd1 None None] Starting request: 10.222.0.71 "GET /placement/allocations/fead6c66-8cf5-47b7-a141-f915a3f60edf" {{(pid=115476) __call__ /opt/stack/placement/placement/requestlog.py:55}}
Aug 29 15:51:49.631110 n-d-833090-15 devstack@placement-api.service[115477]: DEBUG placement.requestlog [req-1935829b-27b9-4337-8c14-a48ae5e56364 req-6b4a6720-5cc8-4363-adb8-f7d248de9324 None None] Starting request: 10.222.0.73 "GET /placement/allocations/6f5957a0-3040-4ef6-85e4-857e17442443" {{(pid=115477) __call__ /opt/stack/placement/placement/requestlog.py:55}}
Aug 29 15:51:49.661224 n-d-833090-15 devstack@placement-api.service[115477]: INFO placement.requestlog [req-1935829b-27b9-4337-8c14-a48ae5e56364 req-6b4a6720-5cc8-4363-adb8-f7d248de9324 service placement] 10.222.0.73 "GET /placement/allocations/6f5957a0-3040-4ef6-85e4-857e17442443" status: 200 len: 19 microversion: 1.28
Aug 29 15:51:49.662786 n-d-833090-15 devstack@placement-api.service[115477]: [pid: 115477|app: 0|req: 112/218] 10.222.0.73 () {60 vars in 1380 bytes} [Mon Aug 29 15:51:49 2022] GET /placement/allocations/6f5957a0-3040-4ef6-85e4-857e17442443 => generated 19 bytes in 36 msecs (HTTP/1.1 200) 8 headers in 295 bytes (1 switches on core 0)
Aug 29 15:51:49.669980 n-d-833090-15 devstack@placement-api.service[115476]: INFO placement.requestlog [req-5ac08002-2712-4736-8853-850a79e6573b req-e29abb6e-7cf4-4323-8dae-7a6e70d7fbd1 service placement] 10.222.0.71 "GET /placement/allocations/fead6c66-8cf5-47b7-a141-f915a3f60edf" status: 200 len: 258 microversion: 1.28
Aug 29 15:51:49.674422 n-d-833090-15 devstack@placement-api.service[115477]: DEBUG placement.requestlog [req-1935829b-27b9-4337-8c14-a48ae5e56364 req-216f8910-55d3-4b3d-9656-548172a47c12 None None] Starting request: 10.222.0.73 "PUT /placement/allocations/6f5957a0-3040-4ef6-85e4-857e17442443" {{(pid=115477) __call__ /opt/stack/placement/placement/requestlog.py:55}}
Aug 29 15:51:49.677871 n-d-833090-15 devstack@placement-api.service[115476]: [pid: 115476|app: 0|req: 107/219] 10.222.0.71 () {60 vars in 1377 bytes} [Mon Aug 29 15:51:49 2022] GET /placement/allocations/fead6c66-8cf5-47b7-a141-f915a3f60edf => generated 258 bytes in 51 msecs (HTTP/1.1 200) 8 headers in 296 bytes (1 switches on core 0)
Aug 29 15:51:49.708774 n-d-833090-15 devstack@placement-api.service[115476]: DEBUG placement.requestlog [req-5ac08002-2712-4736-8853-850a79e6573b req-566b8c37-7470-41fe-a0b6-53f5e614be18 None None] Starting request: 10.222.0.71 "GET /placement/allocations/0d534e03-648d-4f70-94ea-e1efe130c1af" {{(pid=115476) __call__ /opt/stack/placement/placement/requestlog.py:55}}
Aug 29 15:51:49.748187 n-d-833090-15 devstack@placement-api.service[115476]: INFO placement.requestlog [req-5ac08002-2712-4736-8853-850a79e6573b req-566b8c37-7470-41fe-a0b6-53f5e614be18 service placement] 10.222.0.71 "GET /placement/allocations/0d534e03-648d-4f70-94ea-e1efe130c1af" status: 200 len: 258 microversion: 1.28
Aug 29 15:51:49.748742 n-d-833090-15 devstack@placement-api.service[115476]: [pid: 115476|app: 0|req: 108/220] 10.222.0.71 () {60 vars in 1377 bytes} [Mon Aug 29 15:51:49 2022] GET /placement/allocations/0d534e03-648d-4f70-94ea-e1efe130c1af => generated 258 bytes in 40 msecs (HTTP/1.1 200) 8 headers in 296 bytes (1 switches on core 0)
Aug 29 15:51:49.970621 n-d-833090-15 devstack@placement-api.service[115477]: DEBUG placement.handlers.allocation [req-1935829b-27b9-4337-8c14-a48ae5e56364 req-216f8910-55d3-4b3d-9656-548172a47c12 service placement] Successfully wrote allocations [, , ] {{(pid=115477) _update_consumers_and_create_allocations /opt/stack/placement/placement/handlers/allocation.py:462}}
Aug 29 15:51:50.049706 n-d-833090-15 devstack@placement-api.service[115477]: INFO placement.requestlog [req-1935829b-27b9-4337-8c14-a48ae5e56364 req-216f8910-55d3-4b3d-9656-548172a47c12 service placement] 10.222.0.73 "PUT /placement/allocations/6f5957a0-3040-4ef6-85e4-857e17442443" status: 204 len: 0 microversion: 1.36
Aug 29 15:51:50.053667 n-d-833090-15 devstack@placement-api.service[115477]: [pid: 115477|app: 0|req: 113/221] 10.222.0.73 () {64 vars in 1433 bytes} [Mon Aug 29 15:51:49 2022] PUT /placement/allocations/6f5957a0-3040-4ef6-85e4-857e17442443 => generated 0 bytes in 376 msecs (HTTP/1.1 204) 5 headers in 199 bytes (1 switches on core 0)
Aug 29 15:51:51.109948 n-d-833090-15 devstack@placement-api.service[115476]: DEBUG placement.requestlog [req-5ac08002-2712-4736-8853-850a79e6573b req-e84f7776-1d72-4ca0-97ec-c019ea916aef None None] Starting request: 10.222.0.71 "DELETE /placement/allocations/fead6c66-8cf5-47b7-a141-f915a3f60edf" {{(pid=115476) __call__ /opt/stack/placement/placement/requestlog.py:55}}
Aug 29 15:51:51.300421 n-d-833090-15 devstack@placement-api.service[115476]: DEBUG placement.handlers.allocation [req-5ac08002-2712-4736-8853-850a79e6573b req-e84f7776-1d72-4ca0-97ec-c019ea916aef service placement] Successfully deleted allocations [, , ] {{(pid=115476) delete_allocations /opt/stack/placement/placement/handlers/allocation.py:627}}
Aug 29 15:51:51.303648 n-d-833090-15 devstack@placement-api.service[115476]: INFO placement.requestlog [req-5ac08002-2712-4736-8853-850a79e6573b req-e84f7776-1d72-4ca0-97ec-c019ea916aef service placement] 10.222.0.71 "DELETE /placement/allocations/fead6c66-8cf5-47b7-a141-f915a3f60edf" status: 204 len: 0 microversion: 1.0
Aug 29 15:51:51.303648 n-d-833090-15 devstack@placement-api.service[115476]: [pid: 115476|app: 0|req: 109/222] 10.222.0.71 () {60 vars in 1355 bytes} [Mon Aug 29 15:51:51 2022] DELETE /placement/allocations/fead6c66-8cf5-47b7-a141-f915a3f60edf => generated 0 bytes in 194 msecs (HTTP/1.1 204) 5 headers in 198 bytes (1 switches on core 0)
Aug 29 15:51:51.695367 n-d-833090-15 devstack@placement-api.service[115477]: DEBUG placement.requestlog [req-1935829b-27b9-4337-8c14-a48ae5e56364 req-777ffa2b-7f0d-4dee-bb5f-96c8daae11e1 None None] Starting request: 10.222.0.71 "GET /placement/allocations/6f5957a0-3040-4ef6-85e4-857e17442443" {{(pid=115477) __call__ /opt/stack/placement/placement/requestlog.py:55}}
Aug 29 15:51:51.705818 n-d-833090-15 devstack@placement-api.service[115477]: DEBUG dbcounter [-] [115477] Writing DB stats placement:SELECT=82,placement:INSERT=10,placement:DELETE=4,placement:UPDATE=4 {{(pid=115477) stat_writer /usr/local/lib/python3.8/dist-packages/dbcounter.py:114}}
Aug 29 15:51:51.746096 n-d-833090-15 devstack@placement-api.service[115477]: INFO placement.requestlog [req-1935829b-27b9-4337-8c14-a48ae5e56364 req-777ffa2b-7f0d-4dee-bb5f-96c8daae11e1 service placement] 10.222.0.71 "GET /placement/allocations/6f5957a0-3040-4ef6-85e4-857e17442443" status: 200 len: 258 microversion: 1.28
Aug 29 15:51:51.751765 n-d-833090-15 devstack@placement-api.service[115477]: [pid: 115477|app: 0|req: 114/223] 10.222.0.71 () {60 vars in 1377 bytes} [Mon Aug 29 15:51:51 2022] GET /placement/allocations/6f5957a0-3040-4ef6-85e4-857e17442443 => generated 258 bytes in 53 msecs (HTTP/1.1 200) 8 headers in 296 bytes (1 switches on core 0)
Aug 29 15:51:52.433904 n-d-833090-15 devstack@placement-api.service[115476]: DEBUG placement.requestlog [req-1935829b-27b9-4337-8c14-a48ae5e56364 req-a77b602a-71d1-4e83-9608-1e71a59b5890 None None] Starting request: 10.222.0.71 "GET /placement/resource_providers/a82282b4-5600-494a-a7d2-9ddcdf0a3af9/allocations" {{(pid=115476) __call__ /opt/stack/placement/placement/requestlog.py:55}}
Aug 29 15:51:52.529492 n-d-833090-15 devstack@placement-api.service[115476]: INFO placement.requestlog [req-1935829b-27b9-4337-8c14-a48ae5e56364 req-a77b602a-71d1-4e83-9608-1e71a59b5890 service placement] 10.222.0.71 "GET /placement/resource_providers/a82282b4-5600-494a-a7d2-9ddcdf0a3af9/allocations" status: 200 len: 355 microversion: 1.0
Aug 29 15:51:52.530799 n-d-833090-15 devstack@placement-api.service[115476]: [pid: 115476|app: 0|req: 110/224] 10.222.0.71 () {58 vars in 1390 bytes} [Mon Aug 29 15:51:52 2022] GET /placement/resource_providers/a82282b4-5600-494a-a7d2-9ddcdf0a3af9/allocations => generated 355 bytes in 97 msecs (HTTP/1.1 200) 6 headers in 224 bytes (2 switches on core 0)
Aug 29 15:51:52.539146 n-d-833090-15 devstack@placement-api.service[115477]: DEBUG placement.requestlog [req-1935829b-27b9-4337-8c14-a48ae5e56364 req-6d795be8-a007-4f30-a933-2304d9ed0c2b None None] Starting request: 10.222.0.71 "GET /placement/allocations/6f5957a0-3040-4ef6-85e4-857e17442443" {{(pid=115477) __call__ /opt/stack/placement/placement/requestlog.py:55}}
Aug 29 15:51:52.579111 n-d-833090-15 devstack@placement-api.service[115477]: INFO placement.requestlog [req-1935829b-27b9-4337-8c14-a48ae5e56364 req-6d795be8-a007-4f30-a933-2304d9ed0c2b service placement] 10.222.0.71 "GET /placement/allocations/6f5957a0-3040-4ef6-85e4-857e17442443" status: 200 len: 258 microversion: 1.28
Aug 29 15:51:52.579804 n-d-833090-15 devstack@placement-api.service[115477]: [pid: 115477|app: 0|req: 115/225] 10.222.0.71 () {60 vars in 1377 bytes} [Mon Aug 29 15:51:52 2022] GET /placement/allocations/6f5957a0-3040-4ef6-85e4-857e17442443 => generated 258 bytes in 41 msecs (HTTP/1.1 200) 8 headers in 296 bytes (1 switches on core 0)
Aug 29 15:51:52.590118 n-d-833090-15 devstack@placement-api.service[115476]: DEBUG placement.requestlog [req-1935829b-27b9-4337-8c14-a48ae5e56364 req-58c33594-d20c-4ace-9138-d42291404a74 None None] Starting request: 10.222.0.71 "GET /placement/allocations/27176ec3-f269-48f7-bbe1-c2e1e3ea4159" {{(pid=115476) __call__ /opt/stack/placement/placement/requestlog.py:55}}
Aug 29 15:51:52.633286 n-d-833090-15 devstack@placement-api.service[115476]: INFO placement.requestlog [req-1935829b-27b9-4337-8c14-a48ae5e56364 req-58c33594-d20c-4ace-9138-d42291404a74 service placement] 10.222.0.71 "GET /placement/allocations/27176ec3-f269-48f7-bbe1-c2e1e3ea4159" status: 200 len: 258 microversion: 1.28
Aug 29 15:51:52.638402 n-d-833090-15 devstack@placement-api.service[115476]: [pid: 115476|app: 0|req: 111/226] 10.222.0.71 () {60 vars in 1377 bytes} [Mon Aug 29 15:51:52 2022] GET /placement/allocations/27176ec3-f269-48f7-bbe1-c2e1e3ea4159 => generated 258 bytes in 49 msecs (HTTP/1.1 200) 8 headers in 296 bytes (1 switches on core 0)
Aug 29 15:51:52.649145 n-d-833090-15 devstack@placement-api.service[115477]: DEBUG placement.requestlog [req-1935829b-27b9-4337-8c14-a48ae5e56364 req-ea2a2af7-16e5-4a7f-9a22-38a53f40b1e0 None None] Starting request: 10.222.0.71 "GET /placement/allocations/0d534e03-648d-4f70-94ea-e1efe130c1af" {{(pid=115477) __call__ /opt/stack/placement/placement/requestlog.py:55}}
Aug 29 15:51:52.680932 n-d-833090-15 devstack@placement-api.service[115477]: INFO placement.requestlog [req-1935829b-27b9-4337-8c14-a48ae5e56364 req-ea2a2af7-16e5-4a7f-9a22-38a53f40b1e0 service placement] 10.222.0.71 "GET /placement/allocations/0d534e03-648d-4f70-94ea-e1efe130c1af" status: 200 len: 258 microversion: 1.28
Aug 29 15:51:52.682415 n-d-833090-15 devstack@placement-api.service[115477]: [pid: 115477|app: 0|req: 116/227] 10.222.0.71 () {60 vars in 1377 bytes} [Mon Aug 29 15:51:52 2022] GET /placement/allocations/0d534e03-648d-4f70-94ea-e1efe130c1af => generated 258 bytes in 35 msecs (HTTP/1.1 200) 8 headers in 296 bytes (1 switches on core 0)
Aug 29 15:51:55.657641 n-d-833090-15 devstack@placement-api.service[115476]: DEBUG placement.requestlog [req-4ad053a3-7c8f-41fd-bc5e-4117417710f0 req-8efa7a01-be0f-4099-8f1c-3e1905f705a5 None None] Starting request: 10.222.0.59 "GET /placement/resource_providers/b1c810b4-024c-4411-9779-e3f40705ccfe/allocations" {{(pid=115476) __call__ /opt/stack/placement/placement/requestlog.py:55}}
Aug 29 15:51:55.685012 n-d-833090-15 devstack@placement-api.service[115476]: INFO placement.requestlog [req-4ad053a3-7c8f-41fd-bc5e-4117417710f0 req-8efa7a01-be0f-4099-8f1c-3e1905f705a5 service placement] 10.222.0.59 "GET /placement/resource_providers/b1c810b4-024c-4411-9779-e3f40705ccfe/allocations" status: 200 len: 457 microversion: 1.0
Aug 29 15:51:55.686131 n-d-833090-15 devstack@placement-api.service[115476]: [pid: 115476|app: 0|req: 112/228] 10.222.0.59 () {58 vars in 1390 bytes} [Mon Aug 29 15:51:55 2022] GET /placement/resource_providers/b1c810b4-024c-4411-9779-e3f40705ccfe/allocations => generated 457 bytes in 29 msecs (HTTP/1.1 200) 6 headers in 224 bytes (2 switches on core 0)
Aug 29 15:51:55.935323 n-d-833090-15 devstack@placement-api.service[115477]: DEBUG placement.requestlog [req-4ad053a3-7c8f-41fd-bc5e-4117417710f0 req-48ef196e-fe05-4a31-9bab-e9597cbe1e74 None None] Starting request: 10.222.0.59 "GET /placement/resource_providers/b1c810b4-024c-4411-9779-e3f40705ccfe/allocations" {{(pid=115477) __call__ /opt/stack/placement/placement/requestlog.py:55}}
Aug 29 15:51:55.986954 n-d-833090-15 devstack@placement-api.service[115477]: INFO placement.requestlog [req-4ad053a3-7c8f-41fd-bc5e-4117417710f0 req-48ef196e-fe05-4a31-9bab-e9597cbe1e74 service placement] 10.222.0.59 "GET /placement/resource_providers/b1c810b4-024c-4411-9779-e3f40705ccfe/allocations" status: 200 len: 457 microversion: 1.0
Aug 29 15:51:55.988768 n-d-833090-15 devstack@placement-api.service[115477]: [pid: 115477|app: 0|req: 117/229] 10.222.0.59 () {58 vars in 1390 bytes} [Mon Aug 29 15:51:55 2022] GET /placement/resource_providers/b1c810b4-024c-4411-9779-e3f40705ccfe/allocations => generated 457 bytes in 54 msecs (HTTP/1.1 200) 6 headers in 224 bytes (1 switches on core 0)
Aug 29 15:51:55.997857 n-d-833090-15 devstack@placement-api.service[115476]: DEBUG placement.requestlog [req-4ad053a3-7c8f-41fd-bc5e-4117417710f0 req-a20b85a5-97aa-4ce0-9899-e0b79b793610 None None] Starting request: 10.222.0.59 "GET /placement/allocations/b4971a05-f285-4271-bbca-2e7d92f70642" {{(pid=115476) __call__ /opt/stack/placement/placement/requestlog.py:55}}
Aug 29 15:51:56.011593 n-d-833090-15 devstack@placement-api.service[115476]: DEBUG dbcounter [-] [115476] Writing DB stats placement:SELECT=88,placement:INSERT=4,placement:DELETE=5,placement:UPDATE=3 {{(pid=115476) stat_writer /usr/local/lib/python3.8/dist-packages/dbcounter.py:114}}
Aug 29 15:51:56.043973 n-d-833090-15 devstack@placement-api.service[115476]: INFO placement.requestlog [req-4ad053a3-7c8f-41fd-bc5e-4117417710f0 req-a20b85a5-97aa-4ce0-9899-e0b79b793610 service placement] 10.222.0.59 "GET /placement/allocations/b4971a05-f285-4271-bbca-2e7d92f70642" status: 200 len: 259 microversion: 1.28
Aug 29 15:51:56.054085 n-d-833090-15 devstack@placement-api.service[115476]: [pid: 115476|app: 0|req: 113/230] 10.222.0.59 () {60 vars in 1377 bytes} [Mon Aug 29 15:51:55 2022] GET /placement/allocations/b4971a05-f285-4271-bbca-2e7d92f70642 => generated 259 bytes in 56 msecs (HTTP/1.1 200) 8 headers in 296 bytes (1 switches on core 0)
Aug 29 15:51:56.061117 n-d-833090-15 devstack@placement-api.service[115477]: DEBUG placement.requestlog [req-4ad053a3-7c8f-41fd-bc5e-4117417710f0 req-244a8611-8d0f-44d6-9205-0a65e1c95ae3 None None] Starting request: 10.222.0.59 "GET /placement/allocations/7b375e76-daa9-44a5-accc-2bd866ccea2c" {{(pid=115477) __call__ /opt/stack/placement/placement/requestlog.py:55}}
Aug 29 15:51:56.087550 n-d-833090-15 devstack@placement-api.service[115477]: INFO placement.requestlog [req-4ad053a3-7c8f-41fd-bc5e-4117417710f0 req-244a8611-8d0f-44d6-9205-0a65e1c95ae3 service placement] 10.222.0.59 "GET /placement/allocations/7b375e76-daa9-44a5-accc-2bd866ccea2c" status: 200 len: 259 microversion: 1.28
Aug 29 15:51:56.091143 n-d-833090-15 devstack@placement-api.service[115477]: [pid: 115477|app: 0|req: 118/231] 10.222.0.59 () {60 vars in 1377 bytes} [Mon Aug 29 15:51:56 2022] GET /placement/allocations/7b375e76-daa9-44a5-accc-2bd866ccea2c => generated 259 bytes in 28 msecs (HTTP/1.1 200) 8 headers in 296 bytes (1 switches on core 0)
Aug 29 15:51:56.095889 n-d-833090-15 devstack@placement-api.service[115476]: DEBUG placement.requestlog [req-4ad053a3-7c8f-41fd-bc5e-4117417710f0 req-b949ea5e-56db-4b33-b7b3-eadec16fb876 None None] Starting request: 10.222.0.59 "GET /placement/allocations/760bbc84-eeef-4d9f-a7e1-fe5b068ce732" {{(pid=115476) __call__ /opt/stack/placement/placement/requestlog.py:55}}
Aug 29 15:51:56.127782 n-d-833090-15 devstack@placement-api.service[115476]: INFO placement.requestlog [req-4ad053a3-7c8f-41fd-bc5e-4117417710f0 req-b949ea5e-56db-4b33-b7b3-eadec16fb876 service placement] 10.222.0.59 "GET /placement/allocations/760bbc84-eeef-4d9f-a7e1-fe5b068ce732" status: 200 len: 259 microversion: 1.28
Aug 29 15:51:56.128539 n-d-833090-15 devstack@placement-api.service[115476]: [pid: 115476|app: 0|req: 114/232] 10.222.0.59 () {60 vars in 1377 bytes} [Mon Aug 29 15:51:56 2022] GET /placement/allocations/760bbc84-eeef-4d9f-a7e1-fe5b068ce732 => generated 259 bytes in 33 msecs (HTTP/1.1 200) 8 headers in 296 bytes (1 switches on core 0)
Aug 29 15:51:56.136616 n-d-833090-15 devstack@placement-api.service[115477]: DEBUG placement.requestlog [req-4ad053a3-7c8f-41fd-bc5e-4117417710f0 req-998feb54-3f59-4c2e-9663-deeb7514561f None None] Starting request: 10.222.0.59 "GET /placement/allocations/b5a078a5-cc7f-4041-839c-90191574f4e2" {{(pid=115477) __call__ /opt/stack/placement/placement/requestlog.py:55}}
Aug 29 15:51:56.171135 n-d-833090-15 devstack@placement-api.service[115477]: INFO placement.requestlog [req-4ad053a3-7c8f-41fd-bc5e-4117417710f0 req-998feb54-3f59-4c2e-9663-deeb7514561f service placement] 10.222.0.59 "GET /placement/allocations/b5a078a5-cc7f-4041-839c-90191574f4e2" status: 200 len: 259 microversion: 1.28
Aug 29 15:51:56.171520 n-d-833090-15 devstack@placement-api.service[115477]: [pid: 115477|app: 0|req: 119/233] 10.222.0.59 () {60 vars in 1377 bytes} [Mon Aug 29 15:51:56 2022] GET /placement/allocations/b5a078a5-cc7f-4041-839c-90191574f4e2 => generated 259 bytes in 36 msecs (HTTP/1.1 200) 8 headers in 296 bytes (1 switches on core 0)
Aug 29 15:51:56.782741 n-d-833090-15 devstack@placement-api.service[115476]: DEBUG placement.requestlog [None req-86b52d79-0a3c-4842-8c66-4ef897b2705f None None] Starting request: 10.222.0.73 "GET /placement/resource_providers/43cd0a03-6599-4cf3-bc74-dbd7ee9207d6/aggregates" {{(pid=115476) __call__ /opt/stack/placement/placement/requestlog.py:55}}
Aug 29 15:51:56.803344 n-d-833090-15 devstack@placement-api.service[115476]: INFO placement.requestlog [None req-86b52d79-0a3c-4842-8c66-4ef897b2705f service placement] 10.222.0.73 "GET /placement/resource_providers/43cd0a03-6599-4cf3-bc74-dbd7ee9207d6/aggregates" status: 404 len: 235 microversion: 1.1
Aug 29 15:51:56.803896 n-d-833090-15 devstack@placement-api.service[115476]: [pid: 115476|app: 0|req: 115/234] 10.222.0.73 () {58 vars in 1362 bytes} [Mon Aug 29 15:51:56 2022] GET /placement/resource_providers/43cd0a03-6599-4cf3-bc74-dbd7ee9207d6/aggregates => generated 235 bytes in 22 msecs (HTTP/1.1 404) 5 headers in 202 bytes (1 switches on core 0)
Aug 29 15:51:56.849143 n-d-833090-15 devstack@placement-api.service[115477]: DEBUG placement.requestlog [None req-3dfcf625-e7e6-42e4-8482-b22aab82d987 None None] Starting request: 10.222.0.73 "DELETE /placement/resource_providers/43cd0a03-6599-4cf3-bc74-dbd7ee9207d6" {{(pid=115477) __call__ /opt/stack/placement/placement/requestlog.py:55}}
Aug 29 15:51:56.856462 n-d-833090-15 devstack@placement-api.service[115477]: DEBUG placement.wsgi_wrapper [None req-3dfcf625-e7e6-42e4-8482-b22aab82d987 service placement] Placement API returning an error response: No resource provider with uuid 43cd0a03-6599-4cf3-bc74-dbd7ee9207d6 found for delete {{(pid=115477) call_func /opt/stack/placement/placement/wsgi_wrapper.py:31}}
Aug 29 15:51:56.857593 n-d-833090-15 devstack@placement-api.service[115477]: INFO placement.requestlog [None req-3dfcf625-e7e6-42e4-8482-b22aab82d987 service placement] 10.222.0.73 "DELETE /placement/resource_providers/43cd0a03-6599-4cf3-bc74-dbd7ee9207d6" status: 404 len: 246 microversion: 1.1
Aug 29 15:51:56.858064 n-d-833090-15 devstack@placement-api.service[115477]: [pid: 115477|app: 0|req: 120/235] 10.222.0.73 () {60 vars in 1351 bytes} [Mon Aug 29 15:51:56 2022] DELETE /placement/resource_providers/43cd0a03-6599-4cf3-bc74-dbd7ee9207d6 => generated 246 bytes in 14 msecs (HTTP/1.1 404) 6 headers in 231 bytes (1 switches on core 0)
Aug 29 15:51:57.295938 n-d-833090-15 devstack@placement-api.service[115476]: DEBUG placement.requestlog [req-b0ab4cbc-7e6a-44db-a9ed-c06fd42a8094 req-fad86552-9421-4a3a-8aa0-f3ff58d7774e None None] Starting request: 10.222.0.71 "GET /placement/resource_providers/a82282b4-5600-494a-a7d2-9ddcdf0a3af9/allocations" {{(pid=115476) __call__ /opt/stack/placement/placement/requestlog.py:55}}
Aug 29 15:51:57.321062 n-d-833090-15 devstack@placement-api.service[115476]: INFO placement.requestlog [req-b0ab4cbc-7e6a-44db-a9ed-c06fd42a8094 req-fad86552-9421-4a3a-8aa0-f3ff58d7774e service placement] 10.222.0.71 "GET /placement/resource_providers/a82282b4-5600-494a-a7d2-9ddcdf0a3af9/allocations" status: 200 len: 355 microversion: 1.0
Aug 29 15:51:57.321602 n-d-833090-15 devstack@placement-api.service[115476]: [pid: 115476|app: 0|req: 116/236] 10.222.0.71 () {58 vars in 1390 bytes} [Mon Aug 29 15:51:57 2022] GET /placement/resource_providers/a82282b4-5600-494a-a7d2-9ddcdf0a3af9/allocations => generated 355 bytes in 26 msecs (HTTP/1.1 200) 6 headers in 224 bytes (2 switches on core 0)
Aug 29 15:51:57.745100 n-d-833090-15 devstack@placement-api.service[115477]: DEBUG placement.requestlog [req-b0ab4cbc-7e6a-44db-a9ed-c06fd42a8094 req-366182de-f7d9-4026-84c8-17ff8ef52a8d None None] Starting request: 10.222.0.71 "GET /placement/resource_providers/a82282b4-5600-494a-a7d2-9ddcdf0a3af9/allocations" {{(pid=115477) __call__ /opt/stack/placement/placement/requestlog.py:55}}
Aug 29 15:51:57.780872 n-d-833090-15 devstack@placement-api.service[115477]: INFO placement.requestlog [req-b0ab4cbc-7e6a-44db-a9ed-c06fd42a8094 req-366182de-f7d9-4026-84c8-17ff8ef52a8d service placement] 10.222.0.71 "GET /placement/resource_providers/a82282b4-5600-494a-a7d2-9ddcdf0a3af9/allocations" status: 200 len: 355 microversion: 1.0
Aug 29 15:51:57.781592 n-d-833090-15 devstack@placement-api.service[115477]: [pid: 115477|app: 0|req: 121/237] 10.222.0.71 () {58 vars in 1390 bytes} [Mon Aug 29 15:51:57 2022] GET /placement/resource_providers/a82282b4-5600-494a-a7d2-9ddcdf0a3af9/allocations => generated 355 bytes in 37 msecs (HTTP/1.1 200) 6 headers in 224 bytes (1 switches on core 0)
Aug 29 15:51:57.789014 n-d-833090-15 devstack@placement-api.service[115476]: DEBUG placement.requestlog [req-b0ab4cbc-7e6a-44db-a9ed-c06fd42a8094 req-bb95c8ca-a629-4801-b84f-2238df7090bc None None] Starting request: 10.222.0.71 "GET /placement/allocations/6f5957a0-3040-4ef6-85e4-857e17442443" {{(pid=115476) __call__ /opt/stack/placement/placement/requestlog.py:55}}
Aug 29 15:51:57.833191 n-d-833090-15 devstack@placement-api.service[115476]: INFO placement.requestlog [req-b0ab4cbc-7e6a-44db-a9ed-c06fd42a8094 req-bb95c8ca-a629-4801-b84f-2238df7090bc service placement] 10.222.0.71 "GET /placement/allocations/6f5957a0-3040-4ef6-85e4-857e17442443" status: 200 len: 258 microversion: 1.28
Aug 29 15:51:57.833837 n-d-833090-15 devstack@placement-api.service[115476]: [pid: 115476|app: 0|req: 117/238] 10.222.0.71 () {60 vars in 1377 bytes} [Mon Aug 29 15:51:57 2022] GET /placement/allocations/6f5957a0-3040-4ef6-85e4-857e17442443 => generated 258 bytes in 45 msecs (HTTP/1.1 200) 8 headers in 296 bytes (1 switches on core 0)
Aug 29 15:51:57.856619 n-d-833090-15 devstack@placement-api.service[115477]: DEBUG placement.requestlog [req-b0ab4cbc-7e6a-44db-a9ed-c06fd42a8094 req-5801223e-f07c-4bff-94ce-094423ed42ba None None] Starting request: 10.222.0.71 "GET /placement/allocations/27176ec3-f269-48f7-bbe1-c2e1e3ea4159" {{(pid=115477) __call__ /opt/stack/placement/placement/requestlog.py:55}}
Aug 29 15:51:57.879880 n-d-833090-15 devstack@placement-api.service[115477]: INFO placement.requestlog [req-b0ab4cbc-7e6a-44db-a9ed-c06fd42a8094 req-5801223e-f07c-4bff-94ce-094423ed42ba service placement] 10.222.0.71 "GET /placement/allocations/27176ec3-f269-48f7-bbe1-c2e1e3ea4159" status: 200 len: 258 microversion: 1.28
Aug 29 15:51:57.883172 n-d-833090-15 devstack@placement-api.service[115477]: [pid: 115477|app: 0|req: 122/239] 10.222.0.71 () {60 vars in 1377 bytes} [Mon Aug 29 15:51:57 2022] GET /placement/allocations/27176ec3-f269-48f7-bbe1-c2e1e3ea4159 => generated 258 bytes in 27 msecs (HTTP/1.1 200) 8 headers in 296 bytes (1 switches on core 0)
Aug 29 15:51:57.890398 n-d-833090-15 devstack@placement-api.service[115476]: DEBUG placement.requestlog [req-b0ab4cbc-7e6a-44db-a9ed-c06fd42a8094 req-6ae4c0c4-ba5c-4e17-9efa-8cb8e714f51e None None] Starting request: 10.222.0.71 "GET /placement/allocations/0d534e03-648d-4f70-94ea-e1efe130c1af" {{(pid=115476) __call__ /opt/stack/placement/placement/requestlog.py:55}}
Aug 29 15:51:57.917160 n-d-833090-15 devstack@placement-api.service[115476]: INFO placement.requestlog [req-b0ab4cbc-7e6a-44db-a9ed-c06fd42a8094 req-6ae4c0c4-ba5c-4e17-9efa-8cb8e714f51e service placement] 10.222.0.71 "GET /placement/allocations/0d534e03-648d-4f70-94ea-e1efe130c1af" status: 200 len: 258 microversion: 1.28
Aug 29 15:51:57.918587 n-d-833090-15 devstack@placement-api.service[115476]: [pid: 115476|app: 0|req: 118/240] 10.222.0.71 () {60 vars in 1377 bytes} [Mon Aug 29 15:51:57 2022] GET /placement/allocations/0d534e03-648d-4f70-94ea-e1efe130c1af => generated 258 bytes in 28 msecs (HTTP/1.1 200) 8 headers in 296 bytes (1 switches on core 0)
