Aug 26 03:10:10.812420 n-d-833090-12 devstack@placement-api.service[107629]: [pid: 107629|app: 0|req: 512/1028] 10.222.0.70 () {58 vars in 1390 bytes} [Fri Aug 26 03:10:10 2022] GET /placement/resource_providers/a05241d1-a552-4c52-9784-741e3e93c07a/allocations => generated 544 bytes in 48 msecs (HTTP/1.1 200) 6 headers in 224 bytes (1 switches on core 0)
Aug 26 03:10:10.826472 n-d-833090-12 devstack@placement-api.service[107630]: DEBUG placement.requestlog [req-867cf3c1-0a08-4706-bc4e-0fdaf087184d req-8324ed98-fbae-435f-8162-89d8455b897a None None] Starting request: 10.222.0.70 "GET /placement/allocations/736c1162-128f-413d-b8ff-c073f8321851" {{(pid=107630) __call__ /opt/stack/placement/placement/requestlog.py:55}}
Aug 26 03:10:10.835718 n-d-833090-12 devstack@placement-api.service[107630]: DEBUG dbcounter [-] [107630] Writing DB stats placement:SELECT=82,placement:INSERT=10,placement:DELETE=4,placement:UPDATE=4 {{(pid=107630) stat_writer /usr/local/lib/python3.8/dist-packages/dbcounter.py:114}}
Aug 26 03:10:10.846489 n-d-833090-12 devstack@placement-api.service[107629]: DEBUG placement.requestlog [req-054589eb-bbf6-40ea-b3ad-070e0ce5bf9c req-ca06fba4-7033-4bb5-8aa3-5c2498947f0d None None] Starting request: 10.222.0.70 "GET /placement/resource_providers/a05241d1-a552-4c52-9784-741e3e93c07a/allocations" {{(pid=107629) __call__ /opt/stack/placement/placement/requestlog.py:55}}
Aug 26 03:10:10.856774 n-d-833090-12 devstack@placement-api.service[107630]: INFO placement.requestlog [req-867cf3c1-0a08-4706-bc4e-0fdaf087184d req-8324ed98-fbae-435f-8162-89d8455b897a service placement] 10.222.0.70 "GET /placement/allocations/736c1162-128f-413d-b8ff-c073f8321851" status: 200 len: 259 microversion: 1.28
Aug 26 03:10:10.867939 n-d-833090-12 devstack@placement-api.service[107630]: [pid: 107630|app: 0|req: 517/1029] 10.222.0.70 () {60 vars in 1377 bytes} [Fri Aug 26 03:10:10 2022] GET /placement/allocations/736c1162-128f-413d-b8ff-c073f8321851 => generated 259 bytes in 42 msecs (HTTP/1.1 200) 8 headers in 296 bytes (1 switches on core 0)
Aug 26 03:10:10.868864 n-d-833090-12 devstack@placement-api.service[107630]: DEBUG placement.requestlog [req-867cf3c1-0a08-4706-bc4e-0fdaf087184d req-42fbd3db-9fbc-47db-8d8a-433c49c283bb None None] Starting request: 10.222.0.70 "GET /placement/allocations/1c945cc6-69a8-44dd-a33a-1258d41e503d" {{(pid=107630) __call__ /opt/stack/placement/placement/requestlog.py:55}}
Aug 26 03:10:10.887767 n-d-833090-12 devstack@placement-api.service[107629]: INFO placement.requestlog [req-054589eb-bbf6-40ea-b3ad-070e0ce5bf9c req-ca06fba4-7033-4bb5-8aa3-5c2498947f0d service placement] 10.222.0.70 "GET /placement/resource_providers/a05241d1-a552-4c52-9784-741e3e93c07a/allocations" status: 200 len: 544 microversion: 1.0
Aug 26 03:10:10.888759 n-d-833090-12 devstack@placement-api.service[107629]: [pid: 107629|app: 0|req: 513/1030] 10.222.0.70 () {58 vars in 1390 bytes} [Fri Aug 26 03:10:10 2022] GET /placement/resource_providers/a05241d1-a552-4c52-9784-741e3e93c07a/allocations => generated 544 bytes in 42 msecs (HTTP/1.1 200) 6 headers in 224 bytes (1 switches on core 0)
Aug 26 03:10:10.896369 n-d-833090-12 devstack@placement-api.service[107629]: DEBUG placement.requestlog [req-054589eb-bbf6-40ea-b3ad-070e0ce5bf9c req-378a5356-1ee1-4e61-b351-6b1f56298e4e None None] Starting request: 10.222.0.70 "GET /placement/allocations/736c1162-128f-413d-b8ff-c073f8321851" {{(pid=107629) __call__ /opt/stack/placement/placement/requestlog.py:55}}
Aug 26 03:10:10.916813 n-d-833090-12 devstack@placement-api.service[107630]: INFO placement.requestlog [req-867cf3c1-0a08-4706-bc4e-0fdaf087184d req-42fbd3db-9fbc-47db-8d8a-433c49c283bb service placement] 10.222.0.70 "GET /placement/allocations/1c945cc6-69a8-44dd-a33a-1258d41e503d" status: 200 len: 245 microversion: 1.28
Aug 26 03:10:10.918119 n-d-833090-12 devstack@placement-api.service[107630]: [pid: 107630|app: 0|req: 518/1031] 10.222.0.70 () {60 vars in 1377 bytes} [Fri Aug 26 03:10:10 2022] GET /placement/allocations/1c945cc6-69a8-44dd-a33a-1258d41e503d => generated 245 bytes in 49 msecs (HTTP/1.1 200) 8 headers in 296 bytes (1 switches on core 0)
Aug 26 03:10:10.927427 n-d-833090-12 devstack@placement-api.service[107630]: DEBUG placement.requestlog [req-867cf3c1-0a08-4706-bc4e-0fdaf087184d req-ce1f9d41-7662-40ed-a422-729cb1a388d9 None None] Starting request: 10.222.0.70 "GET /placement/allocations/7f94230c-bfcc-4b86-94ee-013cc6162b7d" {{(pid=107630) __call__ /opt/stack/placement/placement/requestlog.py:55}}
Aug 26 03:10:10.928821 n-d-833090-12 devstack@placement-api.service[107629]: INFO placement.requestlog [req-054589eb-bbf6-40ea-b3ad-070e0ce5bf9c req-378a5356-1ee1-4e61-b351-6b1f56298e4e service placement] 10.222.0.70 "GET /placement/allocations/736c1162-128f-413d-b8ff-c073f8321851" status: 200 len: 259 microversion: 1.28
Aug 26 03:10:10.929373 n-d-833090-12 devstack@placement-api.service[107629]: [pid: 107629|app: 0|req: 514/1032] 10.222.0.70 () {60 vars in 1377 bytes} [Fri Aug 26 03:10:10 2022] GET /placement/allocations/736c1162-128f-413d-b8ff-c073f8321851 => generated 259 bytes in 34 msecs (HTTP/1.1 200) 8 headers in 296 bytes (2 switches on core 0)
Aug 26 03:10:10.939627 n-d-833090-12 devstack@placement-api.service[107629]: DEBUG placement.requestlog [req-054589eb-bbf6-40ea-b3ad-070e0ce5bf9c req-6f388067-640f-43b5-a009-89547afb6d91 None None] Starting request: 10.222.0.70 "GET /placement/allocations/1c945cc6-69a8-44dd-a33a-1258d41e503d" {{(pid=107629) __call__ /opt/stack/placement/placement/requestlog.py:55}}
Aug 26 03:10:10.967191 n-d-833090-12 devstack@placement-api.service[107629]: INFO placement.requestlog [req-054589eb-bbf6-40ea-b3ad-070e0ce5bf9c req-6f388067-640f-43b5-a009-89547afb6d91 service placement] 10.222.0.70 "GET /placement/allocations/1c945cc6-69a8-44dd-a33a-1258d41e503d" status: 200 len: 245 microversion: 1.28
Aug 26 03:10:10.968455 n-d-833090-12 devstack@placement-api.service[107629]: [pid: 107629|app: 0|req: 515/1033] 10.222.0.70 () {60 vars in 1377 bytes} [Fri Aug 26 03:10:10 2022] GET /placement/allocations/1c945cc6-69a8-44dd-a33a-1258d41e503d => generated 245 bytes in 29 msecs (HTTP/1.1 200) 8 headers in 296 bytes (1 switches on core 0)
Aug 26 03:10:10.975634 n-d-833090-12 devstack@placement-api.service[107629]: DEBUG placement.requestlog [req-054589eb-bbf6-40ea-b3ad-070e0ce5bf9c req-305980c8-b62a-48b5-ad12-d1b5ee3612a9 None None] Starting request: 10.222.0.70 "GET /placement/allocations/7f94230c-bfcc-4b86-94ee-013cc6162b7d" {{(pid=107629) __call__ /opt/stack/placement/placement/requestlog.py:55}}
Aug 26 03:10:10.978743 n-d-833090-12 devstack@placement-api.service[107630]: INFO placement.requestlog [req-867cf3c1-0a08-4706-bc4e-0fdaf087184d req-ce1f9d41-7662-40ed-a422-729cb1a388d9 service placement] 10.222.0.70 "GET /placement/allocations/7f94230c-bfcc-4b86-94ee-013cc6162b7d" status: 200 len: 259 microversion: 1.28
Aug 26 03:10:10.979881 n-d-833090-12 devstack@placement-api.service[107630]: [pid: 107630|app: 0|req: 519/1034] 10.222.0.70 () {60 vars in 1377 bytes} [Fri Aug 26 03:10:10 2022] GET /placement/allocations/7f94230c-bfcc-4b86-94ee-013cc6162b7d => generated 259 bytes in 53 msecs (HTTP/1.1 200) 8 headers in 296 bytes (1 switches on core 0)
Aug 26 03:10:10.987181 n-d-833090-12 devstack@placement-api.service[107630]: DEBUG placement.requestlog [req-867cf3c1-0a08-4706-bc4e-0fdaf087184d req-3de81c16-605b-4ce3-95bc-44ee571f2b56 None None] Starting request: 10.222.0.70 "GET /placement/allocations/ce58fc11-7459-48fb-abef-b705f2f67c51" {{(pid=107630) __call__ /opt/stack/placement/placement/requestlog.py:55}}
Aug 26 03:10:11.002622 n-d-833090-12 devstack@placement-api.service[107629]: INFO placement.requestlog [req-054589eb-bbf6-40ea-b3ad-070e0ce5bf9c req-305980c8-b62a-48b5-ad12-d1b5ee3612a9 service placement] 10.222.0.70 "GET /placement/allocations/7f94230c-bfcc-4b86-94ee-013cc6162b7d" status: 200 len: 259 microversion: 1.28
Aug 26 03:10:11.003326 n-d-833090-12 devstack@placement-api.service[107629]: [pid: 107629|app: 0|req: 516/1035] 10.222.0.70 () {60 vars in 1377 bytes} [Fri Aug 26 03:10:10 2022] GET /placement/allocations/7f94230c-bfcc-4b86-94ee-013cc6162b7d => generated 259 bytes in 29 msecs (HTTP/1.1 200) 8 headers in 296 bytes (2 switches on core 0)
Aug 26 03:10:11.012342 n-d-833090-12 devstack@placement-api.service[107629]: DEBUG placement.requestlog [req-054589eb-bbf6-40ea-b3ad-070e0ce5bf9c req-98a3ca64-5984-46c1-8091-92dde7b5a005 None None] Starting request: 10.222.0.70 "GET /placement/allocations/ce58fc11-7459-48fb-abef-b705f2f67c51" {{(pid=107629) __call__ /opt/stack/placement/placement/requestlog.py:55}}
Aug 26 03:10:11.022812 n-d-833090-12 devstack@placement-api.service[107630]: INFO placement.requestlog [req-867cf3c1-0a08-4706-bc4e-0fdaf087184d req-3de81c16-605b-4ce3-95bc-44ee571f2b56 service placement] 10.222.0.70 "GET /placement/allocations/ce58fc11-7459-48fb-abef-b705f2f67c51" status: 200 len: 259 microversion: 1.28
Aug 26 03:10:11.023296 n-d-833090-12 devstack@placement-api.service[107630]: [pid: 107630|app: 0|req: 520/1036] 10.222.0.70 () {60 vars in 1377 bytes} [Fri Aug 26 03:10:10 2022] GET /placement/allocations/ce58fc11-7459-48fb-abef-b705f2f67c51 => generated 259 bytes in 36 msecs (HTTP/1.1 200) 8 headers in 296 bytes (2 switches on core 0)
Aug 26 03:10:11.044990 n-d-833090-12 devstack@placement-api.service[107630]: DEBUG placement.requestlog [req-867cf3c1-0a08-4706-bc4e-0fdaf087184d req-0ff496e5-d6af-4339-addc-5132a15b0f59 None None] Starting request: 10.222.0.70 "GET /placement/allocations/c41ed27c-a755-4404-8363-38d3370c66ac" {{(pid=107630) __call__ /opt/stack/placement/placement/requestlog.py:55}}
Aug 26 03:10:11.046700 n-d-833090-12 devstack@placement-api.service[107629]: INFO placement.requestlog [req-054589eb-bbf6-40ea-b3ad-070e0ce5bf9c req-98a3ca64-5984-46c1-8091-92dde7b5a005 service placement] 10.222.0.70 "GET /placement/allocations/ce58fc11-7459-48fb-abef-b705f2f67c51" status: 200 len: 259 microversion: 1.28
Aug 26 03:10:11.048762 n-d-833090-12 devstack@placement-api.service[107629]: [pid: 107629|app: 0|req: 517/1037] 10.222.0.70 () {60 vars in 1377 bytes} [Fri Aug 26 03:10:11 2022] GET /placement/allocations/ce58fc11-7459-48fb-abef-b705f2f67c51 => generated 259 bytes in 36 msecs (HTTP/1.1 200) 8 headers in 296 bytes (1 switches on core 0)
Aug 26 03:10:11.055798 n-d-833090-12 devstack@placement-api.service[107629]: DEBUG placement.requestlog [req-054589eb-bbf6-40ea-b3ad-070e0ce5bf9c req-1b611ddb-6598-4f72-8b1f-f621767c6270 None None] Starting request: 10.222.0.70 "GET /placement/allocations/c41ed27c-a755-4404-8363-38d3370c66ac" {{(pid=107629) __call__ /opt/stack/placement/placement/requestlog.py:55}}
Aug 26 03:10:11.074814 n-d-833090-12 devstack@placement-api.service[107630]: INFO placement.requestlog [req-867cf3c1-0a08-4706-bc4e-0fdaf087184d req-0ff496e5-d6af-4339-addc-5132a15b0f59 service placement] 10.222.0.70 "GET /placement/allocations/c41ed27c-a755-4404-8363-38d3370c66ac" status: 200 len: 259 microversion: 1.28
Aug 26 03:10:11.075138 n-d-833090-12 devstack@placement-api.service[107629]: INFO placement.requestlog [req-054589eb-bbf6-40ea-b3ad-070e0ce5bf9c req-1b611ddb-6598-4f72-8b1f-f621767c6270 service placement] 10.222.0.70 "GET /placement/allocations/c41ed27c-a755-4404-8363-38d3370c66ac" status: 200 len: 259 microversion: 1.28
Aug 26 03:10:11.075419 n-d-833090-12 devstack@placement-api.service[107630]: [pid: 107630|app: 0|req: 521/1038] 10.222.0.70 () {60 vars in 1377 bytes} [Fri Aug 26 03:10:11 2022] GET /placement/allocations/c41ed27c-a755-4404-8363-38d3370c66ac => generated 259 bytes in 31 msecs (HTTP/1.1 200) 8 headers in 296 bytes (1 switches on core 0)
Aug 26 03:10:11.075974 n-d-833090-12 devstack@placement-api.service[107629]: [pid: 107629|app: 0|req: 518/1039] 10.222.0.70 () {60 vars in 1377 bytes} [Fri Aug 26 03:10:11 2022] GET /placement/allocations/c41ed27c-a755-4404-8363-38d3370c66ac => generated 259 bytes in 20 msecs (HTTP/1.1 200) 8 headers in 296 bytes (2 switches on core 0)
Aug 26 03:10:11.444845 n-d-833090-12 devstack@placement-api.service[107630]: DEBUG placement.requestlog [req-bdf3f461-7a8f-4b72-aaaa-fe4b1fa22aa0 req-1a0d8982-85e5-47b2-a434-4064586adff9 None None] Starting request: 10.222.0.50 "GET /placement/allocations/736c1162-128f-413d-b8ff-c073f8321851" {{(pid=107630) __call__ /opt/stack/placement/placement/requestlog.py:55}}
Aug 26 03:10:11.465491 n-d-833090-12 devstack@placement-api.service[107630]: INFO placement.requestlog [req-bdf3f461-7a8f-4b72-aaaa-fe4b1fa22aa0 req-1a0d8982-85e5-47b2-a434-4064586adff9 service placement] 10.222.0.50 "GET /placement/allocations/736c1162-128f-413d-b8ff-c073f8321851" status: 200 len: 259 microversion: 1.28
Aug 26 03:10:11.466806 n-d-833090-12 devstack@placement-api.service[107630]: [pid: 107630|app: 0|req: 522/1040] 10.222.0.50 () {60 vars in 1380 bytes} [Fri Aug 26 03:10:11 2022] GET /placement/allocations/736c1162-128f-413d-b8ff-c073f8321851 => generated 259 bytes in 22 msecs (HTTP/1.1 200) 8 headers in 296 bytes (1 switches on core 0)
Aug 26 03:10:11.473249 n-d-833090-12 devstack@placement-api.service[107629]: DEBUG placement.requestlog [req-bdf3f461-7a8f-4b72-aaaa-fe4b1fa22aa0 req-52abcfcf-f507-47ed-94f1-621bc1421b10 None None] Starting request: 10.222.0.50 "GET /placement/allocations/736c1162-128f-413d-b8ff-c073f8321851" {{(pid=107629) __call__ /opt/stack/placement/placement/requestlog.py:55}}
Aug 26 03:10:11.493584 n-d-833090-12 devstack@placement-api.service[107629]: INFO placement.requestlog [req-bdf3f461-7a8f-4b72-aaaa-fe4b1fa22aa0 req-52abcfcf-f507-47ed-94f1-621bc1421b10 service placement] 10.222.0.50 "GET /placement/allocations/736c1162-128f-413d-b8ff-c073f8321851" status: 200 len: 259 microversion: 1.28
Aug 26 03:10:11.495074 n-d-833090-12 devstack@placement-api.service[107629]: [pid: 107629|app: 0|req: 519/1041] 10.222.0.50 () {60 vars in 1380 bytes} [Fri Aug 26 03:10:11 2022] GET /placement/allocations/736c1162-128f-413d-b8ff-c073f8321851 => generated 259 bytes in 22 msecs (HTTP/1.1 200) 8 headers in 296 bytes (1 switches on core 0)
Aug 26 03:10:11.501805 n-d-833090-12 devstack@placement-api.service[107630]: DEBUG placement.requestlog [req-bdf3f461-7a8f-4b72-aaaa-fe4b1fa22aa0 req-f10c7faa-22df-4111-9fb3-032b499f83e1 None None] Starting request: 10.222.0.50 "GET /placement/allocations/9df8b3c3-1702-4cdd-ad48-6dfdd17ae931" {{(pid=107630) __call__ /opt/stack/placement/placement/requestlog.py:55}}
Aug 26 03:10:11.516169 n-d-833090-12 devstack@placement-api.service[107630]: INFO placement.requestlog [req-bdf3f461-7a8f-4b72-aaaa-fe4b1fa22aa0 req-f10c7faa-22df-4111-9fb3-032b499f83e1 service placement] 10.222.0.50 "GET /placement/allocations/9df8b3c3-1702-4cdd-ad48-6dfdd17ae931" status: 200 len: 19 microversion: 1.28
Aug 26 03:10:11.516624 n-d-833090-12 devstack@placement-api.service[107630]: [pid: 107630|app: 0|req: 523/1042] 10.222.0.50 () {60 vars in 1380 bytes} [Fri Aug 26 03:10:11 2022] GET /placement/allocations/9df8b3c3-1702-4cdd-ad48-6dfdd17ae931 => generated 19 bytes in 15 msecs (HTTP/1.1 200) 8 headers in 295 bytes (2 switches on core 0)
Aug 26 03:10:11.523436 n-d-833090-12 devstack@placement-api.service[107629]: DEBUG placement.requestlog [req-bdf3f461-7a8f-4b72-aaaa-fe4b1fa22aa0 req-bac3960d-b09f-4dbe-938b-427c694c2ef3 None None] Starting request: 10.222.0.50 "POST /placement/allocations" {{(pid=107629) __call__ /opt/stack/placement/placement/requestlog.py:55}}
Aug 26 03:10:11.542944 n-d-833090-12 devstack@placement-api.service[107629]: DEBUG dbcounter [-] [107629] Writing DB stats placement:DELETE=4,placement:SELECT=96 {{(pid=107629) stat_writer /usr/local/lib/python3.8/dist-packages/dbcounter.py:114}}
Aug 26 03:10:11.611524 n-d-833090-12 devstack@placement-api.service[107629]: DEBUG placement.handlers.allocation [req-bdf3f461-7a8f-4b72-aaaa-fe4b1fa22aa0 req-bac3960d-b09f-4dbe-938b-427c694c2ef3 service placement] Successfully wrote allocations [, , , , , ] {{(pid=107629) _update_consumers_and_create_allocations /opt/stack/placement/placement/handlers/allocation.py:572}}
Aug 26 03:10:11.616784 n-d-833090-12 devstack@placement-api.service[107629]: INFO placement.requestlog [req-bdf3f461-7a8f-4b72-aaaa-fe4b1fa22aa0 req-bac3960d-b09f-4dbe-938b-427c694c2ef3 service placement] 10.222.0.50 "POST /placement/allocations" status: 204 len: 0 microversion: 1.28
Aug 26 03:10:11.618301 n-d-833090-12 devstack@placement-api.service[107629]: [pid: 107629|app: 0|req: 520/1043] 10.222.0.50 () {64 vars in 1323 bytes} [Fri Aug 26 03:10:11 2022] POST /placement/allocations => generated 0 bytes in 95 msecs (HTTP/1.1 204) 5 headers in 199 bytes (1 switches on core 0)
Aug 26 03:10:11.651397 n-d-833090-12 devstack@placement-api.service[107630]: DEBUG placement.requestlog [req-bdf3f461-7a8f-4b72-aaaa-fe4b1fa22aa0 req-44db6414-a413-44fe-a75b-42562c675aee None None] Starting request: 10.222.0.50 "GET /placement/allocations/736c1162-128f-413d-b8ff-c073f8321851" {{(pid=107630) __call__ /opt/stack/placement/placement/requestlog.py:55}}
Aug 26 03:10:11.663670 n-d-833090-12 devstack@placement-api.service[107630]: INFO placement.requestlog [req-bdf3f461-7a8f-4b72-aaaa-fe4b1fa22aa0 req-44db6414-a413-44fe-a75b-42562c675aee service placement] 10.222.0.50 "GET /placement/allocations/736c1162-128f-413d-b8ff-c073f8321851" status: 200 len: 19 microversion: 1.28
Aug 26 03:10:11.664114 n-d-833090-12 devstack@placement-api.service[107630]: [pid: 107630|app: 0|req: 524/1044] 10.222.0.50 () {60 vars in 1380 bytes} [Fri Aug 26 03:10:11 2022] GET /placement/allocations/736c1162-128f-413d-b8ff-c073f8321851 => generated 19 bytes in 13 msecs (HTTP/1.1 200) 8 headers in 295 bytes (1 switches on core 0)
Aug 26 03:10:11.679151 n-d-833090-12 devstack@placement-api.service[107629]: DEBUG placement.requestlog [req-bdf3f461-7a8f-4b72-aaaa-fe4b1fa22aa0 req-b55aff03-247f-4a23-88de-88d4a99ca0b0 None None] Starting request: 10.222.0.50 "PUT /placement/allocations/736c1162-128f-413d-b8ff-c073f8321851" {{(pid=107629) __call__ /opt/stack/placement/placement/requestlog.py:55}}
Aug 26 03:10:11.882095 n-d-833090-12 devstack@placement-api.service[107629]: DEBUG placement.handlers.allocation [req-bdf3f461-7a8f-4b72-aaaa-fe4b1fa22aa0 req-b55aff03-247f-4a23-88de-88d4a99ca0b0 service placement] Successfully wrote allocations [, , ] {{(pid=107629) _update_consumers_and_create_allocations /opt/stack/placement/placement/handlers/allocation.py:462}}
Aug 26 03:10:11.900641 n-d-833090-12 devstack@placement-api.service[107629]: INFO placement.requestlog [req-bdf3f461-7a8f-4b72-aaaa-fe4b1fa22aa0 req-b55aff03-247f-4a23-88de-88d4a99ca0b0 service placement] 10.222.0.50 "PUT /placement/allocations/736c1162-128f-413d-b8ff-c073f8321851" status: 204 len: 0 microversion: 1.28
Aug 26 03:10:11.901059 n-d-833090-12 devstack@placement-api.service[107629]: [pid: 107629|app: 0|req: 521/1045] 10.222.0.50 () {64 vars in 1433 bytes} [Fri Aug 26 03:10:11 2022] PUT /placement/allocations/736c1162-128f-413d-b8ff-c073f8321851 => generated 0 bytes in 222 msecs (HTTP/1.1 204) 5 headers in 199 bytes (1 switches on core 0)
Aug 26 03:10:12.102872 n-d-833090-12 devstack@placement-api.service[107630]: DEBUG placement.requestlog [req-bdf3f461-7a8f-4b72-aaaa-fe4b1fa22aa0 req-55e296aa-c3d8-4ae7-bbaa-977deaee9c8a None None] Starting request: 10.222.0.61 "GET /placement/allocations/736c1162-128f-413d-b8ff-c073f8321851" {{(pid=107630) __call__ /opt/stack/placement/placement/requestlog.py:55}}
Aug 26 03:10:12.146489 n-d-833090-12 devstack@placement-api.service[107630]: INFO placement.requestlog [req-bdf3f461-7a8f-4b72-aaaa-fe4b1fa22aa0 req-55e296aa-c3d8-4ae7-bbaa-977deaee9c8a service placement] 10.222.0.61 "GET /placement/allocations/736c1162-128f-413d-b8ff-c073f8321851" status: 200 len: 259 microversion: 1.28
Aug 26 03:10:12.147035 n-d-833090-12 devstack@placement-api.service[107630]: [pid: 107630|app: 0|req: 525/1046] 10.222.0.61 () {60 vars in 1377 bytes} [Fri Aug 26 03:10:12 2022] GET /placement/allocations/736c1162-128f-413d-b8ff-c073f8321851 => generated 259 bytes in 45 msecs (HTTP/1.1 200) 8 headers in 296 bytes (1 switches on core 0)
Aug 26 03:10:15.071330 n-d-833090-12 devstack@placement-api.service[107629]: DEBUG placement.requestlog [req-181b0855-c1ec-44f5-a5a6-eaf938f34a84 req-e2374b95-689d-4592-9c40-f217e36a7d08 None None] Starting request: 10.222.0.50 "GET /placement/allocation_candidates?limit=1000&resources=DISK_GB%3A1%2CMEMORY_MB%3A1024%2CVCPU%3A1&root_required=%21COMPUTE_STATUS_DISABLED" {{(pid=107629) __call__ /opt/stack/placement/placement/requestlog.py:55}}
Aug 26 03:10:15.148950 n-d-833090-12 devstack@placement-api.service[107629]: DEBUG placement.objects.research_context [req-181b0855-c1ec-44f5-a5a6-eaf938f34a84 req-e2374b95-689d-4592-9c40-f217e36a7d08 service placement] getting providers with 1 DISK_GB {{(pid=107629) __init__ /opt/stack/placement/placement/objects/research_context.py:136}}
Aug 26 03:10:15.169040 n-d-833090-12 devstack@placement-api.service[107629]: DEBUG placement.objects.research_context [req-181b0855-c1ec-44f5-a5a6-eaf938f34a84 req-e2374b95-689d-4592-9c40-f217e36a7d08 service placement] getting providers with 1024 MEMORY_MB {{(pid=107629) __init__ /opt/stack/placement/placement/objects/research_context.py:136}}
Aug 26 03:10:15.177145 n-d-833090-12 devstack@placement-api.service[107629]: DEBUG placement.objects.research_context [req-181b0855-c1ec-44f5-a5a6-eaf938f34a84 req-e2374b95-689d-4592-9c40-f217e36a7d08 service placement] getting providers with 1 VCPU {{(pid=107629) __init__ /opt/stack/placement/placement/objects/research_context.py:136}}
Aug 26 03:10:15.187532 n-d-833090-12 devstack@placement-api.service[107629]: DEBUG placement.objects.research_context [req-181b0855-c1ec-44f5-a5a6-eaf938f34a84 req-e2374b95-689d-4592-9c40-f217e36a7d08 service placement] found 2 providers with available 1 DISK_GB {{(pid=107629) get_provider_ids_matching /opt/stack/placement/placement/objects/research_context.py:563}}
Aug 26 03:10:15.189050 n-d-833090-12 devstack@placement-api.service[107629]: DEBUG placement.objects.research_context [req-181b0855-c1ec-44f5-a5a6-eaf938f34a84 req-e2374b95-689d-4592-9c40-f217e36a7d08 service placement] found 2 providers with available 1024 MEMORY_MB {{(pid=107629) get_provider_ids_matching /opt/stack/placement/placement/objects/research_context.py:563}}
Aug 26 03:10:15.189499 n-d-833090-12 devstack@placement-api.service[107629]: DEBUG placement.objects.research_context [req-181b0855-c1ec-44f5-a5a6-eaf938f34a84 req-e2374b95-689d-4592-9c40-f217e36a7d08 service placement] found 2 providers after filtering by previous result {{(pid=107629) get_provider_ids_matching /opt/stack/placement/placement/objects/research_context.py:594}}
Aug 26 03:10:15.190604 n-d-833090-12 devstack@placement-api.service[107629]: DEBUG placement.objects.research_context [req-181b0855-c1ec-44f5-a5a6-eaf938f34a84 req-e2374b95-689d-4592-9c40-f217e36a7d08 service placement] found 2 providers with available 1 VCPU {{(pid=107629) get_provider_ids_matching /opt/stack/placement/placement/objects/research_context.py:563}}
Aug 26 03:10:15.191108 n-d-833090-12 devstack@placement-api.service[107629]: DEBUG placement.objects.research_context [req-181b0855-c1ec-44f5-a5a6-eaf938f34a84 req-e2374b95-689d-4592-9c40-f217e36a7d08 service placement] found 2 providers after filtering by previous result {{(pid=107629) get_provider_ids_matching /opt/stack/placement/placement/objects/research_context.py:594}}
Aug 26 03:10:15.209850 n-d-833090-12 devstack@placement-api.service[107629]: DEBUG placement.objects.allocation_candidate [req-181b0855-c1ec-44f5-a5a6-eaf938f34a84 req-e2374b95-689d-4592-9c40-f217e36a7d08 service placement] RequestGroup(use_same_provider=False, resources={DISK_GB:1, MEMORY_MB:1024, VCPU:1}, traits=(), aggregates=[]) (suffix '') returned 2 matches {{(pid=107629) _get_by_requests /opt/stack/placement/placement/objects/allocation_candidate.py:156}}
Aug 26 03:10:15.210490 n-d-833090-12 devstack@placement-api.service[107629]: DEBUG placement.objects.allocation_candidate [req-181b0855-c1ec-44f5-a5a6-eaf938f34a84 req-e2374b95-689d-4592-9c40-f217e36a7d08 service placement] Merging candidates yields 2 allocation requests and 2 provider summaries {{(pid=107629) _merge_candidates /opt/stack/placement/placement/objects/allocation_candidate.py:809}}
Aug 26 03:10:15.212979 n-d-833090-12 devstack@placement-api.service[107629]: INFO placement.requestlog [req-181b0855-c1ec-44f5-a5a6-eaf938f34a84 req-e2374b95-689d-4592-9c40-f217e36a7d08 service placement] 10.222.0.50 "GET /placement/allocation_candidates?limit=1000&resources=DISK_GB%3A1%2CMEMORY_MB%3A1024%2CVCPU%3A1&root_required=%21COMPUTE_STATUS_DISABLED" status: 200 len: 1309 microversion: 1.36
Aug 26 03:10:15.221325 n-d-833090-12 devstack@placement-api.service[107629]: [pid: 107629|app: 0|req: 522/1047] 10.222.0.50 () {60 vars in 1506 bytes} [Fri Aug 26 03:10:15 2022] GET /placement/allocation_candidates?limit=1000&resources=DISK_GB%3A1%2CMEMORY_MB%3A1024%2CVCPU%3A1&root_required=%21COMPUTE_STATUS_DISABLED => generated 1309 bytes in 150 msecs (HTTP/1.1 200) 8 headers in 297 bytes (1 switches on core 0)
Aug 26 03:10:15.315643 n-d-833090-12 devstack@placement-api.service[107630]: DEBUG placement.requestlog [req-181b0855-c1ec-44f5-a5a6-eaf938f34a84 req-5368d36a-2c68-4db4-955d-56a69d749968 None None] Starting request: 10.222.0.50 "GET /placement/allocations/4c49c741-6a41-43f7-a7c3-63063d988bec" {{(pid=107630) __call__ /opt/stack/placement/placement/requestlog.py:55}}
Aug 26 03:10:15.336688 n-d-833090-12 devstack@placement-api.service[107630]: INFO placement.requestlog [req-181b0855-c1ec-44f5-a5a6-eaf938f34a84 req-5368d36a-2c68-4db4-955d-56a69d749968 service placement] 10.222.0.50 "GET /placement/allocations/4c49c741-6a41-43f7-a7c3-63063d988bec" status: 200 len: 19 microversion: 1.28
Aug 26 03:10:15.337445 n-d-833090-12 devstack@placement-api.service[107630]: [pid: 107630|app: 0|req: 526/1048] 10.222.0.50 () {60 vars in 1380 bytes} [Fri Aug 26 03:10:15 2022] GET /placement/allocations/4c49c741-6a41-43f7-a7c3-63063d988bec => generated 19 bytes in 22 msecs (HTTP/1.1 200) 8 headers in 295 bytes (1 switches on core 0)
Aug 26 03:10:15.350859 n-d-833090-12 devstack@placement-api.service[107629]: DEBUG placement.requestlog [req-181b0855-c1ec-44f5-a5a6-eaf938f34a84 req-ddbb7ccc-3285-4588-8de0-baba0af87dcc None None] Starting request: 10.222.0.50 "PUT /placement/allocations/4c49c741-6a41-43f7-a7c3-63063d988bec" {{(pid=107629) __call__ /opt/stack/placement/placement/requestlog.py:55}}
Aug 26 03:10:15.480320 n-d-833090-12 devstack@placement-api.service[107629]: DEBUG placement.handlers.allocation [req-181b0855-c1ec-44f5-a5a6-eaf938f34a84 req-ddbb7ccc-3285-4588-8de0-baba0af87dcc service placement] Successfully wrote allocations [, , ] {{(pid=107629) _update_consumers_and_create_allocations /opt/stack/placement/placement/handlers/allocation.py:462}}
Aug 26 03:10:15.493699 n-d-833090-12 devstack@placement-api.service[107629]: INFO placement.requestlog [req-181b0855-c1ec-44f5-a5a6-eaf938f34a84 req-ddbb7ccc-3285-4588-8de0-baba0af87dcc service placement] 10.222.0.50 "PUT /placement/allocations/4c49c741-6a41-43f7-a7c3-63063d988bec" status: 204 len: 0 microversion: 1.36
Aug 26 03:10:15.495291 n-d-833090-12 devstack@placement-api.service[107629]: [pid: 107629|app: 0|req: 523/1049] 10.222.0.50 () {64 vars in 1433 bytes} [Fri Aug 26 03:10:15 2022] PUT /placement/allocations/4c49c741-6a41-43f7-a7c3-63063d988bec => generated 0 bytes in 145 msecs (HTTP/1.1 204) 5 headers in 199 bytes (1 switches on core 0)
Aug 26 03:10:15.953065 n-d-833090-12 devstack@placement-api.service[107630]: DEBUG placement.requestlog [req-181b0855-c1ec-44f5-a5a6-eaf938f34a84 req-cb8e3d68-1e6e-4c31-b911-5b65838e8f06 None None] Starting request: 10.222.0.61 "GET /placement/allocations/4c49c741-6a41-43f7-a7c3-63063d988bec" {{(pid=107630) __call__ /opt/stack/placement/placement/requestlog.py:55}}
Aug 26 03:10:15.987503 n-d-833090-12 devstack@placement-api.service[107630]: INFO placement.requestlog [req-181b0855-c1ec-44f5-a5a6-eaf938f34a84 req-cb8e3d68-1e6e-4c31-b911-5b65838e8f06 service placement] 10.222.0.61 "GET /placement/allocations/4c49c741-6a41-43f7-a7c3-63063d988bec" status: 200 len: 259 microversion: 1.28
Aug 26 03:10:15.988231 n-d-833090-12 devstack@placement-api.service[107630]: [pid: 107630|app: 0|req: 527/1050] 10.222.0.61 () {60 vars in 1377 bytes} [Fri Aug 26 03:10:15 2022] GET /placement/allocations/4c49c741-6a41-43f7-a7c3-63063d988bec => generated 259 bytes in 35 msecs (HTTP/1.1 200) 8 headers in 296 bytes (2 switches on core 0)
Aug 26 03:10:16.197507 n-d-833090-12 devstack@placement-api.service[107629]: DEBUG placement.requestlog [req-181b0855-c1ec-44f5-a5a6-eaf938f34a84 req-d3b22cba-6bd8-4099-a15e-3644454751f5 None None] Starting request: 10.222.0.61 "GET /placement/resource_providers/859cb3d2-3d24-412d-abcb-9cffc6a5486f/allocations" {{(pid=107629) __call__ /opt/stack/placement/placement/requestlog.py:55}}
Aug 26 03:10:16.258452 n-d-833090-12 devstack@placement-api.service[107629]: INFO placement.requestlog [req-181b0855-c1ec-44f5-a5a6-eaf938f34a84 req-d3b22cba-6bd8-4099-a15e-3644454751f5 service placement] 10.222.0.61 "GET /placement/resource_providers/859cb3d2-3d24-412d-abcb-9cffc6a5486f/allocations" status: 200 len: 544 microversion: 1.0
Aug 26 03:10:16.260754 n-d-833090-12 devstack@placement-api.service[107629]: [pid: 107629|app: 0|req: 524/1051] 10.222.0.61 () {58 vars in 1390 bytes} [Fri Aug 26 03:10:16 2022] GET /placement/resource_providers/859cb3d2-3d24-412d-abcb-9cffc6a5486f/allocations => generated 544 bytes in 63 msecs (HTTP/1.1 200) 6 headers in 224 bytes (1 switches on core 0)
Aug 26 03:10:16.291323 n-d-833090-12 devstack@placement-api.service[107630]: DEBUG placement.requestlog [req-181b0855-c1ec-44f5-a5a6-eaf938f34a84 req-507621c3-139e-4715-831c-b94041996b12 None None] Starting request: 10.222.0.61 "GET /placement/allocations/81829fec-bb4b-473b-b72b-d3d30b5bf871" {{(pid=107630) __call__ /opt/stack/placement/placement/requestlog.py:55}}
Aug 26 03:10:16.319446 n-d-833090-12 devstack@placement-api.service[107630]: INFO placement.requestlog [req-181b0855-c1ec-44f5-a5a6-eaf938f34a84 req-507621c3-139e-4715-831c-b94041996b12 service placement] 10.222.0.61 "GET /placement/allocations/81829fec-bb4b-473b-b72b-d3d30b5bf871" status: 200 len: 245 microversion: 1.28
Aug 26 03:10:16.320147 n-d-833090-12 devstack@placement-api.service[107630]: [pid: 107630|app: 0|req: 528/1052] 10.222.0.61 () {60 vars in 1377 bytes} [Fri Aug 26 03:10:16 2022] GET /placement/allocations/81829fec-bb4b-473b-b72b-d3d30b5bf871 => generated 245 bytes in 29 msecs (HTTP/1.1 200) 8 headers in 296 bytes (1 switches on core 0)
Aug 26 03:10:16.361267 n-d-833090-12 devstack@placement-api.service[107629]: DEBUG placement.requestlog [req-181b0855-c1ec-44f5-a5a6-eaf938f34a84 req-4538fb52-d207-45e4-aff4-65ebba5d0e4b None None] Starting request: 10.222.0.61 "GET /placement/allocations/824c975d-f941-4d30-ac54-72d15fff4fb3" {{(pid=107629) __call__ /opt/stack/placement/placement/requestlog.py:55}}
Aug 26 03:10:16.385461 n-d-833090-12 devstack@placement-api.service[107629]: INFO placement.requestlog [req-181b0855-c1ec-44f5-a5a6-eaf938f34a84 req-4538fb52-d207-45e4-aff4-65ebba5d0e4b service placement] 10.222.0.61 "GET /placement/allocations/824c975d-f941-4d30-ac54-72d15fff4fb3" status: 200 len: 259 microversion: 1.28
Aug 26 03:10:16.385926 n-d-833090-12 devstack@placement-api.service[107629]: [pid: 107629|app: 0|req: 525/1053] 10.222.0.61 () {60 vars in 1377 bytes} [Fri Aug 26 03:10:16 2022] GET /placement/allocations/824c975d-f941-4d30-ac54-72d15fff4fb3 => generated 259 bytes in 26 msecs (HTTP/1.1 200) 8 headers in 296 bytes (1 switches on core 0)
Aug 26 03:10:16.393512 n-d-833090-12 devstack@placement-api.service[107630]: DEBUG placement.requestlog [req-181b0855-c1ec-44f5-a5a6-eaf938f34a84 req-110d3f7f-c004-4895-ba40-b4f57d925eee None None] Starting request: 10.222.0.61 "GET /placement/allocations/4c49c741-6a41-43f7-a7c3-63063d988bec" {{(pid=107630) __call__ /opt/stack/placement/placement/requestlog.py:55}}
Aug 26 03:10:16.413266 n-d-833090-12 devstack@placement-api.service[107630]: INFO placement.requestlog [req-181b0855-c1ec-44f5-a5a6-eaf938f34a84 req-110d3f7f-c004-4895-ba40-b4f57d925eee service placement] 10.222.0.61 "GET /placement/allocations/4c49c741-6a41-43f7-a7c3-63063d988bec" status: 200 len: 259 microversion: 1.28
Aug 26 03:10:16.414622 n-d-833090-12 devstack@placement-api.service[107630]: [pid: 107630|app: 0|req: 529/1054] 10.222.0.61 () {60 vars in 1377 bytes} [Fri Aug 26 03:10:16 2022] GET /placement/allocations/4c49c741-6a41-43f7-a7c3-63063d988bec => generated 259 bytes in 21 msecs (HTTP/1.1 200) 8 headers in 296 bytes (1 switches on core 0)
Aug 26 03:10:16.421600 n-d-833090-12 devstack@placement-api.service[107629]: DEBUG placement.requestlog [req-181b0855-c1ec-44f5-a5a6-eaf938f34a84 req-57ebfab3-8a49-4cb8-bf73-e8055030e20c None None] Starting request: 10.222.0.61 "GET /placement/allocations/25fa4628-1664-423e-a0cc-b94dafaab455" {{(pid=107629) __call__ /opt/stack/placement/placement/requestlog.py:55}}
Aug 26 03:10:16.445382 n-d-833090-12 devstack@placement-api.service[107629]: INFO placement.requestlog [req-181b0855-c1ec-44f5-a5a6-eaf938f34a84 req-57ebfab3-8a49-4cb8-bf73-e8055030e20c service placement] 10.222.0.61 "GET /placement/allocations/25fa4628-1664-423e-a0cc-b94dafaab455" status: 200 len: 259 microversion: 1.28
Aug 26 03:10:16.446752 n-d-833090-12 devstack@placement-api.service[107629]: [pid: 107629|app: 0|req: 526/1055] 10.222.0.61 () {60 vars in 1377 bytes} [Fri Aug 26 03:10:16 2022] GET /placement/allocations/25fa4628-1664-423e-a0cc-b94dafaab455 => generated 259 bytes in 25 msecs (HTTP/1.1 200) 8 headers in 296 bytes (1 switches on core 0)
Aug 26 03:10:16.458726 n-d-833090-12 devstack@placement-api.service[107630]: DEBUG placement.requestlog [req-181b0855-c1ec-44f5-a5a6-eaf938f34a84 req-9a662c4e-27e5-4390-b522-d655ddd61973 None None] Starting request: 10.222.0.61 "GET /placement/allocations/736c1162-128f-413d-b8ff-c073f8321851" {{(pid=107630) __call__ /opt/stack/placement/placement/requestlog.py:55}}
Aug 26 03:10:16.476703 n-d-833090-12 devstack@placement-api.service[107630]: INFO placement.requestlog [req-181b0855-c1ec-44f5-a5a6-eaf938f34a84 req-9a662c4e-27e5-4390-b522-d655ddd61973 service placement] 10.222.0.61 "GET /placement/allocations/736c1162-128f-413d-b8ff-c073f8321851" status: 200 len: 259 microversion: 1.28
Aug 26 03:10:16.477498 n-d-833090-12 devstack@placement-api.service[107630]: [pid: 107630|app: 0|req: 530/1056] 10.222.0.61 () {60 vars in 1377 bytes} [Fri Aug 26 03:10:16 2022] GET /placement/allocations/736c1162-128f-413d-b8ff-c073f8321851 => generated 259 bytes in 19 msecs (HTTP/1.1 200) 8 headers in 296 bytes (2 switches on core 0)
Aug 26 03:10:16.581318 n-d-833090-12 devstack@placement-api.service[107629]: DEBUG placement.requestlog [None req-67d16c1a-3a83-4c08-bff2-9f39d73e31fd None None] Starting request: 10.222.0.50 "GET /placement/resource_providers/c3e26e85-4f33-482a-bda6-44d32d1257ca/aggregates" {{(pid=107629) __call__ /opt/stack/placement/placement/requestlog.py:55}}
Aug 26 03:10:16.596211 n-d-833090-12 devstack@placement-api.service[107629]: DEBUG dbcounter [-] [107629] Writing DB stats placement:SELECT=74,placement:INSERT=12,placement:DELETE=7,placement:UPDATE=7 {{(pid=107629) stat_writer /usr/local/lib/python3.8/dist-packages/dbcounter.py:114}}
Aug 26 03:10:16.601047 n-d-833090-12 devstack@placement-api.service[107629]: INFO placement.requestlog [None req-67d16c1a-3a83-4c08-bff2-9f39d73e31fd service placement] 10.222.0.50 "GET /placement/resource_providers/c3e26e85-4f33-482a-bda6-44d32d1257ca/aggregates" status: 404 len: 235 microversion: 1.1
Aug 26 03:10:16.603396 n-d-833090-12 devstack@placement-api.service[107629]: [pid: 107629|app: 0|req: 527/1057] 10.222.0.50 () {58 vars in 1362 bytes} [Fri Aug 26 03:10:16 2022] GET /placement/resource_providers/c3e26e85-4f33-482a-bda6-44d32d1257ca/aggregates => generated 235 bytes in 23 msecs (HTTP/1.1 404) 5 headers in 202 bytes (1 switches on core 0)
Aug 26 03:10:16.623036 n-d-833090-12 devstack@placement-api.service[107630]: DEBUG placement.requestlog [None req-ac3d39cd-aae1-4008-9fb8-6069929ffd17 None None] Starting request: 10.222.0.50 "DELETE /placement/resource_providers/c3e26e85-4f33-482a-bda6-44d32d1257ca" {{(pid=107630) __call__ /opt/stack/placement/placement/requestlog.py:55}}
Aug 26 03:10:16.638566 n-d-833090-12 devstack@placement-api.service[107630]: DEBUG placement.wsgi_wrapper [None req-ac3d39cd-aae1-4008-9fb8-6069929ffd17 service placement] Placement API returning an error response: No resource provider with uuid c3e26e85-4f33-482a-bda6-44d32d1257ca found for delete {{(pid=107630) call_func /opt/stack/placement/placement/wsgi_wrapper.py:31}}
Aug 26 03:10:16.641216 n-d-833090-12 devstack@placement-api.service[107630]: INFO placement.requestlog [None req-ac3d39cd-aae1-4008-9fb8-6069929ffd17 service placement] 10.222.0.50 "DELETE /placement/resource_providers/c3e26e85-4f33-482a-bda6-44d32d1257ca" status: 404 len: 246 microversion: 1.1
Aug 26 03:10:16.643830 n-d-833090-12 devstack@placement-api.service[107630]: [pid: 107630|app: 0|req: 531/1058] 10.222.0.50 () {60 vars in 1351 bytes} [Fri Aug 26 03:10:16 2022] DELETE /placement/resource_providers/c3e26e85-4f33-482a-bda6-44d32d1257ca => generated 246 bytes in 21 msecs (HTTP/1.1 404) 6 headers in 231 bytes (2 switches on core 0)
Aug 26 03:10:22.549111 n-d-833090-12 devstack@placement-api.service[107629]: DEBUG placement.requestlog [req-19f21415-2908-487a-8113-6194bd2fe5bc req-2fd144ed-f860-4513-afd3-8869685a6fba None None] Starting request: 10.222.0.61 "GET /placement/resource_providers/859cb3d2-3d24-412d-abcb-9cffc6a5486f/allocations" {{(pid=107629) __call__ /opt/stack/placement/placement/requestlog.py:55}}
Aug 26 03:10:22.593677 n-d-833090-12 devstack@placement-api.service[107629]: INFO placement.requestlog [req-19f21415-2908-487a-8113-6194bd2fe5bc req-2fd144ed-f860-4513-afd3-8869685a6fba service placement] 10.222.0.61 "GET /placement/resource_providers/859cb3d2-3d24-412d-abcb-9cffc6a5486f/allocations" status: 200 len: 544 microversion: 1.0
Aug 26 03:10:22.594719 n-d-833090-12 devstack@placement-api.service[107629]: [pid: 107629|app: 0|req: 528/1059] 10.222.0.61 () {58 vars in 1390 bytes} [Fri Aug 26 03:10:22 2022] GET /placement/resource_providers/859cb3d2-3d24-412d-abcb-9cffc6a5486f/allocations => generated 544 bytes in 46 msecs (HTTP/1.1 200) 6 headers in 224 bytes (1 switches on core 0)
Aug 26 03:10:22.602749 n-d-833090-12 devstack@placement-api.service[107630]: DEBUG placement.requestlog [req-19f21415-2908-487a-8113-6194bd2fe5bc req-171c062a-e724-4ede-9942-bad9ad140b83 None None] Starting request: 10.222.0.61 "GET /placement/allocations/81829fec-bb4b-473b-b72b-d3d30b5bf871" {{(pid=107630) __call__ /opt/stack/placement/placement/requestlog.py:55}}
Aug 26 03:10:22.630388 n-d-833090-12 devstack@placement-api.service[107630]: INFO placement.requestlog [req-19f21415-2908-487a-8113-6194bd2fe5bc req-171c062a-e724-4ede-9942-bad9ad140b83 service placement] 10.222.0.61 "GET /placement/allocations/81829fec-bb4b-473b-b72b-d3d30b5bf871" status: 200 len: 245 microversion: 1.28
Aug 26 03:10:22.634057 n-d-833090-12 devstack@placement-api.service[107630]: [pid: 107630|app: 0|req: 532/1060] 10.222.0.61 () {60 vars in 1377 bytes} [Fri Aug 26 03:10:22 2022] GET /placement/allocations/81829fec-bb4b-473b-b72b-d3d30b5bf871 => generated 245 bytes in 32 msecs (HTTP/1.1 200) 8 headers in 296 bytes (1 switches on core 0)
Aug 26 03:10:22.663948 n-d-833090-12 devstack@placement-api.service[107629]: DEBUG placement.requestlog [req-19f21415-2908-487a-8113-6194bd2fe5bc req-20de8c48-3e88-4c19-ab99-c084b32011ca None None] Starting request: 10.222.0.61 "GET /placement/allocations/824c975d-f941-4d30-ac54-72d15fff4fb3" {{(pid=107629) __call__ /opt/stack/placement/placement/requestlog.py:55}}
Aug 26 03:10:22.704822 n-d-833090-12 devstack@placement-api.service[107629]: INFO placement.requestlog [req-19f21415-2908-487a-8113-6194bd2fe5bc req-20de8c48-3e88-4c19-ab99-c084b32011ca service placement] 10.222.0.61 "GET /placement/allocations/824c975d-f941-4d30-ac54-72d15fff4fb3" status: 200 len: 259 microversion: 1.28
Aug 26 03:10:22.706996 n-d-833090-12 devstack@placement-api.service[107629]: [pid: 107629|app: 0|req: 529/1061] 10.222.0.61 () {60 vars in 1377 bytes} [Fri Aug 26 03:10:22 2022] GET /placement/allocations/824c975d-f941-4d30-ac54-72d15fff4fb3 => generated 259 bytes in 43 msecs (HTTP/1.1 200) 8 headers in 296 bytes (1 switches on core 0)
Aug 26 03:10:22.717903 n-d-833090-12 devstack@placement-api.service[107630]: DEBUG placement.requestlog [req-19f21415-2908-487a-8113-6194bd2fe5bc req-114d7aa4-d65c-4ffc-b37a-3690cd2a2d13 None None] Starting request: 10.222.0.61 "GET /placement/allocations/4c49c741-6a41-43f7-a7c3-63063d988bec" {{(pid=107630) __call__ /opt/stack/placement/placement/requestlog.py:55}}
Aug 26 03:10:22.741918 n-d-833090-12 devstack@placement-api.service[107630]: INFO placement.requestlog [req-19f21415-2908-487a-8113-6194bd2fe5bc req-114d7aa4-d65c-4ffc-b37a-3690cd2a2d13 service placement] 10.222.0.61 "GET /placement/allocations/4c49c741-6a41-43f7-a7c3-63063d988bec" status: 200 len: 259 microversion: 1.28
Aug 26 03:10:22.743966 n-d-833090-12 devstack@placement-api.service[107630]: [pid: 107630|app: 0|req: 533/1062] 10.222.0.61 () {60 vars in 1377 bytes} [Fri Aug 26 03:10:22 2022] GET /placement/allocations/4c49c741-6a41-43f7-a7c3-63063d988bec => generated 259 bytes in 27 msecs (HTTP/1.1 200) 8 headers in 296 bytes (1 switches on core 0)
Aug 26 03:10:22.753127 n-d-833090-12 devstack@placement-api.service[107629]: DEBUG placement.requestlog [req-19f21415-2908-487a-8113-6194bd2fe5bc req-7ee9a7ae-5588-440a-85e8-fd02701d2937 None None] Starting request: 10.222.0.61 "GET /placement/allocations/25fa4628-1664-423e-a0cc-b94dafaab455" {{(pid=107629) __call__ /opt/stack/placement/placement/requestlog.py:55}}
Aug 26 03:10:22.785587 n-d-833090-12 devstack@placement-api.service[107629]: INFO placement.requestlog [req-19f21415-2908-487a-8113-6194bd2fe5bc req-7ee9a7ae-5588-440a-85e8-fd02701d2937 service placement] 10.222.0.61 "GET /placement/allocations/25fa4628-1664-423e-a0cc-b94dafaab455" status: 200 len: 259 microversion: 1.28
Aug 26 03:10:22.785977 n-d-833090-12 devstack@placement-api.service[107629]: [pid: 107629|app: 0|req: 530/1063] 10.222.0.61 () {60 vars in 1377 bytes} [Fri Aug 26 03:10:22 2022] GET /placement/allocations/25fa4628-1664-423e-a0cc-b94dafaab455 => generated 259 bytes in 33 msecs (HTTP/1.1 200) 8 headers in 296 bytes (1 switches on core 0)
Aug 26 03:10:22.795721 n-d-833090-12 devstack@placement-api.service[107630]: DEBUG placement.requestlog [req-19f21415-2908-487a-8113-6194bd2fe5bc req-de69c1c2-3ce7-45e0-91fb-d7ac5a960ad9 None None] Starting request: 10.222.0.61 "GET /placement/allocations/736c1162-128f-413d-b8ff-c073f8321851" {{(pid=107630) __call__ /opt/stack/placement/placement/requestlog.py:55}}
Aug 26 03:10:22.824925 n-d-833090-12 devstack@placement-api.service[107630]: INFO placement.requestlog [req-19f21415-2908-487a-8113-6194bd2fe5bc req-de69c1c2-3ce7-45e0-91fb-d7ac5a960ad9 service placement] 10.222.0.61 "GET /placement/allocations/736c1162-128f-413d-b8ff-c073f8321851" status: 200 len: 259 microversion: 1.28
Aug 26 03:10:22.828469 n-d-833090-12 devstack@placement-api.service[107630]: [pid: 107630|app: 0|req: 534/1064] 10.222.0.61 () {60 vars in 1377 bytes} [Fri Aug 26 03:10:22 2022] GET /placement/allocations/736c1162-128f-413d-b8ff-c073f8321851 => generated 259 bytes in 33 msecs (HTTP/1.1 200) 8 headers in 296 bytes (1 switches on core 0)
Aug 26 03:10:23.117366 n-d-833090-12 devstack@placement-api.service[107629]: DEBUG placement.requestlog [req-19f21415-2908-487a-8113-6194bd2fe5bc req-7598b2b7-3c08-4015-a0f8-b654cca6649a None None] Starting request: 10.222.0.61 "DELETE /placement/allocations/824c975d-f941-4d30-ac54-72d15fff4fb3" {{(pid=107629) __call__ /opt/stack/placement/placement/requestlog.py:55}}
Aug 26 03:10:23.159177 n-d-833090-12 devstack@placement-api.service[107629]: DEBUG placement.handlers.allocation [req-19f21415-2908-487a-8113-6194bd2fe5bc req-7598b2b7-3c08-4015-a0f8-b654cca6649a service placement] Successfully deleted allocations [, , ] {{(pid=107629) delete_allocations /opt/stack/placement/placement/handlers/allocation.py:627}}
Aug 26 03:10:23.160096 n-d-833090-12 devstack@placement-api.service[107629]: INFO placement.requestlog [req-19f21415-2908-487a-8113-6194bd2fe5bc req-7598b2b7-3c08-4015-a0f8-b654cca6649a service placement] 10.222.0.61 "DELETE /placement/allocations/824c975d-f941-4d30-ac54-72d15fff4fb3" status: 204 len: 0 microversion: 1.0
Aug 26 03:10:23.161239 n-d-833090-12 devstack@placement-api.service[107629]: [pid: 107629|app: 0|req: 531/1065] 10.222.0.61 () {60 vars in 1355 bytes} [Fri Aug 26 03:10:23 2022] DELETE /placement/allocations/824c975d-f941-4d30-ac54-72d15fff4fb3 => generated 0 bytes in 44 msecs (HTTP/1.1 204) 5 headers in 198 bytes (1 switches on core 0)
Aug 26 03:10:25.188532 n-d-833090-12 devstack@placement-api.service[107630]: DEBUG placement.requestlog [req-77f04b16-64b8-4525-93ae-453e0aaeef69 req-8059bcda-46a3-493e-a1f3-7823a23193a3 None None] Starting request: 10.222.0.70 "GET /placement/resource_providers/a05241d1-a552-4c52-9784-741e3e93c07a/allocations" {{(pid=107630) __call__ /opt/stack/placement/placement/requestlog.py:55}}
Aug 26 03:10:25.239779 n-d-833090-12 devstack@placement-api.service[107630]: INFO placement.requestlog [req-77f04b16-64b8-4525-93ae-453e0aaeef69 req-8059bcda-46a3-493e-a1f3-7823a23193a3 service placement] 10.222.0.70 "GET /placement/resource_providers/a05241d1-a552-4c52-9784-741e3e93c07a/allocations" status: 200 len: 544 microversion: 1.0
Aug 26 03:10:25.240748 n-d-833090-12 devstack@placement-api.service[107630]: [pid: 107630|app: 0|req: 535/1066] 10.222.0.70 () {58 vars in 1390 bytes} [Fri Aug 26 03:10:25 2022] GET /placement/resource_providers/a05241d1-a552-4c52-9784-741e3e93c07a/allocations => generated 544 bytes in 53 msecs (HTTP/1.1 200) 6 headers in 224 bytes (1 switches on core 0)
Aug 26 03:10:25.307052 n-d-833090-12 devstack@placement-api.service[107629]: DEBUG placement.requestlog [req-77f04b16-64b8-4525-93ae-453e0aaeef69 req-2539e4e5-d176-47fd-92c1-50392e44e76e None None] Starting request: 10.222.0.70 "GET /placement/allocations/9df8b3c3-1702-4cdd-ad48-6dfdd17ae931" {{(pid=107629) __call__ /opt/stack/placement/placement/requestlog.py:55}}
Aug 26 03:10:25.323809 n-d-833090-12 devstack@placement-api.service[107629]: INFO placement.requestlog [req-77f04b16-64b8-4525-93ae-453e0aaeef69 req-2539e4e5-d176-47fd-92c1-50392e44e76e service placement] 10.222.0.70 "GET /placement/allocations/9df8b3c3-1702-4cdd-ad48-6dfdd17ae931" status: 200 len: 259 microversion: 1.28
Aug 26 03:10:25.324885 n-d-833090-12 devstack@placement-api.service[107629]: [pid: 107629|app: 0|req: 532/1067] 10.222.0.70 () {60 vars in 1377 bytes} [Fri Aug 26 03:10:25 2022] GET /placement/allocations/9df8b3c3-1702-4cdd-ad48-6dfdd17ae931 => generated 259 bytes in 18 msecs (HTTP/1.1 200) 8 headers in 296 bytes (2 switches on core 0)
Aug 26 03:10:25.341801 n-d-833090-12 devstack@placement-api.service[107630]: DEBUG placement.requestlog [req-77f04b16-64b8-4525-93ae-453e0aaeef69 req-a7ad87da-1128-4437-96f4-a4ed210fa167 None None] Starting request: 10.222.0.70 "GET /placement/allocations/1c945cc6-69a8-44dd-a33a-1258d41e503d" {{(pid=107630) __call__ /opt/stack/placement/placement/requestlog.py:55}}
Aug 26 03:10:25.364393 n-d-833090-12 devstack@placement-api.service[107630]: INFO placement.requestlog [req-77f04b16-64b8-4525-93ae-453e0aaeef69 req-a7ad87da-1128-4437-96f4-a4ed210fa167 service placement] 10.222.0.70 "GET /placement/allocations/1c945cc6-69a8-44dd-a33a-1258d41e503d" status: 200 len: 245 microversion: 1.28
Aug 26 03:10:25.365177 n-d-833090-12 devstack@placement-api.service[107630]: [pid: 107630|app: 0|req: 536/1068] 10.222.0.70 () {60 vars in 1377 bytes} [Fri Aug 26 03:10:25 2022] GET /placement/allocations/1c945cc6-69a8-44dd-a33a-1258d41e503d => generated 245 bytes in 24 msecs (HTTP/1.1 200) 8 headers in 296 bytes (1 switches on core 0)
Aug 26 03:10:25.373567 n-d-833090-12 devstack@placement-api.service[107629]: DEBUG placement.requestlog [req-77f04b16-64b8-4525-93ae-453e0aaeef69 req-97c13281-6e46-4593-a461-80eb73992708 None None] Starting request: 10.222.0.70 "GET /placement/allocations/7f94230c-bfcc-4b86-94ee-013cc6162b7d" {{(pid=107629) __call__ /opt/stack/placement/placement/requestlog.py:55}}
Aug 26 03:10:25.393631 n-d-833090-12 devstack@placement-api.service[107629]: INFO placement.requestlog [req-77f04b16-64b8-4525-93ae-453e0aaeef69 req-97c13281-6e46-4593-a461-80eb73992708 service placement] 10.222.0.70 "GET /placement/allocations/7f94230c-bfcc-4b86-94ee-013cc6162b7d" status: 200 len: 259 microversion: 1.28
Aug 26 03:10:25.394666 n-d-833090-12 devstack@placement-api.service[107629]: [pid: 107629|app: 0|req: 533/1069] 10.222.0.70 () {60 vars in 1377 bytes} [Fri Aug 26 03:10:25 2022] GET /placement/allocations/7f94230c-bfcc-4b86-94ee-013cc6162b7d => generated 259 bytes in 21 msecs (HTTP/1.1 200) 8 headers in 296 bytes (2 switches on core 0)
Aug 26 03:10:25.403314 n-d-833090-12 devstack@placement-api.service[107630]: DEBUG placement.requestlog [req-77f04b16-64b8-4525-93ae-453e0aaeef69 req-54f6e447-b031-4ff9-a33f-134fa94249e3 None None] Starting request: 10.222.0.70 "GET /placement/allocations/ce58fc11-7459-48fb-abef-b705f2f67c51" {{(pid=107630) __call__ /opt/stack/placement/placement/requestlog.py:55}}
Aug 26 03:10:25.430144 n-d-833090-12 devstack@placement-api.service[107630]: INFO placement.requestlog [req-77f04b16-64b8-4525-93ae-453e0aaeef69 req-54f6e447-b031-4ff9-a33f-134fa94249e3 service placement] 10.222.0.70 "GET /placement/allocations/ce58fc11-7459-48fb-abef-b705f2f67c51" status: 200 len: 259 microversion: 1.28
