Aug 26 03:09:54.575251 n-d-833090-12 devstack@placement-api.service[107629]: INFO placement.requestlog [req-163c487f-f601-491a-89ac-f1c693c3e37f req-77163d65-ffe0-41a6-9896-dd4d758e68da service placement] 10.222.0.61 "GET /placement/allocations/d9f91faa-4d1a-4df4-846c-920f731540e0" status: 200 len: 259 microversion: 1.28
Aug 26 03:09:54.575644 n-d-833090-12 devstack@placement-api.service[107629]: [pid: 107629|app: 0|req: 494/994] 10.222.0.61 () {60 vars in 1377 bytes} [Fri Aug 26 03:09:54 2022] GET /placement/allocations/d9f91faa-4d1a-4df4-846c-920f731540e0 => generated 259 bytes in 38 msecs (HTTP/1.1 200) 8 headers in 296 bytes (1 switches on core 0)
Aug 26 03:09:54.584555 n-d-833090-12 devstack@placement-api.service[107630]: DEBUG placement.requestlog [req-163c487f-f601-491a-89ac-f1c693c3e37f req-064e2a83-ec29-4b7e-963c-ff020c934898 None None] Starting request: 10.222.0.61 "GET /placement/allocations/824c975d-f941-4d30-ac54-72d15fff4fb3" {{(pid=107630) __call__ /opt/stack/placement/placement/requestlog.py:55}}
Aug 26 03:09:54.607259 n-d-833090-12 devstack@placement-api.service[107630]: INFO placement.requestlog [req-163c487f-f601-491a-89ac-f1c693c3e37f req-064e2a83-ec29-4b7e-963c-ff020c934898 service placement] 10.222.0.61 "GET /placement/allocations/824c975d-f941-4d30-ac54-72d15fff4fb3" status: 200 len: 259 microversion: 1.28
Aug 26 03:09:54.608143 n-d-833090-12 devstack@placement-api.service[107630]: [pid: 107630|app: 0|req: 501/995] 10.222.0.61 () {60 vars in 1377 bytes} [Fri Aug 26 03:09:54 2022] GET /placement/allocations/824c975d-f941-4d30-ac54-72d15fff4fb3 => generated 259 bytes in 24 msecs (HTTP/1.1 200) 8 headers in 296 bytes (1 switches on core 0)
Aug 26 03:09:58.377732 n-d-833090-12 devstack@placement-api.service[107629]: DEBUG placement.requestlog [req-49c0099d-d313-463d-859c-f911edcc38d9 req-c9fa482e-6e54-4aa8-a4ad-995ad6b14eea None None] Starting request: 10.222.0.70 "GET /placement/resource_providers/a05241d1-a552-4c52-9784-741e3e93c07a/allocations" {{(pid=107629) __call__ /opt/stack/placement/placement/requestlog.py:55}}
Aug 26 03:09:58.412370 n-d-833090-12 devstack@placement-api.service[107629]: INFO placement.requestlog [req-49c0099d-d313-463d-859c-f911edcc38d9 req-c9fa482e-6e54-4aa8-a4ad-995ad6b14eea service placement] 10.222.0.70 "GET /placement/resource_providers/a05241d1-a552-4c52-9784-741e3e93c07a/allocations" status: 200 len: 342 microversion: 1.0
Aug 26 03:09:58.413402 n-d-833090-12 devstack@placement-api.service[107629]: [pid: 107629|app: 0|req: 495/996] 10.222.0.70 () {58 vars in 1390 bytes} [Fri Aug 26 03:09:58 2022] GET /placement/resource_providers/a05241d1-a552-4c52-9784-741e3e93c07a/allocations => generated 342 bytes in 36 msecs (HTTP/1.1 200) 6 headers in 224 bytes (1 switches on core 0)
Aug 26 03:09:58.426601 n-d-833090-12 devstack@placement-api.service[107630]: DEBUG placement.requestlog [req-49c0099d-d313-463d-859c-f911edcc38d9 req-491e63b1-48b2-4539-bfbe-646354ea4509 None None] Starting request: 10.222.0.70 "GET /placement/allocations/736c1162-128f-413d-b8ff-c073f8321851" {{(pid=107630) __call__ /opt/stack/placement/placement/requestlog.py:55}}
Aug 26 03:09:58.443520 n-d-833090-12 devstack@placement-api.service[107630]: INFO placement.requestlog [req-49c0099d-d313-463d-859c-f911edcc38d9 req-491e63b1-48b2-4539-bfbe-646354ea4509 service placement] 10.222.0.70 "GET /placement/allocations/736c1162-128f-413d-b8ff-c073f8321851" status: 200 len: 259 microversion: 1.28
Aug 26 03:09:58.446233 n-d-833090-12 devstack@placement-api.service[107630]: [pid: 107630|app: 0|req: 502/997] 10.222.0.70 () {60 vars in 1377 bytes} [Fri Aug 26 03:09:58 2022] GET /placement/allocations/736c1162-128f-413d-b8ff-c073f8321851 => generated 259 bytes in 20 msecs (HTTP/1.1 200) 8 headers in 296 bytes (1 switches on core 0)
Aug 26 03:09:58.456315 n-d-833090-12 devstack@placement-api.service[107629]: DEBUG placement.requestlog [req-49c0099d-d313-463d-859c-f911edcc38d9 req-e0ca03dd-c4a4-4202-8421-0fed984feb12 None None] Starting request: 10.222.0.70 "GET /placement/allocations/1c945cc6-69a8-44dd-a33a-1258d41e503d" {{(pid=107629) __call__ /opt/stack/placement/placement/requestlog.py:55}}
Aug 26 03:09:58.487854 n-d-833090-12 devstack@placement-api.service[107629]: INFO placement.requestlog [req-49c0099d-d313-463d-859c-f911edcc38d9 req-e0ca03dd-c4a4-4202-8421-0fed984feb12 service placement] 10.222.0.70 "GET /placement/allocations/1c945cc6-69a8-44dd-a33a-1258d41e503d" status: 200 len: 245 microversion: 1.28
Aug 26 03:09:58.490230 n-d-833090-12 devstack@placement-api.service[107629]: [pid: 107629|app: 0|req: 496/998] 10.222.0.70 () {60 vars in 1377 bytes} [Fri Aug 26 03:09:58 2022] GET /placement/allocations/1c945cc6-69a8-44dd-a33a-1258d41e503d => generated 245 bytes in 34 msecs (HTTP/1.1 200) 8 headers in 296 bytes (1 switches on core 0)
Aug 26 03:09:58.498635 n-d-833090-12 devstack@placement-api.service[107630]: DEBUG placement.requestlog [req-49c0099d-d313-463d-859c-f911edcc38d9 req-19011849-14c0-4271-9f6d-027e8edf8667 None None] Starting request: 10.222.0.70 "GET /placement/allocations/4ecea352-3683-4f13-907b-09bc1f3e5034" {{(pid=107630) __call__ /opt/stack/placement/placement/requestlog.py:55}}
Aug 26 03:09:58.532030 n-d-833090-12 devstack@placement-api.service[107630]: INFO placement.requestlog [req-49c0099d-d313-463d-859c-f911edcc38d9 req-19011849-14c0-4271-9f6d-027e8edf8667 service placement] 10.222.0.70 "GET /placement/allocations/4ecea352-3683-4f13-907b-09bc1f3e5034" status: 200 len: 259 microversion: 1.28
Aug 26 03:09:58.532923 n-d-833090-12 devstack@placement-api.service[107630]: [pid: 107630|app: 0|req: 503/999] 10.222.0.70 () {60 vars in 1377 bytes} [Fri Aug 26 03:09:58 2022] GET /placement/allocations/4ecea352-3683-4f13-907b-09bc1f3e5034 => generated 259 bytes in 35 msecs (HTTP/1.1 200) 8 headers in 296 bytes (2 switches on core 0)
Aug 26 03:09:59.996427 n-d-833090-12 devstack@placement-api.service[107629]: DEBUG placement.requestlog [req-49c0099d-d313-463d-859c-f911edcc38d9 req-475a3d7d-2cd7-4932-be2f-5c65e59fb401 None None] Starting request: 10.222.0.70 "DELETE /placement/allocations/4ecea352-3683-4f13-907b-09bc1f3e5034" {{(pid=107629) __call__ /opt/stack/placement/placement/requestlog.py:55}}
Aug 26 03:10:00.071726 n-d-833090-12 devstack@placement-api.service[107629]: DEBUG dbcounter [-] [107629] Writing DB stats placement:SELECT=98,placement:DELETE=2 {{(pid=107629) stat_writer /usr/local/lib/python3.8/dist-packages/dbcounter.py:114}}
Aug 26 03:10:00.110905 n-d-833090-12 devstack@placement-api.service[107629]: DEBUG placement.handlers.allocation [req-49c0099d-d313-463d-859c-f911edcc38d9 req-475a3d7d-2cd7-4932-be2f-5c65e59fb401 service placement] Successfully deleted allocations [, , ] {{(pid=107629) delete_allocations /opt/stack/placement/placement/handlers/allocation.py:627}}
Aug 26 03:10:00.111766 n-d-833090-12 devstack@placement-api.service[107629]: INFO placement.requestlog [req-49c0099d-d313-463d-859c-f911edcc38d9 req-475a3d7d-2cd7-4932-be2f-5c65e59fb401 service placement] 10.222.0.70 "DELETE /placement/allocations/4ecea352-3683-4f13-907b-09bc1f3e5034" status: 204 len: 0 microversion: 1.0
Aug 26 03:10:00.112608 n-d-833090-12 devstack@placement-api.service[107629]: [pid: 107629|app: 0|req: 497/1000] 10.222.0.70 () {60 vars in 1355 bytes} [Fri Aug 26 03:09:59 2022] DELETE /placement/allocations/4ecea352-3683-4f13-907b-09bc1f3e5034 => generated 0 bytes in 117 msecs (HTTP/1.1 204) 5 headers in 198 bytes (1 switches on core 0)
Aug 26 03:10:01.912348 n-d-833090-12 devstack@placement-api.service[107630]: DEBUG placement.requestlog [req-96c12e92-800d-4af4-811d-8ee2cf6a602d req-5ad8e4e3-eb7f-42e9-9b40-6b274933e0c9 None None] Starting request: 10.222.0.50 "GET /placement/allocation_candidates?limit=1000&resources=DISK_GB%3A1%2CMEMORY_MB%3A1024%2CVCPU%3A1&root_required=%21COMPUTE_STATUS_DISABLED" {{(pid=107630) __call__ /opt/stack/placement/placement/requestlog.py:55}}
Aug 26 03:10:01.997298 n-d-833090-12 devstack@placement-api.service[107630]: DEBUG placement.objects.research_context [req-96c12e92-800d-4af4-811d-8ee2cf6a602d req-5ad8e4e3-eb7f-42e9-9b40-6b274933e0c9 service placement] getting providers with 1 DISK_GB {{(pid=107630) __init__ /opt/stack/placement/placement/objects/research_context.py:136}}
Aug 26 03:10:02.015214 n-d-833090-12 devstack@placement-api.service[107630]: DEBUG placement.objects.research_context [req-96c12e92-800d-4af4-811d-8ee2cf6a602d req-5ad8e4e3-eb7f-42e9-9b40-6b274933e0c9 service placement] getting providers with 1024 MEMORY_MB {{(pid=107630) __init__ /opt/stack/placement/placement/objects/research_context.py:136}}
Aug 26 03:10:02.024231 n-d-833090-12 devstack@placement-api.service[107630]: DEBUG placement.objects.research_context [req-96c12e92-800d-4af4-811d-8ee2cf6a602d req-5ad8e4e3-eb7f-42e9-9b40-6b274933e0c9 service placement] getting providers with 1 VCPU {{(pid=107630) __init__ /opt/stack/placement/placement/objects/research_context.py:136}}
Aug 26 03:10:02.033227 n-d-833090-12 devstack@placement-api.service[107630]: DEBUG placement.objects.research_context [req-96c12e92-800d-4af4-811d-8ee2cf6a602d req-5ad8e4e3-eb7f-42e9-9b40-6b274933e0c9 service placement] found 2 providers with available 1 DISK_GB {{(pid=107630) get_provider_ids_matching /opt/stack/placement/placement/objects/research_context.py:563}}
Aug 26 03:10:02.034003 n-d-833090-12 devstack@placement-api.service[107630]: DEBUG placement.objects.research_context [req-96c12e92-800d-4af4-811d-8ee2cf6a602d req-5ad8e4e3-eb7f-42e9-9b40-6b274933e0c9 service placement] found 2 providers with available 1024 MEMORY_MB {{(pid=107630) get_provider_ids_matching /opt/stack/placement/placement/objects/research_context.py:563}}
Aug 26 03:10:02.035439 n-d-833090-12 devstack@placement-api.service[107630]: DEBUG placement.objects.research_context [req-96c12e92-800d-4af4-811d-8ee2cf6a602d req-5ad8e4e3-eb7f-42e9-9b40-6b274933e0c9 service placement] found 2 providers after filtering by previous result {{(pid=107630) get_provider_ids_matching /opt/stack/placement/placement/objects/research_context.py:594}}
Aug 26 03:10:02.035940 n-d-833090-12 devstack@placement-api.service[107630]: DEBUG placement.objects.research_context [req-96c12e92-800d-4af4-811d-8ee2cf6a602d req-5ad8e4e3-eb7f-42e9-9b40-6b274933e0c9 service placement] found 2 providers with available 1 VCPU {{(pid=107630) get_provider_ids_matching /opt/stack/placement/placement/objects/research_context.py:563}}
Aug 26 03:10:02.036395 n-d-833090-12 devstack@placement-api.service[107630]: DEBUG placement.objects.research_context [req-96c12e92-800d-4af4-811d-8ee2cf6a602d req-5ad8e4e3-eb7f-42e9-9b40-6b274933e0c9 service placement] found 2 providers after filtering by previous result {{(pid=107630) get_provider_ids_matching /opt/stack/placement/placement/objects/research_context.py:594}}
Aug 26 03:10:02.051668 n-d-833090-12 devstack@placement-api.service[107630]: DEBUG placement.objects.allocation_candidate [req-96c12e92-800d-4af4-811d-8ee2cf6a602d req-5ad8e4e3-eb7f-42e9-9b40-6b274933e0c9 service placement] RequestGroup(use_same_provider=False, resources={DISK_GB:1, MEMORY_MB:1024, VCPU:1}, traits=(), aggregates=[]) (suffix '') returned 2 matches {{(pid=107630) _get_by_requests /opt/stack/placement/placement/objects/allocation_candidate.py:156}}
Aug 26 03:10:02.052375 n-d-833090-12 devstack@placement-api.service[107630]: DEBUG placement.objects.allocation_candidate [req-96c12e92-800d-4af4-811d-8ee2cf6a602d req-5ad8e4e3-eb7f-42e9-9b40-6b274933e0c9 service placement] Merging candidates yields 2 allocation requests and 2 provider summaries {{(pid=107630) _merge_candidates /opt/stack/placement/placement/objects/allocation_candidate.py:809}}
Aug 26 03:10:02.054996 n-d-833090-12 devstack@placement-api.service[107630]: INFO placement.requestlog [req-96c12e92-800d-4af4-811d-8ee2cf6a602d req-5ad8e4e3-eb7f-42e9-9b40-6b274933e0c9 service placement] 10.222.0.50 "GET /placement/allocation_candidates?limit=1000&resources=DISK_GB%3A1%2CMEMORY_MB%3A1024%2CVCPU%3A1&root_required=%21COMPUTE_STATUS_DISABLED" status: 200 len: 1309 microversion: 1.36
Aug 26 03:10:02.056103 n-d-833090-12 devstack@placement-api.service[107630]: [pid: 107630|app: 0|req: 504/1001] 10.222.0.50 () {60 vars in 1506 bytes} [Fri Aug 26 03:10:01 2022] GET /placement/allocation_candidates?limit=1000&resources=DISK_GB%3A1%2CMEMORY_MB%3A1024%2CVCPU%3A1&root_required=%21COMPUTE_STATUS_DISABLED => generated 1309 bytes in 144 msecs (HTTP/1.1 200) 8 headers in 297 bytes (1 switches on core 0)
Aug 26 03:10:02.150681 n-d-833090-12 devstack@placement-api.service[107629]: DEBUG placement.requestlog [req-96c12e92-800d-4af4-811d-8ee2cf6a602d req-70b8f943-acd0-451f-bfe9-8024315d4b76 None None] Starting request: 10.222.0.50 "GET /placement/allocations/ce58fc11-7459-48fb-abef-b705f2f67c51" {{(pid=107629) __call__ /opt/stack/placement/placement/requestlog.py:55}}
Aug 26 03:10:02.163143 n-d-833090-12 devstack@placement-api.service[107629]: INFO placement.requestlog [req-96c12e92-800d-4af4-811d-8ee2cf6a602d req-70b8f943-acd0-451f-bfe9-8024315d4b76 service placement] 10.222.0.50 "GET /placement/allocations/ce58fc11-7459-48fb-abef-b705f2f67c51" status: 200 len: 19 microversion: 1.28
Aug 26 03:10:02.163506 n-d-833090-12 devstack@placement-api.service[107629]: [pid: 107629|app: 0|req: 498/1002] 10.222.0.50 () {60 vars in 1380 bytes} [Fri Aug 26 03:10:02 2022] GET /placement/allocations/ce58fc11-7459-48fb-abef-b705f2f67c51 => generated 19 bytes in 13 msecs (HTTP/1.1 200) 8 headers in 295 bytes (1 switches on core 0)
Aug 26 03:10:02.170745 n-d-833090-12 devstack@placement-api.service[107630]: DEBUG placement.requestlog [req-96c12e92-800d-4af4-811d-8ee2cf6a602d req-616b9b92-317a-4ca6-8391-0856fa885d98 None None] Starting request: 10.222.0.50 "PUT /placement/allocations/ce58fc11-7459-48fb-abef-b705f2f67c51" {{(pid=107630) __call__ /opt/stack/placement/placement/requestlog.py:55}}
Aug 26 03:10:02.304000 n-d-833090-12 devstack@placement-api.service[107630]: DEBUG placement.handlers.allocation [req-96c12e92-800d-4af4-811d-8ee2cf6a602d req-616b9b92-317a-4ca6-8391-0856fa885d98 service placement] Successfully wrote allocations [, , ] {{(pid=107630) _update_consumers_and_create_allocations /opt/stack/placement/placement/handlers/allocation.py:462}}
Aug 26 03:10:02.321327 n-d-833090-12 devstack@placement-api.service[107630]: INFO placement.requestlog [req-96c12e92-800d-4af4-811d-8ee2cf6a602d req-616b9b92-317a-4ca6-8391-0856fa885d98 service placement] 10.222.0.50 "PUT /placement/allocations/ce58fc11-7459-48fb-abef-b705f2f67c51" status: 204 len: 0 microversion: 1.36
Aug 26 03:10:02.322132 n-d-833090-12 devstack@placement-api.service[107630]: [pid: 107630|app: 0|req: 505/1003] 10.222.0.50 () {64 vars in 1433 bytes} [Fri Aug 26 03:10:02 2022] PUT /placement/allocations/ce58fc11-7459-48fb-abef-b705f2f67c51 => generated 0 bytes in 152 msecs (HTTP/1.1 204) 5 headers in 199 bytes (1 switches on core 0)
Aug 26 03:10:02.835574 n-d-833090-12 devstack@placement-api.service[107629]: DEBUG placement.requestlog [req-96c12e92-800d-4af4-811d-8ee2cf6a602d req-058e4bcf-f560-48b2-b09d-f256e7f12ec9 None None] Starting request: 10.222.0.70 "GET /placement/allocations/ce58fc11-7459-48fb-abef-b705f2f67c51" {{(pid=107629) __call__ /opt/stack/placement/placement/requestlog.py:55}}
Aug 26 03:10:02.864726 n-d-833090-12 devstack@placement-api.service[107629]: INFO placement.requestlog [req-96c12e92-800d-4af4-811d-8ee2cf6a602d req-058e4bcf-f560-48b2-b09d-f256e7f12ec9 service placement] 10.222.0.70 "GET /placement/allocations/ce58fc11-7459-48fb-abef-b705f2f67c51" status: 200 len: 259 microversion: 1.28
Aug 26 03:10:02.865654 n-d-833090-12 devstack@placement-api.service[107629]: [pid: 107629|app: 0|req: 499/1004] 10.222.0.70 () {60 vars in 1377 bytes} [Fri Aug 26 03:10:02 2022] GET /placement/allocations/ce58fc11-7459-48fb-abef-b705f2f67c51 => generated 259 bytes in 30 msecs (HTTP/1.1 200) 8 headers in 296 bytes (2 switches on core 0)
Aug 26 03:10:03.177199 n-d-833090-12 devstack@placement-api.service[107630]: DEBUG placement.requestlog [req-96c12e92-800d-4af4-811d-8ee2cf6a602d req-26dc4bd3-71cc-433e-ae2b-573a00402bc2 None None] Starting request: 10.222.0.70 "GET /placement/resource_providers/a05241d1-a552-4c52-9784-741e3e93c07a/allocations" {{(pid=107630) __call__ /opt/stack/placement/placement/requestlog.py:55}}
Aug 26 03:10:03.196055 n-d-833090-12 devstack@placement-api.service[107630]: DEBUG dbcounter [-] [107630] Writing DB stats placement:SELECT=82,placement:INSERT=10,placement:DELETE=4,placement:UPDATE=4 {{(pid=107630) stat_writer /usr/local/lib/python3.8/dist-packages/dbcounter.py:114}}
Aug 26 03:10:03.212705 n-d-833090-12 devstack@placement-api.service[107630]: INFO placement.requestlog [req-96c12e92-800d-4af4-811d-8ee2cf6a602d req-26dc4bd3-71cc-433e-ae2b-573a00402bc2 service placement] 10.222.0.70 "GET /placement/resource_providers/a05241d1-a552-4c52-9784-741e3e93c07a/allocations" status: 200 len: 342 microversion: 1.0
Aug 26 03:10:03.213486 n-d-833090-12 devstack@placement-api.service[107630]: [pid: 107630|app: 0|req: 506/1005] 10.222.0.70 () {58 vars in 1390 bytes} [Fri Aug 26 03:10:03 2022] GET /placement/resource_providers/a05241d1-a552-4c52-9784-741e3e93c07a/allocations => generated 342 bytes in 37 msecs (HTTP/1.1 200) 6 headers in 224 bytes (1 switches on core 0)
Aug 26 03:10:03.222122 n-d-833090-12 devstack@placement-api.service[107629]: DEBUG placement.requestlog [req-96c12e92-800d-4af4-811d-8ee2cf6a602d req-3296562b-d101-4d21-95fc-7b8039ffa99c None None] Starting request: 10.222.0.70 "GET /placement/allocations/736c1162-128f-413d-b8ff-c073f8321851" {{(pid=107629) __call__ /opt/stack/placement/placement/requestlog.py:55}}
Aug 26 03:10:03.262226 n-d-833090-12 devstack@placement-api.service[107629]: INFO placement.requestlog [req-96c12e92-800d-4af4-811d-8ee2cf6a602d req-3296562b-d101-4d21-95fc-7b8039ffa99c service placement] 10.222.0.70 "GET /placement/allocations/736c1162-128f-413d-b8ff-c073f8321851" status: 200 len: 259 microversion: 1.28
Aug 26 03:10:03.263988 n-d-833090-12 devstack@placement-api.service[107629]: [pid: 107629|app: 0|req: 500/1006] 10.222.0.70 () {60 vars in 1377 bytes} [Fri Aug 26 03:10:03 2022] GET /placement/allocations/736c1162-128f-413d-b8ff-c073f8321851 => generated 259 bytes in 42 msecs (HTTP/1.1 200) 8 headers in 296 bytes (1 switches on core 0)
Aug 26 03:10:03.270414 n-d-833090-12 devstack@placement-api.service[107630]: DEBUG placement.requestlog [req-96c12e92-800d-4af4-811d-8ee2cf6a602d req-922f6464-b5cb-4a00-aedb-95180fdf18e7 None None] Starting request: 10.222.0.70 "GET /placement/allocations/1c945cc6-69a8-44dd-a33a-1258d41e503d" {{(pid=107630) __call__ /opt/stack/placement/placement/requestlog.py:55}}
Aug 26 03:10:03.294897 n-d-833090-12 devstack@placement-api.service[107630]: INFO placement.requestlog [req-96c12e92-800d-4af4-811d-8ee2cf6a602d req-922f6464-b5cb-4a00-aedb-95180fdf18e7 service placement] 10.222.0.70 "GET /placement/allocations/1c945cc6-69a8-44dd-a33a-1258d41e503d" status: 200 len: 245 microversion: 1.28
Aug 26 03:10:03.300150 n-d-833090-12 devstack@placement-api.service[107630]: [pid: 107630|app: 0|req: 507/1007] 10.222.0.70 () {60 vars in 1377 bytes} [Fri Aug 26 03:10:03 2022] GET /placement/allocations/1c945cc6-69a8-44dd-a33a-1258d41e503d => generated 245 bytes in 30 msecs (HTTP/1.1 200) 8 headers in 296 bytes (1 switches on core 0)
Aug 26 03:10:03.314812 n-d-833090-12 devstack@placement-api.service[107629]: DEBUG placement.requestlog [req-96c12e92-800d-4af4-811d-8ee2cf6a602d req-491dd0fd-a25a-429b-9894-8a72a9729bbc None None] Starting request: 10.222.0.70 "GET /placement/allocations/ce58fc11-7459-48fb-abef-b705f2f67c51" {{(pid=107629) __call__ /opt/stack/placement/placement/requestlog.py:55}}
Aug 26 03:10:03.346101 n-d-833090-12 devstack@placement-api.service[107629]: INFO placement.requestlog [req-96c12e92-800d-4af4-811d-8ee2cf6a602d req-491dd0fd-a25a-429b-9894-8a72a9729bbc service placement] 10.222.0.70 "GET /placement/allocations/ce58fc11-7459-48fb-abef-b705f2f67c51" status: 200 len: 259 microversion: 1.28
Aug 26 03:10:03.348187 n-d-833090-12 devstack@placement-api.service[107629]: [pid: 107629|app: 0|req: 501/1008] 10.222.0.70 () {60 vars in 1377 bytes} [Fri Aug 26 03:10:03 2022] GET /placement/allocations/ce58fc11-7459-48fb-abef-b705f2f67c51 => generated 259 bytes in 34 msecs (HTTP/1.1 200) 8 headers in 296 bytes (1 switches on core 0)
Aug 26 03:10:05.288796 n-d-833090-12 devstack@placement-api.service[107630]: DEBUG placement.requestlog [req-39b862f5-b8d6-4cb4-931f-9ab3a31552c3 req-73ec80cd-f7d1-4730-b831-4608414b2bdc None None] Starting request: 10.222.0.70 "GET /placement/resource_providers/a05241d1-a552-4c52-9784-741e3e93c07a/allocations" {{(pid=107630) __call__ /opt/stack/placement/placement/requestlog.py:55}}
Aug 26 03:10:05.316046 n-d-833090-12 devstack@placement-api.service[107630]: INFO placement.requestlog [req-39b862f5-b8d6-4cb4-931f-9ab3a31552c3 req-73ec80cd-f7d1-4730-b831-4608414b2bdc service placement] 10.222.0.70 "GET /placement/resource_providers/a05241d1-a552-4c52-9784-741e3e93c07a/allocations" status: 200 len: 342 microversion: 1.0
Aug 26 03:10:05.317842 n-d-833090-12 devstack@placement-api.service[107630]: [pid: 107630|app: 0|req: 508/1009] 10.222.0.70 () {58 vars in 1390 bytes} [Fri Aug 26 03:10:05 2022] GET /placement/resource_providers/a05241d1-a552-4c52-9784-741e3e93c07a/allocations => generated 342 bytes in 29 msecs (HTTP/1.1 200) 6 headers in 224 bytes (2 switches on core 0)
Aug 26 03:10:05.410506 n-d-833090-12 devstack@placement-api.service[107629]: DEBUG placement.requestlog [req-39b862f5-b8d6-4cb4-931f-9ab3a31552c3 req-101f31ce-a8e0-4921-8c2e-dc9961d276f8 None None] Starting request: 10.222.0.70 "GET /placement/resource_providers/a05241d1-a552-4c52-9784-741e3e93c07a/allocations" {{(pid=107629) __call__ /opt/stack/placement/placement/requestlog.py:55}}
Aug 26 03:10:05.468965 n-d-833090-12 devstack@placement-api.service[107629]: INFO placement.requestlog [req-39b862f5-b8d6-4cb4-931f-9ab3a31552c3 req-101f31ce-a8e0-4921-8c2e-dc9961d276f8 service placement] 10.222.0.70 "GET /placement/resource_providers/a05241d1-a552-4c52-9784-741e3e93c07a/allocations" status: 200 len: 342 microversion: 1.0
Aug 26 03:10:05.471283 n-d-833090-12 devstack@placement-api.service[107629]: [pid: 107629|app: 0|req: 502/1010] 10.222.0.70 () {58 vars in 1390 bytes} [Fri Aug 26 03:10:05 2022] GET /placement/resource_providers/a05241d1-a552-4c52-9784-741e3e93c07a/allocations => generated 342 bytes in 61 msecs (HTTP/1.1 200) 6 headers in 224 bytes (1 switches on core 0)
Aug 26 03:10:05.479790 n-d-833090-12 devstack@placement-api.service[107630]: DEBUG placement.requestlog [req-39b862f5-b8d6-4cb4-931f-9ab3a31552c3 req-45f7045f-f381-4fc5-a691-de60653f7cd2 None None] Starting request: 10.222.0.70 "GET /placement/allocations/736c1162-128f-413d-b8ff-c073f8321851" {{(pid=107630) __call__ /opt/stack/placement/placement/requestlog.py:55}}
Aug 26 03:10:05.513221 n-d-833090-12 devstack@placement-api.service[107630]: INFO placement.requestlog [req-39b862f5-b8d6-4cb4-931f-9ab3a31552c3 req-45f7045f-f381-4fc5-a691-de60653f7cd2 service placement] 10.222.0.70 "GET /placement/allocations/736c1162-128f-413d-b8ff-c073f8321851" status: 200 len: 259 microversion: 1.28
Aug 26 03:10:05.513930 n-d-833090-12 devstack@placement-api.service[107630]: [pid: 107630|app: 0|req: 509/1011] 10.222.0.70 () {60 vars in 1377 bytes} [Fri Aug 26 03:10:05 2022] GET /placement/allocations/736c1162-128f-413d-b8ff-c073f8321851 => generated 259 bytes in 35 msecs (HTTP/1.1 200) 8 headers in 296 bytes (1 switches on core 0)
Aug 26 03:10:05.527505 n-d-833090-12 devstack@placement-api.service[107629]: DEBUG placement.requestlog [req-39b862f5-b8d6-4cb4-931f-9ab3a31552c3 req-0075ab27-7fc9-4a82-8bd7-a2dd2363328d None None] Starting request: 10.222.0.70 "GET /placement/allocations/1c945cc6-69a8-44dd-a33a-1258d41e503d" {{(pid=107629) __call__ /opt/stack/placement/placement/requestlog.py:55}}
Aug 26 03:10:05.583367 n-d-833090-12 devstack@placement-api.service[107629]: INFO placement.requestlog [req-39b862f5-b8d6-4cb4-931f-9ab3a31552c3 req-0075ab27-7fc9-4a82-8bd7-a2dd2363328d service placement] 10.222.0.70 "GET /placement/allocations/1c945cc6-69a8-44dd-a33a-1258d41e503d" status: 200 len: 245 microversion: 1.28
Aug 26 03:10:05.585485 n-d-833090-12 devstack@placement-api.service[107629]: [pid: 107629|app: 0|req: 503/1012] 10.222.0.70 () {60 vars in 1377 bytes} [Fri Aug 26 03:10:05 2022] GET /placement/allocations/1c945cc6-69a8-44dd-a33a-1258d41e503d => generated 245 bytes in 59 msecs (HTTP/1.1 200) 8 headers in 296 bytes (1 switches on core 0)
Aug 26 03:10:05.605455 n-d-833090-12 devstack@placement-api.service[107630]: DEBUG placement.requestlog [req-39b862f5-b8d6-4cb4-931f-9ab3a31552c3 req-66788258-5b0b-4f5a-830b-6299fdd626b7 None None] Starting request: 10.222.0.70 "GET /placement/allocations/ce58fc11-7459-48fb-abef-b705f2f67c51" {{(pid=107630) __call__ /opt/stack/placement/placement/requestlog.py:55}}
Aug 26 03:10:05.630324 n-d-833090-12 devstack@placement-api.service[107630]: INFO placement.requestlog [req-39b862f5-b8d6-4cb4-931f-9ab3a31552c3 req-66788258-5b0b-4f5a-830b-6299fdd626b7 service placement] 10.222.0.70 "GET /placement/allocations/ce58fc11-7459-48fb-abef-b705f2f67c51" status: 200 len: 259 microversion: 1.28
Aug 26 03:10:05.630958 n-d-833090-12 devstack@placement-api.service[107630]: [pid: 107630|app: 0|req: 510/1013] 10.222.0.70 () {60 vars in 1377 bytes} [Fri Aug 26 03:10:05 2022] GET /placement/allocations/ce58fc11-7459-48fb-abef-b705f2f67c51 => generated 259 bytes in 26 msecs (HTTP/1.1 200) 8 headers in 296 bytes (1 switches on core 0)
Aug 26 03:10:08.403458 n-d-833090-12 devstack@placement-api.service[107629]: DEBUG placement.requestlog [req-2c88cc9c-feb0-4693-9e19-58150ee52764 req-5a0d7702-c052-4ccc-858d-19a321d3d45d None None] Starting request: 10.222.0.61 "GET /placement/resource_providers/859cb3d2-3d24-412d-abcb-9cffc6a5486f/allocations" {{(pid=107629) __call__ /opt/stack/placement/placement/requestlog.py:55}}
Aug 26 03:10:08.442783 n-d-833090-12 devstack@placement-api.service[107629]: INFO placement.requestlog [req-2c88cc9c-feb0-4693-9e19-58150ee52764 req-5a0d7702-c052-4ccc-858d-19a321d3d45d service placement] 10.222.0.61 "GET /placement/resource_providers/859cb3d2-3d24-412d-abcb-9cffc6a5486f/allocations" status: 200 len: 443 microversion: 1.0
Aug 26 03:10:08.444148 n-d-833090-12 devstack@placement-api.service[107629]: [pid: 107629|app: 0|req: 504/1014] 10.222.0.61 () {58 vars in 1390 bytes} [Fri Aug 26 03:10:08 2022] GET /placement/resource_providers/859cb3d2-3d24-412d-abcb-9cffc6a5486f/allocations => generated 443 bytes in 40 msecs (HTTP/1.1 200) 6 headers in 224 bytes (1 switches on core 0)
Aug 26 03:10:08.451204 n-d-833090-12 devstack@placement-api.service[107630]: DEBUG placement.requestlog [req-2c88cc9c-feb0-4693-9e19-58150ee52764 req-99228549-78b5-42c7-841d-978646d8c321 None None] Starting request: 10.222.0.61 "GET /placement/allocations/81829fec-bb4b-473b-b72b-d3d30b5bf871" {{(pid=107630) __call__ /opt/stack/placement/placement/requestlog.py:55}}
Aug 26 03:10:08.497841 n-d-833090-12 devstack@placement-api.service[107630]: INFO placement.requestlog [req-2c88cc9c-feb0-4693-9e19-58150ee52764 req-99228549-78b5-42c7-841d-978646d8c321 service placement] 10.222.0.61 "GET /placement/allocations/81829fec-bb4b-473b-b72b-d3d30b5bf871" status: 200 len: 245 microversion: 1.28
Aug 26 03:10:08.498304 n-d-833090-12 devstack@placement-api.service[107630]: [pid: 107630|app: 0|req: 511/1015] 10.222.0.61 () {60 vars in 1377 bytes} [Fri Aug 26 03:10:08 2022] GET /placement/allocations/81829fec-bb4b-473b-b72b-d3d30b5bf871 => generated 245 bytes in 47 msecs (HTTP/1.1 200) 8 headers in 296 bytes (1 switches on core 0)
Aug 26 03:10:08.505818 n-d-833090-12 devstack@placement-api.service[107629]: DEBUG placement.requestlog [req-2c88cc9c-feb0-4693-9e19-58150ee52764 req-23eb9580-1d2a-4f06-8935-9171e2b3791e None None] Starting request: 10.222.0.61 "GET /placement/allocations/25fa4628-1664-423e-a0cc-b94dafaab455" {{(pid=107629) __call__ /opt/stack/placement/placement/requestlog.py:55}}
Aug 26 03:10:08.517841 n-d-833090-12 devstack@placement-api.service[107630]: DEBUG placement.requestlog [req-867cf3c1-0a08-4706-bc4e-0fdaf087184d req-73122576-d159-4e78-a499-5a78ef2300d0 None None] Starting request: 10.222.0.50 "GET /placement/allocation_candidates?limit=1000&resources=DISK_GB%3A1%2CMEMORY_MB%3A1024%2CVCPU%3A1&root_required=%21COMPUTE_STATUS_DISABLED" {{(pid=107630) __call__ /opt/stack/placement/placement/requestlog.py:55}}
Aug 26 03:10:08.543410 n-d-833090-12 devstack@placement-api.service[107629]: INFO placement.requestlog [req-2c88cc9c-feb0-4693-9e19-58150ee52764 req-23eb9580-1d2a-4f06-8935-9171e2b3791e service placement] 10.222.0.61 "GET /placement/allocations/25fa4628-1664-423e-a0cc-b94dafaab455" status: 200 len: 259 microversion: 1.28
Aug 26 03:10:08.544281 n-d-833090-12 devstack@placement-api.service[107629]: [pid: 107629|app: 0|req: 505/1016] 10.222.0.61 () {60 vars in 1377 bytes} [Fri Aug 26 03:10:08 2022] GET /placement/allocations/25fa4628-1664-423e-a0cc-b94dafaab455 => generated 259 bytes in 39 msecs (HTTP/1.1 200) 8 headers in 296 bytes (1 switches on core 0)
Aug 26 03:10:08.555472 n-d-833090-12 devstack@placement-api.service[107629]: DEBUG placement.requestlog [req-2c88cc9c-feb0-4693-9e19-58150ee52764 req-5a7564cd-c73c-485a-91a2-7428f035317b None None] Starting request: 10.222.0.61 "GET /placement/allocations/d9f91faa-4d1a-4df4-846c-920f731540e0" {{(pid=107629) __call__ /opt/stack/placement/placement/requestlog.py:55}}
Aug 26 03:10:08.586183 n-d-833090-12 devstack@placement-api.service[107629]: INFO placement.requestlog [req-2c88cc9c-feb0-4693-9e19-58150ee52764 req-5a7564cd-c73c-485a-91a2-7428f035317b service placement] 10.222.0.61 "GET /placement/allocations/d9f91faa-4d1a-4df4-846c-920f731540e0" status: 200 len: 259 microversion: 1.28
Aug 26 03:10:08.588713 n-d-833090-12 devstack@placement-api.service[107629]: [pid: 107629|app: 0|req: 506/1017] 10.222.0.61 () {60 vars in 1377 bytes} [Fri Aug 26 03:10:08 2022] GET /placement/allocations/d9f91faa-4d1a-4df4-846c-920f731540e0 => generated 259 bytes in 34 msecs (HTTP/1.1 200) 8 headers in 296 bytes (1 switches on core 0)
Aug 26 03:10:08.589979 n-d-833090-12 devstack@placement-api.service[107630]: DEBUG placement.objects.research_context [req-867cf3c1-0a08-4706-bc4e-0fdaf087184d req-73122576-d159-4e78-a499-5a78ef2300d0 service placement] getting providers with 1 DISK_GB {{(pid=107630) __init__ /opt/stack/placement/placement/objects/research_context.py:136}}
Aug 26 03:10:08.597705 n-d-833090-12 devstack@placement-api.service[107629]: DEBUG placement.requestlog [req-2c88cc9c-feb0-4693-9e19-58150ee52764 req-2c8a4df6-6709-4e04-a31a-05109d2c29cd None None] Starting request: 10.222.0.61 "GET /placement/allocations/824c975d-f941-4d30-ac54-72d15fff4fb3" {{(pid=107629) __call__ /opt/stack/placement/placement/requestlog.py:55}}
Aug 26 03:10:08.608537 n-d-833090-12 devstack@placement-api.service[107630]: DEBUG placement.objects.research_context [req-867cf3c1-0a08-4706-bc4e-0fdaf087184d req-73122576-d159-4e78-a499-5a78ef2300d0 service placement] getting providers with 1024 MEMORY_MB {{(pid=107630) __init__ /opt/stack/placement/placement/objects/research_context.py:136}}
Aug 26 03:10:08.624642 n-d-833090-12 devstack@placement-api.service[107630]: DEBUG placement.objects.research_context [req-867cf3c1-0a08-4706-bc4e-0fdaf087184d req-73122576-d159-4e78-a499-5a78ef2300d0 service placement] getting providers with 1 VCPU {{(pid=107630) __init__ /opt/stack/placement/placement/objects/research_context.py:136}}
Aug 26 03:10:08.630517 n-d-833090-12 devstack@placement-api.service[107629]: INFO placement.requestlog [req-2c88cc9c-feb0-4693-9e19-58150ee52764 req-2c8a4df6-6709-4e04-a31a-05109d2c29cd service placement] 10.222.0.61 "GET /placement/allocations/824c975d-f941-4d30-ac54-72d15fff4fb3" status: 200 len: 259 microversion: 1.28
Aug 26 03:10:08.631454 n-d-833090-12 devstack@placement-api.service[107629]: [pid: 107629|app: 0|req: 507/1018] 10.222.0.61 () {60 vars in 1377 bytes} [Fri Aug 26 03:10:08 2022] GET /placement/allocations/824c975d-f941-4d30-ac54-72d15fff4fb3 => generated 259 bytes in 34 msecs (HTTP/1.1 200) 8 headers in 296 bytes (2 switches on core 0)
Aug 26 03:10:08.634173 n-d-833090-12 devstack@placement-api.service[107630]: DEBUG placement.objects.research_context [req-867cf3c1-0a08-4706-bc4e-0fdaf087184d req-73122576-d159-4e78-a499-5a78ef2300d0 service placement] found 2 providers with available 1 DISK_GB {{(pid=107630) get_provider_ids_matching /opt/stack/placement/placement/objects/research_context.py:563}}
Aug 26 03:10:08.634618 n-d-833090-12 devstack@placement-api.service[107630]: DEBUG placement.objects.research_context [req-867cf3c1-0a08-4706-bc4e-0fdaf087184d req-73122576-d159-4e78-a499-5a78ef2300d0 service placement] found 2 providers with available 1024 MEMORY_MB {{(pid=107630) get_provider_ids_matching /opt/stack/placement/placement/objects/research_context.py:563}}
Aug 26 03:10:08.635030 n-d-833090-12 devstack@placement-api.service[107630]: DEBUG placement.objects.research_context [req-867cf3c1-0a08-4706-bc4e-0fdaf087184d req-73122576-d159-4e78-a499-5a78ef2300d0 service placement] found 2 providers after filtering by previous result {{(pid=107630) get_provider_ids_matching /opt/stack/placement/placement/objects/research_context.py:594}}
Aug 26 03:10:08.635570 n-d-833090-12 devstack@placement-api.service[107630]: DEBUG placement.objects.research_context [req-867cf3c1-0a08-4706-bc4e-0fdaf087184d req-73122576-d159-4e78-a499-5a78ef2300d0 service placement] found 2 providers with available 1 VCPU {{(pid=107630) get_provider_ids_matching /opt/stack/placement/placement/objects/research_context.py:563}}
Aug 26 03:10:08.636000 n-d-833090-12 devstack@placement-api.service[107630]: DEBUG placement.objects.research_context [req-867cf3c1-0a08-4706-bc4e-0fdaf087184d req-73122576-d159-4e78-a499-5a78ef2300d0 service placement] found 2 providers after filtering by previous result {{(pid=107630) get_provider_ids_matching /opt/stack/placement/placement/objects/research_context.py:594}}
Aug 26 03:10:08.654751 n-d-833090-12 devstack@placement-api.service[107630]: DEBUG placement.objects.allocation_candidate [req-867cf3c1-0a08-4706-bc4e-0fdaf087184d req-73122576-d159-4e78-a499-5a78ef2300d0 service placement] RequestGroup(use_same_provider=False, resources={DISK_GB:1, MEMORY_MB:1024, VCPU:1}, traits=(), aggregates=[]) (suffix '') returned 2 matches {{(pid=107630) _get_by_requests /opt/stack/placement/placement/objects/allocation_candidate.py:156}}
Aug 26 03:10:08.655852 n-d-833090-12 devstack@placement-api.service[107630]: DEBUG placement.objects.allocation_candidate [req-867cf3c1-0a08-4706-bc4e-0fdaf087184d req-73122576-d159-4e78-a499-5a78ef2300d0 service placement] Merging candidates yields 2 allocation requests and 2 provider summaries {{(pid=107630) _merge_candidates /opt/stack/placement/placement/objects/allocation_candidate.py:809}}
Aug 26 03:10:08.658706 n-d-833090-12 devstack@placement-api.service[107630]: INFO placement.requestlog [req-867cf3c1-0a08-4706-bc4e-0fdaf087184d req-73122576-d159-4e78-a499-5a78ef2300d0 service placement] 10.222.0.50 "GET /placement/allocation_candidates?limit=1000&resources=DISK_GB%3A1%2CMEMORY_MB%3A1024%2CVCPU%3A1&root_required=%21COMPUTE_STATUS_DISABLED" status: 200 len: 1309 microversion: 1.36
Aug 26 03:10:08.664576 n-d-833090-12 devstack@placement-api.service[107630]: [pid: 107630|app: 0|req: 512/1019] 10.222.0.50 () {60 vars in 1506 bytes} [Fri Aug 26 03:10:08 2022] GET /placement/allocation_candidates?limit=1000&resources=DISK_GB%3A1%2CMEMORY_MB%3A1024%2CVCPU%3A1&root_required=%21COMPUTE_STATUS_DISABLED => generated 1309 bytes in 147 msecs (HTTP/1.1 200) 8 headers in 297 bytes (2 switches on core 0)
Aug 26 03:10:08.731690 n-d-833090-12 devstack@placement-api.service[107629]: DEBUG placement.requestlog [req-867cf3c1-0a08-4706-bc4e-0fdaf087184d req-00921e18-838d-46dc-abfc-4d217deb09db None None] Starting request: 10.222.0.50 "GET /placement/allocations/c41ed27c-a755-4404-8363-38d3370c66ac" {{(pid=107629) __call__ /opt/stack/placement/placement/requestlog.py:55}}
Aug 26 03:10:08.744818 n-d-833090-12 devstack@placement-api.service[107629]: INFO placement.requestlog [req-867cf3c1-0a08-4706-bc4e-0fdaf087184d req-00921e18-838d-46dc-abfc-4d217deb09db service placement] 10.222.0.50 "GET /placement/allocations/c41ed27c-a755-4404-8363-38d3370c66ac" status: 200 len: 19 microversion: 1.28
Aug 26 03:10:08.751397 n-d-833090-12 devstack@placement-api.service[107629]: [pid: 107629|app: 0|req: 508/1020] 10.222.0.50 () {60 vars in 1380 bytes} [Fri Aug 26 03:10:08 2022] GET /placement/allocations/c41ed27c-a755-4404-8363-38d3370c66ac => generated 19 bytes in 20 msecs (HTTP/1.1 200) 8 headers in 295 bytes (1 switches on core 0)
Aug 26 03:10:08.752690 n-d-833090-12 devstack@placement-api.service[107630]: DEBUG placement.requestlog [req-867cf3c1-0a08-4706-bc4e-0fdaf087184d req-9c075d60-d146-41b1-ba83-7a9c34df6e65 None None] Starting request: 10.222.0.50 "PUT /placement/allocations/c41ed27c-a755-4404-8363-38d3370c66ac" {{(pid=107630) __call__ /opt/stack/placement/placement/requestlog.py:55}}
Aug 26 03:10:08.857658 n-d-833090-12 devstack@placement-api.service[107629]: DEBUG placement.requestlog [req-2c88cc9c-feb0-4693-9e19-58150ee52764 req-e2f46a87-e6ca-4f69-a2a3-52c5e9f6965b None None] Starting request: 10.222.0.61 "DELETE /placement/allocations/d9f91faa-4d1a-4df4-846c-920f731540e0" {{(pid=107629) __call__ /opt/stack/placement/placement/requestlog.py:55}}
Aug 26 03:10:08.893804 n-d-833090-12 devstack@placement-api.service[107630]: DEBUG placement.handlers.allocation [req-867cf3c1-0a08-4706-bc4e-0fdaf087184d req-9c075d60-d146-41b1-ba83-7a9c34df6e65 service placement] Successfully wrote allocations [, , ] {{(pid=107630) _update_consumers_and_create_allocations /opt/stack/placement/placement/handlers/allocation.py:462}}
Aug 26 03:10:08.908972 n-d-833090-12 devstack@placement-api.service[107630]: INFO placement.requestlog [req-867cf3c1-0a08-4706-bc4e-0fdaf087184d req-9c075d60-d146-41b1-ba83-7a9c34df6e65 service placement] 10.222.0.50 "PUT /placement/allocations/c41ed27c-a755-4404-8363-38d3370c66ac" status: 204 len: 0 microversion: 1.36
Aug 26 03:10:08.909143 n-d-833090-12 devstack@placement-api.service[107629]: DEBUG placement.handlers.allocation [req-2c88cc9c-feb0-4693-9e19-58150ee52764 req-e2f46a87-e6ca-4f69-a2a3-52c5e9f6965b service placement] Successfully deleted allocations [, , ] {{(pid=107629) delete_allocations /opt/stack/placement/placement/handlers/allocation.py:627}}
Aug 26 03:10:08.909552 n-d-833090-12 devstack@placement-api.service[107629]: INFO placement.requestlog [req-2c88cc9c-feb0-4693-9e19-58150ee52764 req-e2f46a87-e6ca-4f69-a2a3-52c5e9f6965b service placement] 10.222.0.61 "DELETE /placement/allocations/d9f91faa-4d1a-4df4-846c-920f731540e0" status: 204 len: 0 microversion: 1.0
Aug 26 03:10:08.909871 n-d-833090-12 devstack@placement-api.service[107630]: [pid: 107630|app: 0|req: 513/1021] 10.222.0.50 () {64 vars in 1433 bytes} [Fri Aug 26 03:10:08 2022] PUT /placement/allocations/c41ed27c-a755-4404-8363-38d3370c66ac => generated 0 bytes in 157 msecs (HTTP/1.1 204) 5 headers in 199 bytes (1 switches on core 0)
Aug 26 03:10:08.923334 n-d-833090-12 devstack@placement-api.service[107629]: [pid: 107629|app: 0|req: 509/1022] 10.222.0.61 () {60 vars in 1355 bytes} [Fri Aug 26 03:10:08 2022] DELETE /placement/allocations/d9f91faa-4d1a-4df4-846c-920f731540e0 => generated 0 bytes in 65 msecs (HTTP/1.1 204) 5 headers in 198 bytes (1 switches on core 0)
Aug 26 03:10:09.500278 n-d-833090-12 devstack@placement-api.service[107630]: DEBUG placement.requestlog [req-054589eb-bbf6-40ea-b3ad-070e0ce5bf9c req-efee848e-a36b-4cd9-be7d-f15aa351a66b None None] Starting request: 10.222.0.50 "GET /placement/allocation_candidates?limit=1000&resources=DISK_GB%3A1%2CMEMORY_MB%3A1024%2CVCPU%3A1&root_required=%21COMPUTE_STATUS_DISABLED" {{(pid=107630) __call__ /opt/stack/placement/placement/requestlog.py:55}}
Aug 26 03:10:09.570950 n-d-833090-12 devstack@placement-api.service[107630]: DEBUG placement.objects.research_context [req-054589eb-bbf6-40ea-b3ad-070e0ce5bf9c req-efee848e-a36b-4cd9-be7d-f15aa351a66b service placement] getting providers with 1 DISK_GB {{(pid=107630) __init__ /opt/stack/placement/placement/objects/research_context.py:136}}
Aug 26 03:10:09.579056 n-d-833090-12 devstack@placement-api.service[107630]: DEBUG placement.objects.research_context [req-054589eb-bbf6-40ea-b3ad-070e0ce5bf9c req-efee848e-a36b-4cd9-be7d-f15aa351a66b service placement] getting providers with 1024 MEMORY_MB {{(pid=107630) __init__ /opt/stack/placement/placement/objects/research_context.py:136}}
Aug 26 03:10:09.589862 n-d-833090-12 devstack@placement-api.service[107630]: DEBUG placement.objects.research_context [req-054589eb-bbf6-40ea-b3ad-070e0ce5bf9c req-efee848e-a36b-4cd9-be7d-f15aa351a66b service placement] getting providers with 1 VCPU {{(pid=107630) __init__ /opt/stack/placement/placement/objects/research_context.py:136}}
Aug 26 03:10:09.598525 n-d-833090-12 devstack@placement-api.service[107630]: DEBUG placement.objects.research_context [req-054589eb-bbf6-40ea-b3ad-070e0ce5bf9c req-efee848e-a36b-4cd9-be7d-f15aa351a66b service placement] found 2 providers with available 1 DISK_GB {{(pid=107630) get_provider_ids_matching /opt/stack/placement/placement/objects/research_context.py:563}}
Aug 26 03:10:09.599017 n-d-833090-12 devstack@placement-api.service[107630]: DEBUG placement.objects.research_context [req-054589eb-bbf6-40ea-b3ad-070e0ce5bf9c req-efee848e-a36b-4cd9-be7d-f15aa351a66b service placement] found 2 providers with available 1024 MEMORY_MB {{(pid=107630) get_provider_ids_matching /opt/stack/placement/placement/objects/research_context.py:563}}
Aug 26 03:10:09.599450 n-d-833090-12 devstack@placement-api.service[107630]: DEBUG placement.objects.research_context [req-054589eb-bbf6-40ea-b3ad-070e0ce5bf9c req-efee848e-a36b-4cd9-be7d-f15aa351a66b service placement] found 2 providers after filtering by previous result {{(pid=107630) get_provider_ids_matching /opt/stack/placement/placement/objects/research_context.py:594}}
Aug 26 03:10:09.599845 n-d-833090-12 devstack@placement-api.service[107630]: DEBUG placement.objects.research_context [req-054589eb-bbf6-40ea-b3ad-070e0ce5bf9c req-efee848e-a36b-4cd9-be7d-f15aa351a66b service placement] found 2 providers with available 1 VCPU {{(pid=107630) get_provider_ids_matching /opt/stack/placement/placement/objects/research_context.py:563}}
Aug 26 03:10:09.600304 n-d-833090-12 devstack@placement-api.service[107630]: DEBUG placement.objects.research_context [req-054589eb-bbf6-40ea-b3ad-070e0ce5bf9c req-efee848e-a36b-4cd9-be7d-f15aa351a66b service placement] found 2 providers after filtering by previous result {{(pid=107630) get_provider_ids_matching /opt/stack/placement/placement/objects/research_context.py:594}}
Aug 26 03:10:09.613802 n-d-833090-12 devstack@placement-api.service[107630]: DEBUG placement.objects.allocation_candidate [req-054589eb-bbf6-40ea-b3ad-070e0ce5bf9c req-efee848e-a36b-4cd9-be7d-f15aa351a66b service placement] RequestGroup(use_same_provider=False, resources={DISK_GB:1, MEMORY_MB:1024, VCPU:1}, traits=(), aggregates=[]) (suffix '') returned 2 matches {{(pid=107630) _get_by_requests /opt/stack/placement/placement/objects/allocation_candidate.py:156}}
Aug 26 03:10:09.614534 n-d-833090-12 devstack@placement-api.service[107630]: DEBUG placement.objects.allocation_candidate [req-054589eb-bbf6-40ea-b3ad-070e0ce5bf9c req-efee848e-a36b-4cd9-be7d-f15aa351a66b service placement] Merging candidates yields 2 allocation requests and 2 provider summaries {{(pid=107630) _merge_candidates /opt/stack/placement/placement/objects/allocation_candidate.py:809}}
Aug 26 03:10:09.616335 n-d-833090-12 devstack@placement-api.service[107630]: INFO placement.requestlog [req-054589eb-bbf6-40ea-b3ad-070e0ce5bf9c req-efee848e-a36b-4cd9-be7d-f15aa351a66b service placement] 10.222.0.50 "GET /placement/allocation_candidates?limit=1000&resources=DISK_GB%3A1%2CMEMORY_MB%3A1024%2CVCPU%3A1&root_required=%21COMPUTE_STATUS_DISABLED" status: 200 len: 1309 microversion: 1.36
Aug 26 03:10:09.617112 n-d-833090-12 devstack@placement-api.service[107630]: [pid: 107630|app: 0|req: 514/1023] 10.222.0.50 () {60 vars in 1506 bytes} [Fri Aug 26 03:10:09 2022] GET /placement/allocation_candidates?limit=1000&resources=DISK_GB%3A1%2CMEMORY_MB%3A1024%2CVCPU%3A1&root_required=%21COMPUTE_STATUS_DISABLED => generated 1309 bytes in 117 msecs (HTTP/1.1 200) 8 headers in 297 bytes (1 switches on core 0)
Aug 26 03:10:09.703983 n-d-833090-12 devstack@placement-api.service[107629]: DEBUG placement.requestlog [req-054589eb-bbf6-40ea-b3ad-070e0ce5bf9c req-43af771a-8acf-43b7-94a0-8e1c0d6b88cf None None] Starting request: 10.222.0.50 "GET /placement/allocations/7f94230c-bfcc-4b86-94ee-013cc6162b7d" {{(pid=107629) __call__ /opt/stack/placement/placement/requestlog.py:55}}
Aug 26 03:10:09.715638 n-d-833090-12 devstack@placement-api.service[107629]: INFO placement.requestlog [req-054589eb-bbf6-40ea-b3ad-070e0ce5bf9c req-43af771a-8acf-43b7-94a0-8e1c0d6b88cf service placement] 10.222.0.50 "GET /placement/allocations/7f94230c-bfcc-4b86-94ee-013cc6162b7d" status: 200 len: 19 microversion: 1.28
Aug 26 03:10:09.716003 n-d-833090-12 devstack@placement-api.service[107629]: [pid: 107629|app: 0|req: 510/1024] 10.222.0.50 () {60 vars in 1380 bytes} [Fri Aug 26 03:10:09 2022] GET /placement/allocations/7f94230c-bfcc-4b86-94ee-013cc6162b7d => generated 19 bytes in 13 msecs (HTTP/1.1 200) 8 headers in 295 bytes (1 switches on core 0)
Aug 26 03:10:09.722338 n-d-833090-12 devstack@placement-api.service[107630]: DEBUG placement.requestlog [req-054589eb-bbf6-40ea-b3ad-070e0ce5bf9c req-9123f2d7-9865-45b9-aea1-13053a03730e None None] Starting request: 10.222.0.50 "PUT /placement/allocations/7f94230c-bfcc-4b86-94ee-013cc6162b7d" {{(pid=107630) __call__ /opt/stack/placement/placement/requestlog.py:55}}
Aug 26 03:10:09.788829 n-d-833090-12 devstack@placement-api.service[107630]: DEBUG placement.handlers.allocation [req-054589eb-bbf6-40ea-b3ad-070e0ce5bf9c req-9123f2d7-9865-45b9-aea1-13053a03730e service placement] Successfully wrote allocations [, , ] {{(pid=107630) _update_consumers_and_create_allocations /opt/stack/placement/placement/handlers/allocation.py:462}}
Aug 26 03:10:09.796508 n-d-833090-12 devstack@placement-api.service[107630]: INFO placement.requestlog [req-054589eb-bbf6-40ea-b3ad-070e0ce5bf9c req-9123f2d7-9865-45b9-aea1-13053a03730e service placement] 10.222.0.50 "PUT /placement/allocations/7f94230c-bfcc-4b86-94ee-013cc6162b7d" status: 204 len: 0 microversion: 1.36
Aug 26 03:10:09.797728 n-d-833090-12 devstack@placement-api.service[107630]: [pid: 107630|app: 0|req: 515/1025] 10.222.0.50 () {64 vars in 1433 bytes} [Fri Aug 26 03:10:09 2022] PUT /placement/allocations/7f94230c-bfcc-4b86-94ee-013cc6162b7d => generated 0 bytes in 75 msecs (HTTP/1.1 204) 5 headers in 199 bytes (2 switches on core 0)
Aug 26 03:10:10.406217 n-d-833090-12 devstack@placement-api.service[107629]: DEBUG placement.requestlog [req-867cf3c1-0a08-4706-bc4e-0fdaf087184d req-3484e60b-98c3-45aa-b392-00263f6196bf None None] Starting request: 10.222.0.70 "GET /placement/allocations/c41ed27c-a755-4404-8363-38d3370c66ac" {{(pid=107629) __call__ /opt/stack/placement/placement/requestlog.py:55}}
Aug 26 03:10:10.455548 n-d-833090-12 devstack@placement-api.service[107629]: INFO placement.requestlog [req-867cf3c1-0a08-4706-bc4e-0fdaf087184d req-3484e60b-98c3-45aa-b392-00263f6196bf service placement] 10.222.0.70 "GET /placement/allocations/c41ed27c-a755-4404-8363-38d3370c66ac" status: 200 len: 259 microversion: 1.28
Aug 26 03:10:10.456402 n-d-833090-12 devstack@placement-api.service[107629]: [pid: 107629|app: 0|req: 511/1026] 10.222.0.70 () {60 vars in 1377 bytes} [Fri Aug 26 03:10:10 2022] GET /placement/allocations/c41ed27c-a755-4404-8363-38d3370c66ac => generated 259 bytes in 50 msecs (HTTP/1.1 200) 8 headers in 296 bytes (1 switches on core 0)
Aug 26 03:10:10.553474 n-d-833090-12 devstack@placement-api.service[107630]: DEBUG placement.requestlog [req-054589eb-bbf6-40ea-b3ad-070e0ce5bf9c req-eb9308e9-ab65-44e1-94ed-5acabf5469b7 None None] Starting request: 10.222.0.70 "GET /placement/allocations/7f94230c-bfcc-4b86-94ee-013cc6162b7d" {{(pid=107630) __call__ /opt/stack/placement/placement/requestlog.py:55}}
Aug 26 03:10:10.577564 n-d-833090-12 devstack@placement-api.service[107630]: INFO placement.requestlog [req-054589eb-bbf6-40ea-b3ad-070e0ce5bf9c req-eb9308e9-ab65-44e1-94ed-5acabf5469b7 service placement] 10.222.0.70 "GET /placement/allocations/7f94230c-bfcc-4b86-94ee-013cc6162b7d" status: 200 len: 259 microversion: 1.28
Aug 26 03:10:10.580394 n-d-833090-12 devstack@placement-api.service[107630]: [pid: 107630|app: 0|req: 516/1027] 10.222.0.70 () {60 vars in 1377 bytes} [Fri Aug 26 03:10:10 2022] GET /placement/allocations/7f94230c-bfcc-4b86-94ee-013cc6162b7d => generated 259 bytes in 27 msecs (HTTP/1.1 200) 8 headers in 296 bytes (1 switches on core 0)
Aug 26 03:10:10.764501 n-d-833090-12 devstack@placement-api.service[107629]: DEBUG placement.requestlog [req-867cf3c1-0a08-4706-bc4e-0fdaf087184d req-addfb059-125d-4b60-999f-581877a073fb None None] Starting request: 10.222.0.70 "GET /placement/resource_providers/a05241d1-a552-4c52-9784-741e3e93c07a/allocations" {{(pid=107629) __call__ /opt/stack/placement/placement/requestlog.py:55}}
Aug 26 03:10:10.811515 n-d-833090-12 devstack@placement-api.service[107629]: INFO placement.requestlog [req-867cf3c1-0a08-4706-bc4e-0fdaf087184d req-addfb059-125d-4b60-999f-581877a073fb service placement] 10.222.0.70 "GET /placement/resource_providers/a05241d1-a552-4c52-9784-741e3e93c07a/allocations" status: 200 len: 544 microversion: 1.0
