Aug 26 03:07:15.515510 n-d-833090-12 devstack@placement-api.service[107629]: INFO placement.requestlog [req-f8e79687-a23e-470a-b3ad-6d3708b1a846 req-9dce0539-ca28-4b72-ac10-3f85d5dee28e service placement] 10.222.0.70 "GET /placement/allocations/365ff2a7-a1a6-47cb-9a04-b0933ab53ab2" status: 200 len: 259 microversion: 1.28
Aug 26 03:07:15.517675 n-d-833090-12 devstack@placement-api.service[107629]: [pid: 107629|app: 0|req: 375/757] 10.222.0.70 () {60 vars in 1377 bytes} [Fri Aug 26 03:07:15 2022] GET /placement/allocations/365ff2a7-a1a6-47cb-9a04-b0933ab53ab2 => generated 259 bytes in 34 msecs (HTTP/1.1 200) 8 headers in 296 bytes (1 switches on core 0)
Aug 26 03:07:15.525978 n-d-833090-12 devstack@placement-api.service[107630]: DEBUG placement.requestlog [req-f8e79687-a23e-470a-b3ad-6d3708b1a846 req-f977db2a-67bb-42f6-8bb4-986fe7f05f01 None None] Starting request: 10.222.0.70 "GET /placement/allocations/5c63bad2-a667-4372-8221-f5130708e6f4" {{(pid=107630) __call__ /opt/stack/placement/placement/requestlog.py:55}}
Aug 26 03:07:15.563961 n-d-833090-12 devstack@placement-api.service[107630]: INFO placement.requestlog [req-f8e79687-a23e-470a-b3ad-6d3708b1a846 req-f977db2a-67bb-42f6-8bb4-986fe7f05f01 service placement] 10.222.0.70 "GET /placement/allocations/5c63bad2-a667-4372-8221-f5130708e6f4" status: 200 len: 259 microversion: 1.28
Aug 26 03:07:15.567392 n-d-833090-12 devstack@placement-api.service[107630]: [pid: 107630|app: 0|req: 383/758] 10.222.0.70 () {60 vars in 1377 bytes} [Fri Aug 26 03:07:15 2022] GET /placement/allocations/5c63bad2-a667-4372-8221-f5130708e6f4 => generated 259 bytes in 40 msecs (HTTP/1.1 200) 8 headers in 296 bytes (1 switches on core 0)
Aug 26 03:07:15.572640 n-d-833090-12 devstack@placement-api.service[107629]: DEBUG placement.requestlog [req-f8e79687-a23e-470a-b3ad-6d3708b1a846 req-a07f666c-cfed-412d-a97c-97005efcaa1c None None] Starting request: 10.222.0.70 "GET /placement/allocations/1c945cc6-69a8-44dd-a33a-1258d41e503d" {{(pid=107629) __call__ /opt/stack/placement/placement/requestlog.py:55}}
Aug 26 03:07:15.601567 n-d-833090-12 devstack@placement-api.service[107629]: INFO placement.requestlog [req-f8e79687-a23e-470a-b3ad-6d3708b1a846 req-a07f666c-cfed-412d-a97c-97005efcaa1c service placement] 10.222.0.70 "GET /placement/allocations/1c945cc6-69a8-44dd-a33a-1258d41e503d" status: 200 len: 245 microversion: 1.28
Aug 26 03:07:15.603148 n-d-833090-12 devstack@placement-api.service[107629]: [pid: 107629|app: 0|req: 376/759] 10.222.0.70 () {60 vars in 1377 bytes} [Fri Aug 26 03:07:15 2022] GET /placement/allocations/1c945cc6-69a8-44dd-a33a-1258d41e503d => generated 245 bytes in 31 msecs (HTTP/1.1 200) 8 headers in 296 bytes (2 switches on core 0)
Aug 26 03:07:25.558774 n-d-833090-12 devstack@placement-api.service[107630]: DEBUG dbcounter [-] [107630] Writing DB stats placement:SELECT=20 {{(pid=107630) stat_writer /usr/local/lib/python3.8/dist-packages/dbcounter.py:114}}
Aug 26 03:07:25.591899 n-d-833090-12 devstack@placement-api.service[107629]: DEBUG dbcounter [-] [107629] Writing DB stats placement:SELECT=46,placement:INSERT=5,placement:DELETE=2,placement:UPDATE=2 {{(pid=107629) stat_writer /usr/local/lib/python3.8/dist-packages/dbcounter.py:114}}
Aug 26 03:07:31.649975 n-d-833090-12 devstack@placement-api.service[107630]: DEBUG placement.requestlog [req-838a4485-b219-4d92-9bd9-84f84ebc5eec req-f17942bb-2d01-4943-8caa-0c74a5bb5c45 None None] Starting request: 10.222.0.50 "GET /placement/allocations/b8551fde-6397-42ef-9f04-de73e5c63ea5" {{(pid=107630) __call__ /opt/stack/placement/placement/requestlog.py:55}}
Aug 26 03:07:31.934413 n-d-833090-12 devstack@placement-api.service[107630]: INFO placement.requestlog [req-838a4485-b219-4d92-9bd9-84f84ebc5eec req-f17942bb-2d01-4943-8caa-0c74a5bb5c45 service placement] 10.222.0.50 "GET /placement/allocations/b8551fde-6397-42ef-9f04-de73e5c63ea5" status: 200 len: 245 microversion: 1.28
Aug 26 03:07:31.943258 n-d-833090-12 devstack@placement-api.service[107629]: DEBUG placement.requestlog [req-838a4485-b219-4d92-9bd9-84f84ebc5eec req-f3d6a77c-659b-4be7-a60d-11f242286866 None None] Starting request: 10.222.0.50 "GET /placement/allocations/b8551fde-6397-42ef-9f04-de73e5c63ea5" {{(pid=107629) __call__ /opt/stack/placement/placement/requestlog.py:55}}
Aug 26 03:07:31.944558 n-d-833090-12 devstack@placement-api.service[107630]: [pid: 107630|app: 0|req: 384/760] 10.222.0.50 () {60 vars in 1380 bytes} [Fri Aug 26 03:07:31 2022] GET /placement/allocations/b8551fde-6397-42ef-9f04-de73e5c63ea5 => generated 245 bytes in 295 msecs (HTTP/1.1 200) 8 headers in 296 bytes (1 switches on core 0)
Aug 26 03:07:31.973622 n-d-833090-12 devstack@placement-api.service[107629]: INFO placement.requestlog [req-838a4485-b219-4d92-9bd9-84f84ebc5eec req-f3d6a77c-659b-4be7-a60d-11f242286866 service placement] 10.222.0.50 "GET /placement/allocations/b8551fde-6397-42ef-9f04-de73e5c63ea5" status: 200 len: 245 microversion: 1.28
Aug 26 03:07:31.974039 n-d-833090-12 devstack@placement-api.service[107629]: [pid: 107629|app: 0|req: 377/761] 10.222.0.50 () {60 vars in 1380 bytes} [Fri Aug 26 03:07:31 2022] GET /placement/allocations/b8551fde-6397-42ef-9f04-de73e5c63ea5 => generated 245 bytes in 31 msecs (HTTP/1.1 200) 8 headers in 296 bytes (2 switches on core 0)
Aug 26 03:07:31.980408 n-d-833090-12 devstack@placement-api.service[107630]: DEBUG placement.requestlog [req-838a4485-b219-4d92-9bd9-84f84ebc5eec req-02bfbb07-65a3-4e78-82aa-775f35fb6765 None None] Starting request: 10.222.0.50 "GET /placement/allocations/2511df7d-56d3-485b-bc70-53353965b6d7" {{(pid=107630) __call__ /opt/stack/placement/placement/requestlog.py:55}}
Aug 26 03:07:32.007507 n-d-833090-12 devstack@placement-api.service[107630]: INFO placement.requestlog [req-838a4485-b219-4d92-9bd9-84f84ebc5eec req-02bfbb07-65a3-4e78-82aa-775f35fb6765 service placement] 10.222.0.50 "GET /placement/allocations/2511df7d-56d3-485b-bc70-53353965b6d7" status: 200 len: 19 microversion: 1.28
Aug 26 03:07:32.009432 n-d-833090-12 devstack@placement-api.service[107630]: [pid: 107630|app: 0|req: 385/762] 10.222.0.50 () {60 vars in 1380 bytes} [Fri Aug 26 03:07:31 2022] GET /placement/allocations/2511df7d-56d3-485b-bc70-53353965b6d7 => generated 19 bytes in 29 msecs (HTTP/1.1 200) 8 headers in 295 bytes (1 switches on core 0)
Aug 26 03:07:32.016820 n-d-833090-12 devstack@placement-api.service[107629]: DEBUG placement.requestlog [req-838a4485-b219-4d92-9bd9-84f84ebc5eec req-02d833e0-e564-4650-aebb-60326f0a2852 None None] Starting request: 10.222.0.50 "POST /placement/allocations" {{(pid=107629) __call__ /opt/stack/placement/placement/requestlog.py:55}}
Aug 26 03:07:32.145088 n-d-833090-12 devstack@placement-api.service[107629]: DEBUG placement.handlers.allocation [req-838a4485-b219-4d92-9bd9-84f84ebc5eec req-02d833e0-e564-4650-aebb-60326f0a2852 service placement] Successfully wrote allocations [, , , ] {{(pid=107629) _update_consumers_and_create_allocations /opt/stack/placement/placement/handlers/allocation.py:572}}
Aug 26 03:07:32.153280 n-d-833090-12 devstack@placement-api.service[107629]: INFO placement.requestlog [req-838a4485-b219-4d92-9bd9-84f84ebc5eec req-02d833e0-e564-4650-aebb-60326f0a2852 service placement] 10.222.0.50 "POST /placement/allocations" status: 204 len: 0 microversion: 1.28
Aug 26 03:07:32.153673 n-d-833090-12 devstack@placement-api.service[107629]: [pid: 107629|app: 0|req: 378/763] 10.222.0.50 () {64 vars in 1323 bytes} [Fri Aug 26 03:07:32 2022] POST /placement/allocations => generated 0 bytes in 137 msecs (HTTP/1.1 204) 5 headers in 199 bytes (1 switches on core 0)
Aug 26 03:07:32.247516 n-d-833090-12 devstack@placement-api.service[107630]: DEBUG placement.requestlog [req-838a4485-b219-4d92-9bd9-84f84ebc5eec req-4dd92941-a3d0-4485-ab00-41fc8c7fcb35 None None] Starting request: 10.222.0.50 "GET /placement/allocations/b8551fde-6397-42ef-9f04-de73e5c63ea5" {{(pid=107630) __call__ /opt/stack/placement/placement/requestlog.py:55}}
Aug 26 03:07:32.271304 n-d-833090-12 devstack@placement-api.service[107630]: INFO placement.requestlog [req-838a4485-b219-4d92-9bd9-84f84ebc5eec req-4dd92941-a3d0-4485-ab00-41fc8c7fcb35 service placement] 10.222.0.50 "GET /placement/allocations/b8551fde-6397-42ef-9f04-de73e5c63ea5" status: 200 len: 19 microversion: 1.28
Aug 26 03:07:32.277184 n-d-833090-12 devstack@placement-api.service[107630]: [pid: 107630|app: 0|req: 386/764] 10.222.0.50 () {60 vars in 1380 bytes} [Fri Aug 26 03:07:32 2022] GET /placement/allocations/b8551fde-6397-42ef-9f04-de73e5c63ea5 => generated 19 bytes in 30 msecs (HTTP/1.1 200) 8 headers in 295 bytes (1 switches on core 0)
Aug 26 03:07:32.278476 n-d-833090-12 devstack@placement-api.service[107629]: DEBUG placement.requestlog [req-838a4485-b219-4d92-9bd9-84f84ebc5eec req-ea881ed8-4509-47ca-a9de-b9d6b2cefcc0 None None] Starting request: 10.222.0.50 "PUT /placement/allocations/b8551fde-6397-42ef-9f04-de73e5c63ea5" {{(pid=107629) __call__ /opt/stack/placement/placement/requestlog.py:55}}
Aug 26 03:07:32.453064 n-d-833090-12 devstack@placement-api.service[107629]: DEBUG placement.handlers.allocation [req-838a4485-b219-4d92-9bd9-84f84ebc5eec req-ea881ed8-4509-47ca-a9de-b9d6b2cefcc0 service placement] Successfully wrote allocations [, ] {{(pid=107629) _update_consumers_and_create_allocations /opt/stack/placement/placement/handlers/allocation.py:462}}
Aug 26 03:07:32.459054 n-d-833090-12 devstack@placement-api.service[107629]: INFO placement.requestlog [req-838a4485-b219-4d92-9bd9-84f84ebc5eec req-ea881ed8-4509-47ca-a9de-b9d6b2cefcc0 service placement] 10.222.0.50 "PUT /placement/allocations/b8551fde-6397-42ef-9f04-de73e5c63ea5" status: 204 len: 0 microversion: 1.28
Aug 26 03:07:32.459467 n-d-833090-12 devstack@placement-api.service[107629]: [pid: 107629|app: 0|req: 379/765] 10.222.0.50 () {64 vars in 1433 bytes} [Fri Aug 26 03:07:32 2022] PUT /placement/allocations/b8551fde-6397-42ef-9f04-de73e5c63ea5 => generated 0 bytes in 181 msecs (HTTP/1.1 204) 5 headers in 199 bytes (1 switches on core 0)
Aug 26 03:07:32.727828 n-d-833090-12 devstack@placement-api.service[107630]: DEBUG placement.requestlog [req-838a4485-b219-4d92-9bd9-84f84ebc5eec req-d84bcab4-09c4-49db-a518-07c266a2db56 None None] Starting request: 10.222.0.70 "GET /placement/allocations/b8551fde-6397-42ef-9f04-de73e5c63ea5" {{(pid=107630) __call__ /opt/stack/placement/placement/requestlog.py:55}}
Aug 26 03:07:32.777884 n-d-833090-12 devstack@placement-api.service[107630]: INFO placement.requestlog [req-838a4485-b219-4d92-9bd9-84f84ebc5eec req-d84bcab4-09c4-49db-a518-07c266a2db56 service placement] 10.222.0.70 "GET /placement/allocations/b8551fde-6397-42ef-9f04-de73e5c63ea5" status: 200 len: 245 microversion: 1.28
Aug 26 03:07:32.778548 n-d-833090-12 devstack@placement-api.service[107630]: [pid: 107630|app: 0|req: 387/766] 10.222.0.70 () {60 vars in 1377 bytes} [Fri Aug 26 03:07:32 2022] GET /placement/allocations/b8551fde-6397-42ef-9f04-de73e5c63ea5 => generated 245 bytes in 51 msecs (HTTP/1.1 200) 8 headers in 296 bytes (1 switches on core 0)
Aug 26 03:07:39.107711 n-d-833090-12 devstack@placement-api.service[107629]: DEBUG placement.requestlog [req-862097d7-4f89-4b61-b0a9-28e36fa126d6 req-19b98a77-bcb9-44ec-8307-988e1cdc2f00 None None] Starting request: 10.222.0.70 "GET /placement/resource_providers/a05241d1-a552-4c52-9784-741e3e93c07a/allocations" {{(pid=107629) __call__ /opt/stack/placement/placement/requestlog.py:55}}
Aug 26 03:07:39.176113 n-d-833090-12 devstack@placement-api.service[107629]: INFO placement.requestlog [req-862097d7-4f89-4b61-b0a9-28e36fa126d6 req-19b98a77-bcb9-44ec-8307-988e1cdc2f00 service placement] 10.222.0.70 "GET /placement/resource_providers/a05241d1-a552-4c52-9784-741e3e93c07a/allocations" status: 200 len: 732 microversion: 1.0
Aug 26 03:07:39.178958 n-d-833090-12 devstack@placement-api.service[107629]: [pid: 107629|app: 0|req: 380/767] 10.222.0.70 () {58 vars in 1390 bytes} [Fri Aug 26 03:07:39 2022] GET /placement/resource_providers/a05241d1-a552-4c52-9784-741e3e93c07a/allocations => generated 732 bytes in 71 msecs (HTTP/1.1 200) 6 headers in 224 bytes (1 switches on core 0)
Aug 26 03:07:39.183937 n-d-833090-12 devstack@placement-api.service[107630]: DEBUG placement.requestlog [req-862097d7-4f89-4b61-b0a9-28e36fa126d6 req-ef68b47b-634a-4377-b7b1-18489986f676 None None] Starting request: 10.222.0.70 "GET /placement/allocations/5e3b33ab-97e8-4c48-9159-05dc7a65df14" {{(pid=107630) __call__ /opt/stack/placement/placement/requestlog.py:55}}
Aug 26 03:07:39.230057 n-d-833090-12 devstack@placement-api.service[107630]: INFO placement.requestlog [req-862097d7-4f89-4b61-b0a9-28e36fa126d6 req-ef68b47b-634a-4377-b7b1-18489986f676 service placement] 10.222.0.70 "GET /placement/allocations/5e3b33ab-97e8-4c48-9159-05dc7a65df14" status: 200 len: 259 microversion: 1.28
Aug 26 03:07:39.233850 n-d-833090-12 devstack@placement-api.service[107630]: [pid: 107630|app: 0|req: 388/768] 10.222.0.70 () {60 vars in 1377 bytes} [Fri Aug 26 03:07:39 2022] GET /placement/allocations/5e3b33ab-97e8-4c48-9159-05dc7a65df14 => generated 259 bytes in 50 msecs (HTTP/1.1 200) 8 headers in 296 bytes (1 switches on core 0)
Aug 26 03:07:39.239630 n-d-833090-12 devstack@placement-api.service[107629]: DEBUG placement.requestlog [req-862097d7-4f89-4b61-b0a9-28e36fa126d6 req-bf6f3a63-ad6a-441b-89a5-a5cf016619d1 None None] Starting request: 10.222.0.70 "GET /placement/allocations/9c0966ca-cd94-4e89-a54e-71fefcb6eec3" {{(pid=107629) __call__ /opt/stack/placement/placement/requestlog.py:55}}
Aug 26 03:07:39.271015 n-d-833090-12 devstack@placement-api.service[107629]: INFO placement.requestlog [req-862097d7-4f89-4b61-b0a9-28e36fa126d6 req-bf6f3a63-ad6a-441b-89a5-a5cf016619d1 service placement] 10.222.0.70 "GET /placement/allocations/9c0966ca-cd94-4e89-a54e-71fefcb6eec3" status: 200 len: 259 microversion: 1.28
Aug 26 03:07:39.276257 n-d-833090-12 devstack@placement-api.service[107629]: [pid: 107629|app: 0|req: 381/769] 10.222.0.70 () {60 vars in 1377 bytes} [Fri Aug 26 03:07:39 2022] GET /placement/allocations/9c0966ca-cd94-4e89-a54e-71fefcb6eec3 => generated 259 bytes in 37 msecs (HTTP/1.1 200) 8 headers in 296 bytes (1 switches on core 0)
Aug 26 03:07:39.282199 n-d-833090-12 devstack@placement-api.service[107630]: DEBUG placement.requestlog [req-862097d7-4f89-4b61-b0a9-28e36fa126d6 req-f94057c9-7428-400e-841e-e1c470103991 None None] Starting request: 10.222.0.70 "GET /placement/allocations/f7ffa93f-dfd3-4fa4-97ad-a5f400c1c148" {{(pid=107630) __call__ /opt/stack/placement/placement/requestlog.py:55}}
Aug 26 03:07:39.322449 n-d-833090-12 devstack@placement-api.service[107630]: INFO placement.requestlog [req-862097d7-4f89-4b61-b0a9-28e36fa126d6 req-f94057c9-7428-400e-841e-e1c470103991 service placement] 10.222.0.70 "GET /placement/allocations/f7ffa93f-dfd3-4fa4-97ad-a5f400c1c148" status: 200 len: 259 microversion: 1.28
Aug 26 03:07:39.327408 n-d-833090-12 devstack@placement-api.service[107630]: [pid: 107630|app: 0|req: 389/770] 10.222.0.70 () {60 vars in 1377 bytes} [Fri Aug 26 03:07:39 2022] GET /placement/allocations/f7ffa93f-dfd3-4fa4-97ad-a5f400c1c148 => generated 259 bytes in 45 msecs (HTTP/1.1 200) 8 headers in 296 bytes (1 switches on core 0)
Aug 26 03:07:39.332539 n-d-833090-12 devstack@placement-api.service[107629]: DEBUG placement.requestlog [req-862097d7-4f89-4b61-b0a9-28e36fa126d6 req-5c2a7085-52e8-4d55-bbb1-7df5574960a5 None None] Starting request: 10.222.0.70 "GET /placement/allocations/b8551fde-6397-42ef-9f04-de73e5c63ea5" {{(pid=107629) __call__ /opt/stack/placement/placement/requestlog.py:55}}
Aug 26 03:07:39.376884 n-d-833090-12 devstack@placement-api.service[107629]: INFO placement.requestlog [req-862097d7-4f89-4b61-b0a9-28e36fa126d6 req-5c2a7085-52e8-4d55-bbb1-7df5574960a5 service placement] 10.222.0.70 "GET /placement/allocations/b8551fde-6397-42ef-9f04-de73e5c63ea5" status: 200 len: 245 microversion: 1.28
Aug 26 03:07:39.380792 n-d-833090-12 devstack@placement-api.service[107629]: [pid: 107629|app: 0|req: 382/771] 10.222.0.70 () {60 vars in 1377 bytes} [Fri Aug 26 03:07:39 2022] GET /placement/allocations/b8551fde-6397-42ef-9f04-de73e5c63ea5 => generated 245 bytes in 48 msecs (HTTP/1.1 200) 8 headers in 296 bytes (1 switches on core 0)
Aug 26 03:07:39.387568 n-d-833090-12 devstack@placement-api.service[107630]: DEBUG placement.requestlog [req-862097d7-4f89-4b61-b0a9-28e36fa126d6 req-e34a5e47-56ce-4a66-a5e7-efd4d9a4fcf3 None None] Starting request: 10.222.0.70 "GET /placement/allocations/365ff2a7-a1a6-47cb-9a04-b0933ab53ab2" {{(pid=107630) __call__ /opt/stack/placement/placement/requestlog.py:55}}
Aug 26 03:07:39.433482 n-d-833090-12 devstack@placement-api.service[107630]: INFO placement.requestlog [req-862097d7-4f89-4b61-b0a9-28e36fa126d6 req-e34a5e47-56ce-4a66-a5e7-efd4d9a4fcf3 service placement] 10.222.0.70 "GET /placement/allocations/365ff2a7-a1a6-47cb-9a04-b0933ab53ab2" status: 200 len: 259 microversion: 1.28
Aug 26 03:07:39.436212 n-d-833090-12 devstack@placement-api.service[107630]: [pid: 107630|app: 0|req: 390/772] 10.222.0.70 () {60 vars in 1377 bytes} [Fri Aug 26 03:07:39 2022] GET /placement/allocations/365ff2a7-a1a6-47cb-9a04-b0933ab53ab2 => generated 259 bytes in 50 msecs (HTTP/1.1 200) 8 headers in 296 bytes (2 switches on core 0)
Aug 26 03:07:39.441841 n-d-833090-12 devstack@placement-api.service[107629]: DEBUG placement.requestlog [req-862097d7-4f89-4b61-b0a9-28e36fa126d6 req-1ab978e6-076b-479b-8732-6dcebcd4296c None None] Starting request: 10.222.0.70 "GET /placement/allocations/5c63bad2-a667-4372-8221-f5130708e6f4" {{(pid=107629) __call__ /opt/stack/placement/placement/requestlog.py:55}}
Aug 26 03:07:39.524214 n-d-833090-12 devstack@placement-api.service[107629]: INFO placement.requestlog [req-862097d7-4f89-4b61-b0a9-28e36fa126d6 req-1ab978e6-076b-479b-8732-6dcebcd4296c service placement] 10.222.0.70 "GET /placement/allocations/5c63bad2-a667-4372-8221-f5130708e6f4" status: 200 len: 259 microversion: 1.28
Aug 26 03:07:39.526049 n-d-833090-12 devstack@placement-api.service[107629]: [pid: 107629|app: 0|req: 383/773] 10.222.0.70 () {60 vars in 1377 bytes} [Fri Aug 26 03:07:39 2022] GET /placement/allocations/5c63bad2-a667-4372-8221-f5130708e6f4 => generated 259 bytes in 84 msecs (HTTP/1.1 200) 8 headers in 296 bytes (1 switches on core 0)
Aug 26 03:07:39.534293 n-d-833090-12 devstack@placement-api.service[107630]: DEBUG placement.requestlog [req-862097d7-4f89-4b61-b0a9-28e36fa126d6 req-5d464f3c-0dbf-4925-897a-df7bcc20767f None None] Starting request: 10.222.0.70 "GET /placement/allocations/1c945cc6-69a8-44dd-a33a-1258d41e503d" {{(pid=107630) __call__ /opt/stack/placement/placement/requestlog.py:55}}
Aug 26 03:07:39.569093 n-d-833090-12 devstack@placement-api.service[107630]: INFO placement.requestlog [req-862097d7-4f89-4b61-b0a9-28e36fa126d6 req-5d464f3c-0dbf-4925-897a-df7bcc20767f service placement] 10.222.0.70 "GET /placement/allocations/1c945cc6-69a8-44dd-a33a-1258d41e503d" status: 200 len: 245 microversion: 1.28
Aug 26 03:07:39.570254 n-d-833090-12 devstack@placement-api.service[107630]: [pid: 107630|app: 0|req: 391/774] 10.222.0.70 () {60 vars in 1377 bytes} [Fri Aug 26 03:07:39 2022] GET /placement/allocations/1c945cc6-69a8-44dd-a33a-1258d41e503d => generated 245 bytes in 36 msecs (HTTP/1.1 200) 8 headers in 296 bytes (1 switches on core 0)
Aug 26 03:07:39.816110 n-d-833090-12 devstack@placement-api.service[107629]: DEBUG placement.requestlog [req-862097d7-4f89-4b61-b0a9-28e36fa126d6 req-196f9b52-8660-482b-9f31-9cda439346f4 None None] Starting request: 10.222.0.70 "DELETE /placement/allocations/365ff2a7-a1a6-47cb-9a04-b0933ab53ab2" {{(pid=107629) __call__ /opt/stack/placement/placement/requestlog.py:55}}
Aug 26 03:07:39.900353 n-d-833090-12 devstack@placement-api.service[107629]: DEBUG placement.handlers.allocation [req-862097d7-4f89-4b61-b0a9-28e36fa126d6 req-196f9b52-8660-482b-9f31-9cda439346f4 service placement] Successfully deleted allocations [, , ] {{(pid=107629) delete_allocations /opt/stack/placement/placement/handlers/allocation.py:627}}
Aug 26 03:07:39.901890 n-d-833090-12 devstack@placement-api.service[107629]: INFO placement.requestlog [req-862097d7-4f89-4b61-b0a9-28e36fa126d6 req-196f9b52-8660-482b-9f31-9cda439346f4 service placement] 10.222.0.70 "DELETE /placement/allocations/365ff2a7-a1a6-47cb-9a04-b0933ab53ab2" status: 204 len: 0 microversion: 1.0
Aug 26 03:07:39.906861 n-d-833090-12 devstack@placement-api.service[107629]: [pid: 107629|app: 0|req: 384/775] 10.222.0.70 () {60 vars in 1355 bytes} [Fri Aug 26 03:07:39 2022] DELETE /placement/allocations/365ff2a7-a1a6-47cb-9a04-b0933ab53ab2 => generated 0 bytes in 91 msecs (HTTP/1.1 204) 5 headers in 198 bytes (1 switches on core 0)
Aug 26 03:07:43.382307 n-d-833090-12 devstack@placement-api.service[107630]: DEBUG placement.requestlog [req-b3e29004-94eb-42e7-b822-1683300210ac req-21f03191-d755-4c0b-8b43-0c5598fae2b4 None None] Starting request: 10.222.0.61 "GET /placement/resource_providers/859cb3d2-3d24-412d-abcb-9cffc6a5486f/allocations" {{(pid=107630) __call__ /opt/stack/placement/placement/requestlog.py:55}}
Aug 26 03:07:43.415749 n-d-833090-12 devstack@placement-api.service[107630]: INFO placement.requestlog [req-b3e29004-94eb-42e7-b822-1683300210ac req-21f03191-d755-4c0b-8b43-0c5598fae2b4 service placement] 10.222.0.61 "GET /placement/resource_providers/859cb3d2-3d24-412d-abcb-9cffc6a5486f/allocations" status: 200 len: 443 microversion: 1.0
Aug 26 03:07:43.417055 n-d-833090-12 devstack@placement-api.service[107630]: [pid: 107630|app: 0|req: 392/776] 10.222.0.61 () {58 vars in 1390 bytes} [Fri Aug 26 03:07:43 2022] GET /placement/resource_providers/859cb3d2-3d24-412d-abcb-9cffc6a5486f/allocations => generated 443 bytes in 36 msecs (HTTP/1.1 200) 6 headers in 224 bytes (1 switches on core 0)
Aug 26 03:07:43.474706 n-d-833090-12 devstack@placement-api.service[107629]: DEBUG placement.requestlog [req-b3e29004-94eb-42e7-b822-1683300210ac req-b37bf4e5-e7f6-401f-ac0b-0e5baec49925 None None] Starting request: 10.222.0.61 "GET /placement/resource_providers/859cb3d2-3d24-412d-abcb-9cffc6a5486f/allocations" {{(pid=107629) __call__ /opt/stack/placement/placement/requestlog.py:55}}
Aug 26 03:07:43.519172 n-d-833090-12 devstack@placement-api.service[107629]: INFO placement.requestlog [req-b3e29004-94eb-42e7-b822-1683300210ac req-b37bf4e5-e7f6-401f-ac0b-0e5baec49925 service placement] 10.222.0.61 "GET /placement/resource_providers/859cb3d2-3d24-412d-abcb-9cffc6a5486f/allocations" status: 200 len: 443 microversion: 1.0
Aug 26 03:07:43.520827 n-d-833090-12 devstack@placement-api.service[107629]: [pid: 107629|app: 0|req: 385/777] 10.222.0.61 () {58 vars in 1390 bytes} [Fri Aug 26 03:07:43 2022] GET /placement/resource_providers/859cb3d2-3d24-412d-abcb-9cffc6a5486f/allocations => generated 443 bytes in 46 msecs (HTTP/1.1 200) 6 headers in 224 bytes (1 switches on core 0)
Aug 26 03:07:43.528330 n-d-833090-12 devstack@placement-api.service[107630]: DEBUG placement.requestlog [req-b3e29004-94eb-42e7-b822-1683300210ac req-b9aea87d-e319-4060-988c-5026f9d5b421 None None] Starting request: 10.222.0.61 "GET /placement/allocations/2511df7d-56d3-485b-bc70-53353965b6d7" {{(pid=107630) __call__ /opt/stack/placement/placement/requestlog.py:55}}
Aug 26 03:07:43.573838 n-d-833090-12 devstack@placement-api.service[107630]: INFO placement.requestlog [req-b3e29004-94eb-42e7-b822-1683300210ac req-b9aea87d-e319-4060-988c-5026f9d5b421 service placement] 10.222.0.61 "GET /placement/allocations/2511df7d-56d3-485b-bc70-53353965b6d7" status: 200 len: 245 microversion: 1.28
Aug 26 03:07:43.574902 n-d-833090-12 devstack@placement-api.service[107630]: [pid: 107630|app: 0|req: 393/778] 10.222.0.61 () {60 vars in 1377 bytes} [Fri Aug 26 03:07:43 2022] GET /placement/allocations/2511df7d-56d3-485b-bc70-53353965b6d7 => generated 245 bytes in 47 msecs (HTTP/1.1 200) 8 headers in 296 bytes (1 switches on core 0)
Aug 26 03:07:43.582433 n-d-833090-12 devstack@placement-api.service[107629]: DEBUG placement.requestlog [req-b3e29004-94eb-42e7-b822-1683300210ac req-19974941-ce53-4887-a31d-8c63559254bf None None] Starting request: 10.222.0.61 "GET /placement/allocations/df088d44-d604-45d0-9912-23c6ec8a8902" {{(pid=107629) __call__ /opt/stack/placement/placement/requestlog.py:55}}
Aug 26 03:07:43.614401 n-d-833090-12 devstack@placement-api.service[107629]: INFO placement.requestlog [req-b3e29004-94eb-42e7-b822-1683300210ac req-19974941-ce53-4887-a31d-8c63559254bf service placement] 10.222.0.61 "GET /placement/allocations/df088d44-d604-45d0-9912-23c6ec8a8902" status: 200 len: 259 microversion: 1.28
Aug 26 03:07:43.616397 n-d-833090-12 devstack@placement-api.service[107629]: [pid: 107629|app: 0|req: 386/779] 10.222.0.61 () {60 vars in 1377 bytes} [Fri Aug 26 03:07:43 2022] GET /placement/allocations/df088d44-d604-45d0-9912-23c6ec8a8902 => generated 259 bytes in 34 msecs (HTTP/1.1 200) 8 headers in 296 bytes (1 switches on core 0)
Aug 26 03:07:43.625960 n-d-833090-12 devstack@placement-api.service[107630]: DEBUG placement.requestlog [req-b3e29004-94eb-42e7-b822-1683300210ac req-fcd035a9-44de-45ed-a4ef-5e1729600bc8 None None] Starting request: 10.222.0.61 "GET /placement/allocations/802ecd83-5b59-49ca-9a23-c6da1a7f5eab" {{(pid=107630) __call__ /opt/stack/placement/placement/requestlog.py:55}}
Aug 26 03:07:43.653997 n-d-833090-12 devstack@placement-api.service[107630]: INFO placement.requestlog [req-b3e29004-94eb-42e7-b822-1683300210ac req-fcd035a9-44de-45ed-a4ef-5e1729600bc8 service placement] 10.222.0.61 "GET /placement/allocations/802ecd83-5b59-49ca-9a23-c6da1a7f5eab" status: 200 len: 259 microversion: 1.28
Aug 26 03:07:43.658603 n-d-833090-12 devstack@placement-api.service[107630]: [pid: 107630|app: 0|req: 394/780] 10.222.0.61 () {60 vars in 1377 bytes} [Fri Aug 26 03:07:43 2022] GET /placement/allocations/802ecd83-5b59-49ca-9a23-c6da1a7f5eab => generated 259 bytes in 33 msecs (HTTP/1.1 200) 8 headers in 296 bytes (1 switches on core 0)
Aug 26 03:07:43.664443 n-d-833090-12 devstack@placement-api.service[107629]: DEBUG placement.requestlog [req-b3e29004-94eb-42e7-b822-1683300210ac req-b72ef7cd-548a-4479-a63e-11022d075569 None None] Starting request: 10.222.0.61 "GET /placement/allocations/93abb727-bd84-4f1c-9ad8-b58fa8130cb5" {{(pid=107629) __call__ /opt/stack/placement/placement/requestlog.py:55}}
Aug 26 03:07:43.734670 n-d-833090-12 devstack@placement-api.service[107629]: INFO placement.requestlog [req-b3e29004-94eb-42e7-b822-1683300210ac req-b72ef7cd-548a-4479-a63e-11022d075569 service placement] 10.222.0.61 "GET /placement/allocations/93abb727-bd84-4f1c-9ad8-b58fa8130cb5" status: 200 len: 259 microversion: 1.28
Aug 26 03:07:43.737991 n-d-833090-12 devstack@placement-api.service[107629]: [pid: 107629|app: 0|req: 387/781] 10.222.0.61 () {60 vars in 1377 bytes} [Fri Aug 26 03:07:43 2022] GET /placement/allocations/93abb727-bd84-4f1c-9ad8-b58fa8130cb5 => generated 259 bytes in 74 msecs (HTTP/1.1 200) 8 headers in 296 bytes (1 switches on core 0)
Aug 26 03:07:53.648827 n-d-833090-12 devstack@placement-api.service[107630]: DEBUG dbcounter [-] [107630] Writing DB stats placement:SELECT=42 {{(pid=107630) stat_writer /usr/local/lib/python3.8/dist-packages/dbcounter.py:114}}
Aug 26 03:07:53.690184 n-d-833090-12 devstack@placement-api.service[107629]: DEBUG dbcounter [-] [107629] Writing DB stats placement:SELECT=78,placement:INSERT=6,placement:DELETE=7,placement:UPDATE=5 {{(pid=107629) stat_writer /usr/local/lib/python3.8/dist-packages/dbcounter.py:114}}
Aug 26 03:07:54.821711 n-d-833090-12 devstack@placement-api.service[107630]: DEBUG placement.requestlog [req-171f0479-b3a4-444b-aa2d-fa69c0023f34 req-cfbdcf19-9549-41a4-87ba-712e29fe2bb9 None None] Starting request: 10.222.0.70 "GET /placement/resource_providers/a05241d1-a552-4c52-9784-741e3e93c07a/allocations" {{(pid=107630) __call__ /opt/stack/placement/placement/requestlog.py:55}}
Aug 26 03:07:54.886419 n-d-833090-12 devstack@placement-api.service[107630]: INFO placement.requestlog [req-171f0479-b3a4-444b-aa2d-fa69c0023f34 req-cfbdcf19-9549-41a4-87ba-712e29fe2bb9 service placement] 10.222.0.70 "GET /placement/resource_providers/a05241d1-a552-4c52-9784-741e3e93c07a/allocations" status: 200 len: 631 microversion: 1.0
Aug 26 03:07:54.892153 n-d-833090-12 devstack@placement-api.service[107630]: [pid: 107630|app: 0|req: 395/782] 10.222.0.70 () {58 vars in 1390 bytes} [Fri Aug 26 03:07:54 2022] GET /placement/resource_providers/a05241d1-a552-4c52-9784-741e3e93c07a/allocations => generated 631 bytes in 71 msecs (HTTP/1.1 200) 6 headers in 224 bytes (1 switches on core 0)
Aug 26 03:07:54.905380 n-d-833090-12 devstack@placement-api.service[107629]: DEBUG placement.requestlog [req-a4093e81-a63b-40da-a3f8-e9f822d0819a req-fbd5bea3-46bb-4931-be0b-d51f9231a29a None None] Starting request: 10.222.0.50 "GET /placement/allocation_candidates?limit=1000&resources=DISK_GB%3A1%2CMEMORY_MB%3A1024%2CVCPU%3A1&root_required=%21COMPUTE_STATUS_DISABLED" {{(pid=107629) __call__ /opt/stack/placement/placement/requestlog.py:55}}
Aug 26 03:07:55.055761 n-d-833090-12 devstack@placement-api.service[107630]: DEBUG placement.requestlog [req-171f0479-b3a4-444b-aa2d-fa69c0023f34 req-0e87be2f-63fb-44a0-83f7-69ce1f842615 None None] Starting request: 10.222.0.70 "GET /placement/resource_providers/a05241d1-a552-4c52-9784-741e3e93c07a/allocations" {{(pid=107630) __call__ /opt/stack/placement/placement/requestlog.py:55}}
Aug 26 03:07:55.079490 n-d-833090-12 devstack@placement-api.service[107629]: DEBUG placement.objects.research_context [req-a4093e81-a63b-40da-a3f8-e9f822d0819a req-fbd5bea3-46bb-4931-be0b-d51f9231a29a service placement] getting providers with 1 DISK_GB {{(pid=107629) __init__ /opt/stack/placement/placement/objects/research_context.py:136}}
Aug 26 03:07:55.108017 n-d-833090-12 devstack@placement-api.service[107629]: DEBUG placement.objects.research_context [req-a4093e81-a63b-40da-a3f8-e9f822d0819a req-fbd5bea3-46bb-4931-be0b-d51f9231a29a service placement] getting providers with 1024 MEMORY_MB {{(pid=107629) __init__ /opt/stack/placement/placement/objects/research_context.py:136}}
Aug 26 03:07:55.155776 n-d-833090-12 devstack@placement-api.service[107629]: DEBUG placement.objects.research_context [req-a4093e81-a63b-40da-a3f8-e9f822d0819a req-fbd5bea3-46bb-4931-be0b-d51f9231a29a service placement] getting providers with 1 VCPU {{(pid=107629) __init__ /opt/stack/placement/placement/objects/research_context.py:136}}
Aug 26 03:07:55.167078 n-d-833090-12 devstack@placement-api.service[107630]: INFO placement.requestlog [req-171f0479-b3a4-444b-aa2d-fa69c0023f34 req-0e87be2f-63fb-44a0-83f7-69ce1f842615 service placement] 10.222.0.70 "GET /placement/resource_providers/a05241d1-a552-4c52-9784-741e3e93c07a/allocations" status: 200 len: 631 microversion: 1.0
Aug 26 03:07:55.172580 n-d-833090-12 devstack@placement-api.service[107630]: [pid: 107630|app: 0|req: 396/783] 10.222.0.70 () {58 vars in 1390 bytes} [Fri Aug 26 03:07:55 2022] GET /placement/resource_providers/a05241d1-a552-4c52-9784-741e3e93c07a/allocations => generated 631 bytes in 116 msecs (HTTP/1.1 200) 6 headers in 224 bytes (2 switches on core 0)
Aug 26 03:07:55.178849 n-d-833090-12 devstack@placement-api.service[107630]: DEBUG placement.requestlog [req-171f0479-b3a4-444b-aa2d-fa69c0023f34 req-1d6819de-e8d9-4591-9ec6-9c192dc178a3 None None] Starting request: 10.222.0.70 "GET /placement/allocations/5e3b33ab-97e8-4c48-9159-05dc7a65df14" {{(pid=107630) __call__ /opt/stack/placement/placement/requestlog.py:55}}
Aug 26 03:07:55.179039 n-d-833090-12 devstack@placement-api.service[107629]: DEBUG placement.objects.research_context [req-a4093e81-a63b-40da-a3f8-e9f822d0819a req-fbd5bea3-46bb-4931-be0b-d51f9231a29a service placement] found 2 providers with available 1 DISK_GB {{(pid=107629) get_provider_ids_matching /opt/stack/placement/placement/objects/research_context.py:563}}
Aug 26 03:07:55.183114 n-d-833090-12 devstack@placement-api.service[107629]: DEBUG placement.objects.research_context [req-a4093e81-a63b-40da-a3f8-e9f822d0819a req-fbd5bea3-46bb-4931-be0b-d51f9231a29a service placement] found 2 providers with available 1024 MEMORY_MB {{(pid=107629) get_provider_ids_matching /opt/stack/placement/placement/objects/research_context.py:563}}
Aug 26 03:07:55.183401 n-d-833090-12 devstack@placement-api.service[107629]: DEBUG placement.objects.research_context [req-a4093e81-a63b-40da-a3f8-e9f822d0819a req-fbd5bea3-46bb-4931-be0b-d51f9231a29a service placement] found 2 providers after filtering by previous result {{(pid=107629) get_provider_ids_matching /opt/stack/placement/placement/objects/research_context.py:594}}
Aug 26 03:07:55.185144 n-d-833090-12 devstack@placement-api.service[107629]: DEBUG placement.objects.research_context [req-a4093e81-a63b-40da-a3f8-e9f822d0819a req-fbd5bea3-46bb-4931-be0b-d51f9231a29a service placement] found 2 providers with available 1 VCPU {{(pid=107629) get_provider_ids_matching /opt/stack/placement/placement/objects/research_context.py:563}}
Aug 26 03:07:55.185454 n-d-833090-12 devstack@placement-api.service[107629]: DEBUG placement.objects.research_context [req-a4093e81-a63b-40da-a3f8-e9f822d0819a req-fbd5bea3-46bb-4931-be0b-d51f9231a29a service placement] found 2 providers after filtering by previous result {{(pid=107629) get_provider_ids_matching /opt/stack/placement/placement/objects/research_context.py:594}}
Aug 26 03:07:55.235244 n-d-833090-12 devstack@placement-api.service[107629]: DEBUG placement.objects.allocation_candidate [req-a4093e81-a63b-40da-a3f8-e9f822d0819a req-fbd5bea3-46bb-4931-be0b-d51f9231a29a service placement] RequestGroup(use_same_provider=False, resources={DISK_GB:1, MEMORY_MB:1024, VCPU:1}, traits=(), aggregates=[]) (suffix '') returned 2 matches {{(pid=107629) _get_by_requests /opt/stack/placement/placement/objects/allocation_candidate.py:156}}
Aug 26 03:07:55.236815 n-d-833090-12 devstack@placement-api.service[107629]: DEBUG placement.objects.allocation_candidate [req-a4093e81-a63b-40da-a3f8-e9f822d0819a req-fbd5bea3-46bb-4931-be0b-d51f9231a29a service placement] Merging candidates yields 2 allocation requests and 2 provider summaries {{(pid=107629) _merge_candidates /opt/stack/placement/placement/objects/allocation_candidate.py:809}}
Aug 26 03:07:55.241259 n-d-833090-12 devstack@placement-api.service[107629]: INFO placement.requestlog [req-a4093e81-a63b-40da-a3f8-e9f822d0819a req-fbd5bea3-46bb-4931-be0b-d51f9231a29a service placement] 10.222.0.50 "GET /placement/allocation_candidates?limit=1000&resources=DISK_GB%3A1%2CMEMORY_MB%3A1024%2CVCPU%3A1&root_required=%21COMPUTE_STATUS_DISABLED" status: 200 len: 1309 microversion: 1.36
Aug 26 03:07:55.243671 n-d-833090-12 devstack@placement-api.service[107629]: [pid: 107629|app: 0|req: 388/784] 10.222.0.50 () {60 vars in 1506 bytes} [Fri Aug 26 03:07:54 2022] GET /placement/allocation_candidates?limit=1000&resources=DISK_GB%3A1%2CMEMORY_MB%3A1024%2CVCPU%3A1&root_required=%21COMPUTE_STATUS_DISABLED => generated 1309 bytes in 339 msecs (HTTP/1.1 200) 8 headers in 297 bytes (1 switches on core 0)
Aug 26 03:07:55.255210 n-d-833090-12 devstack@placement-api.service[107630]: INFO placement.requestlog [req-171f0479-b3a4-444b-aa2d-fa69c0023f34 req-1d6819de-e8d9-4591-9ec6-9c192dc178a3 service placement] 10.222.0.70 "GET /placement/allocations/5e3b33ab-97e8-4c48-9159-05dc7a65df14" status: 200 len: 259 microversion: 1.28
Aug 26 03:07:55.257708 n-d-833090-12 devstack@placement-api.service[107630]: [pid: 107630|app: 0|req: 397/785] 10.222.0.70 () {60 vars in 1377 bytes} [Fri Aug 26 03:07:55 2022] GET /placement/allocations/5e3b33ab-97e8-4c48-9159-05dc7a65df14 => generated 259 bytes in 79 msecs (HTTP/1.1 200) 8 headers in 296 bytes (1 switches on core 0)
Aug 26 03:07:55.265005 n-d-833090-12 devstack@placement-api.service[107629]: DEBUG placement.requestlog [req-171f0479-b3a4-444b-aa2d-fa69c0023f34 req-c1543db4-48fb-46da-94e2-71ac55d3a8b3 None None] Starting request: 10.222.0.70 "GET /placement/allocations/9c0966ca-cd94-4e89-a54e-71fefcb6eec3" {{(pid=107629) __call__ /opt/stack/placement/placement/requestlog.py:55}}
Aug 26 03:07:55.302661 n-d-833090-12 devstack@placement-api.service[107629]: INFO placement.requestlog [req-171f0479-b3a4-444b-aa2d-fa69c0023f34 req-c1543db4-48fb-46da-94e2-71ac55d3a8b3 service placement] 10.222.0.70 "GET /placement/allocations/9c0966ca-cd94-4e89-a54e-71fefcb6eec3" status: 200 len: 259 microversion: 1.28
Aug 26 03:07:55.303418 n-d-833090-12 devstack@placement-api.service[107629]: [pid: 107629|app: 0|req: 389/786] 10.222.0.70 () {60 vars in 1377 bytes} [Fri Aug 26 03:07:55 2022] GET /placement/allocations/9c0966ca-cd94-4e89-a54e-71fefcb6eec3 => generated 259 bytes in 40 msecs (HTTP/1.1 200) 8 headers in 296 bytes (1 switches on core 0)
Aug 26 03:07:55.316345 n-d-833090-12 devstack@placement-api.service[107630]: DEBUG placement.requestlog [req-171f0479-b3a4-444b-aa2d-fa69c0023f34 req-c2cd5345-aa99-43d4-8032-3f7d613222aa None None] Starting request: 10.222.0.70 "GET /placement/allocations/f7ffa93f-dfd3-4fa4-97ad-a5f400c1c148" {{(pid=107630) __call__ /opt/stack/placement/placement/requestlog.py:55}}
Aug 26 03:07:55.369855 n-d-833090-12 devstack@placement-api.service[107630]: INFO placement.requestlog [req-171f0479-b3a4-444b-aa2d-fa69c0023f34 req-c2cd5345-aa99-43d4-8032-3f7d613222aa service placement] 10.222.0.70 "GET /placement/allocations/f7ffa93f-dfd3-4fa4-97ad-a5f400c1c148" status: 200 len: 259 microversion: 1.28
Aug 26 03:07:55.372733 n-d-833090-12 devstack@placement-api.service[107630]: [pid: 107630|app: 0|req: 398/787] 10.222.0.70 () {60 vars in 1377 bytes} [Fri Aug 26 03:07:55 2022] GET /placement/allocations/f7ffa93f-dfd3-4fa4-97ad-a5f400c1c148 => generated 259 bytes in 57 msecs (HTTP/1.1 200) 8 headers in 296 bytes (1 switches on core 0)
Aug 26 03:07:55.381795 n-d-833090-12 devstack@placement-api.service[107629]: DEBUG placement.requestlog [req-171f0479-b3a4-444b-aa2d-fa69c0023f34 req-7f8b8298-d580-4348-b921-bf7f051791b5 None None] Starting request: 10.222.0.70 "GET /placement/allocations/b8551fde-6397-42ef-9f04-de73e5c63ea5" {{(pid=107629) __call__ /opt/stack/placement/placement/requestlog.py:55}}
Aug 26 03:07:55.404519 n-d-833090-12 devstack@placement-api.service[107629]: INFO placement.requestlog [req-171f0479-b3a4-444b-aa2d-fa69c0023f34 req-7f8b8298-d580-4348-b921-bf7f051791b5 service placement] 10.222.0.70 "GET /placement/allocations/b8551fde-6397-42ef-9f04-de73e5c63ea5" status: 200 len: 245 microversion: 1.28
Aug 26 03:07:55.406800 n-d-833090-12 devstack@placement-api.service[107629]: [pid: 107629|app: 0|req: 390/788] 10.222.0.70 () {60 vars in 1377 bytes} [Fri Aug 26 03:07:55 2022] GET /placement/allocations/b8551fde-6397-42ef-9f04-de73e5c63ea5 => generated 245 bytes in 25 msecs (HTTP/1.1 200) 8 headers in 296 bytes (1 switches on core 0)
Aug 26 03:07:55.431023 n-d-833090-12 devstack@placement-api.service[107630]: DEBUG placement.requestlog [req-171f0479-b3a4-444b-aa2d-fa69c0023f34 req-299ee279-b783-4334-b501-e483e63b5d05 None None] Starting request: 10.222.0.70 "GET /placement/allocations/5c63bad2-a667-4372-8221-f5130708e6f4" {{(pid=107630) __call__ /opt/stack/placement/placement/requestlog.py:55}}
Aug 26 03:07:55.486988 n-d-833090-12 devstack@placement-api.service[107630]: INFO placement.requestlog [req-171f0479-b3a4-444b-aa2d-fa69c0023f34 req-299ee279-b783-4334-b501-e483e63b5d05 service placement] 10.222.0.70 "GET /placement/allocations/5c63bad2-a667-4372-8221-f5130708e6f4" status: 200 len: 259 microversion: 1.28
Aug 26 03:07:55.491313 n-d-833090-12 devstack@placement-api.service[107630]: [pid: 107630|app: 0|req: 399/789] 10.222.0.70 () {60 vars in 1377 bytes} [Fri Aug 26 03:07:55 2022] GET /placement/allocations/5c63bad2-a667-4372-8221-f5130708e6f4 => generated 259 bytes in 59 msecs (HTTP/1.1 200) 8 headers in 296 bytes (1 switches on core 0)
Aug 26 03:07:55.501406 n-d-833090-12 devstack@placement-api.service[107629]: DEBUG placement.requestlog [req-171f0479-b3a4-444b-aa2d-fa69c0023f34 req-4ae5289a-5940-4ec4-834b-5ab688b9ed04 None None] Starting request: 10.222.0.70 "GET /placement/allocations/1c945cc6-69a8-44dd-a33a-1258d41e503d" {{(pid=107629) __call__ /opt/stack/placement/placement/requestlog.py:55}}
Aug 26 03:07:55.512733 n-d-833090-12 devstack@placement-api.service[107630]: DEBUG placement.requestlog [req-a4093e81-a63b-40da-a3f8-e9f822d0819a req-4ba8be88-7640-4961-9e5c-1c5612bc24a2 None None] Starting request: 10.222.0.50 "GET /placement/allocations/ed5f2259-6094-4434-9dab-5ada9a107a7b" {{(pid=107630) __call__ /opt/stack/placement/placement/requestlog.py:55}}
Aug 26 03:07:55.557922 n-d-833090-12 devstack@placement-api.service[107629]: INFO placement.requestlog [req-171f0479-b3a4-444b-aa2d-fa69c0023f34 req-4ae5289a-5940-4ec4-834b-5ab688b9ed04 service placement] 10.222.0.70 "GET /placement/allocations/1c945cc6-69a8-44dd-a33a-1258d41e503d" status: 200 len: 245 microversion: 1.28
Aug 26 03:07:55.559425 n-d-833090-12 devstack@placement-api.service[107630]: INFO placement.requestlog [req-a4093e81-a63b-40da-a3f8-e9f822d0819a req-4ba8be88-7640-4961-9e5c-1c5612bc24a2 service placement] 10.222.0.50 "GET /placement/allocations/ed5f2259-6094-4434-9dab-5ada9a107a7b" status: 200 len: 19 microversion: 1.28
Aug 26 03:07:55.561166 n-d-833090-12 devstack@placement-api.service[107629]: [pid: 107629|app: 0|req: 391/790] 10.222.0.70 () {60 vars in 1377 bytes} [Fri Aug 26 03:07:55 2022] GET /placement/allocations/1c945cc6-69a8-44dd-a33a-1258d41e503d => generated 245 bytes in 61 msecs (HTTP/1.1 200) 8 headers in 296 bytes (1 switches on core 0)
Aug 26 03:07:55.562429 n-d-833090-12 devstack@placement-api.service[107630]: [pid: 107630|app: 0|req: 400/791] 10.222.0.50 () {60 vars in 1380 bytes} [Fri Aug 26 03:07:55 2022] GET /placement/allocations/ed5f2259-6094-4434-9dab-5ada9a107a7b => generated 19 bytes in 50 msecs (HTTP/1.1 200) 8 headers in 295 bytes (2 switches on core 0)
Aug 26 03:07:55.570585 n-d-833090-12 devstack@placement-api.service[107629]: DEBUG placement.requestlog [req-a4093e81-a63b-40da-a3f8-e9f822d0819a req-72fc3f1c-03cb-45f6-ba6a-009d2347a6a6 None None] Starting request: 10.222.0.50 "PUT /placement/allocations/ed5f2259-6094-4434-9dab-5ada9a107a7b" {{(pid=107629) __call__ /opt/stack/placement/placement/requestlog.py:55}}
Aug 26 03:07:55.716264 n-d-833090-12 devstack@placement-api.service[107629]: DEBUG placement.handlers.allocation [req-a4093e81-a63b-40da-a3f8-e9f822d0819a req-72fc3f1c-03cb-45f6-ba6a-009d2347a6a6 service placement] Successfully wrote allocations [, , ] {{(pid=107629) _update_consumers_and_create_allocations /opt/stack/placement/placement/handlers/allocation.py:462}}
Aug 26 03:07:55.725214 n-d-833090-12 devstack@placement-api.service[107629]: INFO placement.requestlog [req-a4093e81-a63b-40da-a3f8-e9f822d0819a req-72fc3f1c-03cb-45f6-ba6a-009d2347a6a6 service placement] 10.222.0.50 "PUT /placement/allocations/ed5f2259-6094-4434-9dab-5ada9a107a7b" status: 204 len: 0 microversion: 1.36
Aug 26 03:07:55.726049 n-d-833090-12 devstack@placement-api.service[107629]: [pid: 107629|app: 0|req: 392/792] 10.222.0.50 () {64 vars in 1433 bytes} [Fri Aug 26 03:07:55 2022] PUT /placement/allocations/ed5f2259-6094-4434-9dab-5ada9a107a7b => generated 0 bytes in 156 msecs (HTTP/1.1 204) 5 headers in 199 bytes (1 switches on core 0)
Aug 26 03:07:56.411328 n-d-833090-12 devstack@placement-api.service[107630]: DEBUG placement.requestlog [req-a4093e81-a63b-40da-a3f8-e9f822d0819a req-0fc32a98-3f09-46c2-9706-ef40a099cebd None None] Starting request: 10.222.0.61 "GET /placement/allocations/ed5f2259-6094-4434-9dab-5ada9a107a7b" {{(pid=107630) __call__ /opt/stack/placement/placement/requestlog.py:55}}
Aug 26 03:07:56.442008 n-d-833090-12 devstack@placement-api.service[107630]: INFO placement.requestlog [req-a4093e81-a63b-40da-a3f8-e9f822d0819a req-0fc32a98-3f09-46c2-9706-ef40a099cebd service placement] 10.222.0.61 "GET /placement/allocations/ed5f2259-6094-4434-9dab-5ada9a107a7b" status: 200 len: 259 microversion: 1.28
Aug 26 03:07:56.442685 n-d-833090-12 devstack@placement-api.service[107630]: [pid: 107630|app: 0|req: 401/793] 10.222.0.61 () {60 vars in 1377 bytes} [Fri Aug 26 03:07:56 2022] GET /placement/allocations/ed5f2259-6094-4434-9dab-5ada9a107a7b => generated 259 bytes in 32 msecs (HTTP/1.1 200) 8 headers in 296 bytes (1 switches on core 0)
Aug 26 03:07:56.751104 n-d-833090-12 devstack@placement-api.service[107629]: DEBUG placement.requestlog [req-a4093e81-a63b-40da-a3f8-e9f822d0819a req-9396e568-2be2-4116-93f9-961246a64086 None None] Starting request: 10.222.0.61 "GET /placement/resource_providers/859cb3d2-3d24-412d-abcb-9cffc6a5486f/allocations" {{(pid=107629) __call__ /opt/stack/placement/placement/requestlog.py:55}}
Aug 26 03:07:56.808542 n-d-833090-12 devstack@placement-api.service[107629]: INFO placement.requestlog [req-a4093e81-a63b-40da-a3f8-e9f822d0819a req-9396e568-2be2-4116-93f9-961246a64086 service placement] 10.222.0.61 "GET /placement/resource_providers/859cb3d2-3d24-412d-abcb-9cffc6a5486f/allocations" status: 200 len: 544 microversion: 1.0
Aug 26 03:07:56.809236 n-d-833090-12 devstack@placement-api.service[107629]: [pid: 107629|app: 0|req: 393/794] 10.222.0.61 () {58 vars in 1390 bytes} [Fri Aug 26 03:07:56 2022] GET /placement/resource_providers/859cb3d2-3d24-412d-abcb-9cffc6a5486f/allocations => generated 544 bytes in 60 msecs (HTTP/1.1 200) 6 headers in 224 bytes (1 switches on core 0)
Aug 26 03:07:56.816398 n-d-833090-12 devstack@placement-api.service[107630]: DEBUG placement.requestlog [req-a4093e81-a63b-40da-a3f8-e9f822d0819a req-6e7d984c-5a71-48ea-8fe6-c7824c03b2fc None None] Starting request: 10.222.0.61 "GET /placement/allocations/df088d44-d604-45d0-9912-23c6ec8a8902" {{(pid=107630) __call__ /opt/stack/placement/placement/requestlog.py:55}}
Aug 26 03:07:56.845350 n-d-833090-12 devstack@placement-api.service[107630]: INFO placement.requestlog [req-a4093e81-a63b-40da-a3f8-e9f822d0819a req-6e7d984c-5a71-48ea-8fe6-c7824c03b2fc service placement] 10.222.0.61 "GET /placement/allocations/df088d44-d604-45d0-9912-23c6ec8a8902" status: 200 len: 259 microversion: 1.28
Aug 26 03:07:56.846258 n-d-833090-12 devstack@placement-api.service[107630]: [pid: 107630|app: 0|req: 402/795] 10.222.0.61 () {60 vars in 1377 bytes} [Fri Aug 26 03:07:56 2022] GET /placement/allocations/df088d44-d604-45d0-9912-23c6ec8a8902 => generated 259 bytes in 30 msecs (HTTP/1.1 200) 8 headers in 296 bytes (1 switches on core 0)
Aug 26 03:07:56.857275 n-d-833090-12 devstack@placement-api.service[107629]: DEBUG placement.requestlog [req-a4093e81-a63b-40da-a3f8-e9f822d0819a req-6612f578-e362-44f9-98ca-dec34c762857 None None] Starting request: 10.222.0.61 "GET /placement/allocations/93abb727-bd84-4f1c-9ad8-b58fa8130cb5" {{(pid=107629) __call__ /opt/stack/placement/placement/requestlog.py:55}}
Aug 26 03:07:56.892189 n-d-833090-12 devstack@placement-api.service[107629]: INFO placement.requestlog [req-a4093e81-a63b-40da-a3f8-e9f822d0819a req-6612f578-e362-44f9-98ca-dec34c762857 service placement] 10.222.0.61 "GET /placement/allocations/93abb727-bd84-4f1c-9ad8-b58fa8130cb5" status: 200 len: 259 microversion: 1.28
Aug 26 03:07:56.893091 n-d-833090-12 devstack@placement-api.service[107629]: [pid: 107629|app: 0|req: 394/796] 10.222.0.61 () {60 vars in 1377 bytes} [Fri Aug 26 03:07:56 2022] GET /placement/allocations/93abb727-bd84-4f1c-9ad8-b58fa8130cb5 => generated 259 bytes in 36 msecs (HTTP/1.1 200) 8 headers in 296 bytes (1 switches on core 0)
Aug 26 03:07:56.902262 n-d-833090-12 devstack@placement-api.service[107630]: DEBUG placement.requestlog [req-a4093e81-a63b-40da-a3f8-e9f822d0819a req-7a3b8613-89cd-405c-9005-06d84cd81c2f None None] Starting request: 10.222.0.61 "GET /placement/allocations/2511df7d-56d3-485b-bc70-53353965b6d7" {{(pid=107630) __call__ /opt/stack/placement/placement/requestlog.py:55}}
Aug 26 03:07:56.932830 n-d-833090-12 devstack@placement-api.service[107630]: INFO placement.requestlog [req-a4093e81-a63b-40da-a3f8-e9f822d0819a req-7a3b8613-89cd-405c-9005-06d84cd81c2f service placement] 10.222.0.61 "GET /placement/allocations/2511df7d-56d3-485b-bc70-53353965b6d7" status: 200 len: 245 microversion: 1.28
Aug 26 03:07:56.933508 n-d-833090-12 devstack@placement-api.service[107630]: [pid: 107630|app: 0|req: 403/797] 10.222.0.61 () {60 vars in 1377 bytes} [Fri Aug 26 03:07:56 2022] GET /placement/allocations/2511df7d-56d3-485b-bc70-53353965b6d7 => generated 245 bytes in 32 msecs (HTTP/1.1 200) 8 headers in 296 bytes (1 switches on core 0)
Aug 26 03:07:56.942662 n-d-833090-12 devstack@placement-api.service[107629]: DEBUG placement.requestlog [req-a4093e81-a63b-40da-a3f8-e9f822d0819a req-5cba484b-225f-40a4-817c-3ef009dc1d94 None None] Starting request: 10.222.0.61 "GET /placement/allocations/802ecd83-5b59-49ca-9a23-c6da1a7f5eab" {{(pid=107629) __call__ /opt/stack/placement/placement/requestlog.py:55}}
Aug 26 03:07:56.968790 n-d-833090-12 devstack@placement-api.service[107629]: INFO placement.requestlog [req-a4093e81-a63b-40da-a3f8-e9f822d0819a req-5cba484b-225f-40a4-817c-3ef009dc1d94 service placement] 10.222.0.61 "GET /placement/allocations/802ecd83-5b59-49ca-9a23-c6da1a7f5eab" status: 200 len: 259 microversion: 1.28
Aug 26 03:07:56.969613 n-d-833090-12 devstack@placement-api.service[107629]: [pid: 107629|app: 0|req: 395/798] 10.222.0.61 () {60 vars in 1377 bytes} [Fri Aug 26 03:07:56 2022] GET /placement/allocations/802ecd83-5b59-49ca-9a23-c6da1a7f5eab => generated 259 bytes in 27 msecs (HTTP/1.1 200) 8 headers in 296 bytes (1 switches on core 0)
Aug 26 03:07:56.985894 n-d-833090-12 devstack@placement-api.service[107630]: DEBUG placement.requestlog [req-a4093e81-a63b-40da-a3f8-e9f822d0819a req-e00e6973-e62b-4148-8fef-805b0f88a075 None None] Starting request: 10.222.0.61 "GET /placement/allocations/ed5f2259-6094-4434-9dab-5ada9a107a7b" {{(pid=107630) __call__ /opt/stack/placement/placement/requestlog.py:55}}
