Aug 26 03:03:41.773195 n-d-833090-12 devstack@placement-api.service[107629]: DEBUG placement.requestlog [req-da8e2303-2b30-48b3-82c7-6bdc4c98349a req-d55624ec-86ad-4619-bab8-bdbd1d568399 None None] Starting request: 10.222.0.61 "GET /placement/resource_providers?in_tree=859cb3d2-3d24-412d-abcb-9cffc6a5486f" {{(pid=107629) __call__ /opt/stack/placement/placement/requestlog.py:55}}
Aug 26 03:03:41.812002 n-d-833090-12 devstack@placement-api.service[107629]: INFO placement.requestlog [req-da8e2303-2b30-48b3-82c7-6bdc4c98349a req-d55624ec-86ad-4619-bab8-bdbd1d568399 service placement] 10.222.0.61 "GET /placement/resource_providers?in_tree=859cb3d2-3d24-412d-abcb-9cffc6a5486f" status: 200 len: 864 microversion: 1.14
Aug 26 03:03:41.820292 n-d-833090-12 devstack@placement-api.service[107629]: [pid: 107629|app: 0|req: 175/357] 10.222.0.61 () {60 vars in 1376 bytes} [Fri Aug 26 03:03:41 2022] GET /placement/resource_providers?in_tree=859cb3d2-3d24-412d-abcb-9cffc6a5486f => generated 864 bytes in 47 msecs (HTTP/1.1 200) 6 headers in 225 bytes (1 switches on core 0)
Aug 26 03:03:41.828194 n-d-833090-12 devstack@placement-api.service[107630]: DEBUG placement.requestlog [req-da8e2303-2b30-48b3-82c7-6bdc4c98349a req-fff71358-1f98-48af-a549-67224c11808d None None] Starting request: 10.222.0.61 "GET /placement/resource_providers/859cb3d2-3d24-412d-abcb-9cffc6a5486f/inventories" {{(pid=107630) __call__ /opt/stack/placement/placement/requestlog.py:55}}
Aug 26 03:03:41.851034 n-d-833090-12 devstack@placement-api.service[107630]: INFO placement.requestlog [req-da8e2303-2b30-48b3-82c7-6bdc4c98349a req-fff71358-1f98-48af-a549-67224c11808d service placement] 10.222.0.61 "GET /placement/resource_providers/859cb3d2-3d24-412d-abcb-9cffc6a5486f/inventories" status: 200 len: 398 microversion: 1.0
Aug 26 03:03:41.851984 n-d-833090-12 devstack@placement-api.service[107630]: [pid: 107630|app: 0|req: 183/358] 10.222.0.61 () {58 vars in 1390 bytes} [Fri Aug 26 03:03:41 2022] GET /placement/resource_providers/859cb3d2-3d24-412d-abcb-9cffc6a5486f/inventories => generated 398 bytes in 24 msecs (HTTP/1.1 200) 6 headers in 224 bytes (1 switches on core 0)
Aug 26 03:03:41.863275 n-d-833090-12 devstack@placement-api.service[107629]: DEBUG placement.requestlog [req-da8e2303-2b30-48b3-82c7-6bdc4c98349a req-23266064-8249-4b62-a22d-aca5a3597ef4 None None] Starting request: 10.222.0.61 "GET /placement/resource_providers/859cb3d2-3d24-412d-abcb-9cffc6a5486f/aggregates" {{(pid=107629) __call__ /opt/stack/placement/placement/requestlog.py:55}}
Aug 26 03:03:41.886120 n-d-833090-12 devstack@placement-api.service[107629]: INFO placement.requestlog [req-da8e2303-2b30-48b3-82c7-6bdc4c98349a req-23266064-8249-4b62-a22d-aca5a3597ef4 service placement] 10.222.0.61 "GET /placement/resource_providers/859cb3d2-3d24-412d-abcb-9cffc6a5486f/aggregates" status: 200 len: 54 microversion: 1.19
Aug 26 03:03:41.887011 n-d-833090-12 devstack@placement-api.service[107629]: [pid: 107629|app: 0|req: 176/359] 10.222.0.61 () {60 vars in 1431 bytes} [Fri Aug 26 03:03:41 2022] GET /placement/resource_providers/859cb3d2-3d24-412d-abcb-9cffc6a5486f/aggregates => generated 54 bytes in 24 msecs (HTTP/1.1 200) 8 headers in 295 bytes (1 switches on core 0)
Aug 26 03:03:41.895638 n-d-833090-12 devstack@placement-api.service[107630]: DEBUG placement.requestlog [req-da8e2303-2b30-48b3-82c7-6bdc4c98349a req-bf3a1bb2-2152-41c8-ad93-93205ce6d613 None None] Starting request: 10.222.0.61 "GET /placement/resource_providers/859cb3d2-3d24-412d-abcb-9cffc6a5486f/traits" {{(pid=107630) __call__ /opt/stack/placement/placement/requestlog.py:55}}
Aug 26 03:03:41.987684 n-d-833090-12 devstack@placement-api.service[107630]: INFO placement.requestlog [req-da8e2303-2b30-48b3-82c7-6bdc4c98349a req-bf3a1bb2-2152-41c8-ad93-93205ce6d613 service placement] 10.222.0.61 "GET /placement/resource_providers/859cb3d2-3d24-412d-abcb-9cffc6a5486f/traits" status: 200 len: 212 microversion: 1.6
Aug 26 03:03:41.988734 n-d-833090-12 devstack@placement-api.service[107630]: [pid: 107630|app: 0|req: 184/360] 10.222.0.61 () {60 vars in 1418 bytes} [Fri Aug 26 03:03:41 2022] GET /placement/resource_providers/859cb3d2-3d24-412d-abcb-9cffc6a5486f/traits => generated 212 bytes in 93 msecs (HTTP/1.1 200) 6 headers in 224 bytes (1 switches on core 0)
Aug 26 03:03:41.998945 n-d-833090-12 devstack@placement-api.service[107629]: DEBUG placement.requestlog [req-da8e2303-2b30-48b3-82c7-6bdc4c98349a req-59835ce6-bb95-4323-b990-4c801608b56e None None] Starting request: 10.222.0.61 "GET /placement/resource_providers/859cb3d2-3d24-412d-abcb-9cffc6a5486f/allocations" {{(pid=107629) __call__ /opt/stack/placement/placement/requestlog.py:55}}
Aug 26 03:03:42.055578 n-d-833090-12 devstack@placement-api.service[107629]: INFO placement.requestlog [req-da8e2303-2b30-48b3-82c7-6bdc4c98349a req-59835ce6-bb95-4323-b990-4c801608b56e service placement] 10.222.0.61 "GET /placement/resource_providers/859cb3d2-3d24-412d-abcb-9cffc6a5486f/allocations" status: 200 len: 356 microversion: 1.0
Aug 26 03:03:42.056415 n-d-833090-12 devstack@placement-api.service[107629]: [pid: 107629|app: 0|req: 177/361] 10.222.0.61 () {58 vars in 1390 bytes} [Fri Aug 26 03:03:41 2022] GET /placement/resource_providers/859cb3d2-3d24-412d-abcb-9cffc6a5486f/allocations => generated 356 bytes in 58 msecs (HTTP/1.1 200) 6 headers in 224 bytes (1 switches on core 0)
Aug 26 03:03:42.065290 n-d-833090-12 devstack@placement-api.service[107630]: DEBUG placement.requestlog [req-da8e2303-2b30-48b3-82c7-6bdc4c98349a req-94f24445-2951-483c-bcc8-38aaa8c0e26f None None] Starting request: 10.222.0.61 "GET /placement/allocations/f7ffa93f-dfd3-4fa4-97ad-a5f400c1c148" {{(pid=107630) __call__ /opt/stack/placement/placement/requestlog.py:55}}
Aug 26 03:03:42.105537 n-d-833090-12 devstack@placement-api.service[107630]: INFO placement.requestlog [req-da8e2303-2b30-48b3-82c7-6bdc4c98349a req-94f24445-2951-483c-bcc8-38aaa8c0e26f service placement] 10.222.0.61 "GET /placement/allocations/f7ffa93f-dfd3-4fa4-97ad-a5f400c1c148" status: 200 len: 259 microversion: 1.28
Aug 26 03:03:42.106993 n-d-833090-12 devstack@placement-api.service[107630]: [pid: 107630|app: 0|req: 185/362] 10.222.0.61 () {60 vars in 1377 bytes} [Fri Aug 26 03:03:42 2022] GET /placement/allocations/f7ffa93f-dfd3-4fa4-97ad-a5f400c1c148 => generated 259 bytes in 42 msecs (HTTP/1.1 200) 8 headers in 296 bytes (1 switches on core 0)
Aug 26 03:03:42.115504 n-d-833090-12 devstack@placement-api.service[107629]: DEBUG placement.requestlog [req-da8e2303-2b30-48b3-82c7-6bdc4c98349a req-f2e2a92b-20ce-4383-8ee4-b75041717842 None None] Starting request: 10.222.0.61 "GET /placement/allocations/a7c2b58d-26fc-494a-8c51-64eca4837ea6" {{(pid=107629) __call__ /opt/stack/placement/placement/requestlog.py:55}}
Aug 26 03:03:42.141211 n-d-833090-12 devstack@placement-api.service[107629]: INFO placement.requestlog [req-da8e2303-2b30-48b3-82c7-6bdc4c98349a req-f2e2a92b-20ce-4383-8ee4-b75041717842 service placement] 10.222.0.61 "GET /placement/allocations/a7c2b58d-26fc-494a-8c51-64eca4837ea6" status: 200 len: 259 microversion: 1.28
Aug 26 03:03:42.142059 n-d-833090-12 devstack@placement-api.service[107629]: [pid: 107629|app: 0|req: 178/363] 10.222.0.61 () {60 vars in 1377 bytes} [Fri Aug 26 03:03:42 2022] GET /placement/allocations/a7c2b58d-26fc-494a-8c51-64eca4837ea6 => generated 259 bytes in 27 msecs (HTTP/1.1 200) 8 headers in 296 bytes (1 switches on core 0)
Aug 26 03:03:42.149609 n-d-833090-12 devstack@placement-api.service[107630]: DEBUG placement.requestlog [req-da8e2303-2b30-48b3-82c7-6bdc4c98349a req-7cfbd230-c262-4a5e-bd99-cddbf4e13ed1 None None] Starting request: 10.222.0.61 "GET /placement/allocations/cdd2f4b4-c35b-4ed7-b7cd-118b336e48f1" {{(pid=107630) __call__ /opt/stack/placement/placement/requestlog.py:55}}
Aug 26 03:03:42.196438 n-d-833090-12 devstack@placement-api.service[107630]: INFO placement.requestlog [req-da8e2303-2b30-48b3-82c7-6bdc4c98349a req-7cfbd230-c262-4a5e-bd99-cddbf4e13ed1 service placement] 10.222.0.61 "GET /placement/allocations/cdd2f4b4-c35b-4ed7-b7cd-118b336e48f1" status: 200 len: 259 microversion: 1.28
Aug 26 03:03:42.197136 n-d-833090-12 devstack@placement-api.service[107630]: [pid: 107630|app: 0|req: 186/364] 10.222.0.61 () {60 vars in 1377 bytes} [Fri Aug 26 03:03:42 2022] GET /placement/allocations/cdd2f4b4-c35b-4ed7-b7cd-118b336e48f1 => generated 259 bytes in 48 msecs (HTTP/1.1 200) 8 headers in 296 bytes (1 switches on core 0)
Aug 26 03:03:43.116841 n-d-833090-12 devstack@placement-api.service[107629]: DEBUG placement.requestlog [req-737d5aa0-a8c8-4e96-81f7-a26ed712340f req-0ccb1867-e3db-466d-80de-9fb40bd80acc None None] Starting request: 10.222.0.70 "GET /placement/resource_providers/a05241d1-a552-4c52-9784-741e3e93c07a/allocations" {{(pid=107629) __call__ /opt/stack/placement/placement/requestlog.py:55}}
Aug 26 03:03:43.165740 n-d-833090-12 devstack@placement-api.service[107629]: INFO placement.requestlog [req-737d5aa0-a8c8-4e96-81f7-a26ed712340f req-0ccb1867-e3db-466d-80de-9fb40bd80acc service placement] 10.222.0.70 "GET /placement/resource_providers/a05241d1-a552-4c52-9784-741e3e93c07a/allocations" status: 200 len: 759 microversion: 1.0
Aug 26 03:03:43.166495 n-d-833090-12 devstack@placement-api.service[107629]: [pid: 107629|app: 0|req: 179/365] 10.222.0.70 () {58 vars in 1390 bytes} [Fri Aug 26 03:03:43 2022] GET /placement/resource_providers/a05241d1-a552-4c52-9784-741e3e93c07a/allocations => generated 759 bytes in 50 msecs (HTTP/1.1 200) 6 headers in 224 bytes (1 switches on core 0)
Aug 26 03:03:43.175440 n-d-833090-12 devstack@placement-api.service[107630]: DEBUG placement.requestlog [req-737d5aa0-a8c8-4e96-81f7-a26ed712340f req-5b94298d-a790-4033-b79f-21b721f9ff3b None None] Starting request: 10.222.0.70 "GET /placement/allocations/5e3b33ab-97e8-4c48-9159-05dc7a65df14" {{(pid=107630) __call__ /opt/stack/placement/placement/requestlog.py:55}}
Aug 26 03:03:43.217405 n-d-833090-12 devstack@placement-api.service[107630]: INFO placement.requestlog [req-737d5aa0-a8c8-4e96-81f7-a26ed712340f req-5b94298d-a790-4033-b79f-21b721f9ff3b service placement] 10.222.0.70 "GET /placement/allocations/5e3b33ab-97e8-4c48-9159-05dc7a65df14" status: 200 len: 259 microversion: 1.28
Aug 26 03:03:43.218465 n-d-833090-12 devstack@placement-api.service[107630]: [pid: 107630|app: 0|req: 187/366] 10.222.0.70 () {60 vars in 1377 bytes} [Fri Aug 26 03:03:43 2022] GET /placement/allocations/5e3b33ab-97e8-4c48-9159-05dc7a65df14 => generated 259 bytes in 43 msecs (HTTP/1.1 200) 8 headers in 296 bytes (1 switches on core 0)
Aug 26 03:03:43.229298 n-d-833090-12 devstack@placement-api.service[107629]: DEBUG placement.requestlog [req-737d5aa0-a8c8-4e96-81f7-a26ed712340f req-27b259ee-5904-46f5-9e0c-20a402cdab7f None None] Starting request: 10.222.0.70 "GET /placement/allocations/ff6482f3-223a-4e08-80bf-378e71726fa2" {{(pid=107629) __call__ /opt/stack/placement/placement/requestlog.py:55}}
Aug 26 03:03:43.255963 n-d-833090-12 devstack@placement-api.service[107629]: INFO placement.requestlog [req-737d5aa0-a8c8-4e96-81f7-a26ed712340f req-27b259ee-5904-46f5-9e0c-20a402cdab7f service placement] 10.222.0.70 "GET /placement/allocations/ff6482f3-223a-4e08-80bf-378e71726fa2" status: 200 len: 258 microversion: 1.28
Aug 26 03:03:43.257804 n-d-833090-12 devstack@placement-api.service[107629]: [pid: 107629|app: 0|req: 180/367] 10.222.0.70 () {60 vars in 1377 bytes} [Fri Aug 26 03:03:43 2022] GET /placement/allocations/ff6482f3-223a-4e08-80bf-378e71726fa2 => generated 258 bytes in 29 msecs (HTTP/1.1 200) 8 headers in 296 bytes (1 switches on core 0)
Aug 26 03:03:43.278563 n-d-833090-12 devstack@placement-api.service[107630]: DEBUG placement.requestlog [req-737d5aa0-a8c8-4e96-81f7-a26ed712340f req-16794ea3-4941-414a-9981-f6b38dc94742 None None] Starting request: 10.222.0.70 "GET /placement/allocations/dd31da26-0d0f-41f8-b59f-e56f7e5e6580" {{(pid=107630) __call__ /opt/stack/placement/placement/requestlog.py:55}}
Aug 26 03:03:43.300424 n-d-833090-12 devstack@placement-api.service[107630]: INFO placement.requestlog [req-737d5aa0-a8c8-4e96-81f7-a26ed712340f req-16794ea3-4941-414a-9981-f6b38dc94742 service placement] 10.222.0.70 "GET /placement/allocations/dd31da26-0d0f-41f8-b59f-e56f7e5e6580" status: 200 len: 259 microversion: 1.28
Aug 26 03:03:43.301983 n-d-833090-12 devstack@placement-api.service[107630]: [pid: 107630|app: 0|req: 188/368] 10.222.0.70 () {60 vars in 1377 bytes} [Fri Aug 26 03:03:43 2022] GET /placement/allocations/dd31da26-0d0f-41f8-b59f-e56f7e5e6580 => generated 259 bytes in 24 msecs (HTTP/1.1 200) 8 headers in 296 bytes (1 switches on core 0)
Aug 26 03:03:43.311604 n-d-833090-12 devstack@placement-api.service[107629]: DEBUG placement.requestlog [req-737d5aa0-a8c8-4e96-81f7-a26ed712340f req-0a753bc6-f762-40c7-8cfa-c3742c82c41a None None] Starting request: 10.222.0.70 "GET /placement/allocations/5895c3d6-daf5-40f7-9c2c-d8ac7635cd2a" {{(pid=107629) __call__ /opt/stack/placement/placement/requestlog.py:55}}
Aug 26 03:03:43.358845 n-d-833090-12 devstack@placement-api.service[107629]: INFO placement.requestlog [req-737d5aa0-a8c8-4e96-81f7-a26ed712340f req-0a753bc6-f762-40c7-8cfa-c3742c82c41a service placement] 10.222.0.70 "GET /placement/allocations/5895c3d6-daf5-40f7-9c2c-d8ac7635cd2a" status: 200 len: 259 microversion: 1.28
Aug 26 03:03:43.360315 n-d-833090-12 devstack@placement-api.service[107629]: [pid: 107629|app: 0|req: 181/369] 10.222.0.70 () {60 vars in 1377 bytes} [Fri Aug 26 03:03:43 2022] GET /placement/allocations/5895c3d6-daf5-40f7-9c2c-d8ac7635cd2a => generated 259 bytes in 51 msecs (HTTP/1.1 200) 8 headers in 296 bytes (2 switches on core 0)
Aug 26 03:03:43.372123 n-d-833090-12 devstack@placement-api.service[107630]: DEBUG placement.requestlog [req-737d5aa0-a8c8-4e96-81f7-a26ed712340f req-92bed282-4f5e-4492-a092-08b68de2905a None None] Starting request: 10.222.0.70 "GET /placement/allocations/5c63bad2-a667-4372-8221-f5130708e6f4" {{(pid=107630) __call__ /opt/stack/placement/placement/requestlog.py:55}}
Aug 26 03:03:43.399530 n-d-833090-12 devstack@placement-api.service[107630]: INFO placement.requestlog [req-737d5aa0-a8c8-4e96-81f7-a26ed712340f req-92bed282-4f5e-4492-a092-08b68de2905a service placement] 10.222.0.70 "GET /placement/allocations/5c63bad2-a667-4372-8221-f5130708e6f4" status: 200 len: 259 microversion: 1.28
Aug 26 03:03:43.400696 n-d-833090-12 devstack@placement-api.service[107630]: [pid: 107630|app: 0|req: 189/370] 10.222.0.70 () {60 vars in 1377 bytes} [Fri Aug 26 03:03:43 2022] GET /placement/allocations/5c63bad2-a667-4372-8221-f5130708e6f4 => generated 259 bytes in 29 msecs (HTTP/1.1 200) 8 headers in 296 bytes (1 switches on core 0)
Aug 26 03:03:43.416118 n-d-833090-12 devstack@placement-api.service[107629]: DEBUG placement.requestlog [req-737d5aa0-a8c8-4e96-81f7-a26ed712340f req-cfdce300-4445-4e56-a899-8fc67e620006 None None] Starting request: 10.222.0.70 "GET /placement/allocations/ff17c44b-f340-41e6-8461-87b62fb788f2" {{(pid=107629) __call__ /opt/stack/placement/placement/requestlog.py:55}}
Aug 26 03:03:43.450586 n-d-833090-12 devstack@placement-api.service[107629]: INFO placement.requestlog [req-737d5aa0-a8c8-4e96-81f7-a26ed712340f req-cfdce300-4445-4e56-a899-8fc67e620006 service placement] 10.222.0.70 "GET /placement/allocations/ff17c44b-f340-41e6-8461-87b62fb788f2" status: 200 len: 259 microversion: 1.28
Aug 26 03:03:43.451240 n-d-833090-12 devstack@placement-api.service[107629]: [pid: 107629|app: 0|req: 182/371] 10.222.0.70 () {60 vars in 1377 bytes} [Fri Aug 26 03:03:43 2022] GET /placement/allocations/ff17c44b-f340-41e6-8461-87b62fb788f2 => generated 259 bytes in 36 msecs (HTTP/1.1 200) 8 headers in 296 bytes (1 switches on core 0)
Aug 26 03:03:43.459335 n-d-833090-12 devstack@placement-api.service[107630]: DEBUG placement.requestlog [req-737d5aa0-a8c8-4e96-81f7-a26ed712340f req-f47be552-afbc-47b4-90b0-8f7d95446483 None None] Starting request: 10.222.0.70 "GET /placement/allocations/a57014f8-19d3-41ce-9332-7165aa316d75" {{(pid=107630) __call__ /opt/stack/placement/placement/requestlog.py:55}}
Aug 26 03:03:43.482349 n-d-833090-12 devstack@placement-api.service[107630]: INFO placement.requestlog [req-737d5aa0-a8c8-4e96-81f7-a26ed712340f req-f47be552-afbc-47b4-90b0-8f7d95446483 service placement] 10.222.0.70 "GET /placement/allocations/a57014f8-19d3-41ce-9332-7165aa316d75" status: 200 len: 259 microversion: 1.28
Aug 26 03:03:43.483078 n-d-833090-12 devstack@placement-api.service[107630]: [pid: 107630|app: 0|req: 190/372] 10.222.0.70 () {60 vars in 1377 bytes} [Fri Aug 26 03:03:43 2022] GET /placement/allocations/a57014f8-19d3-41ce-9332-7165aa316d75 => generated 259 bytes in 24 msecs (HTTP/1.1 200) 8 headers in 296 bytes (1 switches on core 0)
Aug 26 03:03:43.751043 n-d-833090-12 devstack@placement-api.service[107629]: DEBUG placement.requestlog [req-737d5aa0-a8c8-4e96-81f7-a26ed712340f req-0dfbc089-dac5-4b23-aad2-c491b26a4c4a None None] Starting request: 10.222.0.70 "DELETE /placement/allocations/ff17c44b-f340-41e6-8461-87b62fb788f2" {{(pid=107629) __call__ /opt/stack/placement/placement/requestlog.py:55}}
Aug 26 03:03:43.811700 n-d-833090-12 devstack@placement-api.service[107629]: DEBUG placement.handlers.allocation [req-737d5aa0-a8c8-4e96-81f7-a26ed712340f req-0dfbc089-dac5-4b23-aad2-c491b26a4c4a service placement] Successfully deleted allocations [, , ] {{(pid=107629) delete_allocations /opt/stack/placement/placement/handlers/allocation.py:627}}
Aug 26 03:03:43.812544 n-d-833090-12 devstack@placement-api.service[107629]: INFO placement.requestlog [req-737d5aa0-a8c8-4e96-81f7-a26ed712340f req-0dfbc089-dac5-4b23-aad2-c491b26a4c4a service placement] 10.222.0.70 "DELETE /placement/allocations/ff17c44b-f340-41e6-8461-87b62fb788f2" status: 204 len: 0 microversion: 1.0
Aug 26 03:03:43.813343 n-d-833090-12 devstack@placement-api.service[107629]: [pid: 107629|app: 0|req: 183/373] 10.222.0.70 () {60 vars in 1355 bytes} [Fri Aug 26 03:03:43 2022] DELETE /placement/allocations/ff17c44b-f340-41e6-8461-87b62fb788f2 => generated 0 bytes in 63 msecs (HTTP/1.1 204) 5 headers in 198 bytes (1 switches on core 0)
Aug 26 03:03:44.132464 n-d-833090-12 devstack@placement-api.service[107630]: DEBUG placement.requestlog [req-c073aa55-0468-4279-8103-36059663dcbb req-70ead362-f229-4e7f-b945-dbdde9f78096 None None] Starting request: 10.222.0.50 "GET /placement/allocations/5895c3d6-daf5-40f7-9c2c-d8ac7635cd2a" {{(pid=107630) __call__ /opt/stack/placement/placement/requestlog.py:55}}
Aug 26 03:03:44.156127 n-d-833090-12 devstack@placement-api.service[107630]: INFO placement.requestlog [req-c073aa55-0468-4279-8103-36059663dcbb req-70ead362-f229-4e7f-b945-dbdde9f78096 service placement] 10.222.0.50 "GET /placement/allocations/5895c3d6-daf5-40f7-9c2c-d8ac7635cd2a" status: 200 len: 259 microversion: 1.28
Aug 26 03:03:44.156819 n-d-833090-12 devstack@placement-api.service[107630]: [pid: 107630|app: 0|req: 191/374] 10.222.0.50 () {60 vars in 1380 bytes} [Fri Aug 26 03:03:44 2022] GET /placement/allocations/5895c3d6-daf5-40f7-9c2c-d8ac7635cd2a => generated 259 bytes in 25 msecs (HTTP/1.1 200) 8 headers in 296 bytes (1 switches on core 0)
Aug 26 03:03:44.163468 n-d-833090-12 devstack@placement-api.service[107629]: DEBUG placement.requestlog [req-c073aa55-0468-4279-8103-36059663dcbb req-ef9012a3-eca1-4afb-8d94-4a624505c846 None None] Starting request: 10.222.0.50 "GET /placement/allocations/5895c3d6-daf5-40f7-9c2c-d8ac7635cd2a" {{(pid=107629) __call__ /opt/stack/placement/placement/requestlog.py:55}}
Aug 26 03:03:44.197226 n-d-833090-12 devstack@placement-api.service[107629]: INFO placement.requestlog [req-c073aa55-0468-4279-8103-36059663dcbb req-ef9012a3-eca1-4afb-8d94-4a624505c846 service placement] 10.222.0.50 "GET /placement/allocations/5895c3d6-daf5-40f7-9c2c-d8ac7635cd2a" status: 200 len: 259 microversion: 1.28
Aug 26 03:03:44.197896 n-d-833090-12 devstack@placement-api.service[107629]: [pid: 107629|app: 0|req: 184/375] 10.222.0.50 () {60 vars in 1380 bytes} [Fri Aug 26 03:03:44 2022] GET /placement/allocations/5895c3d6-daf5-40f7-9c2c-d8ac7635cd2a => generated 259 bytes in 35 msecs (HTTP/1.1 200) 8 headers in 296 bytes (1 switches on core 0)
Aug 26 03:03:44.205762 n-d-833090-12 devstack@placement-api.service[107630]: DEBUG placement.requestlog [req-c073aa55-0468-4279-8103-36059663dcbb req-4a687533-af5a-460d-b77e-4a57ef6489ce None None] Starting request: 10.222.0.50 "GET /placement/allocations/a152918c-21ae-4b2d-a66b-f62328c4da1b" {{(pid=107630) __call__ /opt/stack/placement/placement/requestlog.py:55}}
Aug 26 03:03:44.229949 n-d-833090-12 devstack@placement-api.service[107630]: INFO placement.requestlog [req-c073aa55-0468-4279-8103-36059663dcbb req-4a687533-af5a-460d-b77e-4a57ef6489ce service placement] 10.222.0.50 "GET /placement/allocations/a152918c-21ae-4b2d-a66b-f62328c4da1b" status: 200 len: 19 microversion: 1.28
Aug 26 03:03:44.237687 n-d-833090-12 devstack@placement-api.service[107630]: [pid: 107630|app: 0|req: 192/376] 10.222.0.50 () {60 vars in 1380 bytes} [Fri Aug 26 03:03:44 2022] GET /placement/allocations/a152918c-21ae-4b2d-a66b-f62328c4da1b => generated 19 bytes in 32 msecs (HTTP/1.1 200) 8 headers in 295 bytes (1 switches on core 0)
Aug 26 03:03:44.238025 n-d-833090-12 devstack@placement-api.service[107629]: DEBUG placement.requestlog [req-c073aa55-0468-4279-8103-36059663dcbb req-8c6f4bf8-9edc-4458-b186-a5f59e6b0c21 None None] Starting request: 10.222.0.50 "POST /placement/allocations" {{(pid=107629) __call__ /opt/stack/placement/placement/requestlog.py:55}}
Aug 26 03:03:44.402321 n-d-833090-12 devstack@placement-api.service[107629]: DEBUG placement.handlers.allocation [req-c073aa55-0468-4279-8103-36059663dcbb req-8c6f4bf8-9edc-4458-b186-a5f59e6b0c21 service placement] Successfully wrote allocations [, , , , , ] {{(pid=107629) _update_consumers_and_create_allocations /opt/stack/placement/placement/handlers/allocation.py:572}}
Aug 26 03:03:44.411097 n-d-833090-12 devstack@placement-api.service[107629]: INFO placement.requestlog [req-c073aa55-0468-4279-8103-36059663dcbb req-8c6f4bf8-9edc-4458-b186-a5f59e6b0c21 service placement] 10.222.0.50 "POST /placement/allocations" status: 204 len: 0 microversion: 1.28
Aug 26 03:03:44.411973 n-d-833090-12 devstack@placement-api.service[107629]: [pid: 107629|app: 0|req: 185/377] 10.222.0.50 () {64 vars in 1323 bytes} [Fri Aug 26 03:03:44 2022] POST /placement/allocations => generated 0 bytes in 174 msecs (HTTP/1.1 204) 5 headers in 199 bytes (2 switches on core 0)
Aug 26 03:03:44.667208 n-d-833090-12 devstack@placement-api.service[107630]: DEBUG placement.requestlog [req-c073aa55-0468-4279-8103-36059663dcbb req-8003061e-3a1a-4587-bda6-38ca21d36f9c None None] Starting request: 10.222.0.50 "GET /placement/allocation_candidates?limit=1000&resources=DISK_GB%3A1%2CMEMORY_MB%3A512%2CVCPU%3A1&root_required=%21COMPUTE_STATUS_DISABLED" {{(pid=107630) __call__ /opt/stack/placement/placement/requestlog.py:55}}
Aug 26 03:03:44.750497 n-d-833090-12 devstack@placement-api.service[107630]: DEBUG placement.objects.research_context [req-c073aa55-0468-4279-8103-36059663dcbb req-8003061e-3a1a-4587-bda6-38ca21d36f9c service placement] getting providers with 1 DISK_GB {{(pid=107630) __init__ /opt/stack/placement/placement/objects/research_context.py:136}}
Aug 26 03:03:44.765893 n-d-833090-12 devstack@placement-api.service[107630]: DEBUG placement.objects.research_context [req-c073aa55-0468-4279-8103-36059663dcbb req-8003061e-3a1a-4587-bda6-38ca21d36f9c service placement] getting providers with 512 MEMORY_MB {{(pid=107630) __init__ /opt/stack/placement/placement/objects/research_context.py:136}}
Aug 26 03:03:44.773991 n-d-833090-12 devstack@placement-api.service[107630]: DEBUG placement.objects.research_context [req-c073aa55-0468-4279-8103-36059663dcbb req-8003061e-3a1a-4587-bda6-38ca21d36f9c service placement] getting providers with 1 VCPU {{(pid=107630) __init__ /opt/stack/placement/placement/objects/research_context.py:136}}
Aug 26 03:03:44.783513 n-d-833090-12 devstack@placement-api.service[107630]: DEBUG placement.objects.research_context [req-c073aa55-0468-4279-8103-36059663dcbb req-8003061e-3a1a-4587-bda6-38ca21d36f9c service placement] found 2 providers with available 1 DISK_GB {{(pid=107630) get_provider_ids_matching /opt/stack/placement/placement/objects/research_context.py:563}}
Aug 26 03:03:44.783963 n-d-833090-12 devstack@placement-api.service[107630]: DEBUG placement.objects.research_context [req-c073aa55-0468-4279-8103-36059663dcbb req-8003061e-3a1a-4587-bda6-38ca21d36f9c service placement] found 2 providers with available 512 MEMORY_MB {{(pid=107630) get_provider_ids_matching /opt/stack/placement/placement/objects/research_context.py:563}}
Aug 26 03:03:44.784453 n-d-833090-12 devstack@placement-api.service[107630]: DEBUG placement.objects.research_context [req-c073aa55-0468-4279-8103-36059663dcbb req-8003061e-3a1a-4587-bda6-38ca21d36f9c service placement] found 2 providers after filtering by previous result {{(pid=107630) get_provider_ids_matching /opt/stack/placement/placement/objects/research_context.py:594}}
Aug 26 03:03:44.784978 n-d-833090-12 devstack@placement-api.service[107630]: DEBUG placement.objects.research_context [req-c073aa55-0468-4279-8103-36059663dcbb req-8003061e-3a1a-4587-bda6-38ca21d36f9c service placement] found 2 providers with available 1 VCPU {{(pid=107630) get_provider_ids_matching /opt/stack/placement/placement/objects/research_context.py:563}}
Aug 26 03:03:44.785446 n-d-833090-12 devstack@placement-api.service[107630]: DEBUG placement.objects.research_context [req-c073aa55-0468-4279-8103-36059663dcbb req-8003061e-3a1a-4587-bda6-38ca21d36f9c service placement] found 2 providers after filtering by previous result {{(pid=107630) get_provider_ids_matching /opt/stack/placement/placement/objects/research_context.py:594}}
Aug 26 03:03:44.811295 n-d-833090-12 devstack@placement-api.service[107630]: DEBUG placement.objects.allocation_candidate [req-c073aa55-0468-4279-8103-36059663dcbb req-8003061e-3a1a-4587-bda6-38ca21d36f9c service placement] RequestGroup(use_same_provider=False, resources={DISK_GB:1, MEMORY_MB:512, VCPU:1}, traits=(), aggregates=[]) (suffix '') returned 2 matches {{(pid=107630) _get_by_requests /opt/stack/placement/placement/objects/allocation_candidate.py:156}}
Aug 26 03:03:44.811686 n-d-833090-12 devstack@placement-api.service[107630]: DEBUG placement.objects.allocation_candidate [req-c073aa55-0468-4279-8103-36059663dcbb req-8003061e-3a1a-4587-bda6-38ca21d36f9c service placement] Merging candidates yields 2 allocation requests and 2 provider summaries {{(pid=107630) _merge_candidates /opt/stack/placement/placement/objects/allocation_candidate.py:809}}
Aug 26 03:03:44.817524 n-d-833090-12 devstack@placement-api.service[107630]: INFO placement.requestlog [req-c073aa55-0468-4279-8103-36059663dcbb req-8003061e-3a1a-4587-bda6-38ca21d36f9c service placement] 10.222.0.50 "GET /placement/allocation_candidates?limit=1000&resources=DISK_GB%3A1%2CMEMORY_MB%3A512%2CVCPU%3A1&root_required=%21COMPUTE_STATUS_DISABLED" status: 200 len: 1307 microversion: 1.36
Aug 26 03:03:44.821963 n-d-833090-12 devstack@placement-api.service[107630]: [pid: 107630|app: 0|req: 193/378] 10.222.0.50 () {60 vars in 1504 bytes} [Fri Aug 26 03:03:44 2022] GET /placement/allocation_candidates?limit=1000&resources=DISK_GB%3A1%2CMEMORY_MB%3A512%2CVCPU%3A1&root_required=%21COMPUTE_STATUS_DISABLED => generated 1307 bytes in 155 msecs (HTTP/1.1 200) 8 headers in 297 bytes (1 switches on core 0)
Aug 26 03:03:44.956306 n-d-833090-12 devstack@placement-api.service[107629]: DEBUG placement.requestlog [req-c073aa55-0468-4279-8103-36059663dcbb req-2ea4bbf0-dfa0-4120-9c4b-fdbdcfa1e3b0 None None] Starting request: 10.222.0.50 "GET /placement/allocations/5895c3d6-daf5-40f7-9c2c-d8ac7635cd2a" {{(pid=107629) __call__ /opt/stack/placement/placement/requestlog.py:55}}
Aug 26 03:03:44.974689 n-d-833090-12 devstack@placement-api.service[107629]: INFO placement.requestlog [req-c073aa55-0468-4279-8103-36059663dcbb req-2ea4bbf0-dfa0-4120-9c4b-fdbdcfa1e3b0 service placement] 10.222.0.50 "GET /placement/allocations/5895c3d6-daf5-40f7-9c2c-d8ac7635cd2a" status: 200 len: 19 microversion: 1.28
Aug 26 03:03:44.975084 n-d-833090-12 devstack@placement-api.service[107629]: [pid: 107629|app: 0|req: 186/379] 10.222.0.50 () {60 vars in 1380 bytes} [Fri Aug 26 03:03:44 2022] GET /placement/allocations/5895c3d6-daf5-40f7-9c2c-d8ac7635cd2a => generated 19 bytes in 19 msecs (HTTP/1.1 200) 8 headers in 295 bytes (1 switches on core 0)
Aug 26 03:03:44.982143 n-d-833090-12 devstack@placement-api.service[107630]: DEBUG placement.requestlog [req-c073aa55-0468-4279-8103-36059663dcbb req-c916c910-b19c-429d-9075-17a17e4eb3d8 None None] Starting request: 10.222.0.50 "PUT /placement/allocations/5895c3d6-daf5-40f7-9c2c-d8ac7635cd2a" {{(pid=107630) __call__ /opt/stack/placement/placement/requestlog.py:55}}
Aug 26 03:03:45.166580 n-d-833090-12 devstack@placement-api.service[107630]: DEBUG placement.handlers.allocation [req-c073aa55-0468-4279-8103-36059663dcbb req-c916c910-b19c-429d-9075-17a17e4eb3d8 service placement] Successfully wrote allocations [, , ] {{(pid=107630) _update_consumers_and_create_allocations /opt/stack/placement/placement/handlers/allocation.py:462}}
Aug 26 03:03:45.181633 n-d-833090-12 devstack@placement-api.service[107630]: INFO placement.requestlog [req-c073aa55-0468-4279-8103-36059663dcbb req-c916c910-b19c-429d-9075-17a17e4eb3d8 service placement] 10.222.0.50 "PUT /placement/allocations/5895c3d6-daf5-40f7-9c2c-d8ac7635cd2a" status: 204 len: 0 microversion: 1.36
Aug 26 03:03:45.190401 n-d-833090-12 devstack@placement-api.service[107630]: [pid: 107630|app: 0|req: 194/380] 10.222.0.50 () {64 vars in 1433 bytes} [Fri Aug 26 03:03:44 2022] PUT /placement/allocations/5895c3d6-daf5-40f7-9c2c-d8ac7635cd2a => generated 0 bytes in 201 msecs (HTTP/1.1 204) 5 headers in 199 bytes (2 switches on core 0)
Aug 26 03:03:45.463694 n-d-833090-12 devstack@placement-api.service[107629]: DEBUG placement.requestlog [req-c073aa55-0468-4279-8103-36059663dcbb req-893959c9-cca1-4a01-b7cb-647da994fc85 None None] Starting request: 10.222.0.61 "GET /placement/allocations/5895c3d6-daf5-40f7-9c2c-d8ac7635cd2a" {{(pid=107629) __call__ /opt/stack/placement/placement/requestlog.py:55}}
Aug 26 03:03:45.493590 n-d-833090-12 devstack@placement-api.service[107629]: INFO placement.requestlog [req-c073aa55-0468-4279-8103-36059663dcbb req-893959c9-cca1-4a01-b7cb-647da994fc85 service placement] 10.222.0.61 "GET /placement/allocations/5895c3d6-daf5-40f7-9c2c-d8ac7635cd2a" status: 200 len: 258 microversion: 1.28
Aug 26 03:03:45.498472 n-d-833090-12 devstack@placement-api.service[107629]: [pid: 107629|app: 0|req: 187/381] 10.222.0.61 () {60 vars in 1377 bytes} [Fri Aug 26 03:03:45 2022] GET /placement/allocations/5895c3d6-daf5-40f7-9c2c-d8ac7635cd2a => generated 258 bytes in 35 msecs (HTTP/1.1 200) 8 headers in 296 bytes (1 switches on core 0)
Aug 26 03:03:45.889125 n-d-833090-12 devstack@placement-api.service[107630]: DEBUG placement.requestlog [None req-d810c3c4-93be-4f3e-af63-acfae248a93a None None] Starting request: 10.222.0.50 "GET /placement/resource_providers/d658f589-4546-4dd3-a7e1-e298061df26e/aggregates" {{(pid=107630) __call__ /opt/stack/placement/placement/requestlog.py:55}}
Aug 26 03:03:45.911978 n-d-833090-12 devstack@placement-api.service[107630]: INFO placement.requestlog [None req-d810c3c4-93be-4f3e-af63-acfae248a93a service placement] 10.222.0.50 "GET /placement/resource_providers/d658f589-4546-4dd3-a7e1-e298061df26e/aggregates" status: 404 len: 235 microversion: 1.1
Aug 26 03:03:45.912830 n-d-833090-12 devstack@placement-api.service[107630]: [pid: 107630|app: 0|req: 195/382] 10.222.0.50 () {58 vars in 1362 bytes} [Fri Aug 26 03:03:45 2022] GET /placement/resource_providers/d658f589-4546-4dd3-a7e1-e298061df26e/aggregates => generated 235 bytes in 24 msecs (HTTP/1.1 404) 5 headers in 202 bytes (1 switches on core 0)
Aug 26 03:03:45.917482 n-d-833090-12 devstack@placement-api.service[107629]: DEBUG placement.requestlog [req-c073aa55-0468-4279-8103-36059663dcbb req-b01b506b-2b0f-4323-a619-cfce018511a2 None None] Starting request: 10.222.0.61 "GET /placement/resource_providers/859cb3d2-3d24-412d-abcb-9cffc6a5486f/allocations" {{(pid=107629) __call__ /opt/stack/placement/placement/requestlog.py:55}}
Aug 26 03:03:45.949474 n-d-833090-12 devstack@placement-api.service[107629]: INFO placement.requestlog [req-c073aa55-0468-4279-8103-36059663dcbb req-b01b506b-2b0f-4323-a619-cfce018511a2 service placement] 10.222.0.61 "GET /placement/resource_providers/859cb3d2-3d24-412d-abcb-9cffc6a5486f/allocations" status: 200 len: 456 microversion: 1.0
Aug 26 03:03:45.951084 n-d-833090-12 devstack@placement-api.service[107629]: [pid: 107629|app: 0|req: 188/383] 10.222.0.61 () {58 vars in 1390 bytes} [Fri Aug 26 03:03:45 2022] GET /placement/resource_providers/859cb3d2-3d24-412d-abcb-9cffc6a5486f/allocations => generated 456 bytes in 34 msecs (HTTP/1.1 200) 6 headers in 224 bytes (1 switches on core 0)
Aug 26 03:03:45.957162 n-d-833090-12 devstack@placement-api.service[107630]: DEBUG placement.requestlog [req-c073aa55-0468-4279-8103-36059663dcbb req-8c3cc846-26e9-441f-8af7-0a332f9424ac None None] Starting request: 10.222.0.61 "GET /placement/allocations/a7c2b58d-26fc-494a-8c51-64eca4837ea6" {{(pid=107630) __call__ /opt/stack/placement/placement/requestlog.py:55}}
Aug 26 03:03:45.970145 n-d-833090-12 devstack@placement-api.service[107629]: DEBUG placement.requestlog [None req-f7c77124-19b7-4e7e-a241-55f92739ff26 None None] Starting request: 10.222.0.50 "DELETE /placement/resource_providers/d658f589-4546-4dd3-a7e1-e298061df26e" {{(pid=107629) __call__ /opt/stack/placement/placement/requestlog.py:55}}
Aug 26 03:03:45.994073 n-d-833090-12 devstack@placement-api.service[107630]: INFO placement.requestlog [req-c073aa55-0468-4279-8103-36059663dcbb req-8c3cc846-26e9-441f-8af7-0a332f9424ac service placement] 10.222.0.61 "GET /placement/allocations/a7c2b58d-26fc-494a-8c51-64eca4837ea6" status: 200 len: 259 microversion: 1.28
Aug 26 03:03:45.995058 n-d-833090-12 devstack@placement-api.service[107630]: [pid: 107630|app: 0|req: 196/384] 10.222.0.61 () {60 vars in 1377 bytes} [Fri Aug 26 03:03:45 2022] GET /placement/allocations/a7c2b58d-26fc-494a-8c51-64eca4837ea6 => generated 259 bytes in 38 msecs (HTTP/1.1 200) 8 headers in 296 bytes (2 switches on core 0)
Aug 26 03:03:46.003381 n-d-833090-12 devstack@placement-api.service[107630]: DEBUG placement.requestlog [req-c073aa55-0468-4279-8103-36059663dcbb req-dacf766b-073d-43aa-a369-384fd8ffdb77 None None] Starting request: 10.222.0.61 "GET /placement/allocations/5895c3d6-daf5-40f7-9c2c-d8ac7635cd2a" {{(pid=107630) __call__ /opt/stack/placement/placement/requestlog.py:55}}
Aug 26 03:03:46.012389 n-d-833090-12 devstack@placement-api.service[107629]: DEBUG dbcounter [-] [107629] Writing DB stats placement:SELECT=86,placement:DELETE=7,placement:INSERT=4,placement:UPDATE=3 {{(pid=107629) stat_writer /usr/local/lib/python3.8/dist-packages/dbcounter.py:114}}
Aug 26 03:03:46.026152 n-d-833090-12 devstack@placement-api.service[107629]: DEBUG placement.wsgi_wrapper [None req-f7c77124-19b7-4e7e-a241-55f92739ff26 service placement] Placement API returning an error response: No resource provider with uuid d658f589-4546-4dd3-a7e1-e298061df26e found for delete {{(pid=107629) call_func /opt/stack/placement/placement/wsgi_wrapper.py:31}}
Aug 26 03:03:46.026685 n-d-833090-12 devstack@placement-api.service[107630]: INFO placement.requestlog [req-c073aa55-0468-4279-8103-36059663dcbb req-dacf766b-073d-43aa-a369-384fd8ffdb77 service placement] 10.222.0.61 "GET /placement/allocations/5895c3d6-daf5-40f7-9c2c-d8ac7635cd2a" status: 200 len: 258 microversion: 1.28
Aug 26 03:03:46.027097 n-d-833090-12 devstack@placement-api.service[107629]: INFO placement.requestlog [None req-f7c77124-19b7-4e7e-a241-55f92739ff26 service placement] 10.222.0.50 "DELETE /placement/resource_providers/d658f589-4546-4dd3-a7e1-e298061df26e" status: 404 len: 246 microversion: 1.1
Aug 26 03:03:46.027471 n-d-833090-12 devstack@placement-api.service[107630]: [pid: 107630|app: 0|req: 197/385] 10.222.0.61 () {60 vars in 1377 bytes} [Fri Aug 26 03:03:46 2022] GET /placement/allocations/5895c3d6-daf5-40f7-9c2c-d8ac7635cd2a => generated 258 bytes in 25 msecs (HTTP/1.1 200) 8 headers in 296 bytes (1 switches on core 0)
Aug 26 03:03:46.027783 n-d-833090-12 devstack@placement-api.service[107629]: [pid: 107629|app: 0|req: 189/386] 10.222.0.50 () {60 vars in 1351 bytes} [Fri Aug 26 03:03:45 2022] DELETE /placement/resource_providers/d658f589-4546-4dd3-a7e1-e298061df26e => generated 246 bytes in 58 msecs (HTTP/1.1 404) 6 headers in 231 bytes (1 switches on core 0)
Aug 26 03:03:46.050790 n-d-833090-12 devstack@placement-api.service[107630]: DEBUG placement.requestlog [req-c073aa55-0468-4279-8103-36059663dcbb req-e51cca54-62d7-4b9c-acc9-e98de7037475 None None] Starting request: 10.222.0.61 "GET /placement/allocations/f7ffa93f-dfd3-4fa4-97ad-a5f400c1c148" {{(pid=107630) __call__ /opt/stack/placement/placement/requestlog.py:55}}
Aug 26 03:03:46.084405 n-d-833090-12 devstack@placement-api.service[107630]: INFO placement.requestlog [req-c073aa55-0468-4279-8103-36059663dcbb req-e51cca54-62d7-4b9c-acc9-e98de7037475 service placement] 10.222.0.61 "GET /placement/allocations/f7ffa93f-dfd3-4fa4-97ad-a5f400c1c148" status: 200 len: 259 microversion: 1.28
Aug 26 03:03:46.085439 n-d-833090-12 devstack@placement-api.service[107630]: [pid: 107630|app: 0|req: 198/387] 10.222.0.61 () {60 vars in 1377 bytes} [Fri Aug 26 03:03:46 2022] GET /placement/allocations/f7ffa93f-dfd3-4fa4-97ad-a5f400c1c148 => generated 259 bytes in 37 msecs (HTTP/1.1 200) 8 headers in 296 bytes (1 switches on core 0)
Aug 26 03:03:46.093258 n-d-833090-12 devstack@placement-api.service[107629]: DEBUG placement.requestlog [req-c073aa55-0468-4279-8103-36059663dcbb req-1b59e064-8328-4db6-8cd6-1a14acd265d2 None None] Starting request: 10.222.0.61 "GET /placement/allocations/cdd2f4b4-c35b-4ed7-b7cd-118b336e48f1" {{(pid=107629) __call__ /opt/stack/placement/placement/requestlog.py:55}}
Aug 26 03:03:46.177683 n-d-833090-12 devstack@placement-api.service[107629]: INFO placement.requestlog [req-c073aa55-0468-4279-8103-36059663dcbb req-1b59e064-8328-4db6-8cd6-1a14acd265d2 service placement] 10.222.0.61 "GET /placement/allocations/cdd2f4b4-c35b-4ed7-b7cd-118b336e48f1" status: 200 len: 259 microversion: 1.28
Aug 26 03:03:46.179617 n-d-833090-12 devstack@placement-api.service[107629]: [pid: 107629|app: 0|req: 190/388] 10.222.0.61 () {60 vars in 1377 bytes} [Fri Aug 26 03:03:46 2022] GET /placement/allocations/cdd2f4b4-c35b-4ed7-b7cd-118b336e48f1 => generated 259 bytes in 86 msecs (HTTP/1.1 200) 8 headers in 296 bytes (1 switches on core 0)
Aug 26 03:03:47.577020 n-d-833090-12 devstack@placement-api.service[107630]: DEBUG placement.requestlog [req-a4e7dca3-b00f-4268-b683-91ec3051a3da req-a9b0c028-bb92-479a-8e79-bcb41409faaf None None] Starting request: 10.222.0.70 "GET /placement/resource_providers/a05241d1-a552-4c52-9784-741e3e93c07a/allocations" {{(pid=107630) __call__ /opt/stack/placement/placement/requestlog.py:55}}
Aug 26 03:03:47.635123 n-d-833090-12 devstack@placement-api.service[107630]: INFO placement.requestlog [req-a4e7dca3-b00f-4268-b683-91ec3051a3da req-a9b0c028-bb92-479a-8e79-bcb41409faaf service placement] 10.222.0.70 "GET /placement/resource_providers/a05241d1-a552-4c52-9784-741e3e93c07a/allocations" status: 200 len: 658 microversion: 1.0
Aug 26 03:03:47.635510 n-d-833090-12 devstack@placement-api.service[107630]: [pid: 107630|app: 0|req: 199/389] 10.222.0.70 () {58 vars in 1390 bytes} [Fri Aug 26 03:03:47 2022] GET /placement/resource_providers/a05241d1-a552-4c52-9784-741e3e93c07a/allocations => generated 658 bytes in 59 msecs (HTTP/1.1 200) 6 headers in 224 bytes (2 switches on core 0)
Aug 26 03:03:47.724336 n-d-833090-12 devstack@placement-api.service[107629]: DEBUG placement.requestlog [req-a4e7dca3-b00f-4268-b683-91ec3051a3da req-c36e3eb1-64af-4f9d-b6aa-2e6a01561f99 None None] Starting request: 10.222.0.70 "GET /placement/resource_providers/a05241d1-a552-4c52-9784-741e3e93c07a/allocations" {{(pid=107629) __call__ /opt/stack/placement/placement/requestlog.py:55}}
Aug 26 03:03:47.822253 n-d-833090-12 devstack@placement-api.service[107629]: INFO placement.requestlog [req-a4e7dca3-b00f-4268-b683-91ec3051a3da req-c36e3eb1-64af-4f9d-b6aa-2e6a01561f99 service placement] 10.222.0.70 "GET /placement/resource_providers/a05241d1-a552-4c52-9784-741e3e93c07a/allocations" status: 200 len: 658 microversion: 1.0
Aug 26 03:03:47.826081 n-d-833090-12 devstack@placement-api.service[107629]: [pid: 107629|app: 0|req: 191/390] 10.222.0.70 () {58 vars in 1390 bytes} [Fri Aug 26 03:03:47 2022] GET /placement/resource_providers/a05241d1-a552-4c52-9784-741e3e93c07a/allocations => generated 658 bytes in 99 msecs (HTTP/1.1 200) 6 headers in 224 bytes (1 switches on core 0)
Aug 26 03:03:47.832229 n-d-833090-12 devstack@placement-api.service[107630]: DEBUG placement.requestlog [req-a4e7dca3-b00f-4268-b683-91ec3051a3da req-0256f98a-93f9-4619-bfe8-2308849f329f None None] Starting request: 10.222.0.70 "GET /placement/allocations/5e3b33ab-97e8-4c48-9159-05dc7a65df14" {{(pid=107630) __call__ /opt/stack/placement/placement/requestlog.py:55}}
Aug 26 03:03:47.854754 n-d-833090-12 devstack@placement-api.service[107630]: DEBUG dbcounter [-] [107630] Writing DB stats placement:SELECT=92,placement:INSERT=4,placement:DELETE=2,placement:UPDATE=2 {{(pid=107630) stat_writer /usr/local/lib/python3.8/dist-packages/dbcounter.py:114}}
Aug 26 03:03:47.876872 n-d-833090-12 devstack@placement-api.service[107630]: INFO placement.requestlog [req-a4e7dca3-b00f-4268-b683-91ec3051a3da req-0256f98a-93f9-4619-bfe8-2308849f329f service placement] 10.222.0.70 "GET /placement/allocations/5e3b33ab-97e8-4c48-9159-05dc7a65df14" status: 200 len: 259 microversion: 1.28
Aug 26 03:03:47.878210 n-d-833090-12 devstack@placement-api.service[107630]: [pid: 107630|app: 0|req: 200/391] 10.222.0.70 () {60 vars in 1377 bytes} [Fri Aug 26 03:03:47 2022] GET /placement/allocations/5e3b33ab-97e8-4c48-9159-05dc7a65df14 => generated 259 bytes in 47 msecs (HTTP/1.1 200) 8 headers in 296 bytes (1 switches on core 0)
Aug 26 03:03:47.890932 n-d-833090-12 devstack@placement-api.service[107629]: DEBUG placement.requestlog [req-a4e7dca3-b00f-4268-b683-91ec3051a3da req-b6900607-4fd3-4c3c-84bb-1a028bedf9d3 None None] Starting request: 10.222.0.70 "GET /placement/allocations/ff6482f3-223a-4e08-80bf-378e71726fa2" {{(pid=107629) __call__ /opt/stack/placement/placement/requestlog.py:55}}
Aug 26 03:03:47.936995 n-d-833090-12 devstack@placement-api.service[107629]: INFO placement.requestlog [req-a4e7dca3-b00f-4268-b683-91ec3051a3da req-b6900607-4fd3-4c3c-84bb-1a028bedf9d3 service placement] 10.222.0.70 "GET /placement/allocations/ff6482f3-223a-4e08-80bf-378e71726fa2" status: 200 len: 258 microversion: 1.28
Aug 26 03:03:47.937717 n-d-833090-12 devstack@placement-api.service[107629]: [pid: 107629|app: 0|req: 192/392] 10.222.0.70 () {60 vars in 1377 bytes} [Fri Aug 26 03:03:47 2022] GET /placement/allocations/ff6482f3-223a-4e08-80bf-378e71726fa2 => generated 258 bytes in 47 msecs (HTTP/1.1 200) 8 headers in 296 bytes (1 switches on core 0)
Aug 26 03:03:47.945927 n-d-833090-12 devstack@placement-api.service[107630]: DEBUG placement.requestlog [req-a4e7dca3-b00f-4268-b683-91ec3051a3da req-c34928bf-390b-4efc-9872-a94916009969 None None] Starting request: 10.222.0.70 "GET /placement/allocations/dd31da26-0d0f-41f8-b59f-e56f7e5e6580" {{(pid=107630) __call__ /opt/stack/placement/placement/requestlog.py:55}}
Aug 26 03:03:47.980036 n-d-833090-12 devstack@placement-api.service[107630]: INFO placement.requestlog [req-a4e7dca3-b00f-4268-b683-91ec3051a3da req-c34928bf-390b-4efc-9872-a94916009969 service placement] 10.222.0.70 "GET /placement/allocations/dd31da26-0d0f-41f8-b59f-e56f7e5e6580" status: 200 len: 259 microversion: 1.28
Aug 26 03:03:47.980791 n-d-833090-12 devstack@placement-api.service[107630]: [pid: 107630|app: 0|req: 201/393] 10.222.0.70 () {60 vars in 1377 bytes} [Fri Aug 26 03:03:47 2022] GET /placement/allocations/dd31da26-0d0f-41f8-b59f-e56f7e5e6580 => generated 259 bytes in 35 msecs (HTTP/1.1 200) 8 headers in 296 bytes (1 switches on core 0)
Aug 26 03:03:48.009163 n-d-833090-12 devstack@placement-api.service[107629]: DEBUG placement.requestlog [req-a4e7dca3-b00f-4268-b683-91ec3051a3da req-8c858837-c26b-45d9-80bc-dd93efa51a37 None None] Starting request: 10.222.0.70 "GET /placement/allocations/5c63bad2-a667-4372-8221-f5130708e6f4" {{(pid=107629) __call__ /opt/stack/placement/placement/requestlog.py:55}}
Aug 26 03:03:48.038984 n-d-833090-12 devstack@placement-api.service[107629]: INFO placement.requestlog [req-a4e7dca3-b00f-4268-b683-91ec3051a3da req-8c858837-c26b-45d9-80bc-dd93efa51a37 service placement] 10.222.0.70 "GET /placement/allocations/5c63bad2-a667-4372-8221-f5130708e6f4" status: 200 len: 259 microversion: 1.28
Aug 26 03:03:48.038984 n-d-833090-12 devstack@placement-api.service[107629]: [pid: 107629|app: 0|req: 193/394] 10.222.0.70 () {60 vars in 1377 bytes} [Fri Aug 26 03:03:48 2022] GET /placement/allocations/5c63bad2-a667-4372-8221-f5130708e6f4 => generated 259 bytes in 29 msecs (HTTP/1.1 200) 8 headers in 296 bytes (2 switches on core 0)
Aug 26 03:03:48.055731 n-d-833090-12 devstack@placement-api.service[107630]: DEBUG placement.requestlog [req-a4e7dca3-b00f-4268-b683-91ec3051a3da req-e59e7ef0-ce58-48e9-a277-87b6705d73bd None None] Starting request: 10.222.0.70 "GET /placement/allocations/a57014f8-19d3-41ce-9332-7165aa316d75" {{(pid=107630) __call__ /opt/stack/placement/placement/requestlog.py:55}}
Aug 26 03:03:48.095181 n-d-833090-12 devstack@placement-api.service[107630]: INFO placement.requestlog [req-a4e7dca3-b00f-4268-b683-91ec3051a3da req-e59e7ef0-ce58-48e9-a277-87b6705d73bd service placement] 10.222.0.70 "GET /placement/allocations/a57014f8-19d3-41ce-9332-7165aa316d75" status: 200 len: 259 microversion: 1.28
Aug 26 03:03:48.095717 n-d-833090-12 devstack@placement-api.service[107630]: [pid: 107630|app: 0|req: 202/395] 10.222.0.70 () {60 vars in 1377 bytes} [Fri Aug 26 03:03:48 2022] GET /placement/allocations/a57014f8-19d3-41ce-9332-7165aa316d75 => generated 259 bytes in 40 msecs (HTTP/1.1 200) 8 headers in 296 bytes (2 switches on core 0)
Aug 26 03:03:48.123142 n-d-833090-12 devstack@placement-api.service[107629]: DEBUG placement.requestlog [req-a4e7dca3-b00f-4268-b683-91ec3051a3da req-f2fcd228-5f64-4452-a975-7559c6b046e3 None None] Starting request: 10.222.0.70 "GET /placement/allocations/a152918c-21ae-4b2d-a66b-f62328c4da1b" {{(pid=107629) __call__ /opt/stack/placement/placement/requestlog.py:55}}
Aug 26 03:03:48.170379 n-d-833090-12 devstack@placement-api.service[107629]: INFO placement.requestlog [req-a4e7dca3-b00f-4268-b683-91ec3051a3da req-f2fcd228-5f64-4452-a975-7559c6b046e3 service placement] 10.222.0.70 "GET /placement/allocations/a152918c-21ae-4b2d-a66b-f62328c4da1b" status: 200 len: 259 microversion: 1.28
Aug 26 03:03:48.171413 n-d-833090-12 devstack@placement-api.service[107629]: [pid: 107629|app: 0|req: 194/396] 10.222.0.70 () {60 vars in 1377 bytes} [Fri Aug 26 03:03:48 2022] GET /placement/allocations/a152918c-21ae-4b2d-a66b-f62328c4da1b => generated 259 bytes in 49 msecs (HTTP/1.1 200) 8 headers in 296 bytes (2 switches on core 0)
Aug 26 03:03:49.356830 n-d-833090-12 devstack@placement-api.service[107630]: DEBUG placement.requestlog [req-11eca83f-3ae2-4f47-b6ee-14ece2a6a4ba req-bb72ec08-adfc-476b-acbc-470df5cd8c71 None None] Starting request: 10.222.0.50 "GET /placement/allocation_candidates?limit=1000&resources=DISK_GB%3A1%2CMEMORY_MB%3A1024%2CVCPU%3A1&root_required=%21COMPUTE_STATUS_DISABLED" {{(pid=107630) __call__ /opt/stack/placement/placement/requestlog.py:55}}
Aug 26 03:03:49.458392 n-d-833090-12 devstack@placement-api.service[107630]: DEBUG placement.objects.research_context [req-11eca83f-3ae2-4f47-b6ee-14ece2a6a4ba req-bb72ec08-adfc-476b-acbc-470df5cd8c71 service placement] getting providers with 1 DISK_GB {{(pid=107630) __init__ /opt/stack/placement/placement/objects/research_context.py:136}}
Aug 26 03:03:49.470450 n-d-833090-12 devstack@placement-api.service[107630]: DEBUG placement.objects.research_context [req-11eca83f-3ae2-4f47-b6ee-14ece2a6a4ba req-bb72ec08-adfc-476b-acbc-470df5cd8c71 service placement] getting providers with 1024 MEMORY_MB {{(pid=107630) __init__ /opt/stack/placement/placement/objects/research_context.py:136}}
Aug 26 03:03:49.483460 n-d-833090-12 devstack@placement-api.service[107630]: DEBUG placement.objects.research_context [req-11eca83f-3ae2-4f47-b6ee-14ece2a6a4ba req-bb72ec08-adfc-476b-acbc-470df5cd8c71 service placement] getting providers with 1 VCPU {{(pid=107630) __init__ /opt/stack/placement/placement/objects/research_context.py:136}}
Aug 26 03:03:49.494489 n-d-833090-12 devstack@placement-api.service[107630]: DEBUG placement.objects.research_context [req-11eca83f-3ae2-4f47-b6ee-14ece2a6a4ba req-bb72ec08-adfc-476b-acbc-470df5cd8c71 service placement] found 2 providers with available 1 DISK_GB {{(pid=107630) get_provider_ids_matching /opt/stack/placement/placement/objects/research_context.py:563}}
Aug 26 03:03:49.494764 n-d-833090-12 devstack@placement-api.service[107630]: DEBUG placement.objects.research_context [req-11eca83f-3ae2-4f47-b6ee-14ece2a6a4ba req-bb72ec08-adfc-476b-acbc-470df5cd8c71 service placement] found 2 providers with available 1024 MEMORY_MB {{(pid=107630) get_provider_ids_matching /opt/stack/placement/placement/objects/research_context.py:563}}
