Aug 05 17:24:44.818799 n-d-833090-11 devstack@n-api.service[104385]: DEBUG nova.context [None req-d2e55745-5d6f-4e3c-b0bb-9315d606c181 None None] Found 2 cells: 00000000-0000-0000-0000-000000000000(cell0),36ff4b11-10a0-4e8c-b5ee-74dee67da2d6(cell1) {{(pid=104385) load_cells /opt/stack/nova/nova/context.py:464}}
Aug 05 17:24:44.822683 n-d-833090-11 devstack@n-api.service[104385]: DEBUG oslo_concurrency.lockutils [None req-d2e55745-5d6f-4e3c-b0bb-9315d606c181 None None] Acquiring lock "00000000-0000-0000-0000-000000000000" by "nova.context.set_target_cell..get_or_set_cached_cell_and_set_connections" {{(pid=104385) inner /usr/local/lib/python3.8/dist-packages/oslo_concurrency/lockutils.py:385}}
Aug 05 17:24:44.823156 n-d-833090-11 devstack@n-api.service[104385]: DEBUG oslo_concurrency.lockutils [None req-d2e55745-5d6f-4e3c-b0bb-9315d606c181 None None] Lock "00000000-0000-0000-0000-000000000000" acquired by "nova.context.set_target_cell..get_or_set_cached_cell_and_set_connections" :: waited 0.001s {{(pid=104385) inner /usr/local/lib/python3.8/dist-packages/oslo_concurrency/lockutils.py:390}}
Aug 05 17:24:44.824749 n-d-833090-11 devstack@n-api.service[104385]: DEBUG oslo_concurrency.lockutils [None req-d2e55745-5d6f-4e3c-b0bb-9315d606c181 None None] Lock "00000000-0000-0000-0000-000000000000" "released" by "nova.context.set_target_cell..get_or_set_cached_cell_and_set_connections" :: held 0.002s {{(pid=104385) inner /usr/local/lib/python3.8/dist-packages/oslo_concurrency/lockutils.py:404}}
Aug 05 17:24:44.825458 n-d-833090-11 devstack@n-api.service[104385]: DEBUG oslo_concurrency.lockutils [None req-d2e55745-5d6f-4e3c-b0bb-9315d606c181 None None] Acquiring lock "36ff4b11-10a0-4e8c-b5ee-74dee67da2d6" by "nova.context.set_target_cell..get_or_set_cached_cell_and_set_connections" {{(pid=104385) inner /usr/local/lib/python3.8/dist-packages/oslo_concurrency/lockutils.py:385}}
Aug 05 17:24:44.825906 n-d-833090-11 devstack@n-api.service[104385]: DEBUG oslo_concurrency.lockutils [None req-d2e55745-5d6f-4e3c-b0bb-9315d606c181 None None] Lock "36ff4b11-10a0-4e8c-b5ee-74dee67da2d6" acquired by "nova.context.set_target_cell..get_or_set_cached_cell_and_set_connections" :: waited 0.000s {{(pid=104385) inner /usr/local/lib/python3.8/dist-packages/oslo_concurrency/lockutils.py:390}}
Aug 05 17:24:44.827972 n-d-833090-11 devstack@n-api.service[104385]: DEBUG oslo_concurrency.lockutils [None req-d2e55745-5d6f-4e3c-b0bb-9315d606c181 None None] Lock "36ff4b11-10a0-4e8c-b5ee-74dee67da2d6" "released" by "nova.context.set_target_cell..get_or_set_cached_cell_and_set_connections" :: held 0.002s {{(pid=104385) inner /usr/local/lib/python3.8/dist-packages/oslo_concurrency/lockutils.py:404}}
Aug 05 17:24:44.829890 n-d-833090-11 devstack@n-api.service[104385]: INFO dbcounter [None req-d2e55745-5d6f-4e3c-b0bb-9315d606c181 None None] Registered counter for database nova_cell0
Aug 05 17:24:44.835304 n-d-833090-11 devstack@n-api.service[104385]: INFO dbcounter [None req-d2e55745-5d6f-4e3c-b0bb-9315d606c181 None None] Registered counter for database nova_cell1
Aug 05 17:24:44.842243 n-d-833090-11 devstack@n-api.service[104385]: DEBUG oslo_db.sqlalchemy.engines [None req-d2e55745-5d6f-4e3c-b0bb-9315d606c181 None None] MySQL server mode set to STRICT_TRANS_TABLES,STRICT_ALL_TABLES,NO_ZERO_IN_DATE,NO_ZERO_DATE,ERROR_FOR_DIVISION_BY_ZERO,TRADITIONAL,NO_ENGINE_SUBSTITUTION {{(pid=104385) _check_effective_sql_mode /usr/local/lib/python3.8/dist-packages/oslo_db/sqlalchemy/engines.py:314}}
Aug 05 17:24:44.844439 n-d-833090-11 devstack@n-api.service[104385]: DEBUG oslo_db.sqlalchemy.engines [None req-d2e55745-5d6f-4e3c-b0bb-9315d606c181 None None] MySQL server mode set to STRICT_TRANS_TABLES,STRICT_ALL_TABLES,NO_ZERO_IN_DATE,NO_ZERO_DATE,ERROR_FOR_DIVISION_BY_ZERO,TRADITIONAL,NO_ENGINE_SUBSTITUTION {{(pid=104385) _check_effective_sql_mode /usr/local/lib/python3.8/dist-packages/oslo_db/sqlalchemy/engines.py:314}}
Aug 05 17:24:44.849401 n-d-833090-11 devstack@n-api.service[104385]: DEBUG dbcounter [-] [104385] Writer thread running {{(pid=104385) stat_writer /usr/local/lib/python3.8/dist-packages/dbcounter.py:99}}
Aug 05 17:24:44.851677 n-d-833090-11 devstack@n-api.service[104384]: DEBUG nova.context [None req-09ee45ec-305d-439a-b10b-cfeb8ef27b04 None None] Found 2 cells: 00000000-0000-0000-0000-000000000000(cell0),36ff4b11-10a0-4e8c-b5ee-74dee67da2d6(cell1) {{(pid=104384) load_cells /opt/stack/nova/nova/context.py:464}}
Aug 05 17:24:44.852704 n-d-833090-11 devstack@n-api.service[104385]: DEBUG dbcounter [-] [104385] Writer thread running {{(pid=104385) stat_writer /usr/local/lib/python3.8/dist-packages/dbcounter.py:99}}
Aug 05 17:24:44.855966 n-d-833090-11 devstack@n-api.service[104384]: DEBUG oslo_concurrency.lockutils [None req-09ee45ec-305d-439a-b10b-cfeb8ef27b04 None None] Acquiring lock "00000000-0000-0000-0000-000000000000" by "nova.context.set_target_cell..get_or_set_cached_cell_and_set_connections" {{(pid=104384) inner /usr/local/lib/python3.8/dist-packages/oslo_concurrency/lockutils.py:385}}
Aug 05 17:24:44.856434 n-d-833090-11 devstack@n-api.service[104384]: DEBUG oslo_concurrency.lockutils [None req-09ee45ec-305d-439a-b10b-cfeb8ef27b04 None None] Lock "00000000-0000-0000-0000-000000000000" acquired by "nova.context.set_target_cell..get_or_set_cached_cell_and_set_connections" :: waited 0.001s {{(pid=104384) inner /usr/local/lib/python3.8/dist-packages/oslo_concurrency/lockutils.py:390}}
Aug 05 17:24:44.857981 n-d-833090-11 devstack@n-api.service[104384]: DEBUG oslo_concurrency.lockutils [None req-09ee45ec-305d-439a-b10b-cfeb8ef27b04 None None] Lock "00000000-0000-0000-0000-000000000000" "released" by "nova.context.set_target_cell..get_or_set_cached_cell_and_set_connections" :: held 0.002s {{(pid=104384) inner /usr/local/lib/python3.8/dist-packages/oslo_concurrency/lockutils.py:404}}
Aug 05 17:24:44.858700 n-d-833090-11 devstack@n-api.service[104384]: DEBUG oslo_concurrency.lockutils [None req-09ee45ec-305d-439a-b10b-cfeb8ef27b04 None None] Acquiring lock "36ff4b11-10a0-4e8c-b5ee-74dee67da2d6" by "nova.context.set_target_cell..get_or_set_cached_cell_and_set_connections" {{(pid=104384) inner /usr/local/lib/python3.8/dist-packages/oslo_concurrency/lockutils.py:385}}
Aug 05 17:24:44.859144 n-d-833090-11 devstack@n-api.service[104384]: DEBUG oslo_concurrency.lockutils [None req-09ee45ec-305d-439a-b10b-cfeb8ef27b04 None None] Lock "36ff4b11-10a0-4e8c-b5ee-74dee67da2d6" acquired by "nova.context.set_target_cell..get_or_set_cached_cell_and_set_connections" :: waited 0.000s {{(pid=104384) inner /usr/local/lib/python3.8/dist-packages/oslo_concurrency/lockutils.py:390}}
Aug 05 17:24:44.861129 n-d-833090-11 devstack@n-api.service[104384]: DEBUG oslo_concurrency.lockutils [None req-09ee45ec-305d-439a-b10b-cfeb8ef27b04 None None] Lock "36ff4b11-10a0-4e8c-b5ee-74dee67da2d6" "released" by "nova.context.set_target_cell..get_or_set_cached_cell_and_set_connections" :: held 0.002s {{(pid=104384) inner /usr/local/lib/python3.8/dist-packages/oslo_concurrency/lockutils.py:404}}
Aug 05 17:24:44.863087 n-d-833090-11 devstack@n-api.service[104384]: INFO dbcounter [None req-09ee45ec-305d-439a-b10b-cfeb8ef27b04 None None] Registered counter for database nova_cell0
Aug 05 17:24:44.869980 n-d-833090-11 devstack@n-api.service[104384]: INFO dbcounter [None req-09ee45ec-305d-439a-b10b-cfeb8ef27b04 None None] Registered counter for database nova_cell1
Aug 05 17:24:44.876980 n-d-833090-11 devstack@n-api.service[104384]: DEBUG oslo_db.sqlalchemy.engines [None req-09ee45ec-305d-439a-b10b-cfeb8ef27b04 None None] MySQL server mode set to STRICT_TRANS_TABLES,STRICT_ALL_TABLES,NO_ZERO_IN_DATE,NO_ZERO_DATE,ERROR_FOR_DIVISION_BY_ZERO,TRADITIONAL,NO_ENGINE_SUBSTITUTION {{(pid=104384) _check_effective_sql_mode /usr/local/lib/python3.8/dist-packages/oslo_db/sqlalchemy/engines.py:314}}
Aug 05 17:24:44.878549 n-d-833090-11 devstack@n-api.service[104384]: DEBUG oslo_db.sqlalchemy.engines [None req-09ee45ec-305d-439a-b10b-cfeb8ef27b04 None None] MySQL server mode set to STRICT_TRANS_TABLES,STRICT_ALL_TABLES,NO_ZERO_IN_DATE,NO_ZERO_DATE,ERROR_FOR_DIVISION_BY_ZERO,TRADITIONAL,NO_ENGINE_SUBSTITUTION {{(pid=104384) _check_effective_sql_mode /usr/local/lib/python3.8/dist-packages/oslo_db/sqlalchemy/engines.py:314}}
Aug 05 17:24:44.885118 n-d-833090-11 devstack@n-api.service[104384]: DEBUG dbcounter [-] [104384] Writer thread running {{(pid=104384) stat_writer /usr/local/lib/python3.8/dist-packages/dbcounter.py:99}}
Aug 05 17:24:44.886986 n-d-833090-11 devstack@n-api.service[104384]: DEBUG dbcounter [-] [104384] Writer thread running {{(pid=104384) stat_writer /usr/local/lib/python3.8/dist-packages/dbcounter.py:99}}
Aug 05 17:24:45.031450 n-d-833090-11 devstack@n-api.service[104385]: INFO dbcounter [None req-d2e55745-5d6f-4e3c-b0bb-9315d606c181 None None] Registered counter for database nova_cell0
Aug 05 17:24:45.041123 n-d-833090-11 devstack@n-api.service[104385]: DEBUG oslo_db.sqlalchemy.engines [None req-d2e55745-5d6f-4e3c-b0bb-9315d606c181 None None] MySQL server mode set to STRICT_TRANS_TABLES,STRICT_ALL_TABLES,NO_ZERO_IN_DATE,NO_ZERO_DATE,ERROR_FOR_DIVISION_BY_ZERO,TRADITIONAL,NO_ENGINE_SUBSTITUTION {{(pid=104385) _check_effective_sql_mode /usr/local/lib/python3.8/dist-packages/oslo_db/sqlalchemy/engines.py:314}}
Aug 05 17:24:45.043343 n-d-833090-11 devstack@n-api.service[104384]: INFO dbcounter [None req-09ee45ec-305d-439a-b10b-cfeb8ef27b04 None None] Registered counter for database nova_cell0
Aug 05 17:24:45.045650 n-d-833090-11 devstack@n-api.service[104385]: DEBUG dbcounter [-] [104385] Writer thread running {{(pid=104385) stat_writer /usr/local/lib/python3.8/dist-packages/dbcounter.py:99}}
Aug 05 17:24:45.051192 n-d-833090-11 devstack@n-api.service[104384]: DEBUG oslo_db.sqlalchemy.engines [None req-09ee45ec-305d-439a-b10b-cfeb8ef27b04 None None] MySQL server mode set to STRICT_TRANS_TABLES,STRICT_ALL_TABLES,NO_ZERO_IN_DATE,NO_ZERO_DATE,ERROR_FOR_DIVISION_BY_ZERO,TRADITIONAL,NO_ENGINE_SUBSTITUTION {{(pid=104384) _check_effective_sql_mode /usr/local/lib/python3.8/dist-packages/oslo_db/sqlalchemy/engines.py:314}}
Aug 05 17:24:45.056493 n-d-833090-11 devstack@n-api.service[104384]: DEBUG dbcounter [-] [104384] Writer thread running {{(pid=104384) stat_writer /usr/local/lib/python3.8/dist-packages/dbcounter.py:99}}
Aug 05 17:24:45.451163 n-d-833090-11 devstack@n-api.service[104385]: WARNING keystonemiddleware.auth_token [None req-d2e55745-5d6f-4e3c-b0bb-9315d606c181 None None] AuthToken middleware is set with keystone_authtoken.service_token_roles_required set to False. This is backwards compatible but deprecated behaviour. Please set this to True.
Aug 05 17:24:45.458486 n-d-833090-11 devstack@n-api.service[104385]: WARNING keystonemiddleware.auth_token [None req-d2e55745-5d6f-4e3c-b0bb-9315d606c181 None None] Configuring www_authenticate_uri to point to the public identity endpoint is required; clients may not be able to authenticate against an admin endpoint
Aug 05 17:24:45.493032 n-d-833090-11 devstack@n-api.service[104384]: WARNING keystonemiddleware.auth_token [None req-09ee45ec-305d-439a-b10b-cfeb8ef27b04 None None] AuthToken middleware is set with keystone_authtoken.service_token_roles_required set to False. This is backwards compatible but deprecated behaviour. Please set this to True.
Aug 05 17:24:45.500619 n-d-833090-11 devstack@n-api.service[104384]: WARNING keystonemiddleware.auth_token [None req-09ee45ec-305d-439a-b10b-cfeb8ef27b04 None None] Configuring www_authenticate_uri to point to the public identity endpoint is required; clients may not be able to authenticate against an admin endpoint
Aug 05 17:24:45.800390 n-d-833090-11 devstack@n-api.service[104385]: WARNING keystonemiddleware.auth_token [None req-d2e55745-5d6f-4e3c-b0bb-9315d606c181 None None] AuthToken middleware is set with keystone_authtoken.service_token_roles_required set to False. This is backwards compatible but deprecated behaviour. Please set this to True.
Aug 05 17:24:45.807089 n-d-833090-11 devstack@n-api.service[104385]: WARNING keystonemiddleware.auth_token [None req-d2e55745-5d6f-4e3c-b0bb-9315d606c181 None None] Configuring www_authenticate_uri to point to the public identity endpoint is required; clients may not be able to authenticate against an admin endpoint
Aug 05 17:24:45.812389 n-d-833090-11 devstack@n-api.service[104385]: WSGI app 0 (mountpoint='') ready in 5 seconds on interpreter 0x5572e8e7a9c0 pid: 104385 (default app)
Aug 05 17:24:45.814490 n-d-833090-11 devstack@n-api.service[104385]: DEBUG nova.api.openstack.wsgi [None req-d2e55745-5d6f-4e3c-b0bb-9315d606c181 None None] Calling method '>' {{(pid=104385) _process_stack /opt/stack/nova/nova/api/openstack/wsgi.py:513}}
Aug 05 17:24:45.815701 n-d-833090-11 devstack@n-api.service[104385]: INFO nova.api.openstack.requestlog [None req-d2e55745-5d6f-4e3c-b0bb-9315d606c181 None None] 10.222.0.48 "GET /compute/v2.1/" status: 200 len: 388 microversion: 2.1 time: 0.001753
Aug 05 17:24:45.816111 n-d-833090-11 devstack@n-api.service[104385]: [pid: 104385|app: 0|req: 1/1] 10.222.0.48 () {50 vars in 788 bytes} [Fri Aug 5 17:24:45 2022] GET /compute/v2.1/ => generated 388 bytes in 3 msecs (HTTP/1.1 200) 9 headers in 357 bytes (1 switches on core 0)
Aug 05 17:24:45.846663 n-d-833090-11 devstack@n-api.service[104384]: WARNING keystonemiddleware.auth_token [None req-09ee45ec-305d-439a-b10b-cfeb8ef27b04 None None] AuthToken middleware is set with keystone_authtoken.service_token_roles_required set to False. This is backwards compatible but deprecated behaviour. Please set this to True.
Aug 05 17:24:45.852754 n-d-833090-11 devstack@n-api.service[104384]: WARNING keystonemiddleware.auth_token [None req-09ee45ec-305d-439a-b10b-cfeb8ef27b04 None None] Configuring www_authenticate_uri to point to the public identity endpoint is required; clients may not be able to authenticate against an admin endpoint
Aug 05 17:24:45.857983 n-d-833090-11 devstack@n-api.service[104384]: WSGI app 0 (mountpoint='') ready in 5 seconds on interpreter 0x5572e8e7a9c0 pid: 104384 (default app)
Aug 05 17:26:05.102852 n-d-833090-11 devstack@n-api.service[104385]: DEBUG nova.api.openstack.wsgi [None req-d2e55745-5d6f-4e3c-b0bb-9315d606c181 None None] Calling method '>' {{(pid=104385) _process_stack /opt/stack/nova/nova/api/openstack/wsgi.py:513}}
Aug 05 17:26:05.104021 n-d-833090-11 devstack@n-api.service[104385]: INFO nova.api.openstack.requestlog [None req-d2e55745-5d6f-4e3c-b0bb-9315d606c181 None None] 10.222.0.48 "GET /compute/v2.1" status: 200 len: 388 microversion: 2.1 time: 0.001435
Aug 05 17:26:05.106050 n-d-833090-11 devstack@n-api.service[104385]: [pid: 104385|app: 0|req: 2/2] 10.222.0.48 () {54 vars in 931 bytes} [Fri Aug 5 17:26:05 2022] GET /compute/v2.1 => generated 388 bytes in 3 msecs (HTTP/1.1 200) 9 headers in 357 bytes (1 switches on core 0)
Aug 05 17:26:05.122571 n-d-833090-11 devstack@n-api.service[104384]: DEBUG dbcounter [-] [104384] Writing DB stats nova_api:SELECT=3 {{(pid=104384) stat_writer /usr/local/lib/python3.8/dist-packages/dbcounter.py:114}}
Aug 05 17:26:05.123701 n-d-833090-11 devstack@n-api.service[104384]: DEBUG dbcounter [-] [104384] Writing DB stats nova_cell1:SELECT=3 {{(pid=104384) stat_writer /usr/local/lib/python3.8/dist-packages/dbcounter.py:114}}
Aug 05 17:26:05.124790 n-d-833090-11 devstack@n-api.service[104384]: DEBUG dbcounter [-] [104384] Writing DB stats nova_cell0:SELECT=3 {{(pid=104384) stat_writer /usr/local/lib/python3.8/dist-packages/dbcounter.py:114}}
Aug 05 17:26:05.125704 n-d-833090-11 devstack@n-api.service[104384]: DEBUG dbcounter [-] [104384] Writing DB stats nova_cell0:SELECT=6,nova_cell0:INSERT=1 {{(pid=104384) stat_writer /usr/local/lib/python3.8/dist-packages/dbcounter.py:114}}
Aug 05 17:26:06.007315 n-d-833090-11 devstack@n-api.service[104384]: DEBUG nova.api.openstack.wsgi [None req-49334fa8-d707-463a-b744-730f2e14bd7d admin admin] Calling method '>' {{(pid=104384) _process_stack /opt/stack/nova/nova/api/openstack/wsgi.py:513}}
Aug 05 17:26:06.038662 n-d-833090-11 devstack@n-api.service[104384]: INFO nova.api.openstack.requestlog [None req-49334fa8-d707-463a-b744-730f2e14bd7d admin admin] 10.222.0.48 "GET /compute/v2.1/flavors/detail?is_public=True" status: 200 len: 15 microversion: 2.61 time: 0.927413
Aug 05 17:26:06.047740 n-d-833090-11 devstack@n-api.service[104384]: [pid: 104384|app: 0|req: 1/3] 10.222.0.48 () {60 vars in 1292 bytes} [Fri Aug 5 17:26:05 2022] GET /compute/v2.1/flavors/detail?is_public=True => generated 15 bytes in 930 msecs (HTTP/1.1 200) 9 headers in 358 bytes (1 switches on core 0)
Aug 05 17:26:08.268489 n-d-833090-11 devstack@n-api.service[104385]: DEBUG nova.api.openstack.wsgi [None req-d2e55745-5d6f-4e3c-b0bb-9315d606c181 None None] Calling method '>' {{(pid=104385) _process_stack /opt/stack/nova/nova/api/openstack/wsgi.py:513}}
Aug 05 17:26:08.269483 n-d-833090-11 devstack@n-api.service[104385]: INFO nova.api.openstack.requestlog [None req-d2e55745-5d6f-4e3c-b0bb-9315d606c181 None None] 10.222.0.48 "GET /compute/v2.1" status: 200 len: 388 microversion: 2.1 time: 0.001416
Aug 05 17:26:08.270133 n-d-833090-11 devstack@n-api.service[104385]: [pid: 104385|app: 0|req: 3/4] 10.222.0.48 () {54 vars in 931 bytes} [Fri Aug 5 17:26:08 2022] GET /compute/v2.1 => generated 388 bytes in 2 msecs (HTTP/1.1 200) 9 headers in 357 bytes (1 switches on core 0)
Aug 05 17:26:08.742513 n-d-833090-11 devstack@n-api.service[104384]: DEBUG nova.api.openstack.wsgi [None req-b6b36a28-af86-4982-90c8-cc1804eb46e8 admin admin] Action: 'create', calling method: >, body: {"flavor": {"vcpus": 1, "id": "c1", "OS-FLV-EXT-DATA:ephemeral": 0, "os-flavor-access:is_public": true, "name": "cirros256", "rxtx_factor": 1.0, "swap": 0, "disk": 1, "ram": 256}} {{(pid=104384) _process_stack /opt/stack/nova/nova/api/openstack/wsgi.py:511}}
Aug 05 17:26:08.762894 n-d-833090-11 devstack@n-api.service[104384]: /usr/local/lib/python3.8/dist-packages/oslo_policy/policy.py:1129: UserWarning: Policy "os_compute_api:os-flavor-manage:create": "rule:context_is_admin" failed scope check. The token used to make the request was project scoped but the policy requires ['system'] scope. This behavior may change in the future where using the intended scope is required
Aug 05 17:26:08.762894 n-d-833090-11 devstack@n-api.service[104384]: warnings.warn(msg)
Aug 05 17:26:08.846807 n-d-833090-11 devstack@n-api.service[104384]: INFO nova.api.openstack.requestlog [None req-b6b36a28-af86-4982-90c8-cc1804eb46e8 admin admin] 10.222.0.48 "POST /compute/v2.1/flavors" status: 200 len: 407 microversion: 2.61 time: 0.555281
Aug 05 17:26:08.847712 n-d-833090-11 devstack@n-api.service[104384]: [pid: 104384|app: 0|req: 2/5] 10.222.0.48 () {64 vars in 1283 bytes} [Fri Aug 5 17:26:08 2022] POST /compute/v2.1/flavors => generated 407 bytes in 571 msecs (HTTP/1.1 200) 9 headers in 359 bytes (1 switches on core 0)
Aug 05 17:26:08.862914 n-d-833090-11 devstack@n-api.service[104385]: DEBUG dbcounter [-] [104385] Writing DB stats nova_api:SELECT=3 {{(pid=104385) stat_writer /usr/local/lib/python3.8/dist-packages/dbcounter.py:114}}
Aug 05 17:26:08.864229 n-d-833090-11 devstack@n-api.service[104385]: DEBUG dbcounter [-] [104385] Writing DB stats nova_cell1:SELECT=3 {{(pid=104385) stat_writer /usr/local/lib/python3.8/dist-packages/dbcounter.py:114}}
Aug 05 17:26:08.865238 n-d-833090-11 devstack@n-api.service[104385]: DEBUG dbcounter [-] [104385] Writing DB stats nova_cell0:SELECT=3 {{(pid=104385) stat_writer /usr/local/lib/python3.8/dist-packages/dbcounter.py:114}}
Aug 05 17:26:08.866370 n-d-833090-11 devstack@n-api.service[104385]: DEBUG dbcounter [-] [104385] Writing DB stats nova_cell0:SELECT=6,nova_cell0:INSERT=1 {{(pid=104385) stat_writer /usr/local/lib/python3.8/dist-packages/dbcounter.py:114}}
Aug 05 17:26:09.077483 n-d-833090-11 devstack@n-api.service[104385]: DEBUG nova.api.openstack.wsgi [None req-4b3fb21c-e50c-4b3a-8b2e-72c9fb18baa2 admin admin] Action: 'create', calling method: >, body: {"extra_specs": {"hw_rng:allowed": "True"}} {{(pid=104385) _process_stack /opt/stack/nova/nova/api/openstack/wsgi.py:511}}
Aug 05 17:26:09.081812 n-d-833090-11 devstack@n-api.service[104385]: /usr/local/lib/python3.8/dist-packages/oslo_policy/policy.py:1129: UserWarning: Policy "os_compute_api:os-flavor-extra-specs:create": "rule:context_is_admin" failed scope check. The token used to make the request was project scoped but the policy requires ['system'] scope. This behavior may change in the future where using the intended scope is required
Aug 05 17:26:09.081812 n-d-833090-11 devstack@n-api.service[104385]: warnings.warn(msg)
Aug 05 17:26:09.221380 n-d-833090-11 devstack@n-api.service[104385]: INFO nova.api.openstack.requestlog [None req-4b3fb21c-e50c-4b3a-8b2e-72c9fb18baa2 admin admin] 10.222.0.48 "POST /compute/v2.1/flavors/c1/os-extra_specs" status: 200 len: 43 microversion: 2.61 time: 0.365551
Aug 05 17:26:09.222528 n-d-833090-11 devstack@n-api.service[104385]: [pid: 104385|app: 0|req: 4/6] 10.222.0.48 () {64 vars in 1336 bytes} [Fri Aug 5 17:26:08 2022] POST /compute/v2.1/flavors/c1/os-extra_specs => generated 43 bytes in 367 msecs (HTTP/1.1 200) 9 headers in 358 bytes (1 switches on core 0)
Aug 05 17:26:11.474153 n-d-833090-11 devstack@n-api.service[104384]: DEBUG nova.api.openstack.wsgi [None req-b6b36a28-af86-4982-90c8-cc1804eb46e8 admin admin] Calling method '>' {{(pid=104384) _process_stack /opt/stack/nova/nova/api/openstack/wsgi.py:513}}
Aug 05 17:26:11.475206 n-d-833090-11 devstack@n-api.service[104384]: INFO nova.api.openstack.requestlog [None req-b6b36a28-af86-4982-90c8-cc1804eb46e8 admin admin] 10.222.0.48 "GET /compute/v2.1" status: 200 len: 388 microversion: 2.1 time: 0.002206
Aug 05 17:26:11.475946 n-d-833090-11 devstack@n-api.service[104384]: [pid: 104384|app: 0|req: 3/7] 10.222.0.48 () {54 vars in 931 bytes} [Fri Aug 5 17:26:11 2022] GET /compute/v2.1 => generated 388 bytes in 3 msecs (HTTP/1.1 200) 9 headers in 357 bytes (2 switches on core 0)
Aug 05 17:26:12.249706 n-d-833090-11 devstack@n-api.service[104385]: DEBUG nova.api.openstack.wsgi [None req-1e6bddf0-84f2-4935-916f-0ec23e1a15a7 admin admin] Action: 'create', calling method: >, body: {"flavor": {"id": "d1", "ram": 512, "vcpus": 1, "rxtx_factor": 1.0, "name": "ds512M", "OS-FLV-EXT-DATA:ephemeral": 0, "swap": 0, "os-flavor-access:is_public": true, "disk": 5}} {{(pid=104385) _process_stack /opt/stack/nova/nova/api/openstack/wsgi.py:511}}
Aug 05 17:26:12.269776 n-d-833090-11 devstack@n-api.service[104385]: /usr/local/lib/python3.8/dist-packages/oslo_policy/policy.py:1129: UserWarning: Policy "os_compute_api:os-flavor-manage:create": "rule:context_is_admin" failed scope check. The token used to make the request was project scoped but the policy requires ['system'] scope. This behavior may change in the future where using the intended scope is required
Aug 05 17:26:12.269776 n-d-833090-11 devstack@n-api.service[104385]: warnings.warn(msg)
Aug 05 17:26:12.361086 n-d-833090-11 devstack@n-api.service[104385]: INFO nova.api.openstack.requestlog [None req-1e6bddf0-84f2-4935-916f-0ec23e1a15a7 admin admin] 10.222.0.48 "POST /compute/v2.1/flavors" status: 200 len: 404 microversion: 2.61 time: 0.878501
Aug 05 17:26:12.361568 n-d-833090-11 devstack@n-api.service[104385]: [pid: 104385|app: 0|req: 5/8] 10.222.0.48 () {64 vars in 1283 bytes} [Fri Aug 5 17:26:11 2022] POST /compute/v2.1/flavors => generated 404 bytes in 880 msecs (HTTP/1.1 200) 9 headers in 359 bytes (1 switches on core 0)
Aug 05 17:26:12.374533 n-d-833090-11 devstack@n-api.service[104384]: DEBUG nova.api.openstack.wsgi [None req-0179be12-f6a6-45ac-a4d0-6b83d6167dd8 admin admin] Action: 'create', calling method: >, body: {"extra_specs": {"hw_rng:allowed": "True"}} {{(pid=104384) _process_stack /opt/stack/nova/nova/api/openstack/wsgi.py:511}}
Aug 05 17:26:12.377358 n-d-833090-11 devstack@n-api.service[104384]: /usr/local/lib/python3.8/dist-packages/oslo_policy/policy.py:1129: UserWarning: Policy "os_compute_api:os-flavor-extra-specs:create": "rule:context_is_admin" failed scope check. The token used to make the request was project scoped but the policy requires ['system'] scope. This behavior may change in the future where using the intended scope is required
Aug 05 17:26:12.377358 n-d-833090-11 devstack@n-api.service[104384]: warnings.warn(msg)
Aug 05 17:26:12.490703 n-d-833090-11 devstack@n-api.service[104384]: INFO nova.api.openstack.requestlog [None req-0179be12-f6a6-45ac-a4d0-6b83d6167dd8 admin admin] 10.222.0.48 "POST /compute/v2.1/flavors/d1/os-extra_specs" status: 200 len: 43 microversion: 2.61 time: 0.119769
Aug 05 17:26:12.504139 n-d-833090-11 devstack@n-api.service[104384]: [pid: 104384|app: 0|req: 4/9] 10.222.0.48 () {64 vars in 1336 bytes} [Fri Aug 5 17:26:12 2022] POST /compute/v2.1/flavors/d1/os-extra_specs => generated 43 bytes in 134 msecs (HTTP/1.1 200) 9 headers in 358 bytes (1 switches on core 0)
Aug 05 17:26:14.982873 n-d-833090-11 devstack@n-api.service[104385]: DEBUG nova.api.openstack.wsgi [None req-1e6bddf0-84f2-4935-916f-0ec23e1a15a7 admin admin] Calling method '>' {{(pid=104385) _process_stack /opt/stack/nova/nova/api/openstack/wsgi.py:513}}
Aug 05 17:26:14.984175 n-d-833090-11 devstack@n-api.service[104385]: INFO nova.api.openstack.requestlog [None req-1e6bddf0-84f2-4935-916f-0ec23e1a15a7 admin admin] 10.222.0.48 "GET /compute/v2.1" status: 200 len: 388 microversion: 2.1 time: 0.002190
Aug 05 17:26:14.990416 n-d-833090-11 devstack@n-api.service[104385]: [pid: 104385|app: 0|req: 6/10] 10.222.0.48 () {54 vars in 931 bytes} [Fri Aug 5 17:26:14 2022] GET /compute/v2.1 => generated 388 bytes in 4 msecs (HTTP/1.1 200) 9 headers in 357 bytes (1 switches on core 0)
Aug 05 17:26:15.695718 n-d-833090-11 devstack@n-api.service[104384]: DEBUG nova.api.openstack.wsgi [None req-3f129519-4fec-4668-a02d-adc35642abe4 admin admin] Action: 'create', calling method: >, body: {"flavor": {"ram": 1024, "OS-FLV-EXT-DATA:ephemeral": 0, "id": "d2", "disk": 10, "rxtx_factor": 1.0, "name": "ds1G", "swap": 0, "os-flavor-access:is_public": true, "vcpus": 1}} {{(pid=104384) _process_stack /opt/stack/nova/nova/api/openstack/wsgi.py:511}}
Aug 05 17:26:15.779412 n-d-833090-11 devstack@n-api.service[104384]: INFO nova.api.openstack.requestlog [None req-3f129519-4fec-4668-a02d-adc35642abe4 admin admin] 10.222.0.48 "POST /compute/v2.1/flavors" status: 200 len: 404 microversion: 2.61 time: 0.788058
Aug 05 17:26:15.780809 n-d-833090-11 devstack@n-api.service[104384]: [pid: 104384|app: 0|req: 5/11] 10.222.0.48 () {64 vars in 1283 bytes} [Fri Aug 5 17:26:14 2022] POST /compute/v2.1/flavors => generated 404 bytes in 790 msecs (HTTP/1.1 200) 9 headers in 359 bytes (1 switches on core 0)
Aug 05 17:26:15.793020 n-d-833090-11 devstack@n-api.service[104385]: DEBUG nova.api.openstack.wsgi [None req-02de8396-c163-418d-95d1-581a49fb61bd admin admin] Action: 'create', calling method: >, body: {"extra_specs": {"hw_rng:allowed": "True"}} {{(pid=104385) _process_stack /opt/stack/nova/nova/api/openstack/wsgi.py:511}}
Aug 05 17:26:15.878057 n-d-833090-11 devstack@n-api.service[104385]: INFO nova.api.openstack.requestlog [None req-02de8396-c163-418d-95d1-581a49fb61bd admin admin] 10.222.0.48 "POST /compute/v2.1/flavors/d2/os-extra_specs" status: 200 len: 43 microversion: 2.61 time: 0.088810
Aug 05 17:26:15.892075 n-d-833090-11 devstack@n-api.service[104385]: [pid: 104385|app: 0|req: 7/12] 10.222.0.48 () {64 vars in 1336 bytes} [Fri Aug 5 17:26:15 2022] POST /compute/v2.1/flavors/d2/os-extra_specs => generated 43 bytes in 103 msecs (HTTP/1.1 200) 9 headers in 358 bytes (2 switches on core 0)
Aug 05 17:26:18.131620 n-d-833090-11 devstack@n-api.service[104384]: DEBUG nova.api.openstack.wsgi [None req-3f129519-4fec-4668-a02d-adc35642abe4 admin admin] Calling method '>' {{(pid=104384) _process_stack /opt/stack/nova/nova/api/openstack/wsgi.py:513}}
Aug 05 17:26:18.133138 n-d-833090-11 devstack@n-api.service[104384]: INFO nova.api.openstack.requestlog [None req-3f129519-4fec-4668-a02d-adc35642abe4 admin admin] 10.222.0.48 "GET /compute/v2.1" status: 200 len: 388 microversion: 2.1 time: 0.001594
Aug 05 17:26:18.133560 n-d-833090-11 devstack@n-api.service[104384]: [pid: 104384|app: 0|req: 6/13] 10.222.0.48 () {54 vars in 931 bytes} [Fri Aug 5 17:26:18 2022] GET /compute/v2.1 => generated 388 bytes in 3 msecs (HTTP/1.1 200) 9 headers in 357 bytes (1 switches on core 0)
Aug 05 17:26:18.615217 n-d-833090-11 devstack@n-api.service[104385]: DEBUG nova.api.openstack.wsgi [None req-3d5cc8fb-704d-4c9c-854b-ff74ce700c24 admin admin] Action: 'create', calling method: >, body: {"flavor": {"rxtx_factor": 1.0, "vcpus": 2, "ram": 2048, "os-flavor-access:is_public": true, "OS-FLV-EXT-DATA:ephemeral": 0, "swap": 0, "id": "d3", "disk": 10, "name": "ds2G"}} {{(pid=104385) _process_stack /opt/stack/nova/nova/api/openstack/wsgi.py:511}}
Aug 05 17:26:18.690794 n-d-833090-11 devstack@n-api.service[104385]: INFO nova.api.openstack.requestlog [None req-3d5cc8fb-704d-4c9c-854b-ff74ce700c24 admin admin] 10.222.0.48 "POST /compute/v2.1/flavors" status: 200 len: 404 microversion: 2.61 time: 0.551149
Aug 05 17:26:18.691762 n-d-833090-11 devstack@n-api.service[104385]: [pid: 104385|app: 0|req: 8/14] 10.222.0.48 () {64 vars in 1283 bytes} [Fri Aug 5 17:26:18 2022] POST /compute/v2.1/flavors => generated 404 bytes in 553 msecs (HTTP/1.1 200) 9 headers in 359 bytes (1 switches on core 0)
Aug 05 17:26:18.705945 n-d-833090-11 devstack@n-api.service[104384]: DEBUG nova.api.openstack.wsgi [None req-7612df9d-eba7-4400-a2df-238c7f910960 admin admin] Action: 'create', calling method: >, body: {"extra_specs": {"hw_rng:allowed": "True"}} {{(pid=104384) _process_stack /opt/stack/nova/nova/api/openstack/wsgi.py:511}}
Aug 05 17:26:18.793602 n-d-833090-11 devstack@n-api.service[104384]: INFO nova.api.openstack.requestlog [None req-7612df9d-eba7-4400-a2df-238c7f910960 admin admin] 10.222.0.48 "POST /compute/v2.1/flavors/d3/os-extra_specs" status: 200 len: 43 microversion: 2.61 time: 0.093796
Aug 05 17:26:18.794297 n-d-833090-11 devstack@n-api.service[104384]: [pid: 104384|app: 0|req: 7/15] 10.222.0.48 () {64 vars in 1336 bytes} [Fri Aug 5 17:26:18 2022] POST /compute/v2.1/flavors/d3/os-extra_specs => generated 43 bytes in 95 msecs (HTTP/1.1 200) 9 headers in 358 bytes (2 switches on core 0)
Aug 05 17:26:21.041904 n-d-833090-11 devstack@n-api.service[104385]: DEBUG nova.api.openstack.wsgi [None req-3d5cc8fb-704d-4c9c-854b-ff74ce700c24 admin admin] Calling method '>' {{(pid=104385) _process_stack /opt/stack/nova/nova/api/openstack/wsgi.py:513}}
Aug 05 17:26:21.043346 n-d-833090-11 devstack@n-api.service[104385]: INFO nova.api.openstack.requestlog [None req-3d5cc8fb-704d-4c9c-854b-ff74ce700c24 admin admin] 10.222.0.48 "GET /compute/v2.1" status: 200 len: 388 microversion: 2.1 time: 0.001495
Aug 05 17:26:21.043904 n-d-833090-11 devstack@n-api.service[104385]: [pid: 104385|app: 0|req: 9/16] 10.222.0.48 () {54 vars in 931 bytes} [Fri Aug 5 17:26:21 2022] GET /compute/v2.1 => generated 388 bytes in 3 msecs (HTTP/1.1 200) 9 headers in 357 bytes (1 switches on core 0)
Aug 05 17:26:21.571532 n-d-833090-11 devstack@n-api.service[104384]: DEBUG nova.api.openstack.wsgi [None req-7d660afb-253a-423b-9b50-0eaf6f30cc6f admin admin] Action: 'create', calling method: >, body: {"flavor": {"swap": 0, "ram": 4096, "OS-FLV-EXT-DATA:ephemeral": 0, "name": "ds4G", "vcpus": 4, "disk": 20, "id": "d4", "rxtx_factor": 1.0, "os-flavor-access:is_public": true}} {{(pid=104384) _process_stack /opt/stack/nova/nova/api/openstack/wsgi.py:511}}
Aug 05 17:26:21.653099 n-d-833090-11 devstack@n-api.service[104384]: INFO nova.api.openstack.requestlog [None req-7d660afb-253a-423b-9b50-0eaf6f30cc6f admin admin] 10.222.0.48 "POST /compute/v2.1/flavors" status: 200 len: 404 microversion: 2.61 time: 0.601565
Aug 05 17:26:21.654240 n-d-833090-11 devstack@n-api.service[104384]: [pid: 104384|app: 0|req: 8/17] 10.222.0.48 () {64 vars in 1283 bytes} [Fri Aug 5 17:26:21 2022] POST /compute/v2.1/flavors => generated 404 bytes in 604 msecs (HTTP/1.1 200) 9 headers in 359 bytes (1 switches on core 0)
Aug 05 17:26:21.677078 n-d-833090-11 devstack@n-api.service[104385]: DEBUG nova.api.openstack.wsgi [None req-e0db0c49-622b-4583-9166-4ae28e30d796 admin admin] Action: 'create', calling method: >, body: {"extra_specs": {"hw_rng:allowed": "True"}} {{(pid=104385) _process_stack /opt/stack/nova/nova/api/openstack/wsgi.py:511}}
Aug 05 17:26:21.784436 n-d-833090-11 devstack@n-api.service[104385]: INFO nova.api.openstack.requestlog [None req-e0db0c49-622b-4583-9166-4ae28e30d796 admin admin] 10.222.0.48 "POST /compute/v2.1/flavors/d4/os-extra_specs" status: 200 len: 43 microversion: 2.61 time: 0.112057
Aug 05 17:26:21.786109 n-d-833090-11 devstack@n-api.service[104385]: [pid: 104385|app: 0|req: 10/18] 10.222.0.48 () {64 vars in 1336 bytes} [Fri Aug 5 17:26:21 2022] POST /compute/v2.1/flavors/d4/os-extra_specs => generated 43 bytes in 114 msecs (HTTP/1.1 200) 9 headers in 358 bytes (1 switches on core 0)
Aug 05 17:26:24.100308 n-d-833090-11 devstack@n-api.service[104384]: DEBUG nova.api.openstack.wsgi [None req-7d660afb-253a-423b-9b50-0eaf6f30cc6f admin admin] Calling method '>' {{(pid=104384) _process_stack /opt/stack/nova/nova/api/openstack/wsgi.py:513}}
Aug 05 17:26:24.103847 n-d-833090-11 devstack@n-api.service[104384]: INFO nova.api.openstack.requestlog [None req-7d660afb-253a-423b-9b50-0eaf6f30cc6f admin admin] 10.222.0.48 "GET /compute/v2.1" status: 200 len: 388 microversion: 2.1 time: 0.001764
Aug 05 17:26:24.103847 n-d-833090-11 devstack@n-api.service[104384]: [pid: 104384|app: 0|req: 9/19] 10.222.0.48 () {54 vars in 931 bytes} [Fri Aug 5 17:26:24 2022] GET /compute/v2.1 => generated 388 bytes in 3 msecs (HTTP/1.1 200) 9 headers in 357 bytes (1 switches on core 0)
Aug 05 17:26:24.594913 n-d-833090-11 devstack@n-api.service[104385]: DEBUG nova.api.openstack.wsgi [None req-2b41f905-6652-4239-9258-cee82535d186 admin admin] Calling method '>' {{(pid=104385) _process_stack /opt/stack/nova/nova/api/openstack/wsgi.py:513}}
Aug 05 17:26:24.624729 n-d-833090-11 devstack@n-api.service[104385]: INFO nova.api.openstack.requestlog [None req-2b41f905-6652-4239-9258-cee82535d186 admin admin] 10.222.0.48 "GET /compute/v2.1/flavors/detail?is_public=True" status: 200 len: 2106 microversion: 2.61 time: 0.516174
Aug 05 17:26:24.648370 n-d-833090-11 devstack@n-api.service[104385]: [pid: 104385|app: 0|req: 11/20] 10.222.0.48 () {60 vars in 1292 bytes} [Fri Aug 5 17:26:24 2022] GET /compute/v2.1/flavors/detail?is_public=True => generated 2106 bytes in 540 msecs (HTTP/1.1 200) 9 headers in 360 bytes (1 switches on core 0)
Aug 05 17:26:26.931322 n-d-833090-11 devstack@n-api.service[104384]: DEBUG nova.api.openstack.wsgi [None req-7d660afb-253a-423b-9b50-0eaf6f30cc6f admin admin] Calling method '>' {{(pid=104384) _process_stack /opt/stack/nova/nova/api/openstack/wsgi.py:513}}
Aug 05 17:26:26.932402 n-d-833090-11 devstack@n-api.service[104384]: INFO nova.api.openstack.requestlog [None req-7d660afb-253a-423b-9b50-0eaf6f30cc6f admin admin] 10.222.0.48 "GET /compute/v2.1" status: 200 len: 388 microversion: 2.1 time: 0.001509
Aug 05 17:26:26.932804 n-d-833090-11 devstack@n-api.service[104384]: [pid: 104384|app: 0|req: 10/21] 10.222.0.48 () {54 vars in 931 bytes} [Fri Aug 5 17:26:26 2022] GET /compute/v2.1 => generated 388 bytes in 2 msecs (HTTP/1.1 200) 9 headers in 357 bytes (1 switches on core 0)
Aug 05 17:26:27.407007 n-d-833090-11 devstack@n-api.service[104385]: DEBUG nova.api.openstack.wsgi [None req-9b5bb3d6-7185-40f9-8230-362b8828340c admin admin] Action: 'create', calling method: >, body: {"flavor": {"vcpus": 1, "ram": 512, "rxtx_factor": 1.0, "name": "m1.tiny", "disk": 1, "os-flavor-access:is_public": true, "id": "1", "OS-FLV-EXT-DATA:ephemeral": 0, "swap": 0}} {{(pid=104385) _process_stack /opt/stack/nova/nova/api/openstack/wsgi.py:511}}
Aug 05 17:26:27.514186 n-d-833090-11 devstack@n-api.service[104385]: INFO nova.api.openstack.requestlog [None req-9b5bb3d6-7185-40f9-8230-362b8828340c admin admin] 10.222.0.48 "POST /compute/v2.1/flavors" status: 200 len: 402 microversion: 2.61 time: 0.575315
Aug 05 17:26:27.514745 n-d-833090-11 devstack@n-api.service[104385]: [pid: 104385|app: 0|req: 12/22] 10.222.0.48 () {64 vars in 1283 bytes} [Fri Aug 5 17:26:26 2022] POST /compute/v2.1/flavors => generated 402 bytes in 577 msecs (HTTP/1.1 200) 9 headers in 359 bytes (2 switches on core 0)
Aug 05 17:26:27.527162 n-d-833090-11 devstack@n-api.service[104384]: DEBUG nova.api.openstack.wsgi [None req-859f53ac-bd0f-480f-bbcd-5088d8060ef9 admin admin] Action: 'create', calling method: >, body: {"extra_specs": {"hw_rng:allowed": "True"}} {{(pid=104384) _process_stack /opt/stack/nova/nova/api/openstack/wsgi.py:511}}
Aug 05 17:26:27.622121 n-d-833090-11 devstack@n-api.service[104384]: INFO nova.api.openstack.requestlog [None req-859f53ac-bd0f-480f-bbcd-5088d8060ef9 admin admin] 10.222.0.48 "POST /compute/v2.1/flavors/1/os-extra_specs" status: 200 len: 43 microversion: 2.61 time: 0.098586
Aug 05 17:26:27.622917 n-d-833090-11 devstack@n-api.service[104384]: [pid: 104384|app: 0|req: 11/23] 10.222.0.48 () {64 vars in 1333 bytes} [Fri Aug 5 17:26:27 2022] POST /compute/v2.1/flavors/1/os-extra_specs => generated 43 bytes in 100 msecs (HTTP/1.1 200) 9 headers in 358 bytes (1 switches on core 0)
Aug 05 17:26:29.920146 n-d-833090-11 devstack@n-api.service[104385]: DEBUG nova.api.openstack.wsgi [None req-9b5bb3d6-7185-40f9-8230-362b8828340c admin admin] Calling method '>' {{(pid=104385) _process_stack /opt/stack/nova/nova/api/openstack/wsgi.py:513}}
Aug 05 17:26:29.921168 n-d-833090-11 devstack@n-api.service[104385]: INFO nova.api.openstack.requestlog [None req-9b5bb3d6-7185-40f9-8230-362b8828340c admin admin] 10.222.0.48 "GET /compute/v2.1" status: 200 len: 388 microversion: 2.1 time: 0.001510
Aug 05 17:26:29.921579 n-d-833090-11 devstack@n-api.service[104385]: [pid: 104385|app: 0|req: 13/24] 10.222.0.48 () {54 vars in 931 bytes} [Fri Aug 5 17:26:29 2022] GET /compute/v2.1 => generated 388 bytes in 2 msecs (HTTP/1.1 200) 9 headers in 357 bytes (1 switches on core 0)
Aug 05 17:26:30.367582 n-d-833090-11 devstack@n-api.service[104384]: DEBUG nova.api.openstack.wsgi [None req-6194cda7-73a9-491f-9edc-a5b79d23fe54 admin admin] Action: 'create', calling method: >, body: {"flavor": {"vcpus": 1, "id": "2", "name": "m1.small", "ram": 2048, "disk": 20, "os-flavor-access:is_public": true, "rxtx_factor": 1.0, "swap": 0, "OS-FLV-EXT-DATA:ephemeral": 0}} {{(pid=104384) _process_stack /opt/stack/nova/nova/api/openstack/wsgi.py:511}}
Aug 05 17:26:30.457461 n-d-833090-11 devstack@n-api.service[104384]: INFO nova.api.openstack.requestlog [None req-6194cda7-73a9-491f-9edc-a5b79d23fe54 admin admin] 10.222.0.48 "POST /compute/v2.1/flavors" status: 200 len: 405 microversion: 2.61 time: 0.529487
Aug 05 17:26:30.458851 n-d-833090-11 devstack@n-api.service[104384]: [pid: 104384|app: 0|req: 12/25] 10.222.0.48 () {64 vars in 1283 bytes} [Fri Aug 5 17:26:29 2022] POST /compute/v2.1/flavors => generated 405 bytes in 532 msecs (HTTP/1.1 200) 9 headers in 359 bytes (1 switches on core 0)
Aug 05 17:26:30.471874 n-d-833090-11 devstack@n-api.service[104385]: DEBUG nova.api.openstack.wsgi [None req-05372f2d-d064-4f73-83ed-667db2764e0d admin admin] Action: 'create', calling method: >, body: {"extra_specs": {"hw_rng:allowed": "True"}} {{(pid=104385) _process_stack /opt/stack/nova/nova/api/openstack/wsgi.py:511}}
Aug 05 17:26:30.573997 n-d-833090-11 devstack@n-api.service[104385]: INFO nova.api.openstack.requestlog [None req-05372f2d-d064-4f73-83ed-667db2764e0d admin admin] 10.222.0.48 "POST /compute/v2.1/flavors/2/os-extra_specs" status: 200 len: 43 microversion: 2.61 time: 0.106822
Aug 05 17:26:30.574593 n-d-833090-11 devstack@n-api.service[104385]: [pid: 104385|app: 0|req: 14/26] 10.222.0.48 () {64 vars in 1333 bytes} [Fri Aug 5 17:26:30 2022] POST /compute/v2.1/flavors/2/os-extra_specs => generated 43 bytes in 108 msecs (HTTP/1.1 200) 9 headers in 358 bytes (1 switches on core 0)
Aug 05 17:26:32.796327 n-d-833090-11 devstack@n-api.service[104384]: DEBUG nova.api.openstack.wsgi [None req-6194cda7-73a9-491f-9edc-a5b79d23fe54 admin admin] Calling method '>' {{(pid=104384) _process_stack /opt/stack/nova/nova/api/openstack/wsgi.py:513}}
Aug 05 17:26:32.797348 n-d-833090-11 devstack@n-api.service[104384]: INFO nova.api.openstack.requestlog [None req-6194cda7-73a9-491f-9edc-a5b79d23fe54 admin admin] 10.222.0.48 "GET /compute/v2.1" status: 200 len: 388 microversion: 2.1 time: 0.001513
Aug 05 17:26:32.797964 n-d-833090-11 devstack@n-api.service[104384]: [pid: 104384|app: 0|req: 13/27] 10.222.0.48 () {54 vars in 931 bytes} [Fri Aug 5 17:26:32 2022] GET /compute/v2.1 => generated 388 bytes in 2 msecs (HTTP/1.1 200) 9 headers in 357 bytes (1 switches on core 0)
Aug 05 17:26:33.187003 n-d-833090-11 devstack@n-api.service[104385]: DEBUG nova.api.openstack.wsgi [None req-8552a1d8-0444-4ae7-826a-e51d5561b5db admin admin] Action: 'create', calling method: >, body: {"flavor": {"swap": 0, "name": "m1.medium", "OS-FLV-EXT-DATA:ephemeral": 0, "rxtx_factor": 1.0, "ram": 4096, "vcpus": 2, "id": "3", "disk": 40, "os-flavor-access:is_public": true}} {{(pid=104385) _process_stack /opt/stack/nova/nova/api/openstack/wsgi.py:511}}
Aug 05 17:26:33.262652 n-d-833090-11 devstack@n-api.service[104385]: INFO nova.api.openstack.requestlog [None req-8552a1d8-0444-4ae7-826a-e51d5561b5db admin admin] 10.222.0.48 "POST /compute/v2.1/flavors" status: 200 len: 406 microversion: 2.61 time: 0.457526
Aug 05 17:26:33.263134 n-d-833090-11 devstack@n-api.service[104385]: [pid: 104385|app: 0|req: 15/28] 10.222.0.48 () {64 vars in 1283 bytes} [Fri Aug 5 17:26:32 2022] POST /compute/v2.1/flavors => generated 406 bytes in 459 msecs (HTTP/1.1 200) 9 headers in 359 bytes (1 switches on core 0)
Aug 05 17:26:33.275935 n-d-833090-11 devstack@n-api.service[104384]: DEBUG nova.api.openstack.wsgi [None req-965775d1-30a5-41ca-978c-7f58c0e132d0 admin admin] Action: 'create', calling method: >, body: {"extra_specs": {"hw_rng:allowed": "True"}} {{(pid=104384) _process_stack /opt/stack/nova/nova/api/openstack/wsgi.py:511}}
Aug 05 17:26:33.369663 n-d-833090-11 devstack@n-api.service[104384]: INFO nova.api.openstack.requestlog [None req-965775d1-30a5-41ca-978c-7f58c0e132d0 admin admin] 10.222.0.48 "POST /compute/v2.1/flavors/3/os-extra_specs" status: 200 len: 43 microversion: 2.61 time: 0.097406
Aug 05 17:26:33.375632 n-d-833090-11 devstack@n-api.service[104384]: [pid: 104384|app: 0|req: 14/29] 10.222.0.48 () {64 vars in 1333 bytes} [Fri Aug 5 17:26:33 2022] POST /compute/v2.1/flavors/3/os-extra_specs => generated 43 bytes in 99 msecs (HTTP/1.1 200) 9 headers in 358 bytes (2 switches on core 0)
Aug 05 17:26:35.596205 n-d-833090-11 devstack@n-api.service[104385]: DEBUG nova.api.openstack.wsgi [None req-8552a1d8-0444-4ae7-826a-e51d5561b5db admin admin] Calling method '>' {{(pid=104385) _process_stack /opt/stack/nova/nova/api/openstack/wsgi.py:513}}
Aug 05 17:26:35.597177 n-d-833090-11 devstack@n-api.service[104385]: INFO nova.api.openstack.requestlog [None req-8552a1d8-0444-4ae7-826a-e51d5561b5db admin admin] 10.222.0.48 "GET /compute/v2.1" status: 200 len: 388 microversion: 2.1 time: 0.001476
Aug 05 17:26:35.597583 n-d-833090-11 devstack@n-api.service[104385]: [pid: 104385|app: 0|req: 16/30] 10.222.0.48 () {54 vars in 931 bytes} [Fri Aug 5 17:26:35 2022] GET /compute/v2.1 => generated 388 bytes in 2 msecs (HTTP/1.1 200) 9 headers in 357 bytes (1 switches on core 0)
Aug 05 17:26:36.090581 n-d-833090-11 devstack@n-api.service[104384]: DEBUG nova.api.openstack.wsgi [None req-98a6240c-d5f4-4f31-831d-4de875eef414 admin admin] Action: 'create', calling method: >, body: {"flavor": {"vcpus": 4, "disk": 80, "os-flavor-access:is_public": true, "OS-FLV-EXT-DATA:ephemeral": 0, "swap": 0, "name": "m1.large", "id": "4", "ram": 8192, "rxtx_factor": 1.0}} {{(pid=104384) _process_stack /opt/stack/nova/nova/api/openstack/wsgi.py:511}}
Aug 05 17:26:36.096239 n-d-833090-11 devstack@n-api.service[104384]: DEBUG dbcounter [-] [104384] Writing DB stats nova_api:SELECT=39,nova_api:INSERT=8,nova_api:SAVEPOINT=4,nova_api:RELEASE=4 {{(pid=104384) stat_writer /usr/local/lib/python3.8/dist-packages/dbcounter.py:114}}
Aug 05 17:26:36.196956 n-d-833090-11 devstack@n-api.service[104384]: INFO nova.api.openstack.requestlog [None req-98a6240c-d5f4-4f31-831d-4de875eef414 admin admin] 10.222.0.48 "POST /compute/v2.1/flavors" status: 200 len: 405 microversion: 2.61 time: 0.592964
Aug 05 17:26:36.197421 n-d-833090-11 devstack@n-api.service[104384]: [pid: 104384|app: 0|req: 15/31] 10.222.0.48 () {64 vars in 1283 bytes} [Fri Aug 5 17:26:35 2022] POST /compute/v2.1/flavors => generated 405 bytes in 594 msecs (HTTP/1.1 200) 9 headers in 359 bytes (1 switches on core 0)
Aug 05 17:26:36.210123 n-d-833090-11 devstack@n-api.service[104385]: DEBUG nova.api.openstack.wsgi [None req-82730f22-6062-4393-aab3-1550653f694e admin admin] Action: 'create', calling method: >, body: {"extra_specs": {"hw_rng:allowed": "True"}} {{(pid=104385) _process_stack /opt/stack/nova/nova/api/openstack/wsgi.py:511}}
Aug 05 17:26:36.299520 n-d-833090-11 devstack@n-api.service[104385]: INFO nova.api.openstack.requestlog [None req-82730f22-6062-4393-aab3-1550653f694e admin admin] 10.222.0.48 "POST /compute/v2.1/flavors/4/os-extra_specs" status: 200 len: 43 microversion: 2.61 time: 0.093342
Aug 05 17:26:36.299863 n-d-833090-11 devstack@n-api.service[104385]: [pid: 104385|app: 0|req: 17/32] 10.222.0.48 () {64 vars in 1333 bytes} [Fri Aug 5 17:26:36 2022] POST /compute/v2.1/flavors/4/os-extra_specs => generated 43 bytes in 94 msecs (HTTP/1.1 200) 9 headers in 358 bytes (1 switches on core 0)
Aug 05 17:26:38.549813 n-d-833090-11 devstack@n-api.service[104384]: DEBUG nova.api.openstack.wsgi [None req-98a6240c-d5f4-4f31-831d-4de875eef414 admin admin] Calling method '>' {{(pid=104384) _process_stack /opt/stack/nova/nova/api/openstack/wsgi.py:513}}
Aug 05 17:26:38.551492 n-d-833090-11 devstack@n-api.service[104384]: INFO nova.api.openstack.requestlog [None req-98a6240c-d5f4-4f31-831d-4de875eef414 admin admin] 10.222.0.48 "GET /compute/v2.1" status: 200 len: 388 microversion: 2.1 time: 0.002067
Aug 05 17:26:38.552817 n-d-833090-11 devstack@n-api.service[104384]: [pid: 104384|app: 0|req: 16/33] 10.222.0.48 () {54 vars in 931 bytes} [Fri Aug 5 17:26:38 2022] GET /compute/v2.1 => generated 388 bytes in 4 msecs (HTTP/1.1 200) 9 headers in 357 bytes (1 switches on core 0)
Aug 05 17:26:38.995749 n-d-833090-11 devstack@n-api.service[104385]: DEBUG nova.api.openstack.wsgi [None req-0a03a312-2346-441a-bbe8-4fc8ed185e32 admin admin] Action: 'create', calling method: >, body: {"flavor": {"vcpus": 8, "disk": 160, "swap": 0, "ram": 16384, "name": "m1.xlarge", "OS-FLV-EXT-DATA:ephemeral": 0, "os-flavor-access:is_public": true, "id": "5", "rxtx_factor": 1.0}} {{(pid=104385) _process_stack /opt/stack/nova/nova/api/openstack/wsgi.py:511}}
Aug 05 17:26:39.079266 n-d-833090-11 devstack@n-api.service[104385]: INFO nova.api.openstack.requestlog [None req-0a03a312-2346-441a-bbe8-4fc8ed185e32 admin admin] 10.222.0.48 "POST /compute/v2.1/flavors" status: 200 len: 408 microversion: 2.61 time: 0.520843
Aug 05 17:26:39.079856 n-d-833090-11 devstack@n-api.service[104385]: [pid: 104385|app: 0|req: 18/34] 10.222.0.48 () {64 vars in 1283 bytes} [Fri Aug 5 17:26:38 2022] POST /compute/v2.1/flavors => generated 408 bytes in 522 msecs (HTTP/1.1 200) 9 headers in 359 bytes (1 switches on core 0)
Aug 05 17:26:39.092898 n-d-833090-11 devstack@n-api.service[104384]: DEBUG nova.api.openstack.wsgi [None req-b80214e5-23ed-458c-9238-d7558f0ee3f8 admin admin] Action: 'create', calling method: >, body: {"extra_specs": {"hw_rng:allowed": "True"}} {{(pid=104384) _process_stack /opt/stack/nova/nova/api/openstack/wsgi.py:511}}
Aug 05 17:26:39.192112 n-d-833090-11 devstack@n-api.service[104384]: INFO nova.api.openstack.requestlog [None req-b80214e5-23ed-458c-9238-d7558f0ee3f8 admin admin] 10.222.0.48 "POST /compute/v2.1/flavors/5/os-extra_specs" status: 200 len: 43 microversion: 2.61 time: 0.103258
Aug 05 17:26:39.193366 n-d-833090-11 devstack@n-api.service[104384]: [pid: 104384|app: 0|req: 17/35] 10.222.0.48 () {64 vars in 1333 bytes} [Fri Aug 5 17:26:39 2022] POST /compute/v2.1/flavors/5/os-extra_specs => generated 43 bytes in 105 msecs (HTTP/1.1 200) 9 headers in 358 bytes (1 switches on core 0)
Aug 05 17:27:03.281325 n-d-833090-11 devstack@n-api.service[104385]: DEBUG nova.api.openstack.wsgi [None req-0a03a312-2346-441a-bbe8-4fc8ed185e32 admin admin] Calling method '>' {{(pid=104385) _process_stack /opt/stack/nova/nova/api/openstack/wsgi.py:513}}
Aug 05 17:27:03.282343 n-d-833090-11 devstack@n-api.service[104385]: INFO nova.api.openstack.requestlog [None req-0a03a312-2346-441a-bbe8-4fc8ed185e32 admin admin] 10.222.0.48 "GET /compute/v2.1" status: 200 len: 388 microversion: 2.1 time: 0.001441
Aug 05 17:27:03.282747 n-d-833090-11 devstack@n-api.service[104385]: [pid: 104385|app: 0|req: 19/36] 10.222.0.48 () {54 vars in 931 bytes} [Fri Aug 5 17:27:03 2022] GET /compute/v2.1 => generated 388 bytes in 2 msecs (HTTP/1.1 200) 9 headers in 357 bytes (1 switches on core 0)
Aug 05 17:27:03.682618 n-d-833090-11 devstack@n-api.service[104384]: DEBUG nova.api.openstack.wsgi [None req-c042eca1-de8c-4541-b32a-6e213a5f103a admin admin] Calling method '>' {{(pid=104384) _process_stack /opt/stack/nova/nova/api/openstack/wsgi.py:513}}
Aug 05 17:27:03.700795 n-d-833090-11 devstack@n-api.service[104384]: INFO nova.api.openstack.requestlog [None req-c042eca1-de8c-4541-b32a-6e213a5f103a admin admin] 10.222.0.48 "GET /compute/v2.1/flavors/detail?is_public=True" status: 200 len: 4202 microversion: 2.61 time: 0.410842
