Mar 10 14:42:32.040313 n-d-833090-1 devstack@n-api.service[114795]: DEBUG oslo_db.sqlalchemy.engines [None req-d4b98f64-1aa5-4198-a19d-02456c51ed69 None None] MySQL server mode set to STRICT_TRANS_TABLES,STRICT_ALL_TABLES,NO_ZERO_IN_DATE,NO_ZERO_DATE,ERROR_FOR_DIVISION_BY_ZERO,TRADITIONAL,NO_ENGINE_SUBSTITUTION {{(pid=114795) _check_effective_sql_mode /usr/local/lib/python3.8/dist-packages/oslo_db/sqlalchemy/engines.py:314}}
Mar 10 14:42:32.041754 n-d-833090-1 devstack@n-api.service[114794]: DEBUG oslo_db.sqlalchemy.engines [None req-38d8bd63-5f65-4e24-8ad8-bf4cf544bb4d None None] MySQL server mode set to STRICT_TRANS_TABLES,STRICT_ALL_TABLES,NO_ZERO_IN_DATE,NO_ZERO_DATE,ERROR_FOR_DIVISION_BY_ZERO,TRADITIONAL,NO_ENGINE_SUBSTITUTION {{(pid=114794) _check_effective_sql_mode /usr/local/lib/python3.8/dist-packages/oslo_db/sqlalchemy/engines.py:314}}
Mar 10 14:42:32.044479 n-d-833090-1 devstack@n-api.service[114795]: DEBUG oslo_db.sqlalchemy.engines [None req-d4b98f64-1aa5-4198-a19d-02456c51ed69 None None] MySQL server mode set to STRICT_TRANS_TABLES,STRICT_ALL_TABLES,NO_ZERO_IN_DATE,NO_ZERO_DATE,ERROR_FOR_DIVISION_BY_ZERO,TRADITIONAL,NO_ENGINE_SUBSTITUTION {{(pid=114795) _check_effective_sql_mode /usr/local/lib/python3.8/dist-packages/oslo_db/sqlalchemy/engines.py:314}}
Mar 10 14:42:32.193147 n-d-833090-1 devstack@n-api.service[114794]: DEBUG oslo_db.sqlalchemy.engines [None req-38d8bd63-5f65-4e24-8ad8-bf4cf544bb4d None None] MySQL server mode set to STRICT_TRANS_TABLES,STRICT_ALL_TABLES,NO_ZERO_IN_DATE,NO_ZERO_DATE,ERROR_FOR_DIVISION_BY_ZERO,TRADITIONAL,NO_ENGINE_SUBSTITUTION {{(pid=114794) _check_effective_sql_mode /usr/local/lib/python3.8/dist-packages/oslo_db/sqlalchemy/engines.py:314}}
Mar 10 14:42:32.211888 n-d-833090-1 devstack@n-api.service[114795]: DEBUG oslo_db.sqlalchemy.engines [None req-d4b98f64-1aa5-4198-a19d-02456c51ed69 None None] MySQL server mode set to STRICT_TRANS_TABLES,STRICT_ALL_TABLES,NO_ZERO_IN_DATE,NO_ZERO_DATE,ERROR_FOR_DIVISION_BY_ZERO,TRADITIONAL,NO_ENGINE_SUBSTITUTION {{(pid=114795) _check_effective_sql_mode /usr/local/lib/python3.8/dist-packages/oslo_db/sqlalchemy/engines.py:314}}
Mar 10 14:42:32.213049 n-d-833090-1 devstack@n-api.service[114794]: DEBUG oslo_db.sqlalchemy.engines [None req-38d8bd63-5f65-4e24-8ad8-bf4cf544bb4d None None] MySQL server mode set to STRICT_TRANS_TABLES,STRICT_ALL_TABLES,NO_ZERO_IN_DATE,NO_ZERO_DATE,ERROR_FOR_DIVISION_BY_ZERO,TRADITIONAL,NO_ENGINE_SUBSTITUTION {{(pid=114794) _check_effective_sql_mode /usr/local/lib/python3.8/dist-packages/oslo_db/sqlalchemy/engines.py:314}}
Mar 10 14:42:32.667521 n-d-833090-1 devstack@n-api.service[114794]: WARNING keystonemiddleware.auth_token [None req-38d8bd63-5f65-4e24-8ad8-bf4cf544bb4d None None] AuthToken middleware is set with keystone_authtoken.service_token_roles_required set to False. This is backwards compatible but deprecated behaviour. Please set this to True.
Mar 10 14:42:32.668154 n-d-833090-1 devstack@n-api.service[114795]: WARNING keystonemiddleware.auth_token [None req-d4b98f64-1aa5-4198-a19d-02456c51ed69 None None] AuthToken middleware is set with keystone_authtoken.service_token_roles_required set to False. This is backwards compatible but deprecated behaviour. Please set this to True.
Mar 10 14:42:32.674089 n-d-833090-1 devstack@n-api.service[114794]: WARNING keystonemiddleware.auth_token [None req-38d8bd63-5f65-4e24-8ad8-bf4cf544bb4d None None] Configuring www_authenticate_uri to point to the public identity endpoint is required; clients may not be able to authenticate against an admin endpoint
Mar 10 14:42:32.674483 n-d-833090-1 devstack@n-api.service[114795]: WARNING keystonemiddleware.auth_token [None req-d4b98f64-1aa5-4198-a19d-02456c51ed69 None None] Configuring www_authenticate_uri to point to the public identity endpoint is required; clients may not be able to authenticate against an admin endpoint
Mar 10 14:42:32.900082 n-d-833090-1 devstack@n-api.service[114795]: WARNING keystonemiddleware.auth_token [None req-d4b98f64-1aa5-4198-a19d-02456c51ed69 None None] AuthToken middleware is set with keystone_authtoken.service_token_roles_required set to False. This is backwards compatible but deprecated behaviour. Please set this to True.
Mar 10 14:42:32.901890 n-d-833090-1 devstack@n-api.service[114794]: WARNING keystonemiddleware.auth_token [None req-38d8bd63-5f65-4e24-8ad8-bf4cf544bb4d None None] AuthToken middleware is set with keystone_authtoken.service_token_roles_required set to False. This is backwards compatible but deprecated behaviour. Please set this to True.
Mar 10 14:42:32.905244 n-d-833090-1 devstack@n-api.service[114795]: WARNING keystonemiddleware.auth_token [None req-d4b98f64-1aa5-4198-a19d-02456c51ed69 None None] Configuring www_authenticate_uri to point to the public identity endpoint is required; clients may not be able to authenticate against an admin endpoint
Mar 10 14:42:32.907084 n-d-833090-1 devstack@n-api.service[114794]: WARNING keystonemiddleware.auth_token [None req-38d8bd63-5f65-4e24-8ad8-bf4cf544bb4d None None] Configuring www_authenticate_uri to point to the public identity endpoint is required; clients may not be able to authenticate against an admin endpoint
Mar 10 14:42:32.910621 n-d-833090-1 devstack@n-api.service[114795]: WSGI app 0 (mountpoint='') ready in 5 seconds on interpreter 0x557cc9dd39c0 pid: 114795 (default app)
Mar 10 14:42:32.912675 n-d-833090-1 devstack@n-api.service[114794]: WSGI app 0 (mountpoint='') ready in 5 seconds on interpreter 0x557cc9dd39c0 pid: 114794 (default app)
Mar 10 14:42:32.912992 n-d-833090-1 devstack@n-api.service[114795]: DEBUG nova.api.openstack.wsgi [None req-d4b98f64-1aa5-4198-a19d-02456c51ed69 None None] Calling method '>' {{(pid=114795) _process_stack /opt/stack/nova/nova/api/openstack/wsgi.py:513}}
Mar 10 14:42:32.914706 n-d-833090-1 devstack@n-api.service[114795]: INFO nova.api.openstack.requestlog [None req-d4b98f64-1aa5-4198-a19d-02456c51ed69 None None] 10.222.0.11 "GET /compute/v2.1/" status: 200 len: 388 microversion: 2.1 time: 0.001987
Mar 10 14:42:32.915162 n-d-833090-1 devstack@n-api.service[114795]: [pid: 114795|app: 0|req: 1/1] 10.222.0.11 () {50 vars in 788 bytes} [Thu Mar 10 14:42:32 2022] GET /compute/v2.1/ => generated 388 bytes in 4 msecs (HTTP/1.1 200) 9 headers in 357 bytes (1 switches on core 0)
Mar 10 14:43:55.079626 n-d-833090-1 devstack@n-api.service[114794]: DEBUG nova.api.openstack.wsgi [None req-38d8bd63-5f65-4e24-8ad8-bf4cf544bb4d None None] Calling method '>' {{(pid=114794) _process_stack /opt/stack/nova/nova/api/openstack/wsgi.py:513}}
Mar 10 14:43:55.080814 n-d-833090-1 devstack@n-api.service[114794]: INFO nova.api.openstack.requestlog [None req-38d8bd63-5f65-4e24-8ad8-bf4cf544bb4d None None] 10.222.0.11 "GET /compute/v2.1" status: 200 len: 388 microversion: 2.1 time: 0.001976
Mar 10 14:43:55.081218 n-d-833090-1 devstack@n-api.service[114794]: [pid: 114794|app: 0|req: 1/2] 10.222.0.11 () {54 vars in 930 bytes} [Thu Mar 10 14:43:55 2022] GET /compute/v2.1 => generated 388 bytes in 3 msecs (HTTP/1.1 200) 9 headers in 357 bytes (1 switches on core 0)
Mar 10 14:43:55.509187 n-d-833090-1 devstack@n-api.service[114795]: DEBUG nova.api.openstack.wsgi [None req-90c294f3-ea25-43d6-82fe-cc38a2445743 admin admin] Calling method '>' {{(pid=114795) _process_stack /opt/stack/nova/nova/api/openstack/wsgi.py:513}}
Mar 10 14:43:55.538335 n-d-833090-1 devstack@n-api.service[114795]: INFO nova.api.openstack.requestlog [None req-90c294f3-ea25-43d6-82fe-cc38a2445743 admin admin] 10.222.0.11 "GET /compute/v2.1/flavors/detail?is_public=True" status: 200 len: 15 microversion: 2.61 time: 0.450657
Mar 10 14:43:55.539134 n-d-833090-1 devstack@n-api.service[114795]: [pid: 114795|app: 0|req: 2/3] 10.222.0.11 () {60 vars in 1291 bytes} [Thu Mar 10 14:43:55 2022] GET /compute/v2.1/flavors/detail?is_public=True => generated 15 bytes in 452 msecs (HTTP/1.1 200) 9 headers in 358 bytes (2 switches on core 0)
Mar 10 14:43:57.952364 n-d-833090-1 devstack@n-api.service[114794]: DEBUG nova.api.openstack.wsgi [None req-38d8bd63-5f65-4e24-8ad8-bf4cf544bb4d None None] Calling method '>' {{(pid=114794) _process_stack /opt/stack/nova/nova/api/openstack/wsgi.py:513}}
Mar 10 14:43:57.953362 n-d-833090-1 devstack@n-api.service[114794]: INFO nova.api.openstack.requestlog [None req-38d8bd63-5f65-4e24-8ad8-bf4cf544bb4d None None] 10.222.0.11 "GET /compute/v2.1" status: 200 len: 388 microversion: 2.1 time: 0.001437
Mar 10 14:43:57.953765 n-d-833090-1 devstack@n-api.service[114794]: [pid: 114794|app: 0|req: 2/4] 10.222.0.11 () {54 vars in 930 bytes} [Thu Mar 10 14:43:57 2022] GET /compute/v2.1 => generated 388 bytes in 2 msecs (HTTP/1.1 200) 9 headers in 357 bytes (2 switches on core 0)
Mar 10 14:43:58.014807 n-d-833090-1 devstack@n-api.service[114795]: DEBUG nova.api.openstack.wsgi [None req-456a545d-2d2c-4d8e-ab2c-9fcd3716ae44 admin admin] Action: 'create', calling method: >, body: {"flavor": {"os-flavor-access:is_public": true, "ram": 256, "disk": 1, "id": "c1", "swap": 0, "OS-FLV-EXT-DATA:ephemeral": 0, "name": "cirros256", "rxtx_factor": 1.0, "vcpus": 1}} {{(pid=114795) _process_stack /opt/stack/nova/nova/api/openstack/wsgi.py:511}}
Mar 10 14:43:58.034267 n-d-833090-1 devstack@n-api.service[114795]: /usr/local/lib/python3.8/dist-packages/oslo_policy/policy.py:1119: UserWarning: Policy "os_compute_api:os-flavor-manage:create": "rule:context_is_admin" failed scope check. The token used to make the request was project scoped but the policy requires ['system'] scope. This behavior may change in the future where using the intended scope is required
Mar 10 14:43:58.034267 n-d-833090-1 devstack@n-api.service[114795]: warnings.warn(msg)
Mar 10 14:43:58.069648 n-d-833090-1 devstack@n-api.service[114795]: INFO nova.api.openstack.requestlog [None req-456a545d-2d2c-4d8e-ab2c-9fcd3716ae44 admin admin] 10.222.0.11 "POST /compute/v2.1/flavors" status: 200 len: 407 microversion: 2.61 time: 0.109454
Mar 10 14:43:58.070397 n-d-833090-1 devstack@n-api.service[114795]: [pid: 114795|app: 0|req: 3/5] 10.222.0.11 () {64 vars in 1282 bytes} [Thu Mar 10 14:43:57 2022] POST /compute/v2.1/flavors => generated 407 bytes in 111 msecs (HTTP/1.1 200) 9 headers in 359 bytes (2 switches on core 0)
Mar 10 14:43:58.302131 n-d-833090-1 devstack@n-api.service[114794]: DEBUG nova.api.openstack.wsgi [None req-52735d6b-7a9d-43ba-b4a3-091599e3d6e4 admin admin] Action: 'create', calling method: >, body: {"extra_specs": {"hw_rng:allowed": "True"}} {{(pid=114794) _process_stack /opt/stack/nova/nova/api/openstack/wsgi.py:511}}
Mar 10 14:43:58.304736 n-d-833090-1 devstack@n-api.service[114794]: /usr/local/lib/python3.8/dist-packages/oslo_policy/policy.py:1119: UserWarning: Policy "os_compute_api:os-flavor-extra-specs:create": "rule:context_is_admin" failed scope check. The token used to make the request was project scoped but the policy requires ['system'] scope. This behavior may change in the future where using the intended scope is required
Mar 10 14:43:58.304736 n-d-833090-1 devstack@n-api.service[114794]: warnings.warn(msg)
Mar 10 14:43:58.352196 n-d-833090-1 devstack@n-api.service[114794]: INFO nova.api.openstack.requestlog [None req-52735d6b-7a9d-43ba-b4a3-091599e3d6e4 admin admin] 10.222.0.11 "POST /compute/v2.1/flavors/c1/os-extra_specs" status: 200 len: 43 microversion: 2.61 time: 0.273771
Mar 10 14:43:58.353126 n-d-833090-1 devstack@n-api.service[114794]: [pid: 114794|app: 0|req: 3/6] 10.222.0.11 () {64 vars in 1335 bytes} [Thu Mar 10 14:43:58 2022] POST /compute/v2.1/flavors/c1/os-extra_specs => generated 43 bytes in 275 msecs (HTTP/1.1 200) 9 headers in 358 bytes (1 switches on core 0)
Mar 10 14:44:00.713451 n-d-833090-1 devstack@n-api.service[114795]: DEBUG nova.api.openstack.wsgi [None req-456a545d-2d2c-4d8e-ab2c-9fcd3716ae44 admin admin] Calling method '>' {{(pid=114795) _process_stack /opt/stack/nova/nova/api/openstack/wsgi.py:513}}
Mar 10 14:44:00.714463 n-d-833090-1 devstack@n-api.service[114795]: INFO nova.api.openstack.requestlog [None req-456a545d-2d2c-4d8e-ab2c-9fcd3716ae44 admin admin] 10.222.0.11 "GET /compute/v2.1" status: 200 len: 388 microversion: 2.1 time: 0.001453
Mar 10 14:44:00.714896 n-d-833090-1 devstack@n-api.service[114795]: [pid: 114795|app: 0|req: 4/7] 10.222.0.11 () {54 vars in 930 bytes} [Thu Mar 10 14:44:00 2022] GET /compute/v2.1 => generated 388 bytes in 2 msecs (HTTP/1.1 200) 9 headers in 357 bytes (1 switches on core 0)
Mar 10 14:44:00.826991 n-d-833090-1 devstack@n-api.service[114794]: DEBUG nova.api.openstack.wsgi [None req-e75f57f5-5a29-428f-9240-5ff708fd2a09 admin admin] Action: 'create', calling method: >, body: {"flavor": {"vcpus": 1, "swap": 0, "rxtx_factor": 1.0, "id": "d1", "OS-FLV-EXT-DATA:ephemeral": 0, "os-flavor-access:is_public": true, "name": "ds512M", "ram": 512, "disk": 5}} {{(pid=114794) _process_stack /opt/stack/nova/nova/api/openstack/wsgi.py:511}}
Mar 10 14:44:00.845255 n-d-833090-1 devstack@n-api.service[114794]: /usr/local/lib/python3.8/dist-packages/oslo_policy/policy.py:1119: UserWarning: Policy "os_compute_api:os-flavor-manage:create": "rule:context_is_admin" failed scope check. The token used to make the request was project scoped but the policy requires ['system'] scope. This behavior may change in the future where using the intended scope is required
Mar 10 14:44:00.845255 n-d-833090-1 devstack@n-api.service[114794]: warnings.warn(msg)
Mar 10 14:44:00.867312 n-d-833090-1 devstack@n-api.service[114794]: INFO nova.api.openstack.requestlog [None req-e75f57f5-5a29-428f-9240-5ff708fd2a09 admin admin] 10.222.0.11 "POST /compute/v2.1/flavors" status: 200 len: 404 microversion: 2.61 time: 0.146634
Mar 10 14:44:00.867873 n-d-833090-1 devstack@n-api.service[114794]: [pid: 114794|app: 0|req: 4/8] 10.222.0.11 () {64 vars in 1282 bytes} [Thu Mar 10 14:44:00 2022] POST /compute/v2.1/flavors => generated 404 bytes in 148 msecs (HTTP/1.1 200) 9 headers in 359 bytes (2 switches on core 0)
Mar 10 14:44:00.880871 n-d-833090-1 devstack@n-api.service[114795]: DEBUG nova.api.openstack.wsgi [None req-237befe2-29d8-4e1f-9534-f417f4df4dc0 admin admin] Action: 'create', calling method: >, body: {"extra_specs": {"hw_rng:allowed": "True"}} {{(pid=114795) _process_stack /opt/stack/nova/nova/api/openstack/wsgi.py:511}}
Mar 10 14:44:00.882350 n-d-833090-1 devstack@n-api.service[114795]: /usr/local/lib/python3.8/dist-packages/oslo_policy/policy.py:1119: UserWarning: Policy "os_compute_api:os-flavor-extra-specs:create": "rule:context_is_admin" failed scope check. The token used to make the request was project scoped but the policy requires ['system'] scope. This behavior may change in the future where using the intended scope is required
Mar 10 14:44:00.882350 n-d-833090-1 devstack@n-api.service[114795]: warnings.warn(msg)
Mar 10 14:44:00.919371 n-d-833090-1 devstack@n-api.service[114795]: INFO nova.api.openstack.requestlog [None req-237befe2-29d8-4e1f-9534-f417f4df4dc0 admin admin] 10.222.0.11 "POST /compute/v2.1/flavors/d1/os-extra_specs" status: 200 len: 43 microversion: 2.61 time: 0.042259
Mar 10 14:44:00.920073 n-d-833090-1 devstack@n-api.service[114795]: [pid: 114795|app: 0|req: 5/9] 10.222.0.11 () {64 vars in 1335 bytes} [Thu Mar 10 14:44:00 2022] POST /compute/v2.1/flavors/d1/os-extra_specs => generated 43 bytes in 44 msecs (HTTP/1.1 200) 9 headers in 358 bytes (2 switches on core 0)
Mar 10 14:44:03.404706 n-d-833090-1 devstack@n-api.service[114794]: DEBUG nova.api.openstack.wsgi [None req-e75f57f5-5a29-428f-9240-5ff708fd2a09 admin admin] Calling method '>' {{(pid=114794) _process_stack /opt/stack/nova/nova/api/openstack/wsgi.py:513}}
Mar 10 14:44:03.406328 n-d-833090-1 devstack@n-api.service[114794]: INFO nova.api.openstack.requestlog [None req-e75f57f5-5a29-428f-9240-5ff708fd2a09 admin admin] 10.222.0.11 "GET /compute/v2.1" status: 200 len: 388 microversion: 2.1 time: 0.002117
Mar 10 14:44:03.418846 n-d-833090-1 devstack@n-api.service[114794]: [pid: 114794|app: 0|req: 5/10] 10.222.0.11 () {54 vars in 930 bytes} [Thu Mar 10 14:44:03 2022] GET /compute/v2.1 => generated 388 bytes in 15 msecs (HTTP/1.1 200) 9 headers in 357 bytes (1 switches on core 0)
Mar 10 14:44:03.471979 n-d-833090-1 devstack@n-api.service[114795]: DEBUG nova.api.openstack.wsgi [None req-da8bcd22-95ee-4ef8-8142-b8630196e312 admin admin] Action: 'create', calling method: >, body: {"flavor": {"os-flavor-access:is_public": true, "disk": 10, "rxtx_factor": 1.0, "swap": 0, "id": "d2", "name": "ds1G", "OS-FLV-EXT-DATA:ephemeral": 0, "ram": 1024, "vcpus": 1}} {{(pid=114795) _process_stack /opt/stack/nova/nova/api/openstack/wsgi.py:511}}
Mar 10 14:44:03.493868 n-d-833090-1 devstack@n-api.service[114795]: INFO nova.api.openstack.requestlog [None req-da8bcd22-95ee-4ef8-8142-b8630196e312 admin admin] 10.222.0.11 "POST /compute/v2.1/flavors" status: 200 len: 404 microversion: 2.61 time: 0.079475
Mar 10 14:44:03.507050 n-d-833090-1 devstack@n-api.service[114794]: DEBUG nova.api.openstack.wsgi [None req-0c166f02-cea7-4e47-a886-c2ea1d2496b9 admin admin] Action: 'create', calling method: >, body: {"extra_specs": {"hw_rng:allowed": "True"}} {{(pid=114794) _process_stack /opt/stack/nova/nova/api/openstack/wsgi.py:511}}
Mar 10 14:44:03.511750 n-d-833090-1 devstack@n-api.service[114795]: [pid: 114795|app: 0|req: 6/11] 10.222.0.11 () {64 vars in 1282 bytes} [Thu Mar 10 14:44:03 2022] POST /compute/v2.1/flavors => generated 404 bytes in 97 msecs (HTTP/1.1 200) 9 headers in 359 bytes (1 switches on core 0)
Mar 10 14:44:03.532817 n-d-833090-1 devstack@n-api.service[114794]: INFO nova.api.openstack.requestlog [None req-0c166f02-cea7-4e47-a886-c2ea1d2496b9 admin admin] 10.222.0.11 "POST /compute/v2.1/flavors/d2/os-extra_specs" status: 200 len: 43 microversion: 2.61 time: 0.029543
Mar 10 14:44:03.543788 n-d-833090-1 devstack@n-api.service[114794]: [pid: 114794|app: 0|req: 6/12] 10.222.0.11 () {64 vars in 1335 bytes} [Thu Mar 10 14:44:03 2022] POST /compute/v2.1/flavors/d2/os-extra_specs => generated 43 bytes in 41 msecs (HTTP/1.1 200) 9 headers in 358 bytes (1 switches on core 0)
Mar 10 14:44:06.050178 n-d-833090-1 devstack@n-api.service[114795]: DEBUG nova.api.openstack.wsgi [None req-da8bcd22-95ee-4ef8-8142-b8630196e312 admin admin] Calling method '>' {{(pid=114795) _process_stack /opt/stack/nova/nova/api/openstack/wsgi.py:513}}
Mar 10 14:44:06.051954 n-d-833090-1 devstack@n-api.service[114795]: INFO nova.api.openstack.requestlog [None req-da8bcd22-95ee-4ef8-8142-b8630196e312 admin admin] 10.222.0.11 "GET /compute/v2.1" status: 200 len: 388 microversion: 2.1 time: 0.002130
Mar 10 14:44:06.052838 n-d-833090-1 devstack@n-api.service[114795]: [pid: 114795|app: 0|req: 7/13] 10.222.0.11 () {54 vars in 930 bytes} [Thu Mar 10 14:44:06 2022] GET /compute/v2.1 => generated 388 bytes in 3 msecs (HTTP/1.1 200) 9 headers in 357 bytes (1 switches on core 0)
Mar 10 14:44:06.118404 n-d-833090-1 devstack@n-api.service[114794]: DEBUG nova.api.openstack.wsgi [None req-c6397b2c-f953-4d1d-8413-79cedd8d4015 admin admin] Action: 'create', calling method: >, body: {"flavor": {"id": "d3", "disk": 10, "name": "ds2G", "ram": 2048, "rxtx_factor": 1.0, "swap": 0, "vcpus": 2, "os-flavor-access:is_public": true, "OS-FLV-EXT-DATA:ephemeral": 0}} {{(pid=114794) _process_stack /opt/stack/nova/nova/api/openstack/wsgi.py:511}}
Mar 10 14:44:06.140678 n-d-833090-1 devstack@n-api.service[114794]: INFO nova.api.openstack.requestlog [None req-c6397b2c-f953-4d1d-8413-79cedd8d4015 admin admin] 10.222.0.11 "POST /compute/v2.1/flavors" status: 200 len: 404 microversion: 2.61 time: 0.081547
Mar 10 14:44:06.141860 n-d-833090-1 devstack@n-api.service[114794]: [pid: 114794|app: 0|req: 7/14] 10.222.0.11 () {64 vars in 1282 bytes} [Thu Mar 10 14:44:06 2022] POST /compute/v2.1/flavors => generated 404 bytes in 83 msecs (HTTP/1.1 200) 9 headers in 359 bytes (1 switches on core 0)
Mar 10 14:44:06.155422 n-d-833090-1 devstack@n-api.service[114795]: DEBUG nova.api.openstack.wsgi [None req-3e40c556-0522-4bf6-b8a9-4c881a2a9db9 admin admin] Action: 'create', calling method: >, body: {"extra_specs": {"hw_rng:allowed": "True"}} {{(pid=114795) _process_stack /opt/stack/nova/nova/api/openstack/wsgi.py:511}}
Mar 10 14:44:06.184709 n-d-833090-1 devstack@n-api.service[114795]: INFO nova.api.openstack.requestlog [None req-3e40c556-0522-4bf6-b8a9-4c881a2a9db9 admin admin] 10.222.0.11 "POST /compute/v2.1/flavors/d3/os-extra_specs" status: 200 len: 43 microversion: 2.61 time: 0.034458
Mar 10 14:44:06.186095 n-d-833090-1 devstack@n-api.service[114795]: [pid: 114795|app: 0|req: 8/15] 10.222.0.11 () {64 vars in 1335 bytes} [Thu Mar 10 14:44:06 2022] POST /compute/v2.1/flavors/d3/os-extra_specs => generated 43 bytes in 36 msecs (HTTP/1.1 200) 9 headers in 358 bytes (1 switches on core 0)
Mar 10 14:44:08.623055 n-d-833090-1 devstack@n-api.service[114794]: DEBUG nova.api.openstack.wsgi [None req-c6397b2c-f953-4d1d-8413-79cedd8d4015 admin admin] Calling method '>' {{(pid=114794) _process_stack /opt/stack/nova/nova/api/openstack/wsgi.py:513}}
Mar 10 14:44:08.624068 n-d-833090-1 devstack@n-api.service[114794]: INFO nova.api.openstack.requestlog [None req-c6397b2c-f953-4d1d-8413-79cedd8d4015 admin admin] 10.222.0.11 "GET /compute/v2.1" status: 200 len: 388 microversion: 2.1 time: 0.001482
Mar 10 14:44:08.624470 n-d-833090-1 devstack@n-api.service[114794]: [pid: 114794|app: 0|req: 8/16] 10.222.0.11 () {54 vars in 930 bytes} [Thu Mar 10 14:44:08 2022] GET /compute/v2.1 => generated 388 bytes in 2 msecs (HTTP/1.1 200) 9 headers in 357 bytes (1 switches on core 0)
Mar 10 14:44:08.686943 n-d-833090-1 devstack@n-api.service[114795]: DEBUG nova.api.openstack.wsgi [None req-97b090f9-2603-42d2-b5ad-973638b78ea6 admin admin] Action: 'create', calling method: >, body: {"flavor": {"name": "ds4G", "os-flavor-access:is_public": true, "rxtx_factor": 1.0, "vcpus": 4, "OS-FLV-EXT-DATA:ephemeral": 0, "disk": 20, "ram": 4096, "swap": 0, "id": "d4"}} {{(pid=114795) _process_stack /opt/stack/nova/nova/api/openstack/wsgi.py:511}}
Mar 10 14:44:08.705225 n-d-833090-1 devstack@n-api.service[114795]: INFO nova.api.openstack.requestlog [None req-97b090f9-2603-42d2-b5ad-973638b78ea6 admin admin] 10.222.0.11 "POST /compute/v2.1/flavors" status: 200 len: 404 microversion: 2.61 time: 0.075178
Mar 10 14:44:08.705777 n-d-833090-1 devstack@n-api.service[114795]: [pid: 114795|app: 0|req: 9/17] 10.222.0.11 () {64 vars in 1282 bytes} [Thu Mar 10 14:44:08 2022] POST /compute/v2.1/flavors => generated 404 bytes in 76 msecs (HTTP/1.1 200) 9 headers in 359 bytes (1 switches on core 0)
Mar 10 14:44:08.718086 n-d-833090-1 devstack@n-api.service[114794]: DEBUG nova.api.openstack.wsgi [None req-9ff7910e-fc29-4bb9-b258-07c450bd3842 admin admin] Action: 'create', calling method: >, body: {"extra_specs": {"hw_rng:allowed": "True"}} {{(pid=114794) _process_stack /opt/stack/nova/nova/api/openstack/wsgi.py:511}}
Mar 10 14:44:08.743701 n-d-833090-1 devstack@n-api.service[114794]: INFO nova.api.openstack.requestlog [None req-9ff7910e-fc29-4bb9-b258-07c450bd3842 admin admin] 10.222.0.11 "POST /compute/v2.1/flavors/d4/os-extra_specs" status: 200 len: 43 microversion: 2.61 time: 0.029581
Mar 10 14:44:08.758819 n-d-833090-1 devstack@n-api.service[114794]: [pid: 114794|app: 0|req: 9/18] 10.222.0.11 () {64 vars in 1335 bytes} [Thu Mar 10 14:44:08 2022] POST /compute/v2.1/flavors/d4/os-extra_specs => generated 43 bytes in 31 msecs (HTTP/1.1 200) 9 headers in 358 bytes (1 switches on core 0)
Mar 10 14:44:11.124541 n-d-833090-1 devstack@n-api.service[114795]: DEBUG nova.api.openstack.wsgi [None req-97b090f9-2603-42d2-b5ad-973638b78ea6 admin admin] Calling method '>' {{(pid=114795) _process_stack /opt/stack/nova/nova/api/openstack/wsgi.py:513}}
Mar 10 14:44:11.125572 n-d-833090-1 devstack@n-api.service[114795]: INFO nova.api.openstack.requestlog [None req-97b090f9-2603-42d2-b5ad-973638b78ea6 admin admin] 10.222.0.11 "GET /compute/v2.1" status: 200 len: 388 microversion: 2.1 time: 0.001477
Mar 10 14:44:11.125980 n-d-833090-1 devstack@n-api.service[114795]: [pid: 114795|app: 0|req: 10/19] 10.222.0.11 () {54 vars in 930 bytes} [Thu Mar 10 14:44:11 2022] GET /compute/v2.1 => generated 388 bytes in 2 msecs (HTTP/1.1 200) 9 headers in 357 bytes (1 switches on core 0)
Mar 10 14:44:11.185505 n-d-833090-1 devstack@n-api.service[114794]: DEBUG nova.api.openstack.wsgi [None req-d8ff0fe4-a87f-489d-be14-36026fc496a2 admin admin] Calling method '>' {{(pid=114794) _process_stack /opt/stack/nova/nova/api/openstack/wsgi.py:513}}
Mar 10 14:44:11.211053 n-d-833090-1 devstack@n-api.service[114794]: INFO nova.api.openstack.requestlog [None req-d8ff0fe4-a87f-489d-be14-36026fc496a2 admin admin] 10.222.0.11 "GET /compute/v2.1/flavors/detail?is_public=True" status: 200 len: 2106 microversion: 2.61 time: 0.078545
Mar 10 14:44:11.212117 n-d-833090-1 devstack@n-api.service[114794]: [pid: 114794|app: 0|req: 10/20] 10.222.0.11 () {60 vars in 1291 bytes} [Thu Mar 10 14:44:11 2022] GET /compute/v2.1/flavors/detail?is_public=True => generated 2106 bytes in 80 msecs (HTTP/1.1 200) 9 headers in 360 bytes (1 switches on core 0)
Mar 10 14:44:13.679648 n-d-833090-1 devstack@n-api.service[114795]: DEBUG nova.api.openstack.wsgi [None req-97b090f9-2603-42d2-b5ad-973638b78ea6 admin admin] Calling method '>' {{(pid=114795) _process_stack /opt/stack/nova/nova/api/openstack/wsgi.py:513}}
Mar 10 14:44:13.681435 n-d-833090-1 devstack@n-api.service[114795]: INFO nova.api.openstack.requestlog [None req-97b090f9-2603-42d2-b5ad-973638b78ea6 admin admin] 10.222.0.11 "GET /compute/v2.1" status: 200 len: 388 microversion: 2.1 time: 0.002289
Mar 10 14:44:13.682108 n-d-833090-1 devstack@n-api.service[114795]: [pid: 114795|app: 0|req: 11/21] 10.222.0.11 () {54 vars in 930 bytes} [Thu Mar 10 14:44:13 2022] GET /compute/v2.1 => generated 388 bytes in 4 msecs (HTTP/1.1 200) 9 headers in 357 bytes (1 switches on core 0)
Mar 10 14:44:13.752022 n-d-833090-1 devstack@n-api.service[114794]: DEBUG nova.api.openstack.wsgi [None req-4c3ab42c-dd19-4f3d-a56f-dabfd499252c admin admin] Action: 'create', calling method: >, body: {"flavor": {"id": "1", "OS-FLV-EXT-DATA:ephemeral": 0, "vcpus": 1, "os-flavor-access:is_public": true, "name": "m1.tiny", "ram": 512, "swap": 0, "disk": 1, "rxtx_factor": 1.0}} {{(pid=114794) _process_stack /opt/stack/nova/nova/api/openstack/wsgi.py:511}}
Mar 10 14:44:13.773069 n-d-833090-1 devstack@n-api.service[114794]: INFO nova.api.openstack.requestlog [None req-4c3ab42c-dd19-4f3d-a56f-dabfd499252c admin admin] 10.222.0.11 "POST /compute/v2.1/flavors" status: 200 len: 402 microversion: 2.61 time: 0.084421
Mar 10 14:44:13.774483 n-d-833090-1 devstack@n-api.service[114794]: [pid: 114794|app: 0|req: 11/22] 10.222.0.11 () {64 vars in 1282 bytes} [Thu Mar 10 14:44:13 2022] POST /compute/v2.1/flavors => generated 402 bytes in 86 msecs (HTTP/1.1 200) 9 headers in 359 bytes (2 switches on core 0)
Mar 10 14:44:13.787302 n-d-833090-1 devstack@n-api.service[114795]: DEBUG nova.api.openstack.wsgi [None req-e60eb9da-5aea-4ff7-9648-92cd0f3f5962 admin admin] Action: 'create', calling method: >, body: {"extra_specs": {"hw_rng:allowed": "True"}} {{(pid=114795) _process_stack /opt/stack/nova/nova/api/openstack/wsgi.py:511}}
Mar 10 14:44:13.811753 n-d-833090-1 devstack@n-api.service[114795]: INFO nova.api.openstack.requestlog [None req-e60eb9da-5aea-4ff7-9648-92cd0f3f5962 admin admin] 10.222.0.11 "POST /compute/v2.1/flavors/1/os-extra_specs" status: 200 len: 43 microversion: 2.61 time: 0.029114
Mar 10 14:44:13.827739 n-d-833090-1 devstack@n-api.service[114795]: [pid: 114795|app: 0|req: 12/23] 10.222.0.11 () {64 vars in 1332 bytes} [Thu Mar 10 14:44:13 2022] POST /compute/v2.1/flavors/1/os-extra_specs => generated 43 bytes in 45 msecs (HTTP/1.1 200) 9 headers in 358 bytes (1 switches on core 0)
Mar 10 14:44:16.283305 n-d-833090-1 devstack@n-api.service[114794]: DEBUG nova.api.openstack.wsgi [None req-4c3ab42c-dd19-4f3d-a56f-dabfd499252c admin admin] Calling method '>' {{(pid=114794) _process_stack /opt/stack/nova/nova/api/openstack/wsgi.py:513}}
Mar 10 14:44:16.284313 n-d-833090-1 devstack@n-api.service[114794]: INFO nova.api.openstack.requestlog [None req-4c3ab42c-dd19-4f3d-a56f-dabfd499252c admin admin] 10.222.0.11 "GET /compute/v2.1" status: 200 len: 388 microversion: 2.1 time: 0.001566
Mar 10 14:44:16.284728 n-d-833090-1 devstack@n-api.service[114794]: [pid: 114794|app: 0|req: 12/24] 10.222.0.11 () {54 vars in 930 bytes} [Thu Mar 10 14:44:16 2022] GET /compute/v2.1 => generated 388 bytes in 2 msecs (HTTP/1.1 200) 9 headers in 357 bytes (1 switches on core 0)
Mar 10 14:44:16.346553 n-d-833090-1 devstack@n-api.service[114795]: DEBUG nova.api.openstack.wsgi [None req-53d0c71e-b8a7-41b8-b585-b8e2aadb7e0f admin admin] Action: 'create', calling method: >, body: {"flavor": {"ram": 2048, "swap": 0, "OS-FLV-EXT-DATA:ephemeral": 0, "vcpus": 1, "rxtx_factor": 1.0, "disk": 20, "os-flavor-access:is_public": true, "id": "2", "name": "m1.small"}} {{(pid=114795) _process_stack /opt/stack/nova/nova/api/openstack/wsgi.py:511}}
Mar 10 14:44:16.369237 n-d-833090-1 devstack@n-api.service[114795]: INFO nova.api.openstack.requestlog [None req-53d0c71e-b8a7-41b8-b585-b8e2aadb7e0f admin admin] 10.222.0.11 "POST /compute/v2.1/flavors" status: 200 len: 405 microversion: 2.61 time: 0.077448
Mar 10 14:44:16.369872 n-d-833090-1 devstack@n-api.service[114795]: [pid: 114795|app: 0|req: 13/25] 10.222.0.11 () {64 vars in 1282 bytes} [Thu Mar 10 14:44:16 2022] POST /compute/v2.1/flavors => generated 405 bytes in 79 msecs (HTTP/1.1 200) 9 headers in 359 bytes (2 switches on core 0)
Mar 10 14:44:16.383697 n-d-833090-1 devstack@n-api.service[114794]: DEBUG nova.api.openstack.wsgi [None req-fcc095e2-e87d-4e9c-bb42-8f79e2759368 admin admin] Action: 'create', calling method: >, body: {"extra_specs": {"hw_rng:allowed": "True"}} {{(pid=114794) _process_stack /opt/stack/nova/nova/api/openstack/wsgi.py:511}}
Mar 10 14:44:16.414941 n-d-833090-1 devstack@n-api.service[114794]: INFO nova.api.openstack.requestlog [None req-fcc095e2-e87d-4e9c-bb42-8f79e2759368 admin admin] 10.222.0.11 "POST /compute/v2.1/flavors/2/os-extra_specs" status: 200 len: 43 microversion: 2.61 time: 0.036112
Mar 10 14:44:16.416160 n-d-833090-1 devstack@n-api.service[114794]: [pid: 114794|app: 0|req: 13/26] 10.222.0.11 () {64 vars in 1332 bytes} [Thu Mar 10 14:44:16 2022] POST /compute/v2.1/flavors/2/os-extra_specs => generated 43 bytes in 39 msecs (HTTP/1.1 200) 9 headers in 358 bytes (2 switches on core 0)
Mar 10 14:44:18.835724 n-d-833090-1 devstack@n-api.service[114795]: DEBUG nova.api.openstack.wsgi [None req-53d0c71e-b8a7-41b8-b585-b8e2aadb7e0f admin admin] Calling method '>' {{(pid=114795) _process_stack /opt/stack/nova/nova/api/openstack/wsgi.py:513}}
Mar 10 14:44:18.836954 n-d-833090-1 devstack@n-api.service[114795]: INFO nova.api.openstack.requestlog [None req-53d0c71e-b8a7-41b8-b585-b8e2aadb7e0f admin admin] 10.222.0.11 "GET /compute/v2.1" status: 200 len: 388 microversion: 2.1 time: 0.001573
Mar 10 14:44:18.837446 n-d-833090-1 devstack@n-api.service[114795]: [pid: 114795|app: 0|req: 14/27] 10.222.0.11 () {54 vars in 930 bytes} [Thu Mar 10 14:44:18 2022] GET /compute/v2.1 => generated 388 bytes in 3 msecs (HTTP/1.1 200) 9 headers in 357 bytes (1 switches on core 0)
Mar 10 14:44:18.900066 n-d-833090-1 devstack@n-api.service[114794]: DEBUG nova.api.openstack.wsgi [None req-a7b50163-b4e3-4017-b761-df08c84a8e7f admin admin] Action: 'create', calling method: >, body: {"flavor": {"disk": 40, "os-flavor-access:is_public": true, "name": "m1.medium", "id": "3", "swap": 0, "rxtx_factor": 1.0, "vcpus": 2, "OS-FLV-EXT-DATA:ephemeral": 0, "ram": 4096}} {{(pid=114794) _process_stack /opt/stack/nova/nova/api/openstack/wsgi.py:511}}
Mar 10 14:44:18.919615 n-d-833090-1 devstack@n-api.service[114794]: INFO nova.api.openstack.requestlog [None req-a7b50163-b4e3-4017-b761-df08c84a8e7f admin admin] 10.222.0.11 "POST /compute/v2.1/flavors" status: 200 len: 406 microversion: 2.61 time: 0.075832
Mar 10 14:44:18.920518 n-d-833090-1 devstack@n-api.service[114794]: [pid: 114794|app: 0|req: 14/28] 10.222.0.11 () {64 vars in 1282 bytes} [Thu Mar 10 14:44:18 2022] POST /compute/v2.1/flavors => generated 406 bytes in 77 msecs (HTTP/1.1 200) 9 headers in 359 bytes (1 switches on core 0)
Mar 10 14:44:18.932110 n-d-833090-1 devstack@n-api.service[114795]: DEBUG nova.api.openstack.wsgi [None req-0eb33224-1685-40d9-94c7-05ffaeda1828 admin admin] Action: 'create', calling method: >, body: {"extra_specs": {"hw_rng:allowed": "True"}} {{(pid=114795) _process_stack /opt/stack/nova/nova/api/openstack/wsgi.py:511}}
Mar 10 14:44:18.957959 n-d-833090-1 devstack@n-api.service[114795]: INFO nova.api.openstack.requestlog [None req-0eb33224-1685-40d9-94c7-05ffaeda1828 admin admin] 10.222.0.11 "POST /compute/v2.1/flavors/3/os-extra_specs" status: 200 len: 43 microversion: 2.61 time: 0.029030
Mar 10 14:44:18.958670 n-d-833090-1 devstack@n-api.service[114795]: [pid: 114795|app: 0|req: 15/29] 10.222.0.11 () {64 vars in 1332 bytes} [Thu Mar 10 14:44:18 2022] POST /compute/v2.1/flavors/3/os-extra_specs => generated 43 bytes in 31 msecs (HTTP/1.1 200) 9 headers in 358 bytes (2 switches on core 0)
Mar 10 14:44:21.331534 n-d-833090-1 devstack@n-api.service[114794]: DEBUG nova.api.openstack.wsgi [None req-a7b50163-b4e3-4017-b761-df08c84a8e7f admin admin] Calling method '>' {{(pid=114794) _process_stack /opt/stack/nova/nova/api/openstack/wsgi.py:513}}
Mar 10 14:44:21.332682 n-d-833090-1 devstack@n-api.service[114794]: INFO nova.api.openstack.requestlog [None req-a7b50163-b4e3-4017-b761-df08c84a8e7f admin admin] 10.222.0.11 "GET /compute/v2.1" status: 200 len: 388 microversion: 2.1 time: 0.001643
Mar 10 14:44:21.333084 n-d-833090-1 devstack@n-api.service[114794]: [pid: 114794|app: 0|req: 15/30] 10.222.0.11 () {54 vars in 930 bytes} [Thu Mar 10 14:44:21 2022] GET /compute/v2.1 => generated 388 bytes in 3 msecs (HTTP/1.1 200) 9 headers in 357 bytes (1 switches on core 0)
Mar 10 14:44:21.392543 n-d-833090-1 devstack@n-api.service[114795]: DEBUG nova.api.openstack.wsgi [None req-172d0673-ebd8-49de-acab-15f2616832f3 admin admin] Action: 'create', calling method: >, body: {"flavor": {"disk": 80, "os-flavor-access:is_public": true, "rxtx_factor": 1.0, "id": "4", "swap": 0, "name": "m1.large", "ram": 8192, "vcpus": 4, "OS-FLV-EXT-DATA:ephemeral": 0}} {{(pid=114795) _process_stack /opt/stack/nova/nova/api/openstack/wsgi.py:511}}
Mar 10 14:44:21.412117 n-d-833090-1 devstack@n-api.service[114795]: INFO nova.api.openstack.requestlog [None req-172d0673-ebd8-49de-acab-15f2616832f3 admin admin] 10.222.0.11 "POST /compute/v2.1/flavors" status: 200 len: 405 microversion: 2.61 time: 0.073279
Mar 10 14:44:21.412674 n-d-833090-1 devstack@n-api.service[114795]: [pid: 114795|app: 0|req: 16/31] 10.222.0.11 () {64 vars in 1282 bytes} [Thu Mar 10 14:44:21 2022] POST /compute/v2.1/flavors => generated 405 bytes in 74 msecs (HTTP/1.1 200) 9 headers in 359 bytes (1 switches on core 0)
Mar 10 14:44:21.425746 n-d-833090-1 devstack@n-api.service[114794]: DEBUG nova.api.openstack.wsgi [None req-f343f3a8-cbed-494f-b4eb-7dc9171f55cf admin admin] Action: 'create', calling method: >, body: {"extra_specs": {"hw_rng:allowed": "True"}} {{(pid=114794) _process_stack /opt/stack/nova/nova/api/openstack/wsgi.py:511}}
Mar 10 14:44:21.451466 n-d-833090-1 devstack@n-api.service[114794]: INFO nova.api.openstack.requestlog [None req-f343f3a8-cbed-494f-b4eb-7dc9171f55cf admin admin] 10.222.0.11 "POST /compute/v2.1/flavors/4/os-extra_specs" status: 200 len: 43 microversion: 2.61 time: 0.030366
Mar 10 14:44:21.452048 n-d-833090-1 devstack@n-api.service[114794]: [pid: 114794|app: 0|req: 16/32] 10.222.0.11 () {64 vars in 1332 bytes} [Thu Mar 10 14:44:21 2022] POST /compute/v2.1/flavors/4/os-extra_specs => generated 43 bytes in 32 msecs (HTTP/1.1 200) 9 headers in 358 bytes (2 switches on core 0)
Mar 10 14:44:23.928816 n-d-833090-1 devstack@n-api.service[114795]: DEBUG nova.api.openstack.wsgi [None req-172d0673-ebd8-49de-acab-15f2616832f3 admin admin] Calling method '>' {{(pid=114795) _process_stack /opt/stack/nova/nova/api/openstack/wsgi.py:513}}
Mar 10 14:44:23.929832 n-d-833090-1 devstack@n-api.service[114795]: INFO nova.api.openstack.requestlog [None req-172d0673-ebd8-49de-acab-15f2616832f3 admin admin] 10.222.0.11 "GET /compute/v2.1" status: 200 len: 388 microversion: 2.1 time: 0.001496
Mar 10 14:44:23.930244 n-d-833090-1 devstack@n-api.service[114795]: [pid: 114795|app: 0|req: 17/33] 10.222.0.11 () {54 vars in 930 bytes} [Thu Mar 10 14:44:23 2022] GET /compute/v2.1 => generated 388 bytes in 2 msecs (HTTP/1.1 200) 9 headers in 357 bytes (1 switches on core 0)
Mar 10 14:44:23.990190 n-d-833090-1 devstack@n-api.service[114794]: DEBUG nova.api.openstack.wsgi [None req-48575f9f-fbc3-4281-9c85-631adade8a77 admin admin] Action: 'create', calling method: >, body: {"flavor": {"name": "m1.xlarge", "os-flavor-access:is_public": true, "id": "5", "ram": 16384, "vcpus": 8, "swap": 0, "OS-FLV-EXT-DATA:ephemeral": 0, "disk": 160, "rxtx_factor": 1.0}} {{(pid=114794) _process_stack /opt/stack/nova/nova/api/openstack/wsgi.py:511}}
Mar 10 14:44:24.008861 n-d-833090-1 devstack@n-api.service[114794]: INFO nova.api.openstack.requestlog [None req-48575f9f-fbc3-4281-9c85-631adade8a77 admin admin] 10.222.0.11 "POST /compute/v2.1/flavors" status: 200 len: 408 microversion: 2.61 time: 0.072477
Mar 10 14:44:24.009420 n-d-833090-1 devstack@n-api.service[114794]: [pid: 114794|app: 0|req: 17/34] 10.222.0.11 () {64 vars in 1282 bytes} [Thu Mar 10 14:44:23 2022] POST /compute/v2.1/flavors => generated 408 bytes in 74 msecs (HTTP/1.1 200) 9 headers in 359 bytes (2 switches on core 0)
Mar 10 14:44:24.021783 n-d-833090-1 devstack@n-api.service[114795]: DEBUG nova.api.openstack.wsgi [None req-cb709b5d-e1de-4544-8546-4425e9bdab5e admin admin] Action: 'create', calling method: >, body: {"extra_specs": {"hw_rng:allowed": "True"}} {{(pid=114795) _process_stack /opt/stack/nova/nova/api/openstack/wsgi.py:511}}
Mar 10 14:44:24.048260 n-d-833090-1 devstack@n-api.service[114795]: INFO nova.api.openstack.requestlog [None req-cb709b5d-e1de-4544-8546-4425e9bdab5e admin admin] 10.222.0.11 "POST /compute/v2.1/flavors/5/os-extra_specs" status: 200 len: 43 microversion: 2.61 time: 0.030225
Mar 10 14:44:24.049052 n-d-833090-1 devstack@n-api.service[114795]: [pid: 114795|app: 0|req: 18/35] 10.222.0.11 () {64 vars in 1332 bytes} [Thu Mar 10 14:44:24 2022] POST /compute/v2.1/flavors/5/os-extra_specs => generated 43 bytes in 31 msecs (HTTP/1.1 200) 9 headers in 358 bytes (1 switches on core 0)
Mar 10 14:44:52.033891 n-d-833090-1 devstack@n-api.service[114794]: DEBUG nova.api.openstack.wsgi [None req-48575f9f-fbc3-4281-9c85-631adade8a77 admin admin] Calling method '>' {{(pid=114794) _process_stack /opt/stack/nova/nova/api/openstack/wsgi.py:513}}
Mar 10 14:44:52.035250 n-d-833090-1 devstack@n-api.service[114794]: INFO nova.api.openstack.requestlog [None req-48575f9f-fbc3-4281-9c85-631adade8a77 admin admin] 10.222.0.11 "GET /compute/v2.1" status: 200 len: 388 microversion: 2.1 time: 0.001787
Mar 10 14:44:52.035649 n-d-833090-1 devstack@n-api.service[114794]: [pid: 114794|app: 0|req: 18/36] 10.222.0.11 () {54 vars in 930 bytes} [Thu Mar 10 14:44:52 2022] GET /compute/v2.1 => generated 388 bytes in 3 msecs (HTTP/1.1 200) 9 headers in 357 bytes (1 switches on core 0)
Mar 10 14:44:52.094717 n-d-833090-1 devstack@n-api.service[114795]: DEBUG nova.api.openstack.wsgi [None req-d3abc8ef-63bf-423e-aff4-42a9e1351eed admin admin] Calling method '>' {{(pid=114795) _process_stack /opt/stack/nova/nova/api/openstack/wsgi.py:513}}
Mar 10 14:44:52.111349 n-d-833090-1 devstack@n-api.service[114795]: INFO nova.api.openstack.requestlog [None req-d3abc8ef-63bf-423e-aff4-42a9e1351eed admin admin] 10.222.0.11 "GET /compute/v2.1/flavors/detail?is_public=True" status: 200 len: 4202 microversion: 2.61 time: 0.069969
Mar 10 14:44:52.111885 n-d-833090-1 devstack@n-api.service[114795]: [pid: 114795|app: 0|req: 19/37] 10.222.0.11 () {60 vars in 1291 bytes} [Thu Mar 10 14:44:52 2022] GET /compute/v2.1/flavors/detail?is_public=True => generated 4202 bytes in 71 msecs (HTTP/1.1 200) 9 headers in 360 bytes (1 switches on core 0)
Mar 10 14:44:53.528661 n-d-833090-1 devstack@n-api.service[114794]: DEBUG nova.api.openstack.wsgi [None req-48575f9f-fbc3-4281-9c85-631adade8a77 admin admin] Calling method '>' {{(pid=114794) _process_stack /opt/stack/nova/nova/api/openstack/wsgi.py:513}}
Mar 10 14:44:53.529665 n-d-833090-1 devstack@n-api.service[114794]: INFO nova.api.openstack.requestlog [None req-48575f9f-fbc3-4281-9c85-631adade8a77 admin admin] 10.222.0.11 "GET /compute/v2.1" status: 200 len: 388 microversion: 2.1 time: 0.001423
Mar 10 14:44:53.530065 n-d-833090-1 devstack@n-api.service[114794]: [pid: 114794|app: 0|req: 19/38] 10.222.0.11 () {56 vars in 1074 bytes} [Thu Mar 10 14:44:53 2022] GET /compute/v2.1 => generated 388 bytes in 2 msecs (HTTP/1.1 200) 9 headers in 357 bytes (1 switches on core 0)
Mar 10 14:44:53.767635 n-d-833090-1 devstack@n-api.service[114795]: DEBUG nova.api.openstack.wsgi [None req-0523f055-9d15-42ea-95d2-81f2abdfae88 admin admin] Calling method '>' {{(pid=114795) _process_stack /opt/stack/nova/nova/api/openstack/wsgi.py:513}}
Mar 10 14:44:53.773571 n-d-833090-1 devstack@n-api.service[114795]: INFO nova.api.openstack.wsgi [None req-0523f055-9d15-42ea-95d2-81f2abdfae88 admin admin] HTTP exception thrown: Flavor 42 could not be found.
Mar 10 14:44:53.774141 n-d-833090-1 devstack@n-api.service[114795]: DEBUG nova.api.openstack.wsgi [None req-0523f055-9d15-42ea-95d2-81f2abdfae88 admin admin] Returning 404 to user: Flavor 42 could not be found. {{(pid=114795) __call__ /opt/stack/nova/nova/api/openstack/wsgi.py:936}}
Mar 10 14:44:53.774985 n-d-833090-1 devstack@n-api.service[114795]: INFO nova.api.openstack.requestlog [None req-0523f055-9d15-42ea-95d2-81f2abdfae88 admin admin] 10.222.0.11 "GET /compute/v2.1/flavors/42" status: 404 len: 75 microversion: 2.90 time: 0.062890
Mar 10 14:44:53.775520 n-d-833090-1 devstack@n-api.service[114795]: [pid: 114795|app: 0|req: 20/39] 10.222.0.11 () {60 vars in 1190 bytes} [Thu Mar 10 14:44:53 2022] GET /compute/v2.1/flavors/42 => generated 75 bytes in 64 msecs (HTTP/1.1 404) 9 headers in 380 bytes (1 switches on core 0)
Mar 10 14:44:53.785615 n-d-833090-1 devstack@n-api.service[114794]: DEBUG nova.api.openstack.wsgi [None req-43abdf7c-47a6-4421-a57c-0a8784d9393b admin admin] Calling method '>' {{(pid=114794) _process_stack /opt/stack/nova/nova/api/openstack/wsgi.py:513}}
Mar 10 14:44:53.809866 n-d-833090-1 devstack@n-api.service[114794]: INFO nova.api.openstack.requestlog [None req-43abdf7c-47a6-4421-a57c-0a8784d9393b admin admin] 10.222.0.11 "GET /compute/v2.1/flavors?is_public=None" status: 200 len: 2056 microversion: 2.90 time: 0.028544
Mar 10 14:44:53.810439 n-d-833090-1 devstack@n-api.service[114794]: [pid: 114794|app: 0|req: 20/40] 10.222.0.11 () {60 vars in 1210 bytes} [Thu Mar 10 14:44:53 2022] GET /compute/v2.1/flavors?is_public=None => generated 2056 bytes in 30 msecs (HTTP/1.1 200) 9 headers in 360 bytes (1 switches on core 0)
Mar 10 14:44:53.829654 n-d-833090-1 devstack@n-api.service[114795]: DEBUG nova.api.openstack.wsgi [None req-db45cd38-9372-47f1-951e-f5756dec20c6 admin admin] Calling method '>' {{(pid=114795) _process_stack /opt/stack/nova/nova/api/openstack/wsgi.py:513}}
Mar 10 14:44:53.854313 n-d-833090-1 devstack@n-api.service[114795]: INFO nova.api.openstack.requestlog [None req-db45cd38-9372-47f1-951e-f5756dec20c6 admin admin] 10.222.0.11 "GET /compute/v2.1/flavors?is_public=None" status: 200 len: 2056 microversion: 2.90 time: 0.028330
Mar 10 14:44:53.855197 n-d-833090-1 devstack@n-api.service[114795]: [pid: 114795|app: 0|req: 21/41] 10.222.0.11 () {60 vars in 1210 bytes} [Thu Mar 10 14:44:53 2022] GET /compute/v2.1/flavors?is_public=None => generated 2056 bytes in 30 msecs (HTTP/1.1 200) 9 headers in 360 bytes (1 switches on core 0)
Mar 10 14:44:53.864581 n-d-833090-1 devstack@n-api.service[114794]: DEBUG nova.api.openstack.wsgi [None req-e1f60215-6b00-40e9-8413-4d3c6979286e admin admin] Calling method '>' {{(pid=114794) _process_stack /opt/stack/nova/nova/api/openstack/wsgi.py:513}}
Mar 10 14:44:53.870158 n-d-833090-1 devstack@n-api.service[114794]: INFO nova.api.openstack.wsgi [None req-e1f60215-6b00-40e9-8413-4d3c6979286e admin admin] HTTP exception thrown: Flavor 42 could not be found.
Mar 10 14:44:53.870727 n-d-833090-1 devstack@n-api.service[114794]: DEBUG nova.api.openstack.wsgi [None req-e1f60215-6b00-40e9-8413-4d3c6979286e admin admin] Returning 404 to user: Flavor 42 could not be found. {{(pid=114794) __call__ /opt/stack/nova/nova/api/openstack/wsgi.py:936}}
Mar 10 14:44:53.871548 n-d-833090-1 devstack@n-api.service[114794]: INFO nova.api.openstack.requestlog [None req-e1f60215-6b00-40e9-8413-4d3c6979286e admin admin] 10.222.0.11 "GET /compute/v2.1/flavors/42" status: 404 len: 75 microversion: 2.90 time: 0.010622
Mar 10 14:44:53.872062 n-d-833090-1 devstack@n-api.service[114794]: [pid: 114794|app: 0|req: 21/42] 10.222.0.11 () {60 vars in 1190 bytes} [Thu Mar 10 14:44:53 2022] GET /compute/v2.1/flavors/42 => generated 75 bytes in 12 msecs (HTTP/1.1 404) 9 headers in 380 bytes (1 switches on core 0)
Mar 10 14:44:55.158531 n-d-833090-1 devstack@n-api.service[114795]: DEBUG nova.api.openstack.wsgi [None req-db45cd38-9372-47f1-951e-f5756dec20c6 admin admin] Calling method '>' {{(pid=114795) _process_stack /opt/stack/nova/nova/api/openstack/wsgi.py:513}}
Mar 10 14:44:55.160211 n-d-833090-1 devstack@n-api.service[114795]: INFO nova.api.openstack.requestlog [None req-db45cd38-9372-47f1-951e-f5756dec20c6 admin admin] 10.222.0.11 "GET /compute/v2.1" status: 200 len: 388 microversion: 2.1 time: 0.001484
Mar 10 14:44:55.160613 n-d-833090-1 devstack@n-api.service[114795]: [pid: 114795|app: 0|req: 22/43] 10.222.0.11 () {56 vars in 1074 bytes} [Thu Mar 10 14:44:55 2022] GET /compute/v2.1 => generated 388 bytes in 3 msecs (HTTP/1.1 200) 9 headers in 357 bytes (1 switches on core 0)
Mar 10 14:44:55.348601 n-d-833090-1 devstack@n-api.service[114794]: DEBUG nova.api.openstack.wsgi [None req-e3b53c90-588e-4031-b185-50ae33702018 admin admin] Calling method '>' {{(pid=114794) _process_stack /opt/stack/nova/nova/api/openstack/wsgi.py:513}}
Mar 10 14:44:55.353894 n-d-833090-1 devstack@n-api.service[114794]: INFO nova.api.openstack.wsgi [None req-e3b53c90-588e-4031-b185-50ae33702018 admin admin] HTTP exception thrown: Flavor 84 could not be found.
Mar 10 14:44:55.354460 n-d-833090-1 devstack@n-api.service[114794]: DEBUG nova.api.openstack.wsgi [None req-e3b53c90-588e-4031-b185-50ae33702018 admin admin] Returning 404 to user: Flavor 84 could not be found. {{(pid=114794) __call__ /opt/stack/nova/nova/api/openstack/wsgi.py:936}}
Mar 10 14:44:55.355293 n-d-833090-1 devstack@n-api.service[114794]: INFO nova.api.openstack.requestlog [None req-e3b53c90-588e-4031-b185-50ae33702018 admin admin] 10.222.0.11 "GET /compute/v2.1/flavors/84" status: 404 len: 75 microversion: 2.90 time: 0.058497
Mar 10 14:44:55.355806 n-d-833090-1 devstack@n-api.service[114794]: [pid: 114794|app: 0|req: 22/44] 10.222.0.11 () {60 vars in 1190 bytes} [Thu Mar 10 14:44:55 2022] GET /compute/v2.1/flavors/84 => generated 75 bytes in 60 msecs (HTTP/1.1 404) 9 headers in 380 bytes (1 switches on core 0)
Mar 10 14:44:55.365760 n-d-833090-1 devstack@n-api.service[114795]: DEBUG nova.api.openstack.wsgi [None req-1e2870d0-b74c-4475-b19e-12602f68e140 admin admin] Calling method '>' {{(pid=114795) _process_stack /opt/stack/nova/nova/api/openstack/wsgi.py:513}}
Mar 10 14:44:55.379012 n-d-833090-1 devstack@n-api.service[114795]: INFO nova.api.openstack.requestlog [None req-1e2870d0-b74c-4475-b19e-12602f68e140 admin admin] 10.222.0.11 "GET /compute/v2.1/flavors?is_public=None" status: 200 len: 2056 microversion: 2.90 time: 0.017468
Mar 10 14:44:55.379474 n-d-833090-1 devstack@n-api.service[114795]: [pid: 114795|app: 0|req: 23/45] 10.222.0.11 () {60 vars in 1210 bytes} [Thu Mar 10 14:44:55 2022] GET /compute/v2.1/flavors?is_public=None => generated 2056 bytes in 19 msecs (HTTP/1.1 200) 9 headers in 360 bytes (1 switches on core 0)
Mar 10 14:44:55.388521 n-d-833090-1 devstack@n-api.service[114794]: DEBUG nova.api.openstack.wsgi [None req-d6cc0cac-22c8-4dda-b2b1-0adc4a5ce93f admin admin] Calling method '>' {{(pid=114794) _process_stack /opt/stack/nova/nova/api/openstack/wsgi.py:513}}
Mar 10 14:44:55.402365 n-d-833090-1 devstack@n-api.service[114794]: INFO nova.api.openstack.requestlog [None req-d6cc0cac-22c8-4dda-b2b1-0adc4a5ce93f admin admin] 10.222.0.11 "GET /compute/v2.1/flavors?is_public=None" status: 200 len: 2056 microversion: 2.90 time: 0.017170
Mar 10 14:44:55.402972 n-d-833090-1 devstack@n-api.service[114794]: [pid: 114794|app: 0|req: 23/46] 10.222.0.11 () {60 vars in 1210 bytes} [Thu Mar 10 14:44:55 2022] GET /compute/v2.1/flavors?is_public=None => generated 2056 bytes in 18 msecs (HTTP/1.1 200) 9 headers in 360 bytes (2 switches on core 0)
Mar 10 14:44:55.414193 n-d-833090-1 devstack@n-api.service[114795]: DEBUG nova.api.openstack.wsgi [None req-ab0dcaa5-e89a-4e4a-8d3a-c060dd2e1d16 admin admin] Calling method '>' {{(pid=114795) _process_stack /opt/stack/nova/nova/api/openstack/wsgi.py:513}}
Mar 10 14:44:55.420079 n-d-833090-1 devstack@n-api.service[114795]: INFO nova.api.openstack.wsgi [None req-ab0dcaa5-e89a-4e4a-8d3a-c060dd2e1d16 admin admin] HTTP exception thrown: Flavor 84 could not be found.
Mar 10 14:44:55.420668 n-d-833090-1 devstack@n-api.service[114795]: DEBUG nova.api.openstack.wsgi [None req-ab0dcaa5-e89a-4e4a-8d3a-c060dd2e1d16 admin admin] Returning 404 to user: Flavor 84 could not be found. {{(pid=114795) __call__ /opt/stack/nova/nova/api/openstack/wsgi.py:936}}
Mar 10 14:44:55.421493 n-d-833090-1 devstack@n-api.service[114795]: INFO nova.api.openstack.requestlog [None req-ab0dcaa5-e89a-4e4a-8d3a-c060dd2e1d16 admin admin] 10.222.0.11 "GET /compute/v2.1/flavors/84" status: 404 len: 75 microversion: 2.90 time: 0.012321
