Mar 08 03:48:42.707864 n-d-832489-1 devstack@n-api.service[125303]: INFO nova.api.openstack.requestlog [None req-e86826dc-2664-42fa-a656-c93138ec507b tempest-FlavorsAccessNegativeTestJSON-1498786499 tempest-FlavorsAccessNegativeTestJSON-1498786499-project-admin] 10.222.0.23 "POST /compute/v2.1/flavors/1900664439/action" status: 409 len: 152 microversion: 2.1 time: 0.488492
Mar 08 03:48:42.708964 n-d-832489-1 devstack@n-api.service[125303]: [pid: 125303|app: 0|req: 181/361] 10.222.0.23 () {60 vars in 1199 bytes} [Tue Mar 8 03:48:42 2022] POST /compute/v2.1/flavors/1900664439/action => generated 152 bytes in 491 msecs (HTTP/1.1 409) 9 headers in 378 bytes (1 switches on core 0)
Mar 08 03:48:42.717790 n-d-832489-1 devstack@n-api.service[125303]: DEBUG nova.api.openstack.wsgi [None req-dc1f289d-ebf0-4d71-90e9-00f768229e1e tempest-FlavorsAccessNegativeTestJSON-1498786499 tempest-FlavorsAccessNegativeTestJSON-1498786499-project-admin] Action: 'action', calling method: >, body: {"removeTenantAccess": {"tenant": "b87ef28cc7e847ea82236f404d911fe0"}} {{(pid=125303) _process_stack /opt/stack/nova/nova/api/openstack/wsgi.py:511}}
Mar 08 03:48:42.720670 n-d-832489-1 devstack@n-api.service[125303]: /usr/local/lib/python3.8/dist-packages/oslo_policy/policy.py:1119: UserWarning: Policy "os_compute_api:os-flavor-access:remove_tenant_access": "rule:context_is_admin" failed scope check. The token used to make the request was project scoped but the policy requires ['system'] scope. This behavior may change in the future where using the intended scope is required
Mar 08 03:48:42.720670 n-d-832489-1 devstack@n-api.service[125303]: warnings.warn(msg)
Mar 08 03:48:42.734327 n-d-832489-1 devstack@n-api.service[125302]: DEBUG nova.policy [None req-49fba106-fa5f-4aec-8ba7-2e37da2fbb56 tempest-DeleteServersAdminTestJSON-276171162 tempest-DeleteServersAdminTestJSON-276171162-project] Policy check for os_compute_api:os-extended-server-attributes failed with credentials {'is_admin': False, 'user_id': 'b541a189fa8a4a8db96c77cb821ccc8d', 'user_domain_id': 'default', 'system_scope': None, 'domain_id': None, 'project_id': '6be1674683ce49789b8cfb7b0f0dbb9c', 'project_domain_id': 'default', 'roles': ['member', 'reader'], 'is_admin_project': True, 'service_user_id': None, 'service_user_domain_id': None, 'service_project_id': None, 'service_project_domain_id': None, 'service_roles': []} {{(pid=125302) authorize /opt/stack/nova/nova/policy.py:199}}
Mar 08 03:48:42.742647 n-d-832489-1 devstack@n-api.service[125302]: INFO nova.api.openstack.requestlog [None req-49fba106-fa5f-4aec-8ba7-2e37da2fbb56 tempest-DeleteServersAdminTestJSON-276171162 tempest-DeleteServersAdminTestJSON-276171162-project] 10.222.0.23 "GET /compute/v2.1/servers/563b02ea-a4e9-4123-96ec-a37d7875a4c7" status: 200 len: 1320 microversion: 2.1 time: 0.627252
Mar 08 03:48:42.745746 n-d-832489-1 devstack@n-api.service[125302]: [pid: 125302|app: 0|req: 181/362] 10.222.0.23 () {58 vars in 1235 bytes} [Tue Mar 8 03:48:42 2022] GET /compute/v2.1/servers/563b02ea-a4e9-4123-96ec-a37d7875a4c7 => generated 1320 bytes in 638 msecs (HTTP/1.1 200) 9 headers in 358 bytes (1 switches on core 0)
Mar 08 03:48:42.757239 n-d-832489-1 devstack@n-api.service[125302]: DEBUG nova.api.openstack.wsgi [None req-06553dd7-4b8d-4484-a3c5-456c13f2ff26 tempest-MigrationsAdminTest-1631286774 tempest-MigrationsAdminTest-1631286774-project] Calling method '>' {{(pid=125302) _process_stack /opt/stack/nova/nova/api/openstack/wsgi.py:513}}
Mar 08 03:48:42.758094 n-d-832489-1 devstack@n-api.service[125302]: DEBUG nova.compute.api [None req-06553dd7-4b8d-4484-a3c5-456c13f2ff26 tempest-MigrationsAdminTest-1631286774 tempest-MigrationsAdminTest-1631286774-project] [instance: f1804a62-2368-4190-a142-bc1fe1656baa] Fetching instance by UUID {{(pid=125302) get /opt/stack/nova/nova/compute/api.py:2918}}
Mar 08 03:48:42.780583 n-d-832489-1 devstack@n-api.service[125302]: DEBUG oslo_concurrency.lockutils [None req-06553dd7-4b8d-4484-a3c5-456c13f2ff26 tempest-MigrationsAdminTest-1631286774 tempest-MigrationsAdminTest-1631286774-project] Lock "bee1e7b4-4458-44f0-8d17-344ff6e8e1ed" acquired by "nova.context.set_target_cell..get_or_set_cached_cell_and_set_connections" :: waited 0.000s {{(pid=125302) inner /usr/local/lib/python3.8/dist-packages/oslo_concurrency/lockutils.py:386}}
Mar 08 03:48:42.781038 n-d-832489-1 devstack@n-api.service[125302]: DEBUG oslo_concurrency.lockutils [None req-06553dd7-4b8d-4484-a3c5-456c13f2ff26 tempest-MigrationsAdminTest-1631286774 tempest-MigrationsAdminTest-1631286774-project] Lock "bee1e7b4-4458-44f0-8d17-344ff6e8e1ed" "released" by "nova.context.set_target_cell..get_or_set_cached_cell_and_set_connections" :: held 0.001s {{(pid=125302) inner /usr/local/lib/python3.8/dist-packages/oslo_concurrency/lockutils.py:400}}
Mar 08 03:48:42.781825 n-d-832489-1 devstack@n-api.service[125302]: DEBUG oslo_concurrency.lockutils [None req-06553dd7-4b8d-4484-a3c5-456c13f2ff26 tempest-MigrationsAdminTest-1631286774 tempest-MigrationsAdminTest-1631286774-project] Lock "bee1e7b4-4458-44f0-8d17-344ff6e8e1ed" acquired by "nova.context.set_target_cell..get_or_set_cached_cell_and_set_connections" :: waited 0.000s {{(pid=125302) inner /usr/local/lib/python3.8/dist-packages/oslo_concurrency/lockutils.py:386}}
Mar 08 03:48:42.782260 n-d-832489-1 devstack@n-api.service[125302]: DEBUG oslo_concurrency.lockutils [None req-06553dd7-4b8d-4484-a3c5-456c13f2ff26 tempest-MigrationsAdminTest-1631286774 tempest-MigrationsAdminTest-1631286774-project] Lock "bee1e7b4-4458-44f0-8d17-344ff6e8e1ed" "released" by "nova.context.set_target_cell..get_or_set_cached_cell_and_set_connections" :: held 0.000s {{(pid=125302) inner /usr/local/lib/python3.8/dist-packages/oslo_concurrency/lockutils.py:400}}
Mar 08 03:48:42.993487 n-d-832489-1 devstack@n-api.service[125303]: INFO nova.api.openstack.requestlog [None req-dc1f289d-ebf0-4d71-90e9-00f768229e1e tempest-FlavorsAccessNegativeTestJSON-1498786499 tempest-FlavorsAccessNegativeTestJSON-1498786499-project-admin] 10.222.0.23 "POST /compute/v2.1/flavors/1900664439/action" status: 200 len: 21 microversion: 2.1 time: 0.280036
Mar 08 03:48:42.994097 n-d-832489-1 devstack@n-api.service[125303]: [pid: 125303|app: 0|req: 182/363] 10.222.0.23 () {60 vars in 1199 bytes} [Tue Mar 8 03:48:42 2022] POST /compute/v2.1/flavors/1900664439/action => generated 21 bytes in 281 msecs (HTTP/1.1 200) 9 headers in 356 bytes (1 switches on core 0)
Mar 08 03:48:43.051281 n-d-832489-1 devstack@n-api.service[125303]: DEBUG nova.api.openstack.wsgi [None req-ef978c0f-3b32-4f40-b52d-4a11576bea87 tempest-FlavorsV255TestJSON-1426249026 tempest-FlavorsV255TestJSON-1426249026-project-admin] Action: 'create', calling method: >, body: {"flavor": {"ram": 512, "vcpus": 1, "disk": 10, "name": "tempest-FlavorsV255TestJSON-flavor-1510361246", "id": 1437403080, "os-flavor-access:is_public": "True"}} {{(pid=125303) _process_stack /opt/stack/nova/nova/api/openstack/wsgi.py:511}}
Mar 08 03:48:43.055847 n-d-832489-1 devstack@n-api.service[125303]: /usr/local/lib/python3.8/dist-packages/oslo_policy/policy.py:1119: UserWarning: Policy "os_compute_api:os-flavor-manage:create": "rule:context_is_admin" failed scope check. The token used to make the request was project scoped but the policy requires ['system'] scope. This behavior may change in the future where using the intended scope is required
Mar 08 03:48:43.055847 n-d-832489-1 devstack@n-api.service[125303]: warnings.warn(msg)
Mar 08 03:48:43.138812 n-d-832489-1 devstack@n-api.service[125303]: INFO nova.api.openstack.requestlog [None req-ef978c0f-3b32-4f40-b52d-4a11576bea87 tempest-FlavorsV255TestJSON-1426249026 tempest-FlavorsV255TestJSON-1426249026-project-admin] 10.222.0.23 "POST /compute/v2.1/flavors" status: 200 len: 449 microversion: 2.55 time: 0.142769
Mar 08 03:48:43.145609 n-d-832489-1 devstack@n-api.service[125303]: [pid: 125303|app: 0|req: 183/364] 10.222.0.23 () {62 vars in 1187 bytes} [Tue Mar 8 03:48:42 2022] POST /compute/v2.1/flavors => generated 449 bytes in 145 msecs (HTTP/1.1 200) 9 headers in 359 bytes (1 switches on core 0)
Mar 08 03:48:43.145609 n-d-832489-1 devstack@n-api.service[125303]: DEBUG nova.api.openstack.wsgi [None req-3f78d631-36b3-453b-a0cb-50bc6bbdacdc tempest-ServersAdminTestJSON-1922413887 tempest-ServersAdminTestJSON-1922413887-project] Calling method '>' {{(pid=125303) _process_stack /opt/stack/nova/nova/api/openstack/wsgi.py:513}}
Mar 08 03:48:43.146003 n-d-832489-1 devstack@n-api.service[125303]: DEBUG nova.compute.api [None req-3f78d631-36b3-453b-a0cb-50bc6bbdacdc tempest-ServersAdminTestJSON-1922413887 tempest-ServersAdminTestJSON-1922413887-project] [instance: daa78e2c-02a8-4d5c-b086-4842af0f8b99] Fetching instance by UUID {{(pid=125303) get /opt/stack/nova/nova/compute/api.py:2918}}
Mar 08 03:48:43.152379 n-d-832489-1 devstack@n-api.service[125303]: DEBUG oslo_concurrency.lockutils [None req-3f78d631-36b3-453b-a0cb-50bc6bbdacdc tempest-ServersAdminTestJSON-1922413887 tempest-ServersAdminTestJSON-1922413887-project] Lock "bee1e7b4-4458-44f0-8d17-344ff6e8e1ed" acquired by "nova.context.set_target_cell..get_or_set_cached_cell_and_set_connections" :: waited 0.000s {{(pid=125303) inner /usr/local/lib/python3.8/dist-packages/oslo_concurrency/lockutils.py:386}}
Mar 08 03:48:43.152834 n-d-832489-1 devstack@n-api.service[125303]: DEBUG oslo_concurrency.lockutils [None req-3f78d631-36b3-453b-a0cb-50bc6bbdacdc tempest-ServersAdminTestJSON-1922413887 tempest-ServersAdminTestJSON-1922413887-project] Lock "bee1e7b4-4458-44f0-8d17-344ff6e8e1ed" "released" by "nova.context.set_target_cell..get_or_set_cached_cell_and_set_connections" :: held 0.001s {{(pid=125303) inner /usr/local/lib/python3.8/dist-packages/oslo_concurrency/lockutils.py:400}}
Mar 08 03:48:43.153619 n-d-832489-1 devstack@n-api.service[125303]: DEBUG oslo_concurrency.lockutils [None req-3f78d631-36b3-453b-a0cb-50bc6bbdacdc tempest-ServersAdminTestJSON-1922413887 tempest-ServersAdminTestJSON-1922413887-project] Lock "bee1e7b4-4458-44f0-8d17-344ff6e8e1ed" acquired by "nova.context.set_target_cell..get_or_set_cached_cell_and_set_connections" :: waited 0.000s {{(pid=125303) inner /usr/local/lib/python3.8/dist-packages/oslo_concurrency/lockutils.py:386}}
Mar 08 03:48:43.154050 n-d-832489-1 devstack@n-api.service[125303]: DEBUG oslo_concurrency.lockutils [None req-3f78d631-36b3-453b-a0cb-50bc6bbdacdc tempest-ServersAdminTestJSON-1922413887 tempest-ServersAdminTestJSON-1922413887-project] Lock "bee1e7b4-4458-44f0-8d17-344ff6e8e1ed" "released" by "nova.context.set_target_cell..get_or_set_cached_cell_and_set_connections" :: held 0.000s {{(pid=125303) inner /usr/local/lib/python3.8/dist-packages/oslo_concurrency/lockutils.py:400}}
Mar 08 03:48:43.352612 n-d-832489-1 devstack@n-api.service[125302]: DEBUG nova.policy [None req-06553dd7-4b8d-4484-a3c5-456c13f2ff26 tempest-MigrationsAdminTest-1631286774 tempest-MigrationsAdminTest-1631286774-project] Policy check for os_compute_api:os-extended-server-attributes failed with credentials {'is_admin': False, 'user_id': '9f6254ea3f42413e8a095a5b1b89e2c1', 'user_domain_id': 'default', 'system_scope': None, 'domain_id': None, 'project_id': 'd228e2455a224b9d983fd18ccbdbaceb', 'project_domain_id': 'default', 'roles': ['member', 'reader'], 'is_admin_project': True, 'service_user_id': None, 'service_user_domain_id': None, 'service_project_id': None, 'service_project_domain_id': None, 'service_roles': []} {{(pid=125302) authorize /opt/stack/nova/nova/policy.py:199}}
Mar 08 03:48:43.355458 n-d-832489-1 devstack@n-api.service[125303]: DEBUG nova.policy [None req-3f78d631-36b3-453b-a0cb-50bc6bbdacdc tempest-ServersAdminTestJSON-1922413887 tempest-ServersAdminTestJSON-1922413887-project] Policy check for os_compute_api:os-extended-server-attributes failed with credentials {'is_admin': False, 'user_id': 'af1c3157c909410ca53d5a941eac087f', 'user_domain_id': 'default', 'system_scope': None, 'domain_id': None, 'project_id': 'c733357af0eb4599a0384fcdacbcfa9d', 'project_domain_id': 'default', 'roles': ['member', 'reader'], 'is_admin_project': True, 'service_user_id': None, 'service_user_domain_id': None, 'service_project_id': None, 'service_project_domain_id': None, 'service_roles': []} {{(pid=125303) authorize /opt/stack/nova/nova/policy.py:199}}
Mar 08 03:48:43.366884 n-d-832489-1 devstack@n-api.service[125302]: INFO nova.api.openstack.requestlog [None req-06553dd7-4b8d-4484-a3c5-456c13f2ff26 tempest-MigrationsAdminTest-1631286774 tempest-MigrationsAdminTest-1631286774-project] 10.222.0.23 "GET /compute/v2.1/servers/f1804a62-2368-4190-a142-bc1fe1656baa" status: 200 len: 1312 microversion: 2.1 time: 0.618313
Mar 08 03:48:43.374220 n-d-832489-1 devstack@n-api.service[125303]: INFO nova.api.openstack.requestlog [None req-3f78d631-36b3-453b-a0cb-50bc6bbdacdc tempest-ServersAdminTestJSON-1922413887 tempest-ServersAdminTestJSON-1922413887-project] 10.222.0.23 "GET /compute/v2.1/servers/daa78e2c-02a8-4d5c-b086-4842af0f8b99" status: 200 len: 1313 microversion: 2.1 time: 0.232669
Mar 08 03:48:43.374944 n-d-832489-1 devstack@n-api.service[125303]: [pid: 125303|app: 0|req: 184/365] 10.222.0.23 () {58 vars in 1235 bytes} [Tue Mar 8 03:48:43 2022] GET /compute/v2.1/servers/daa78e2c-02a8-4d5c-b086-4842af0f8b99 => generated 1313 bytes in 234 msecs (HTTP/1.1 200) 9 headers in 358 bytes (1 switches on core 0)
Mar 08 03:48:43.390921 n-d-832489-1 devstack@n-api.service[125302]: [pid: 125302|app: 0|req: 182/366] 10.222.0.23 () {58 vars in 1235 bytes} [Tue Mar 8 03:48:42 2022] GET /compute/v2.1/servers/f1804a62-2368-4190-a142-bc1fe1656baa => generated 1312 bytes in 642 msecs (HTTP/1.1 200) 9 headers in 358 bytes (1 switches on core 0)
Mar 08 03:48:43.395354 n-d-832489-1 devstack@n-api.service[125303]: DEBUG nova.api.openstack.wsgi [None req-db27201e-f38a-42de-a73e-eea97c5fbcbb tempest-FlavorsAccessNegativeTestJSON-1498786499 tempest-FlavorsAccessNegativeTestJSON-1498786499-project-admin] Calling method '>' {{(pid=125303) _process_stack /opt/stack/nova/nova/api/openstack/wsgi.py:513}}
Mar 08 03:48:43.396574 n-d-832489-1 devstack@n-api.service[125303]: /usr/local/lib/python3.8/dist-packages/oslo_policy/policy.py:1119: UserWarning: Policy "os_compute_api:os-flavor-manage:delete": "rule:context_is_admin" failed scope check. The token used to make the request was project scoped but the policy requires ['system'] scope. This behavior may change in the future where using the intended scope is required
Mar 08 03:48:43.396574 n-d-832489-1 devstack@n-api.service[125303]: warnings.warn(msg)
Mar 08 03:48:43.481073 n-d-832489-1 devstack@n-api.service[125303]: INFO nova.api.openstack.requestlog [None req-db27201e-f38a-42de-a73e-eea97c5fbcbb tempest-FlavorsAccessNegativeTestJSON-1498786499 tempest-FlavorsAccessNegativeTestJSON-1498786499-project-admin] 10.222.0.23 "DELETE /compute/v2.1/flavors/1900664439" status: 202 len: 0 microversion: 2.1 time: 0.104954
Mar 08 03:48:43.485637 n-d-832489-1 devstack@n-api.service[125303]: [pid: 125303|app: 0|req: 185/367] 10.222.0.23 () {58 vars in 1160 bytes} [Tue Mar 8 03:48:43 2022] DELETE /compute/v2.1/flavors/1900664439 => generated 0 bytes in 110 msecs (HTTP/1.1 202) 9 headers in 361 bytes (1 switches on core 0)
Mar 08 03:48:43.491574 n-d-832489-1 devstack@n-api.service[125303]: DEBUG nova.api.openstack.wsgi [None req-47a203d3-eb68-4102-97e7-e5599ec300b0 tempest-LiveAutoBlockMigrationV225Test-157204628 tempest-LiveAutoBlockMigrationV225Test-157204628-project] Calling method '>' {{(pid=125303) _process_stack /opt/stack/nova/nova/api/openstack/wsgi.py:513}}
Mar 08 03:48:43.492223 n-d-832489-1 devstack@n-api.service[125303]: DEBUG nova.compute.api [None req-47a203d3-eb68-4102-97e7-e5599ec300b0 tempest-LiveAutoBlockMigrationV225Test-157204628 tempest-LiveAutoBlockMigrationV225Test-157204628-project] [instance: 7c3d7039-97ef-45a3-a90a-e59b53a73ab1] Fetching instance by UUID {{(pid=125303) get /opt/stack/nova/nova/compute/api.py:2918}}
Mar 08 03:48:43.499156 n-d-832489-1 devstack@n-api.service[125303]: DEBUG oslo_concurrency.lockutils [None req-47a203d3-eb68-4102-97e7-e5599ec300b0 tempest-LiveAutoBlockMigrationV225Test-157204628 tempest-LiveAutoBlockMigrationV225Test-157204628-project] Lock "bee1e7b4-4458-44f0-8d17-344ff6e8e1ed" acquired by "nova.context.set_target_cell..get_or_set_cached_cell_and_set_connections" :: waited 0.000s {{(pid=125303) inner /usr/local/lib/python3.8/dist-packages/oslo_concurrency/lockutils.py:386}}
Mar 08 03:48:43.499958 n-d-832489-1 devstack@n-api.service[125303]: DEBUG oslo_concurrency.lockutils [None req-47a203d3-eb68-4102-97e7-e5599ec300b0 tempest-LiveAutoBlockMigrationV225Test-157204628 tempest-LiveAutoBlockMigrationV225Test-157204628-project] Lock "bee1e7b4-4458-44f0-8d17-344ff6e8e1ed" "released" by "nova.context.set_target_cell..get_or_set_cached_cell_and_set_connections" :: held 0.001s {{(pid=125303) inner /usr/local/lib/python3.8/dist-packages/oslo_concurrency/lockutils.py:400}}
Mar 08 03:48:43.500739 n-d-832489-1 devstack@n-api.service[125303]: DEBUG oslo_concurrency.lockutils [None req-47a203d3-eb68-4102-97e7-e5599ec300b0 tempest-LiveAutoBlockMigrationV225Test-157204628 tempest-LiveAutoBlockMigrationV225Test-157204628-project] Lock "bee1e7b4-4458-44f0-8d17-344ff6e8e1ed" acquired by "nova.context.set_target_cell..get_or_set_cached_cell_and_set_connections" :: waited 0.000s {{(pid=125303) inner /usr/local/lib/python3.8/dist-packages/oslo_concurrency/lockutils.py:386}}
Mar 08 03:48:43.501436 n-d-832489-1 devstack@n-api.service[125303]: DEBUG oslo_concurrency.lockutils [None req-47a203d3-eb68-4102-97e7-e5599ec300b0 tempest-LiveAutoBlockMigrationV225Test-157204628 tempest-LiveAutoBlockMigrationV225Test-157204628-project] Lock "bee1e7b4-4458-44f0-8d17-344ff6e8e1ed" "released" by "nova.context.set_target_cell..get_or_set_cached_cell_and_set_connections" :: held 0.001s {{(pid=125303) inner /usr/local/lib/python3.8/dist-packages/oslo_concurrency/lockutils.py:400}}
Mar 08 03:48:43.608287 n-d-832489-1 devstack@n-api.service[125302]: DEBUG nova.api.openstack.wsgi [None req-d074a06f-a584-4cbe-bcb3-98b9b5c135be tempest-FlavorsV255TestJSON-1279157880 tempest-FlavorsV255TestJSON-1279157880-project] Calling method '>' {{(pid=125302) _process_stack /opt/stack/nova/nova/api/openstack/wsgi.py:513}}
Mar 08 03:48:43.625552 n-d-832489-1 devstack@n-api.service[125302]: INFO nova.api.openstack.requestlog [None req-d074a06f-a584-4cbe-bcb3-98b9b5c135be tempest-FlavorsV255TestJSON-1279157880 tempest-FlavorsV255TestJSON-1279157880-project] 10.222.0.23 "GET /compute/v2.1/flavors/1437403080" status: 200 len: 449 microversion: 2.55 time: 0.232177
Mar 08 03:48:43.626739 n-d-832489-1 devstack@n-api.service[125302]: [pid: 125302|app: 0|req: 183/368] 10.222.0.23 () {60 vars in 1198 bytes} [Tue Mar 8 03:48:43 2022] GET /compute/v2.1/flavors/1437403080 => generated 449 bytes in 235 msecs (HTTP/1.1 200) 9 headers in 359 bytes (1 switches on core 0)
Mar 08 03:48:43.633973 n-d-832489-1 devstack@n-api.service[125302]: DEBUG nova.api.openstack.wsgi [None req-87eb7aae-d2e4-4a23-84eb-eaa0a6fe7645 tempest-FlavorsAccessNegativeTestJSON-1498786499 tempest-FlavorsAccessNegativeTestJSON-1498786499-project-admin] Calling method '>' {{(pid=125302) _process_stack /opt/stack/nova/nova/api/openstack/wsgi.py:513}}
Mar 08 03:48:43.669082 n-d-832489-1 devstack@n-api.service[125302]: INFO nova.api.openstack.requestlog [None req-87eb7aae-d2e4-4a23-84eb-eaa0a6fe7645 tempest-FlavorsAccessNegativeTestJSON-1498786499 tempest-FlavorsAccessNegativeTestJSON-1498786499-project-admin] 10.222.0.23 "GET /compute/v2.1/flavors/detail" status: 200 len: 6239 microversion: 2.1 time: 0.040301
Mar 08 03:48:43.669987 n-d-832489-1 devstack@n-api.service[125302]: [pid: 125302|app: 0|req: 184/369] 10.222.0.23 () {58 vars in 1145 bytes} [Tue Mar 8 03:48:43 2022] GET /compute/v2.1/flavors/detail => generated 6239 bytes in 42 msecs (HTTP/1.1 200) 9 headers in 358 bytes (1 switches on core 0)
Mar 08 03:48:43.675776 n-d-832489-1 devstack@n-api.service[125302]: DEBUG nova.api.openstack.wsgi [req-80590495-b120-4732-9b89-66a2380945a2 req-b738f4da-6083-46c9-bfc5-e7c6a85168c1 service nova] Action: 'create', calling method: >, body: {"events": [{"name": "network-changed", "server_uuid": "f1804a62-2368-4190-a142-bc1fe1656baa", "tag": "ea783aaf-36e1-442e-83fc-ed57bde12674"}]} {{(pid=125302) _process_stack /opt/stack/nova/nova/api/openstack/wsgi.py:511}}
Mar 08 03:48:43.690692 n-d-832489-1 devstack@n-api.service[125303]: DEBUG nova.policy [None req-47a203d3-eb68-4102-97e7-e5599ec300b0 tempest-LiveAutoBlockMigrationV225Test-157204628 tempest-LiveAutoBlockMigrationV225Test-157204628-project] Policy check for os_compute_api:os-extended-server-attributes failed with credentials {'is_admin': False, 'user_id': '8f494667f97e453184c41d1f8485cb29', 'user_domain_id': 'default', 'system_scope': None, 'domain_id': None, 'project_id': 'cddd942c98ff42a590fa2f53e52fa6da', 'project_domain_id': 'default', 'roles': ['member', 'reader'], 'is_admin_project': True, 'service_user_id': None, 'service_user_domain_id': None, 'service_project_id': None, 'service_project_domain_id': None, 'service_roles': []} {{(pid=125303) authorize /opt/stack/nova/nova/policy.py:199}}
Mar 08 03:48:43.698930 n-d-832489-1 devstack@n-api.service[125303]: DEBUG nova.policy [None req-47a203d3-eb68-4102-97e7-e5599ec300b0 tempest-LiveAutoBlockMigrationV225Test-157204628 tempest-LiveAutoBlockMigrationV225Test-157204628-project] Policy check for os_compute_api:servers:show:host_status failed with credentials {'is_admin': False, 'user_id': '8f494667f97e453184c41d1f8485cb29', 'user_domain_id': 'default', 'system_scope': None, 'domain_id': None, 'project_id': 'cddd942c98ff42a590fa2f53e52fa6da', 'project_domain_id': 'default', 'roles': ['member', 'reader'], 'is_admin_project': True, 'service_user_id': None, 'service_user_domain_id': None, 'service_project_id': None, 'service_project_domain_id': None, 'service_roles': []} {{(pid=125303) authorize /opt/stack/nova/nova/policy.py:199}}
Mar 08 03:48:43.700699 n-d-832489-1 devstack@n-api.service[125303]: DEBUG nova.policy [None req-47a203d3-eb68-4102-97e7-e5599ec300b0 tempest-LiveAutoBlockMigrationV225Test-157204628 tempest-LiveAutoBlockMigrationV225Test-157204628-project] Policy check for os_compute_api:servers:show:host_status:unknown-only failed with credentials {'is_admin': False, 'user_id': '8f494667f97e453184c41d1f8485cb29', 'user_domain_id': 'default', 'system_scope': None, 'domain_id': None, 'project_id': 'cddd942c98ff42a590fa2f53e52fa6da', 'project_domain_id': 'default', 'roles': ['member', 'reader'], 'is_admin_project': True, 'service_user_id': None, 'service_user_domain_id': None, 'service_project_id': None, 'service_project_domain_id': None, 'service_roles': []} {{(pid=125303) authorize /opt/stack/nova/nova/policy.py:199}}
Mar 08 03:48:43.701588 n-d-832489-1 devstack@n-api.service[125302]: DEBUG oslo_concurrency.lockutils [req-80590495-b120-4732-9b89-66a2380945a2 req-b738f4da-6083-46c9-bfc5-e7c6a85168c1 service nova] Lock "bee1e7b4-4458-44f0-8d17-344ff6e8e1ed" acquired by "nova.context.set_target_cell..get_or_set_cached_cell_and_set_connections" :: waited 0.000s {{(pid=125302) inner /usr/local/lib/python3.8/dist-packages/oslo_concurrency/lockutils.py:386}}
Mar 08 03:48:43.702034 n-d-832489-1 devstack@n-api.service[125302]: DEBUG oslo_concurrency.lockutils [req-80590495-b120-4732-9b89-66a2380945a2 req-b738f4da-6083-46c9-bfc5-e7c6a85168c1 service nova] Lock "bee1e7b4-4458-44f0-8d17-344ff6e8e1ed" "released" by "nova.context.set_target_cell..get_or_set_cached_cell_and_set_connections" :: held 0.001s {{(pid=125302) inner /usr/local/lib/python3.8/dist-packages/oslo_concurrency/lockutils.py:400}}
Mar 08 03:48:43.702799 n-d-832489-1 devstack@n-api.service[125303]: INFO nova.api.openstack.requestlog [None req-47a203d3-eb68-4102-97e7-e5599ec300b0 tempest-LiveAutoBlockMigrationV225Test-157204628 tempest-LiveAutoBlockMigrationV225Test-157204628-project] 10.222.0.23 "GET /compute/v2.1/servers/7c3d7039-97ef-45a3-a90a-e59b53a73ab1" status: 200 len: 1569 microversion: 2.25 time: 0.215915
Mar 08 03:48:43.703707 n-d-832489-1 devstack@n-api.service[125303]: [pid: 125303|app: 0|req: 186/370] 10.222.0.23 () {60 vars in 1276 bytes} [Tue Mar 8 03:48:43 2022] GET /compute/v2.1/servers/7c3d7039-97ef-45a3-a90a-e59b53a73ab1 => generated 1569 bytes in 217 msecs (HTTP/1.1 200) 9 headers in 360 bytes (1 switches on core 0)
Mar 08 03:48:43.708516 n-d-832489-1 devstack@n-api.service[125303]: DEBUG nova.api.openstack.wsgi [None req-b8fba004-31c1-404d-9395-775697337c58 tempest-FlavorsV255TestJSON-1426249026 tempest-FlavorsV255TestJSON-1426249026-project-admin] Action: 'update', calling method: .version_select at 0x7fd43fd6b5e0>, body: {"flavor": {"description": "new"}} {{(pid=125303) _process_stack /opt/stack/nova/nova/api/openstack/wsgi.py:511}}
Mar 08 03:48:43.717113 n-d-832489-1 devstack@n-api.service[125302]: INFO nova.api.openstack.compute.server_external_events [req-80590495-b120-4732-9b89-66a2380945a2 req-b738f4da-6083-46c9-bfc5-e7c6a85168c1 service nova] Creating event network-changed:ea783aaf-36e1-442e-83fc-ed57bde12674 for instance f1804a62-2368-4190-a142-bc1fe1656baa on n-h2-832489-1
Mar 08 03:48:43.720071 n-d-832489-1 devstack@n-api.service[125303]: /usr/local/lib/python3.8/dist-packages/oslo_policy/policy.py:1119: UserWarning: Policy "os_compute_api:os-flavor-manage:update": "rule:context_is_admin" failed scope check. The token used to make the request was project scoped but the policy requires ['system'] scope. This behavior may change in the future where using the intended scope is required
Mar 08 03:48:43.720071 n-d-832489-1 devstack@n-api.service[125303]: warnings.warn(msg)
Mar 08 03:48:43.722891 n-d-832489-1 devstack@n-api.service[125302]: INFO nova.api.openstack.requestlog [req-80590495-b120-4732-9b89-66a2380945a2 req-b738f4da-6083-46c9-bfc5-e7c6a85168c1 service nova] 10.222.0.23 "POST /compute/v2.1/os-server-external-events" status: 200 len: 179 microversion: 2.1 time: 0.050805
Mar 08 03:48:43.724205 n-d-832489-1 devstack@n-api.service[125302]: [pid: 125302|app: 0|req: 185/371] 10.222.0.23 () {64 vars in 1317 bytes} [Tue Mar 8 03:48:43 2022] POST /compute/v2.1/os-server-external-events => generated 179 bytes in 53 msecs (HTTP/1.1 200) 9 headers in 357 bytes (1 switches on core 0)
Mar 08 03:48:43.743408 n-d-832489-1 devstack@n-api.service[125302]: DEBUG nova.api.openstack.wsgi [None req-36209272-ecde-40d4-b04b-84795f41e0a4 tempest-FlavorsAccessNegativeTestJSON-1498786499 tempest-FlavorsAccessNegativeTestJSON-1498786499-project-admin] Action: 'create', calling method: >, body: {"flavor": {"ram": 512, "vcpus": 1, "disk": 10, "name": "tempest-FlavorsAccessNegativeTestJSON-flavor-396581612", "id": 1612285573, "os-flavor-access:is_public": "True"}} {{(pid=125302) _process_stack /opt/stack/nova/nova/api/openstack/wsgi.py:511}}
Mar 08 03:48:43.748245 n-d-832489-1 devstack@n-api.service[125302]: /usr/local/lib/python3.8/dist-packages/oslo_policy/policy.py:1119: UserWarning: Policy "os_compute_api:os-flavor-manage:create": "rule:context_is_admin" failed scope check. The token used to make the request was project scoped but the policy requires ['system'] scope. This behavior may change in the future where using the intended scope is required
Mar 08 03:48:43.748245 n-d-832489-1 devstack@n-api.service[125302]: warnings.warn(msg)
Mar 08 03:48:43.833864 n-d-832489-1 devstack@n-api.service[125303]: INFO nova.api.openstack.requestlog [None req-b8fba004-31c1-404d-9395-775697337c58 tempest-FlavorsV255TestJSON-1426249026 tempest-FlavorsV255TestJSON-1426249026-project-admin] 10.222.0.23 "PUT /compute/v2.1/flavors/1437403080" status: 200 len: 450 microversion: 2.55 time: 0.128923
Mar 08 03:48:43.835065 n-d-832489-1 devstack@n-api.service[125303]: [pid: 125303|app: 0|req: 187/372] 10.222.0.23 () {62 vars in 1218 bytes} [Tue Mar 8 03:48:43 2022] PUT /compute/v2.1/flavors/1437403080 => generated 450 bytes in 131 msecs (HTTP/1.1 200) 9 headers in 359 bytes (1 switches on core 0)
Mar 08 03:48:43.844205 n-d-832489-1 devstack@n-api.service[125303]: DEBUG nova.api.openstack.wsgi [None req-20f000e1-9201-4074-b7cf-388c8525164d tempest-DeleteServersAdminTestJSON-276171162 tempest-DeleteServersAdminTestJSON-276171162-project] Calling method '>' {{(pid=125303) _process_stack /opt/stack/nova/nova/api/openstack/wsgi.py:513}}
Mar 08 03:48:43.845847 n-d-832489-1 devstack@n-api.service[125303]: DEBUG nova.compute.api [None req-20f000e1-9201-4074-b7cf-388c8525164d tempest-DeleteServersAdminTestJSON-276171162 tempest-DeleteServersAdminTestJSON-276171162-project] [instance: 563b02ea-a4e9-4123-96ec-a37d7875a4c7] Fetching instance by UUID {{(pid=125303) get /opt/stack/nova/nova/compute/api.py:2918}}
Mar 08 03:48:43.854766 n-d-832489-1 devstack@n-api.service[125303]: DEBUG oslo_concurrency.lockutils [None req-20f000e1-9201-4074-b7cf-388c8525164d tempest-DeleteServersAdminTestJSON-276171162 tempest-DeleteServersAdminTestJSON-276171162-project] Lock "bee1e7b4-4458-44f0-8d17-344ff6e8e1ed" acquired by "nova.context.set_target_cell..get_or_set_cached_cell_and_set_connections" :: waited 0.000s {{(pid=125303) inner /usr/local/lib/python3.8/dist-packages/oslo_concurrency/lockutils.py:386}}
Mar 08 03:48:43.857060 n-d-832489-1 devstack@n-api.service[125303]: DEBUG oslo_concurrency.lockutils [None req-20f000e1-9201-4074-b7cf-388c8525164d tempest-DeleteServersAdminTestJSON-276171162 tempest-DeleteServersAdminTestJSON-276171162-project] Lock "bee1e7b4-4458-44f0-8d17-344ff6e8e1ed" "released" by "nova.context.set_target_cell..get_or_set_cached_cell_and_set_connections" :: held 0.002s {{(pid=125303) inner /usr/local/lib/python3.8/dist-packages/oslo_concurrency/lockutils.py:400}}
Mar 08 03:48:43.857060 n-d-832489-1 devstack@n-api.service[125303]: DEBUG oslo_concurrency.lockutils [None req-20f000e1-9201-4074-b7cf-388c8525164d tempest-DeleteServersAdminTestJSON-276171162 tempest-DeleteServersAdminTestJSON-276171162-project] Lock "bee1e7b4-4458-44f0-8d17-344ff6e8e1ed" acquired by "nova.context.set_target_cell..get_or_set_cached_cell_and_set_connections" :: waited 0.000s {{(pid=125303) inner /usr/local/lib/python3.8/dist-packages/oslo_concurrency/lockutils.py:386}}
Mar 08 03:48:43.857503 n-d-832489-1 devstack@n-api.service[125303]: DEBUG oslo_concurrency.lockutils [None req-20f000e1-9201-4074-b7cf-388c8525164d tempest-DeleteServersAdminTestJSON-276171162 tempest-DeleteServersAdminTestJSON-276171162-project] Lock "bee1e7b4-4458-44f0-8d17-344ff6e8e1ed" "released" by "nova.context.set_target_cell..get_or_set_cached_cell_and_set_connections" :: held 0.001s {{(pid=125303) inner /usr/local/lib/python3.8/dist-packages/oslo_concurrency/lockutils.py:400}}
Mar 08 03:48:43.863841 n-d-832489-1 devstack@n-api.service[125302]: INFO nova.api.openstack.requestlog [None req-36209272-ecde-40d4-b04b-84795f41e0a4 tempest-FlavorsAccessNegativeTestJSON-1498786499 tempest-FlavorsAccessNegativeTestJSON-1498786499-project-admin] 10.222.0.23 "POST /compute/v2.1/flavors" status: 200 len: 437 microversion: 2.1 time: 0.137461
Mar 08 03:48:43.865296 n-d-832489-1 devstack@n-api.service[125302]: [pid: 125302|app: 0|req: 186/373] 10.222.0.23 () {60 vars in 1146 bytes} [Tue Mar 8 03:48:43 2022] POST /compute/v2.1/flavors => generated 437 bytes in 140 msecs (HTTP/1.1 200) 9 headers in 357 bytes (1 switches on core 0)
Mar 08 03:48:43.878377 n-d-832489-1 devstack@n-api.service[125302]: DEBUG nova.api.openstack.wsgi [None req-5ff40f76-4fcc-45b9-8555-390a163a3682 tempest-FlavorsV255TestJSON-1279157880 tempest-FlavorsV255TestJSON-1279157880-project] Calling method '>' {{(pid=125302) _process_stack /opt/stack/nova/nova/api/openstack/wsgi.py:513}}
Mar 08 03:48:43.901606 n-d-832489-1 devstack@n-api.service[125302]: INFO nova.api.openstack.requestlog [None req-5ff40f76-4fcc-45b9-8555-390a163a3682 tempest-FlavorsV255TestJSON-1279157880 tempest-FlavorsV255TestJSON-1279157880-project] 10.222.0.23 "GET /compute/v2.1/flavors/detail" status: 200 len: 7045 microversion: 2.55 time: 0.034823
Mar 08 03:48:43.902270 n-d-832489-1 devstack@n-api.service[125302]: [pid: 125302|app: 0|req: 187/374] 10.222.0.23 () {60 vars in 1186 bytes} [Tue Mar 8 03:48:43 2022] GET /compute/v2.1/flavors/detail => generated 7045 bytes in 36 msecs (HTTP/1.1 200) 9 headers in 360 bytes (1 switches on core 0)
Mar 08 03:48:43.907029 n-d-832489-1 devstack@n-api.service[125302]: DEBUG nova.api.openstack.wsgi [None req-2b0c0bc7-641c-4784-89da-2790b8a1d1e9 tempest-FlavorsAccessNegativeTestJSON-1498786499 tempest-FlavorsAccessNegativeTestJSON-1498786499-project-admin] Calling method '>' {{(pid=125302) _process_stack /opt/stack/nova/nova/api/openstack/wsgi.py:513}}
Mar 08 03:48:43.908290 n-d-832489-1 devstack@n-api.service[125302]: /usr/local/lib/python3.8/dist-packages/oslo_policy/policy.py:1119: UserWarning: Policy "os_compute_api:os-flavor-access": "rule:context_is_admin" failed scope check. The token used to make the request was project scoped but the policy requires ['system'] scope. This behavior may change in the future where using the intended scope is required
Mar 08 03:48:43.908290 n-d-832489-1 devstack@n-api.service[125302]: warnings.warn(msg)
Mar 08 03:48:43.918193 n-d-832489-1 devstack@n-api.service[125302]: INFO nova.api.openstack.wsgi [None req-2b0c0bc7-641c-4784-89da-2790b8a1d1e9 tempest-FlavorsAccessNegativeTestJSON-1498786499 tempest-FlavorsAccessNegativeTestJSON-1498786499-project-admin] HTTP exception thrown: Access list not available for public flavors.
Mar 08 03:48:43.918880 n-d-832489-1 devstack@n-api.service[125302]: DEBUG nova.api.openstack.wsgi [None req-2b0c0bc7-641c-4784-89da-2790b8a1d1e9 tempest-FlavorsAccessNegativeTestJSON-1498786499 tempest-FlavorsAccessNegativeTestJSON-1498786499-project-admin] Returning 404 to user: Access list not available for public flavors. {{(pid=125302) __call__ /opt/stack/nova/nova/api/openstack/wsgi.py:936}}
Mar 08 03:48:43.919828 n-d-832489-1 devstack@n-api.service[125302]: INFO nova.api.openstack.requestlog [None req-2b0c0bc7-641c-4784-89da-2790b8a1d1e9 tempest-FlavorsAccessNegativeTestJSON-1498786499 tempest-FlavorsAccessNegativeTestJSON-1498786499-project-admin] 10.222.0.23 "GET /compute/v2.1/flavors/1612285573/os-flavor-access" status: 404 len: 91 microversion: 2.1 time: 0.016381
Mar 08 03:48:43.921056 n-d-832489-1 devstack@n-api.service[125302]: [pid: 125302|app: 0|req: 188/375] 10.222.0.23 () {58 vars in 1208 bytes} [Tue Mar 8 03:48:43 2022] GET /compute/v2.1/flavors/1612285573/os-flavor-access => generated 91 bytes in 18 msecs (HTTP/1.1 404) 9 headers in 378 bytes (1 switches on core 0)
Mar 08 03:48:43.926591 n-d-832489-1 devstack@n-api.service[125302]: DEBUG nova.api.openstack.wsgi [None req-62d8c9f5-4f09-45bb-bed0-c7ed32a7a06d tempest-FlavorsV255TestJSON-1279157880 tempest-FlavorsV255TestJSON-1279157880-project] Calling method '>' {{(pid=125302) _process_stack /opt/stack/nova/nova/api/openstack/wsgi.py:513}}
Mar 08 03:48:43.947235 n-d-832489-1 devstack@n-api.service[125302]: INFO nova.api.openstack.requestlog [None req-62d8c9f5-4f09-45bb-bed0-c7ed32a7a06d tempest-FlavorsV255TestJSON-1279157880 tempest-FlavorsV255TestJSON-1279157880-project] 10.222.0.23 "GET /compute/v2.1/flavors" status: 200 len: 3964 microversion: 2.55 time: 0.024970
Mar 08 03:48:43.950895 n-d-832489-1 devstack@n-api.service[125302]: [pid: 125302|app: 0|req: 189/376] 10.222.0.23 () {60 vars in 1165 bytes} [Tue Mar 8 03:48:43 2022] GET /compute/v2.1/flavors => generated 3964 bytes in 29 msecs (HTTP/1.1 200) 9 headers in 360 bytes (1 switches on core 0)
Mar 08 03:48:43.955516 n-d-832489-1 devstack@n-api.service[125302]: DEBUG nova.api.openstack.wsgi [None req-85231621-0648-4d37-8c86-500c126639c3 tempest-FlavorsAccessNegativeTestJSON-1498786499 tempest-FlavorsAccessNegativeTestJSON-1498786499-project-admin] Calling method '>' {{(pid=125302) _process_stack /opt/stack/nova/nova/api/openstack/wsgi.py:513}}
Mar 08 03:48:43.956492 n-d-832489-1 devstack@n-api.service[125302]: /usr/local/lib/python3.8/dist-packages/oslo_policy/policy.py:1119: UserWarning: Policy "os_compute_api:os-flavor-manage:delete": "rule:context_is_admin" failed scope check. The token used to make the request was project scoped but the policy requires ['system'] scope. This behavior may change in the future where using the intended scope is required
Mar 08 03:48:43.956492 n-d-832489-1 devstack@n-api.service[125302]: warnings.warn(msg)
Mar 08 03:48:44.043240 n-d-832489-1 devstack@n-api.service[125303]: DEBUG nova.policy [None req-20f000e1-9201-4074-b7cf-388c8525164d tempest-DeleteServersAdminTestJSON-276171162 tempest-DeleteServersAdminTestJSON-276171162-project] Policy check for os_compute_api:os-extended-server-attributes failed with credentials {'is_admin': False, 'user_id': 'b541a189fa8a4a8db96c77cb821ccc8d', 'user_domain_id': 'default', 'system_scope': None, 'domain_id': None, 'project_id': '6be1674683ce49789b8cfb7b0f0dbb9c', 'project_domain_id': 'default', 'roles': ['member', 'reader'], 'is_admin_project': True, 'service_user_id': None, 'service_user_domain_id': None, 'service_project_id': None, 'service_project_domain_id': None, 'service_roles': []} {{(pid=125303) authorize /opt/stack/nova/nova/policy.py:199}}
Mar 08 03:48:44.050645 n-d-832489-1 devstack@n-api.service[125303]: INFO nova.api.openstack.requestlog [None req-20f000e1-9201-4074-b7cf-388c8525164d tempest-DeleteServersAdminTestJSON-276171162 tempest-DeleteServersAdminTestJSON-276171162-project] 10.222.0.23 "GET /compute/v2.1/servers/563b02ea-a4e9-4123-96ec-a37d7875a4c7" status: 200 len: 1469 microversion: 2.1 time: 0.214375
Mar 08 03:48:44.051209 n-d-832489-1 devstack@n-api.service[125303]: [pid: 125303|app: 0|req: 188/377] 10.222.0.23 () {58 vars in 1235 bytes} [Tue Mar 8 03:48:43 2022] GET /compute/v2.1/servers/563b02ea-a4e9-4123-96ec-a37d7875a4c7 => generated 1469 bytes in 215 msecs (HTTP/1.1 200) 9 headers in 358 bytes (1 switches on core 0)
Mar 08 03:48:44.054431 n-d-832489-1 devstack@n-api.service[125302]: INFO nova.api.openstack.requestlog [None req-85231621-0648-4d37-8c86-500c126639c3 tempest-FlavorsAccessNegativeTestJSON-1498786499 tempest-FlavorsAccessNegativeTestJSON-1498786499-project-admin] 10.222.0.23 "DELETE /compute/v2.1/flavors/1612285573" status: 202 len: 0 microversion: 2.1 time: 0.102250
Mar 08 03:48:44.055161 n-d-832489-1 devstack@n-api.service[125302]: [pid: 125302|app: 0|req: 190/378] 10.222.0.23 () {58 vars in 1160 bytes} [Tue Mar 8 03:48:43 2022] DELETE /compute/v2.1/flavors/1612285573 => generated 0 bytes in 104 msecs (HTTP/1.1 202) 9 headers in 361 bytes (1 switches on core 0)
Mar 08 03:48:44.055830 n-d-832489-1 devstack@n-api.service[125303]: DEBUG nova.api.openstack.wsgi [None req-d5c3246c-143e-4f07-bdc2-d4a6a126bc47 tempest-FlavorsV255TestJSON-1426249026 tempest-FlavorsV255TestJSON-1426249026-project-admin] Calling method '>' {{(pid=125303) _process_stack /opt/stack/nova/nova/api/openstack/wsgi.py:513}}
Mar 08 03:48:44.056544 n-d-832489-1 devstack@n-api.service[125303]: /usr/local/lib/python3.8/dist-packages/oslo_policy/policy.py:1119: UserWarning: Policy "os_compute_api:os-flavor-manage:delete": "rule:context_is_admin" failed scope check. The token used to make the request was project scoped but the policy requires ['system'] scope. This behavior may change in the future where using the intended scope is required
Mar 08 03:48:44.056544 n-d-832489-1 devstack@n-api.service[125303]: warnings.warn(msg)
Mar 08 03:48:44.063242 n-d-832489-1 devstack@n-api.service[125302]: DEBUG nova.api.openstack.wsgi [None req-290345c9-10af-4f44-ae7f-8d58bd93177d tempest-FlavorsAccessNegativeTestJSON-1498786499 tempest-FlavorsAccessNegativeTestJSON-1498786499-project-admin] Calling method '>' {{(pid=125302) _process_stack /opt/stack/nova/nova/api/openstack/wsgi.py:513}}
Mar 08 03:48:44.083136 n-d-832489-1 devstack@n-api.service[125302]: INFO nova.api.openstack.requestlog [None req-290345c9-10af-4f44-ae7f-8d58bd93177d tempest-FlavorsAccessNegativeTestJSON-1498786499 tempest-FlavorsAccessNegativeTestJSON-1498786499-project-admin] 10.222.0.23 "GET /compute/v2.1/flavors/detail" status: 200 len: 6239 microversion: 2.1 time: 0.023833
Mar 08 03:48:44.083734 n-d-832489-1 devstack@n-api.service[125302]: [pid: 125302|app: 0|req: 191/379] 10.222.0.23 () {58 vars in 1145 bytes} [Tue Mar 8 03:48:44 2022] GET /compute/v2.1/flavors/detail => generated 6239 bytes in 25 msecs (HTTP/1.1 200) 9 headers in 358 bytes (2 switches on core 0)
Mar 08 03:48:44.091946 n-d-832489-1 devstack@n-api.service[125302]: DEBUG nova.api.openstack.wsgi [None req-3e21af09-2049-4359-bdfe-3784c6c37e03 tempest-DeleteServersAdminTestJSON-1053269858 tempest-DeleteServersAdminTestJSON-1053269858-project-admin] Action: 'action', calling method: >, body: {"os-resetState": {"state": "error"}} {{(pid=125302) _process_stack /opt/stack/nova/nova/api/openstack/wsgi.py:511}}
Mar 08 03:48:44.095539 n-d-832489-1 devstack@n-api.service[125302]: DEBUG nova.compute.api [None req-3e21af09-2049-4359-bdfe-3784c6c37e03 tempest-DeleteServersAdminTestJSON-1053269858 tempest-DeleteServersAdminTestJSON-1053269858-project-admin] [instance: 563b02ea-a4e9-4123-96ec-a37d7875a4c7] Fetching instance by UUID {{(pid=125302) get /opt/stack/nova/nova/compute/api.py:2918}}
Mar 08 03:48:44.098982 n-d-832489-1 devstack@n-api.service[125302]: DEBUG oslo_concurrency.lockutils [None req-3e21af09-2049-4359-bdfe-3784c6c37e03 tempest-DeleteServersAdminTestJSON-1053269858 tempest-DeleteServersAdminTestJSON-1053269858-project-admin] Lock "bee1e7b4-4458-44f0-8d17-344ff6e8e1ed" acquired by "nova.context.set_target_cell..get_or_set_cached_cell_and_set_connections" :: waited 0.000s {{(pid=125302) inner /usr/local/lib/python3.8/dist-packages/oslo_concurrency/lockutils.py:386}}
Mar 08 03:48:44.099438 n-d-832489-1 devstack@n-api.service[125302]: DEBUG oslo_concurrency.lockutils [None req-3e21af09-2049-4359-bdfe-3784c6c37e03 tempest-DeleteServersAdminTestJSON-1053269858 tempest-DeleteServersAdminTestJSON-1053269858-project-admin] Lock "bee1e7b4-4458-44f0-8d17-344ff6e8e1ed" "released" by "nova.context.set_target_cell..get_or_set_cached_cell_and_set_connections" :: held 0.001s {{(pid=125302) inner /usr/local/lib/python3.8/dist-packages/oslo_concurrency/lockutils.py:400}}
Mar 08 03:48:44.100271 n-d-832489-1 devstack@n-api.service[125302]: DEBUG oslo_concurrency.lockutils [None req-3e21af09-2049-4359-bdfe-3784c6c37e03 tempest-DeleteServersAdminTestJSON-1053269858 tempest-DeleteServersAdminTestJSON-1053269858-project-admin] Lock "bee1e7b4-4458-44f0-8d17-344ff6e8e1ed" acquired by "nova.context.set_target_cell..get_or_set_cached_cell_and_set_connections" :: waited 0.000s {{(pid=125302) inner /usr/local/lib/python3.8/dist-packages/oslo_concurrency/lockutils.py:386}}
Mar 08 03:48:44.100702 n-d-832489-1 devstack@n-api.service[125302]: DEBUG oslo_concurrency.lockutils [None req-3e21af09-2049-4359-bdfe-3784c6c37e03 tempest-DeleteServersAdminTestJSON-1053269858 tempest-DeleteServersAdminTestJSON-1053269858-project-admin] Lock "bee1e7b4-4458-44f0-8d17-344ff6e8e1ed" "released" by "nova.context.set_target_cell..get_or_set_cached_cell_and_set_connections" :: held 0.000s {{(pid=125302) inner /usr/local/lib/python3.8/dist-packages/oslo_concurrency/lockutils.py:400}}
Mar 08 03:48:44.154389 n-d-832489-1 devstack@n-api.service[125303]: INFO nova.api.openstack.requestlog [None req-d5c3246c-143e-4f07-bdc2-d4a6a126bc47 tempest-FlavorsV255TestJSON-1426249026 tempest-FlavorsV255TestJSON-1426249026-project-admin] 10.222.0.23 "DELETE /compute/v2.1/flavors/1437403080" status: 202 len: 0 microversion: 2.55 time: 0.101703
Mar 08 03:48:44.155095 n-d-832489-1 devstack@n-api.service[125303]: [pid: 125303|app: 0|req: 189/380] 10.222.0.23 () {60 vars in 1201 bytes} [Tue Mar 8 03:48:44 2022] DELETE /compute/v2.1/flavors/1437403080 => generated 0 bytes in 103 msecs (HTTP/1.1 202) 9 headers in 363 bytes (1 switches on core 0)
Mar 08 03:48:44.159491 n-d-832489-1 devstack@n-api.service[125303]: DEBUG nova.api.openstack.wsgi [None req-1a7101ff-4542-4f49-b7aa-34a34f62cd51 tempest-FlavorsAccessNegativeTestJSON-1498786499 tempest-FlavorsAccessNegativeTestJSON-1498786499-project-admin] Action: 'create', calling method: >, body: {"flavor": {"ram": 512, "vcpus": 1, "disk": 10, "name": "tempest-FlavorsAccessNegativeTestJSON-flavor-2048235167", "id": 588015238, "os-flavor-access:is_public": "False"}} {{(pid=125303) _process_stack /opt/stack/nova/nova/api/openstack/wsgi.py:511}}
Mar 08 03:48:44.161331 n-d-832489-1 devstack@n-api.service[125303]: /usr/local/lib/python3.8/dist-packages/oslo_policy/policy.py:1119: UserWarning: Policy "os_compute_api:os-flavor-manage:create": "rule:context_is_admin" failed scope check. The token used to make the request was project scoped but the policy requires ['system'] scope. This behavior may change in the future where using the intended scope is required
Mar 08 03:48:44.161331 n-d-832489-1 devstack@n-api.service[125303]: warnings.warn(msg)
Mar 08 03:48:44.240136 n-d-832489-1 devstack@n-api.service[125303]: INFO nova.api.openstack.requestlog [None req-1a7101ff-4542-4f49-b7aa-34a34f62cd51 tempest-FlavorsAccessNegativeTestJSON-1498786499 tempest-FlavorsAccessNegativeTestJSON-1498786499-project-admin] 10.222.0.23 "POST /compute/v2.1/flavors" status: 200 len: 436 microversion: 2.1 time: 0.080118
Mar 08 03:48:44.240136 n-d-832489-1 devstack@n-api.service[125303]: [pid: 125303|app: 0|req: 190/381] 10.222.0.23 () {60 vars in 1146 bytes} [Tue Mar 8 03:48:44 2022] POST /compute/v2.1/flavors => generated 436 bytes in 81 msecs (HTTP/1.1 200) 9 headers in 357 bytes (1 switches on core 0)
Mar 08 03:48:44.241425 n-d-832489-1 devstack@n-api.service[125303]: DEBUG nova.api.openstack.wsgi [None req-6b896924-587f-447f-a9c5-2306c1d1786a tempest-FlavorsV255TestJSON-1426249026 tempest-FlavorsV255TestJSON-1426249026-project-admin] Calling method '>' {{(pid=125303) _process_stack /opt/stack/nova/nova/api/openstack/wsgi.py:513}}
Mar 08 03:48:44.262897 n-d-832489-1 devstack@n-api.service[125303]: INFO nova.api.openstack.requestlog [None req-6b896924-587f-447f-a9c5-2306c1d1786a tempest-FlavorsV255TestJSON-1426249026 tempest-FlavorsV255TestJSON-1426249026-project-admin] 10.222.0.23 "GET /compute/v2.1/flavors/detail" status: 200 len: 6157 microversion: 2.55 time: 0.025028
Mar 08 03:48:44.263457 n-d-832489-1 devstack@n-api.service[125303]: [pid: 125303|app: 0|req: 191/382] 10.222.0.23 () {60 vars in 1186 bytes} [Tue Mar 8 03:48:44 2022] GET /compute/v2.1/flavors/detail => generated 6157 bytes in 26 msecs (HTTP/1.1 200) 9 headers in 360 bytes (1 switches on core 0)
Mar 08 03:48:44.442310 n-d-832489-1 devstack@n-api.service[125303]: DEBUG nova.api.openstack.wsgi [None req-6e95bdb1-ba12-46bb-b586-68bfcfef2794 tempest-FlavorsAccessNegativeTestJSON-1759818643 tempest-FlavorsAccessNegativeTestJSON-1759818643-project] Action: 'action', calling method: >, body: {"addTenantAccess": {"tenant": "b87ef28cc7e847ea82236f404d911fe0"}} {{(pid=125303) _process_stack /opt/stack/nova/nova/api/openstack/wsgi.py:511}}
Mar 08 03:48:44.445007 n-d-832489-1 devstack@n-api.service[125303]: /usr/local/lib/python3.8/dist-packages/oslo_policy/policy.py:1119: UserWarning: Policy "os_compute_api:os-flavor-access:add_tenant_access": "rule:context_is_admin" failed scope check. The token used to make the request was project scoped but the policy requires ['system'] scope. This behavior may change in the future where using the intended scope is required
Mar 08 03:48:44.445007 n-d-832489-1 devstack@n-api.service[125303]: warnings.warn(msg)
Mar 08 03:48:44.446388 n-d-832489-1 devstack@n-api.service[125303]: DEBUG nova.policy [None req-6e95bdb1-ba12-46bb-b586-68bfcfef2794 tempest-FlavorsAccessNegativeTestJSON-1759818643 tempest-FlavorsAccessNegativeTestJSON-1759818643-project] Policy check for os_compute_api:os-flavor-access:add_tenant_access failed with credentials {'is_admin': False, 'user_id': '49b28f3b0df745f8ae6d806f4fa29106', 'user_domain_id': 'default', 'system_scope': None, 'domain_id': None, 'project_id': 'b87ef28cc7e847ea82236f404d911fe0', 'project_domain_id': 'default', 'roles': ['member', 'reader'], 'is_admin_project': True, 'service_user_id': None, 'service_user_domain_id': None, 'service_project_id': None, 'service_project_domain_id': None, 'service_roles': []} {{(pid=125303) authorize /opt/stack/nova/nova/policy.py:199}}
Mar 08 03:48:44.448346 n-d-832489-1 devstack@n-api.service[125303]: DEBUG nova.api.openstack.wsgi [None req-6e95bdb1-ba12-46bb-b586-68bfcfef2794 tempest-FlavorsAccessNegativeTestJSON-1759818643 tempest-FlavorsAccessNegativeTestJSON-1759818643-project] Returning 403 to user: Policy doesn't allow os_compute_api:os-flavor-access:add_tenant_access to be performed. {{(pid=125303) __call__ /opt/stack/nova/nova/api/openstack/wsgi.py:936}}
Mar 08 03:48:44.454960 n-d-832489-1 devstack@n-api.service[125303]: INFO nova.api.openstack.requestlog [None req-6e95bdb1-ba12-46bb-b586-68bfcfef2794 tempest-FlavorsAccessNegativeTestJSON-1759818643 tempest-FlavorsAccessNegativeTestJSON-1759818643-project] 10.222.0.23 "POST /compute/v2.1/flavors/588015238/action" status: 403 len: 130 microversion: 2.1 time: 0.185019
Mar 08 03:48:44.454960 n-d-832489-1 devstack@n-api.service[125303]: [pid: 125303|app: 0|req: 192/383] 10.222.0.23 () {60 vars in 1196 bytes} [Tue Mar 8 03:48:44 2022] POST /compute/v2.1/flavors/588015238/action => generated 130 bytes in 187 msecs (HTTP/1.1 403) 9 headers in 379 bytes (1 switches on core 0)
Mar 08 03:48:44.460162 n-d-832489-1 devstack@n-api.service[125303]: DEBUG nova.api.openstack.wsgi [None req-fe9bc9d6-2ade-4e6f-b849-360d05d4d6a9 tempest-MigrationsAdminTest-1631286774 tempest-MigrationsAdminTest-1631286774-project] Calling method '>' {{(pid=125303) _process_stack /opt/stack/nova/nova/api/openstack/wsgi.py:513}}
