Jul 01 20:11:23.545529 n-d-832330-7 devstack@placement-api.service[106520]: DEBUG placement.objects.research_context [req-ce4464a6-4d47-43ec-9b27-a6f654d04dad req-9598dc19-5747-41dd-806e-18f35cbeb4ce service placement] getting providers with 1024 MEMORY_MB {{(pid=106520) __init__ /opt/stack/placement/placement/objects/research_context.py:136}}
Jul 01 20:11:23.555111 n-d-832330-7 devstack@placement-api.service[106520]: DEBUG placement.objects.research_context [req-ce4464a6-4d47-43ec-9b27-a6f654d04dad req-9598dc19-5747-41dd-806e-18f35cbeb4ce service placement] getting providers with 1 VCPU {{(pid=106520) __init__ /opt/stack/placement/placement/objects/research_context.py:136}}
Jul 01 20:11:23.568734 n-d-832330-7 devstack@placement-api.service[106520]: DEBUG placement.objects.research_context [req-ce4464a6-4d47-43ec-9b27-a6f654d04dad req-9598dc19-5747-41dd-806e-18f35cbeb4ce service placement] found 2 providers with available 1 DISK_GB {{(pid=106520) get_provider_ids_matching /opt/stack/placement/placement/objects/research_context.py:563}}
Jul 01 20:11:23.568734 n-d-832330-7 devstack@placement-api.service[106520]: DEBUG placement.objects.research_context [req-ce4464a6-4d47-43ec-9b27-a6f654d04dad req-9598dc19-5747-41dd-806e-18f35cbeb4ce service placement] found 2 providers with available 1024 MEMORY_MB {{(pid=106520) get_provider_ids_matching /opt/stack/placement/placement/objects/research_context.py:563}}
Jul 01 20:11:23.568734 n-d-832330-7 devstack@placement-api.service[106520]: DEBUG placement.objects.research_context [req-ce4464a6-4d47-43ec-9b27-a6f654d04dad req-9598dc19-5747-41dd-806e-18f35cbeb4ce service placement] found 2 providers after filtering by previous result {{(pid=106520) get_provider_ids_matching /opt/stack/placement/placement/objects/research_context.py:594}}
Jul 01 20:11:23.568734 n-d-832330-7 devstack@placement-api.service[106520]: DEBUG placement.objects.research_context [req-ce4464a6-4d47-43ec-9b27-a6f654d04dad req-9598dc19-5747-41dd-806e-18f35cbeb4ce service placement] found 2 providers with available 1 VCPU {{(pid=106520) get_provider_ids_matching /opt/stack/placement/placement/objects/research_context.py:563}}
Jul 01 20:11:23.568734 n-d-832330-7 devstack@placement-api.service[106520]: DEBUG placement.objects.research_context [req-ce4464a6-4d47-43ec-9b27-a6f654d04dad req-9598dc19-5747-41dd-806e-18f35cbeb4ce service placement] found 2 providers after filtering by previous result {{(pid=106520) get_provider_ids_matching /opt/stack/placement/placement/objects/research_context.py:594}}
Jul 01 20:11:23.582742 n-d-832330-7 devstack@placement-api.service[106520]: DEBUG placement.objects.allocation_candidate [req-ce4464a6-4d47-43ec-9b27-a6f654d04dad req-9598dc19-5747-41dd-806e-18f35cbeb4ce service placement] RequestGroup(use_same_provider=False, resources={DISK_GB:1, MEMORY_MB:1024, VCPU:1}, traits=(), aggregates=[]) (suffix '') returned 2 matches {{(pid=106520) _get_by_requests /opt/stack/placement/placement/objects/allocation_candidate.py:156}}
Jul 01 20:11:23.583580 n-d-832330-7 devstack@placement-api.service[106520]: DEBUG placement.objects.allocation_candidate [req-ce4464a6-4d47-43ec-9b27-a6f654d04dad req-9598dc19-5747-41dd-806e-18f35cbeb4ce service placement] Merging candidates yields 2 allocation requests and 2 provider summaries {{(pid=106520) _merge_candidates /opt/stack/placement/placement/objects/allocation_candidate.py:809}}
Jul 01 20:11:23.587388 n-d-832330-7 devstack@placement-api.service[106520]: INFO placement.requestlog [req-ce4464a6-4d47-43ec-9b27-a6f654d04dad req-9598dc19-5747-41dd-806e-18f35cbeb4ce service placement] 10.222.0.59 "GET /placement/allocation_candidates?limit=1000&resources=DISK_GB%3A1%2CMEMORY_MB%3A1024%2CVCPU%3A1&root_required=%21COMPUTE_STATUS_DISABLED" status: 200 len: 1312 microversion: 1.36
Jul 01 20:11:23.599387 n-d-832330-7 devstack@placement-api.service[106520]: [pid: 106520|app: 0|req: 209/422] 10.222.0.59 () {60 vars in 1506 bytes} [Fri Jul 1 20:11:23 2022] GET /placement/allocation_candidates?limit=1000&resources=DISK_GB%3A1%2CMEMORY_MB%3A1024%2CVCPU%3A1&root_required=%21COMPUTE_STATUS_DISABLED => generated 1312 bytes in 124 msecs (HTTP/1.1 200) 8 headers in 297 bytes (1 switches on core 0)
Jul 01 20:11:23.698967 n-d-832330-7 devstack@placement-api.service[106521]: DEBUG placement.requestlog [req-ce4464a6-4d47-43ec-9b27-a6f654d04dad req-33cbfea4-9c9b-404e-80d4-789df7d1d892 None None] Starting request: 10.222.0.59 "GET /placement/allocations/57d34c27-734f-4b31-92f1-fce93a0d8fdf" {{(pid=106521) __call__ /opt/stack/placement/placement/requestlog.py:55}}
Jul 01 20:11:23.738411 n-d-832330-7 devstack@placement-api.service[106521]: INFO placement.requestlog [req-ce4464a6-4d47-43ec-9b27-a6f654d04dad req-33cbfea4-9c9b-404e-80d4-789df7d1d892 service placement] 10.222.0.59 "GET /placement/allocations/57d34c27-734f-4b31-92f1-fce93a0d8fdf" status: 200 len: 19 microversion: 1.28
Jul 01 20:11:23.738411 n-d-832330-7 devstack@placement-api.service[106521]: [pid: 106521|app: 0|req: 214/423] 10.222.0.59 () {60 vars in 1380 bytes} [Fri Jul 1 20:11:23 2022] GET /placement/allocations/57d34c27-734f-4b31-92f1-fce93a0d8fdf => generated 19 bytes in 29 msecs (HTTP/1.1 200) 8 headers in 295 bytes (1 switches on core 0)
Jul 01 20:11:23.739145 n-d-832330-7 devstack@placement-api.service[106520]: DEBUG placement.requestlog [req-ce4464a6-4d47-43ec-9b27-a6f654d04dad req-086ae1ac-a0d3-4b1c-b3c1-f8e765776b26 None None] Starting request: 10.222.0.59 "PUT /placement/allocations/57d34c27-734f-4b31-92f1-fce93a0d8fdf" {{(pid=106520) __call__ /opt/stack/placement/placement/requestlog.py:55}}
Jul 01 20:11:25.015414 n-d-832330-7 devstack@placement-api.service[106520]: DEBUG placement.handlers.allocation [req-ce4464a6-4d47-43ec-9b27-a6f654d04dad req-086ae1ac-a0d3-4b1c-b3c1-f8e765776b26 service placement] Successfully wrote allocations [, , ] {{(pid=106520) _update_consumers_and_create_allocations /opt/stack/placement/placement/handlers/allocation.py:462}}
Jul 01 20:11:25.345402 n-d-832330-7 devstack@placement-api.service[106520]: INFO placement.requestlog [req-ce4464a6-4d47-43ec-9b27-a6f654d04dad req-086ae1ac-a0d3-4b1c-b3c1-f8e765776b26 service placement] 10.222.0.59 "PUT /placement/allocations/57d34c27-734f-4b31-92f1-fce93a0d8fdf" status: 204 len: 0 microversion: 1.36
Jul 01 20:11:25.346153 n-d-832330-7 devstack@placement-api.service[106520]: [pid: 106520|app: 0|req: 210/424] 10.222.0.59 () {64 vars in 1433 bytes} [Fri Jul 1 20:11:23 2022] PUT /placement/allocations/57d34c27-734f-4b31-92f1-fce93a0d8fdf => generated 0 bytes in 1610 msecs (HTTP/1.1 204) 5 headers in 199 bytes (1 switches on core 0)
Jul 01 20:11:26.881318 n-d-832330-7 devstack@placement-api.service[106521]: DEBUG placement.requestlog [None req-7445f9d9-cac9-4385-b6d6-a1d7bc7ae8f0 None None] Starting request: 10.222.0.59 "GET /placement/resource_providers/dcc85a60-d4dc-4217-8d3b-eb8bd881b1c3/aggregates" {{(pid=106521) __call__ /opt/stack/placement/placement/requestlog.py:55}}
Jul 01 20:11:26.999707 n-d-832330-7 devstack@placement-api.service[106521]: INFO placement.requestlog [None req-7445f9d9-cac9-4385-b6d6-a1d7bc7ae8f0 service placement] 10.222.0.59 "GET /placement/resource_providers/dcc85a60-d4dc-4217-8d3b-eb8bd881b1c3/aggregates" status: 404 len: 235 microversion: 1.1
Jul 01 20:11:27.000516 n-d-832330-7 devstack@placement-api.service[106521]: [pid: 106521|app: 0|req: 215/425] 10.222.0.59 () {58 vars in 1362 bytes} [Fri Jul 1 20:11:26 2022] GET /placement/resource_providers/dcc85a60-d4dc-4217-8d3b-eb8bd881b1c3/aggregates => generated 235 bytes in 120 msecs (HTTP/1.1 404) 5 headers in 202 bytes (1 switches on core 0)
Jul 01 20:11:27.344878 n-d-832330-7 devstack@placement-api.service[106520]: DEBUG placement.requestlog [None req-e5d90b58-7968-4182-a2f1-09ca1a08edc3 None None] Starting request: 10.222.0.59 "DELETE /placement/resource_providers/dcc85a60-d4dc-4217-8d3b-eb8bd881b1c3" {{(pid=106520) __call__ /opt/stack/placement/placement/requestlog.py:55}}
Jul 01 20:11:27.356991 n-d-832330-7 devstack@placement-api.service[106520]: DEBUG placement.wsgi_wrapper [None req-e5d90b58-7968-4182-a2f1-09ca1a08edc3 service placement] Placement API returning an error response: No resource provider with uuid dcc85a60-d4dc-4217-8d3b-eb8bd881b1c3 found for delete {{(pid=106520) call_func /opt/stack/placement/placement/wsgi_wrapper.py:31}}
Jul 01 20:11:27.358034 n-d-832330-7 devstack@placement-api.service[106520]: INFO placement.requestlog [None req-e5d90b58-7968-4182-a2f1-09ca1a08edc3 service placement] 10.222.0.59 "DELETE /placement/resource_providers/dcc85a60-d4dc-4217-8d3b-eb8bd881b1c3" status: 404 len: 246 microversion: 1.1
Jul 01 20:11:27.369842 n-d-832330-7 devstack@placement-api.service[106520]: [pid: 106520|app: 0|req: 211/426] 10.222.0.59 () {60 vars in 1351 bytes} [Fri Jul 1 20:11:27 2022] DELETE /placement/resource_providers/dcc85a60-d4dc-4217-8d3b-eb8bd881b1c3 => generated 246 bytes in 23 msecs (HTTP/1.1 404) 6 headers in 231 bytes (1 switches on core 0)
Jul 01 20:11:28.639413 n-d-832330-7 devstack@placement-api.service[106521]: DEBUG placement.requestlog [req-ce4464a6-4d47-43ec-9b27-a6f654d04dad req-fee745dc-1d86-46c6-b29e-13e73e876fcd None None] Starting request: 10.222.0.70 "GET /placement/allocations/57d34c27-734f-4b31-92f1-fce93a0d8fdf" {{(pid=106521) __call__ /opt/stack/placement/placement/requestlog.py:55}}
Jul 01 20:11:28.705763 n-d-832330-7 devstack@placement-api.service[106521]: INFO placement.requestlog [req-ce4464a6-4d47-43ec-9b27-a6f654d04dad req-fee745dc-1d86-46c6-b29e-13e73e876fcd service placement] 10.222.0.70 "GET /placement/allocations/57d34c27-734f-4b31-92f1-fce93a0d8fdf" status: 200 len: 259 microversion: 1.28
Jul 01 20:11:28.705763 n-d-832330-7 devstack@placement-api.service[106521]: [pid: 106521|app: 0|req: 216/427] 10.222.0.70 () {60 vars in 1377 bytes} [Fri Jul 1 20:11:28 2022] GET /placement/allocations/57d34c27-734f-4b31-92f1-fce93a0d8fdf => generated 259 bytes in 35 msecs (HTTP/1.1 200) 8 headers in 296 bytes (2 switches on core 0)
Jul 01 20:11:30.802420 n-d-832330-7 devstack@placement-api.service[106520]: DEBUG placement.requestlog [req-304368c0-f260-49da-8498-601600d293fe req-7cab1cbe-4a45-48e9-a0a9-019bb64d43c8 None None] Starting request: 10.222.0.71 "DELETE /placement/allocations/28e613cd-0ce0-4818-806f-bf49f6521b90" {{(pid=106520) __call__ /opt/stack/placement/placement/requestlog.py:55}}
Jul 01 20:11:31.081331 n-d-832330-7 devstack@placement-api.service[106520]: DEBUG placement.handlers.allocation [req-304368c0-f260-49da-8498-601600d293fe req-7cab1cbe-4a45-48e9-a0a9-019bb64d43c8 service placement] Successfully deleted allocations [, , ] {{(pid=106520) delete_allocations /opt/stack/placement/placement/handlers/allocation.py:627}}
Jul 01 20:11:31.081331 n-d-832330-7 devstack@placement-api.service[106520]: INFO placement.requestlog [req-304368c0-f260-49da-8498-601600d293fe req-7cab1cbe-4a45-48e9-a0a9-019bb64d43c8 service placement] 10.222.0.71 "DELETE /placement/allocations/28e613cd-0ce0-4818-806f-bf49f6521b90" status: 204 len: 0 microversion: 1.0
Jul 01 20:11:31.081331 n-d-832330-7 devstack@placement-api.service[106520]: [pid: 106520|app: 0|req: 212/428] 10.222.0.71 () {60 vars in 1355 bytes} [Fri Jul 1 20:11:30 2022] DELETE /placement/allocations/28e613cd-0ce0-4818-806f-bf49f6521b90 => generated 0 bytes in 277 msecs (HTTP/1.1 204) 5 headers in 198 bytes (2 switches on core 0)
Jul 01 20:11:32.039477 n-d-832330-7 devstack@placement-api.service[106521]: DEBUG placement.requestlog [req-663aeaaa-2895-4708-9924-6ec08284cb68 req-34c2c114-6409-484b-b5fe-c4ca0429d7dd None None] Starting request: 10.222.0.70 "DELETE /placement/allocations/9c370a93-7f37-448f-b9ee-41126cf01c7e" {{(pid=106521) __call__ /opt/stack/placement/placement/requestlog.py:55}}
Jul 01 20:11:32.375723 n-d-832330-7 devstack@placement-api.service[106521]: DEBUG placement.handlers.allocation [req-663aeaaa-2895-4708-9924-6ec08284cb68 req-34c2c114-6409-484b-b5fe-c4ca0429d7dd service placement] Successfully deleted allocations [, , ] {{(pid=106521) delete_allocations /opt/stack/placement/placement/handlers/allocation.py:627}}
Jul 01 20:11:32.378745 n-d-832330-7 devstack@placement-api.service[106521]: INFO placement.requestlog [req-663aeaaa-2895-4708-9924-6ec08284cb68 req-34c2c114-6409-484b-b5fe-c4ca0429d7dd service placement] 10.222.0.70 "DELETE /placement/allocations/9c370a93-7f37-448f-b9ee-41126cf01c7e" status: 204 len: 0 microversion: 1.0
Jul 01 20:11:32.378745 n-d-832330-7 devstack@placement-api.service[106521]: [pid: 106521|app: 0|req: 217/429] 10.222.0.70 () {60 vars in 1355 bytes} [Fri Jul 1 20:11:32 2022] DELETE /placement/allocations/9c370a93-7f37-448f-b9ee-41126cf01c7e => generated 0 bytes in 338 msecs (HTTP/1.1 204) 5 headers in 198 bytes (1 switches on core 0)
Jul 01 20:11:36.120814 n-d-832330-7 devstack@placement-api.service[106520]: DEBUG placement.requestlog [req-beeca6d0-cc16-42aa-8657-b3f533262478 req-c6481459-2ab1-43c9-acab-94ee61488084 None None] Starting request: 10.222.0.71 "DELETE /placement/allocations/cc278728-6d8c-412c-b8d2-72124a8f4d20" {{(pid=106520) __call__ /opt/stack/placement/placement/requestlog.py:55}}
Jul 01 20:11:36.710700 n-d-832330-7 devstack@placement-api.service[106520]: DEBUG placement.handlers.allocation [req-beeca6d0-cc16-42aa-8657-b3f533262478 req-c6481459-2ab1-43c9-acab-94ee61488084 service placement] Successfully deleted allocations [, , ] {{(pid=106520) delete_allocations /opt/stack/placement/placement/handlers/allocation.py:627}}
Jul 01 20:11:36.712868 n-d-832330-7 devstack@placement-api.service[106520]: INFO placement.requestlog [req-beeca6d0-cc16-42aa-8657-b3f533262478 req-c6481459-2ab1-43c9-acab-94ee61488084 service placement] 10.222.0.71 "DELETE /placement/allocations/cc278728-6d8c-412c-b8d2-72124a8f4d20" status: 204 len: 0 microversion: 1.0
Jul 01 20:11:36.715477 n-d-832330-7 devstack@placement-api.service[106520]: [pid: 106520|app: 0|req: 213/430] 10.222.0.71 () {60 vars in 1355 bytes} [Fri Jul 1 20:11:36 2022] DELETE /placement/allocations/cc278728-6d8c-412c-b8d2-72124a8f4d20 => generated 0 bytes in 595 msecs (HTTP/1.1 204) 5 headers in 198 bytes (1 switches on core 0)
Jul 01 20:11:42.174095 n-d-832330-7 devstack@placement-api.service[106521]: DEBUG dbcounter [-] [106521] Writing DB stats placement:SELECT=46,placement:DELETE=6 {{(pid=106521) stat_writer /usr/local/lib/python3.8/dist-packages/dbcounter.py:114}}
Jul 01 20:11:44.684608 n-d-832330-7 devstack@placement-api.service[106521]: DEBUG placement.requestlog [req-782a93d9-0e55-47bd-854d-129299f16080 req-6036591e-b2eb-4e6e-9d19-32a3c20d66db None None] Starting request: 10.222.0.71 "DELETE /placement/allocations/68a89b6b-0189-426b-ac36-9bf5a0143597" {{(pid=106521) __call__ /opt/stack/placement/placement/requestlog.py:55}}
Jul 01 20:11:44.716593 n-d-832330-7 devstack@placement-api.service[106520]: DEBUG placement.requestlog [req-f66955f7-de36-436d-a829-726555f2d6b6 req-4ff419c7-a20c-4229-a874-1b7452356ec6 None None] Starting request: 10.222.0.71 "DELETE /placement/allocations/6c47e8f2-e23d-443e-af8d-8f5d82dfd653" {{(pid=106520) __call__ /opt/stack/placement/placement/requestlog.py:55}}
Jul 01 20:11:45.005973 n-d-832330-7 devstack@placement-api.service[106520]: DEBUG placement.handlers.allocation [req-f66955f7-de36-436d-a829-726555f2d6b6 req-4ff419c7-a20c-4229-a874-1b7452356ec6 service placement] Successfully deleted allocations [, , ] {{(pid=106520) delete_allocations /opt/stack/placement/placement/handlers/allocation.py:627}}
Jul 01 20:11:45.006343 n-d-832330-7 devstack@placement-api.service[106521]: DEBUG placement.handlers.allocation [req-782a93d9-0e55-47bd-854d-129299f16080 req-6036591e-b2eb-4e6e-9d19-32a3c20d66db service placement] Successfully deleted allocations [, , ] {{(pid=106521) delete_allocations /opt/stack/placement/placement/handlers/allocation.py:627}}
Jul 01 20:11:45.006495 n-d-832330-7 devstack@placement-api.service[106520]: INFO placement.requestlog [req-f66955f7-de36-436d-a829-726555f2d6b6 req-4ff419c7-a20c-4229-a874-1b7452356ec6 service placement] 10.222.0.71 "DELETE /placement/allocations/6c47e8f2-e23d-443e-af8d-8f5d82dfd653" status: 204 len: 0 microversion: 1.0
Jul 01 20:11:45.006877 n-d-832330-7 devstack@placement-api.service[106520]: [pid: 106520|app: 0|req: 214/431] 10.222.0.71 () {60 vars in 1355 bytes} [Fri Jul 1 20:11:44 2022] DELETE /placement/allocations/6c47e8f2-e23d-443e-af8d-8f5d82dfd653 => generated 0 bytes in 291 msecs (HTTP/1.1 204) 5 headers in 198 bytes (2 switches on core 0)
Jul 01 20:11:45.007217 n-d-832330-7 devstack@placement-api.service[106521]: INFO placement.requestlog [req-782a93d9-0e55-47bd-854d-129299f16080 req-6036591e-b2eb-4e6e-9d19-32a3c20d66db service placement] 10.222.0.71 "DELETE /placement/allocations/68a89b6b-0189-426b-ac36-9bf5a0143597" status: 204 len: 0 microversion: 1.0
Jul 01 20:11:45.012782 n-d-832330-7 devstack@placement-api.service[106521]: [pid: 106521|app: 0|req: 218/432] 10.222.0.71 () {60 vars in 1355 bytes} [Fri Jul 1 20:11:44 2022] DELETE /placement/allocations/68a89b6b-0189-426b-ac36-9bf5a0143597 => generated 0 bytes in 324 msecs (HTTP/1.1 204) 5 headers in 198 bytes (2 switches on core 0)
Jul 01 20:11:46.880320 n-d-832330-7 devstack@placement-api.service[106520]: DEBUG placement.requestlog [req-6918bd48-2ad4-450d-90d0-49e0ba194178 req-05f6ceb2-560a-4b78-aadc-b813bc038a62 None None] Starting request: 10.222.0.70 "DELETE /placement/allocations/a6850cc9-f3bd-4794-a298-ca0b9766e6b7" {{(pid=106520) __call__ /opt/stack/placement/placement/requestlog.py:55}}
Jul 01 20:11:47.133009 n-d-832330-7 devstack@placement-api.service[106520]: DEBUG placement.handlers.allocation [req-6918bd48-2ad4-450d-90d0-49e0ba194178 req-05f6ceb2-560a-4b78-aadc-b813bc038a62 service placement] Successfully deleted allocations [, , ] {{(pid=106520) delete_allocations /opt/stack/placement/placement/handlers/allocation.py:627}}
Jul 01 20:11:47.133588 n-d-832330-7 devstack@placement-api.service[106520]: INFO placement.requestlog [req-6918bd48-2ad4-450d-90d0-49e0ba194178 req-05f6ceb2-560a-4b78-aadc-b813bc038a62 service placement] 10.222.0.70 "DELETE /placement/allocations/a6850cc9-f3bd-4794-a298-ca0b9766e6b7" status: 204 len: 0 microversion: 1.0
Jul 01 20:11:47.134158 n-d-832330-7 devstack@placement-api.service[106520]: [pid: 106520|app: 0|req: 215/433] 10.222.0.70 () {60 vars in 1355 bytes} [Fri Jul 1 20:11:46 2022] DELETE /placement/allocations/a6850cc9-f3bd-4794-a298-ca0b9766e6b7 => generated 0 bytes in 255 msecs (HTTP/1.1 204) 5 headers in 198 bytes (1 switches on core 0)
Jul 01 20:11:48.944884 n-d-832330-7 devstack@placement-api.service[106521]: DEBUG placement.requestlog [req-bddabfc3-978f-46c9-9cfd-7fd16d9d9552 req-7ecc3582-cb98-4b09-bf02-24afe1ede80d None None] Starting request: 10.222.0.59 "GET /placement/resource_providers/43b2aa24-b65c-4e83-a831-0a47bf2cca91/traits" {{(pid=106521) __call__ /opt/stack/placement/placement/requestlog.py:55}}
Jul 01 20:11:48.976155 n-d-832330-7 devstack@placement-api.service[106521]: INFO placement.requestlog [req-bddabfc3-978f-46c9-9cfd-7fd16d9d9552 req-7ecc3582-cb98-4b09-bf02-24afe1ede80d service placement] 10.222.0.59 "GET /placement/resource_providers/43b2aa24-b65c-4e83-a831-0a47bf2cca91/traits" status: 200 len: 212 microversion: 1.6
Jul 01 20:11:48.976640 n-d-832330-7 devstack@placement-api.service[106521]: [pid: 106521|app: 0|req: 219/434] 10.222.0.59 () {60 vars in 1412 bytes} [Fri Jul 1 20:11:48 2022] GET /placement/resource_providers/43b2aa24-b65c-4e83-a831-0a47bf2cca91/traits => generated 212 bytes in 32 msecs (HTTP/1.1 200) 6 headers in 224 bytes (1 switches on core 0)
Jul 01 20:11:49.161614 n-d-832330-7 devstack@placement-api.service[106520]: DEBUG placement.requestlog [req-2efb07ab-5d9c-4e38-979f-435e4a7f1c56 req-41a1578b-d395-4d58-afc3-982d93512eef None None] Starting request: 10.222.0.71 "DELETE /placement/allocations/2187d009-7d24-48fe-a461-e046d1de937a" {{(pid=106520) __call__ /opt/stack/placement/placement/requestlog.py:55}}
Jul 01 20:11:49.544452 n-d-832330-7 devstack@placement-api.service[106520]: DEBUG placement.handlers.allocation [req-2efb07ab-5d9c-4e38-979f-435e4a7f1c56 req-41a1578b-d395-4d58-afc3-982d93512eef service placement] Successfully deleted allocations [, , ] {{(pid=106520) delete_allocations /opt/stack/placement/placement/handlers/allocation.py:627}}
Jul 01 20:11:49.544965 n-d-832330-7 devstack@placement-api.service[106520]: INFO placement.requestlog [req-2efb07ab-5d9c-4e38-979f-435e4a7f1c56 req-41a1578b-d395-4d58-afc3-982d93512eef service placement] 10.222.0.71 "DELETE /placement/allocations/2187d009-7d24-48fe-a461-e046d1de937a" status: 204 len: 0 microversion: 1.0
Jul 01 20:11:49.545414 n-d-832330-7 devstack@placement-api.service[106520]: [pid: 106520|app: 0|req: 216/435] 10.222.0.71 () {60 vars in 1355 bytes} [Fri Jul 1 20:11:49 2022] DELETE /placement/allocations/2187d009-7d24-48fe-a461-e046d1de937a => generated 0 bytes in 385 msecs (HTTP/1.1 204) 5 headers in 198 bytes (1 switches on core 0)
Jul 01 20:11:50.551273 n-d-832330-7 devstack@placement-api.service[106521]: DEBUG placement.requestlog [None req-cf844212-c086-4b72-b125-39c42123f252 None None] Starting request: 10.222.0.59 "GET /placement/" {{(pid=106521) __call__ /opt/stack/placement/placement/requestlog.py:55}}
Jul 01 20:11:50.553133 n-d-832330-7 devstack@placement-api.service[106521]: INFO placement.requestlog [None req-cf844212-c086-4b72-b125-39c42123f252 None None] 10.222.0.59 "GET /placement/" status: 200 len: 136 microversion: 1.0
Jul 01 20:11:50.553812 n-d-832330-7 devstack@placement-api.service[106521]: [pid: 106521|app: 0|req: 220/436] 10.222.0.59 () {54 vars in 916 bytes} [Fri Jul 1 20:11:50 2022] GET /placement => generated 136 bytes in 4 msecs (HTTP/1.1 200) 6 headers in 224 bytes (1 switches on core 0)
Jul 01 20:11:50.563544 n-d-832330-7 devstack@placement-api.service[106520]: DEBUG placement.requestlog [req-bddabfc3-978f-46c9-9cfd-7fd16d9d9552 req-2d2a9bdc-9ee9-46c9-8cd5-1690c204b9cf None None] Starting request: 10.222.0.59 "GET /placement/allocations/57d34c27-734f-4b31-92f1-fce93a0d8fdf" {{(pid=106520) __call__ /opt/stack/placement/placement/requestlog.py:55}}
Jul 01 20:11:50.654124 n-d-832330-7 devstack@placement-api.service[106520]: INFO placement.requestlog [req-bddabfc3-978f-46c9-9cfd-7fd16d9d9552 req-2d2a9bdc-9ee9-46c9-8cd5-1690c204b9cf service placement] 10.222.0.59 "GET /placement/allocations/57d34c27-734f-4b31-92f1-fce93a0d8fdf" status: 200 len: 259 microversion: 1.28
Jul 01 20:11:50.654898 n-d-832330-7 devstack@placement-api.service[106520]: [pid: 106520|app: 0|req: 217/437] 10.222.0.59 () {60 vars in 1380 bytes} [Fri Jul 1 20:11:50 2022] GET /placement/allocations/57d34c27-734f-4b31-92f1-fce93a0d8fdf => generated 259 bytes in 91 msecs (HTTP/1.1 200) 8 headers in 296 bytes (1 switches on core 0)
Jul 01 20:11:50.661240 n-d-832330-7 devstack@placement-api.service[106521]: DEBUG placement.requestlog [req-bddabfc3-978f-46c9-9cfd-7fd16d9d9552 req-3a1cdddb-4452-4c77-a20e-783541929f3e None None] Starting request: 10.222.0.59 "GET /placement/allocations/57d34c27-734f-4b31-92f1-fce93a0d8fdf" {{(pid=106521) __call__ /opt/stack/placement/placement/requestlog.py:55}}
Jul 01 20:11:50.679586 n-d-832330-7 devstack@placement-api.service[106521]: INFO placement.requestlog [req-bddabfc3-978f-46c9-9cfd-7fd16d9d9552 req-3a1cdddb-4452-4c77-a20e-783541929f3e service placement] 10.222.0.59 "GET /placement/allocations/57d34c27-734f-4b31-92f1-fce93a0d8fdf" status: 200 len: 259 microversion: 1.28
Jul 01 20:11:50.680610 n-d-832330-7 devstack@placement-api.service[106521]: [pid: 106521|app: 0|req: 221/438] 10.222.0.59 () {60 vars in 1380 bytes} [Fri Jul 1 20:11:50 2022] GET /placement/allocations/57d34c27-734f-4b31-92f1-fce93a0d8fdf => generated 259 bytes in 19 msecs (HTTP/1.1 200) 8 headers in 296 bytes (1 switches on core 0)
Jul 01 20:11:50.687655 n-d-832330-7 devstack@placement-api.service[106520]: DEBUG placement.requestlog [req-bddabfc3-978f-46c9-9cfd-7fd16d9d9552 req-a2a420fd-4dff-4161-8858-658f95eda0f8 None None] Starting request: 10.222.0.59 "GET /placement/allocations/fd800b91-8acc-458d-b7f2-48d74e0a282f" {{(pid=106520) __call__ /opt/stack/placement/placement/requestlog.py:55}}
Jul 01 20:11:50.699221 n-d-832330-7 devstack@placement-api.service[106520]: INFO placement.requestlog [req-bddabfc3-978f-46c9-9cfd-7fd16d9d9552 req-a2a420fd-4dff-4161-8858-658f95eda0f8 service placement] 10.222.0.59 "GET /placement/allocations/fd800b91-8acc-458d-b7f2-48d74e0a282f" status: 200 len: 19 microversion: 1.28
Jul 01 20:11:50.699601 n-d-832330-7 devstack@placement-api.service[106520]: [pid: 106520|app: 0|req: 218/439] 10.222.0.59 () {60 vars in 1380 bytes} [Fri Jul 1 20:11:50 2022] GET /placement/allocations/fd800b91-8acc-458d-b7f2-48d74e0a282f => generated 19 bytes in 12 msecs (HTTP/1.1 200) 8 headers in 295 bytes (1 switches on core 0)
Jul 01 20:11:50.715526 n-d-832330-7 devstack@placement-api.service[106521]: DEBUG placement.requestlog [req-bddabfc3-978f-46c9-9cfd-7fd16d9d9552 req-e4ae5ca3-63f4-449b-9101-8130f710bf6a None None] Starting request: 10.222.0.59 "POST /placement/allocations" {{(pid=106521) __call__ /opt/stack/placement/placement/requestlog.py:55}}
Jul 01 20:11:50.916021 n-d-832330-7 devstack@placement-api.service[106521]: DEBUG placement.handlers.allocation [req-bddabfc3-978f-46c9-9cfd-7fd16d9d9552 req-e4ae5ca3-63f4-449b-9101-8130f710bf6a service placement] Successfully wrote allocations [, , , , , ] {{(pid=106521) _update_consumers_and_create_allocations /opt/stack/placement/placement/handlers/allocation.py:572}}
Jul 01 20:11:51.018849 n-d-832330-7 devstack@placement-api.service[106521]: INFO placement.requestlog [req-bddabfc3-978f-46c9-9cfd-7fd16d9d9552 req-e4ae5ca3-63f4-449b-9101-8130f710bf6a service placement] 10.222.0.59 "POST /placement/allocations" status: 204 len: 0 microversion: 1.28
Jul 01 20:11:51.033875 n-d-832330-7 devstack@placement-api.service[106521]: [pid: 106521|app: 0|req: 222/440] 10.222.0.59 () {64 vars in 1323 bytes} [Fri Jul 1 20:11:50 2022] POST /placement/allocations => generated 0 bytes in 314 msecs (HTTP/1.1 204) 5 headers in 199 bytes (1 switches on core 0)
Jul 01 20:11:51.146426 n-d-832330-7 devstack@placement-api.service[106520]: DEBUG placement.requestlog [req-bddabfc3-978f-46c9-9cfd-7fd16d9d9552 req-6582267a-d5a5-4617-b19e-0301bf2dc6cb None None] Starting request: 10.222.0.59 "GET /placement/allocation_candidates?limit=1000&resources=DISK_GB%3A1%2CMEMORY_MB%3A1024%2CVCPU%3A1&root_required=%21COMPUTE_STATUS_DISABLED" {{(pid=106520) __call__ /opt/stack/placement/placement/requestlog.py:55}}
Jul 01 20:11:51.186450 n-d-832330-7 devstack@placement-api.service[106520]: DEBUG placement.objects.research_context [req-bddabfc3-978f-46c9-9cfd-7fd16d9d9552 req-6582267a-d5a5-4617-b19e-0301bf2dc6cb service placement] getting providers with 1 DISK_GB {{(pid=106520) __init__ /opt/stack/placement/placement/objects/research_context.py:136}}
Jul 01 20:11:51.193348 n-d-832330-7 devstack@placement-api.service[106520]: DEBUG placement.objects.research_context [req-bddabfc3-978f-46c9-9cfd-7fd16d9d9552 req-6582267a-d5a5-4617-b19e-0301bf2dc6cb service placement] getting providers with 1024 MEMORY_MB {{(pid=106520) __init__ /opt/stack/placement/placement/objects/research_context.py:136}}
Jul 01 20:11:51.198363 n-d-832330-7 devstack@placement-api.service[106520]: DEBUG dbcounter [-] [106520] Writing DB stats placement:SELECT=82,placement:INSERT=4,placement:DELETE=12,placement:UPDATE=2 {{(pid=106520) stat_writer /usr/local/lib/python3.8/dist-packages/dbcounter.py:114}}
Jul 01 20:11:51.200637 n-d-832330-7 devstack@placement-api.service[106520]: DEBUG placement.objects.research_context [req-bddabfc3-978f-46c9-9cfd-7fd16d9d9552 req-6582267a-d5a5-4617-b19e-0301bf2dc6cb service placement] getting providers with 1 VCPU {{(pid=106520) __init__ /opt/stack/placement/placement/objects/research_context.py:136}}
Jul 01 20:11:51.208105 n-d-832330-7 devstack@placement-api.service[106520]: DEBUG placement.objects.research_context [req-bddabfc3-978f-46c9-9cfd-7fd16d9d9552 req-6582267a-d5a5-4617-b19e-0301bf2dc6cb service placement] found 2 providers with available 1 DISK_GB {{(pid=106520) get_provider_ids_matching /opt/stack/placement/placement/objects/research_context.py:563}}
Jul 01 20:11:51.208879 n-d-832330-7 devstack@placement-api.service[106520]: DEBUG placement.objects.research_context [req-bddabfc3-978f-46c9-9cfd-7fd16d9d9552 req-6582267a-d5a5-4617-b19e-0301bf2dc6cb service placement] found 2 providers with available 1024 MEMORY_MB {{(pid=106520) get_provider_ids_matching /opt/stack/placement/placement/objects/research_context.py:563}}
Jul 01 20:11:51.209393 n-d-832330-7 devstack@placement-api.service[106520]: DEBUG placement.objects.research_context [req-bddabfc3-978f-46c9-9cfd-7fd16d9d9552 req-6582267a-d5a5-4617-b19e-0301bf2dc6cb service placement] found 2 providers after filtering by previous result {{(pid=106520) get_provider_ids_matching /opt/stack/placement/placement/objects/research_context.py:594}}
Jul 01 20:11:51.209886 n-d-832330-7 devstack@placement-api.service[106520]: DEBUG placement.objects.research_context [req-bddabfc3-978f-46c9-9cfd-7fd16d9d9552 req-6582267a-d5a5-4617-b19e-0301bf2dc6cb service placement] found 2 providers with available 1 VCPU {{(pid=106520) get_provider_ids_matching /opt/stack/placement/placement/objects/research_context.py:563}}
Jul 01 20:11:51.210441 n-d-832330-7 devstack@placement-api.service[106520]: DEBUG placement.objects.research_context [req-bddabfc3-978f-46c9-9cfd-7fd16d9d9552 req-6582267a-d5a5-4617-b19e-0301bf2dc6cb service placement] found 2 providers after filtering by previous result {{(pid=106520) get_provider_ids_matching /opt/stack/placement/placement/objects/research_context.py:594}}
Jul 01 20:11:51.231104 n-d-832330-7 devstack@placement-api.service[106520]: DEBUG placement.objects.allocation_candidate [req-bddabfc3-978f-46c9-9cfd-7fd16d9d9552 req-6582267a-d5a5-4617-b19e-0301bf2dc6cb service placement] RequestGroup(use_same_provider=False, resources={DISK_GB:1, MEMORY_MB:1024, VCPU:1}, traits=(), aggregates=[]) (suffix '') returned 2 matches {{(pid=106520) _get_by_requests /opt/stack/placement/placement/objects/allocation_candidate.py:156}}
Jul 01 20:11:51.231104 n-d-832330-7 devstack@placement-api.service[106520]: DEBUG placement.objects.allocation_candidate [req-bddabfc3-978f-46c9-9cfd-7fd16d9d9552 req-6582267a-d5a5-4617-b19e-0301bf2dc6cb service placement] Merging candidates yields 2 allocation requests and 2 provider summaries {{(pid=106520) _merge_candidates /opt/stack/placement/placement/objects/allocation_candidate.py:809}}
Jul 01 20:11:51.237217 n-d-832330-7 devstack@placement-api.service[106520]: INFO placement.requestlog [req-bddabfc3-978f-46c9-9cfd-7fd16d9d9552 req-6582267a-d5a5-4617-b19e-0301bf2dc6cb service placement] 10.222.0.59 "GET /placement/allocation_candidates?limit=1000&resources=DISK_GB%3A1%2CMEMORY_MB%3A1024%2CVCPU%3A1&root_required=%21COMPUTE_STATUS_DISABLED" status: 200 len: 1309 microversion: 1.36
Jul 01 20:11:51.237561 n-d-832330-7 devstack@placement-api.service[106520]: [pid: 106520|app: 0|req: 219/441] 10.222.0.59 () {60 vars in 1506 bytes} [Fri Jul 1 20:11:51 2022] GET /placement/allocation_candidates?limit=1000&resources=DISK_GB%3A1%2CMEMORY_MB%3A1024%2CVCPU%3A1&root_required=%21COMPUTE_STATUS_DISABLED => generated 1309 bytes in 91 msecs (HTTP/1.1 200) 8 headers in 297 bytes (1 switches on core 0)
Jul 01 20:11:51.303114 n-d-832330-7 devstack@placement-api.service[106521]: DEBUG placement.requestlog [req-bddabfc3-978f-46c9-9cfd-7fd16d9d9552 req-5ee1f60a-bd3c-4ba0-8d71-bdc20868652c None None] Starting request: 10.222.0.59 "GET /placement/allocations/57d34c27-734f-4b31-92f1-fce93a0d8fdf" {{(pid=106521) __call__ /opt/stack/placement/placement/requestlog.py:55}}
Jul 01 20:11:51.322659 n-d-832330-7 devstack@placement-api.service[106521]: INFO placement.requestlog [req-bddabfc3-978f-46c9-9cfd-7fd16d9d9552 req-5ee1f60a-bd3c-4ba0-8d71-bdc20868652c service placement] 10.222.0.59 "GET /placement/allocations/57d34c27-734f-4b31-92f1-fce93a0d8fdf" status: 200 len: 19 microversion: 1.28
Jul 01 20:11:51.324006 n-d-832330-7 devstack@placement-api.service[106521]: [pid: 106521|app: 0|req: 223/442] 10.222.0.59 () {60 vars in 1380 bytes} [Fri Jul 1 20:11:51 2022] GET /placement/allocations/57d34c27-734f-4b31-92f1-fce93a0d8fdf => generated 19 bytes in 21 msecs (HTTP/1.1 200) 8 headers in 295 bytes (1 switches on core 0)
Jul 01 20:11:51.355529 n-d-832330-7 devstack@placement-api.service[106520]: DEBUG placement.requestlog [req-bddabfc3-978f-46c9-9cfd-7fd16d9d9552 req-5c09cf3a-ebfd-4d22-a87d-8f44c2ed9427 None None] Starting request: 10.222.0.59 "PUT /placement/allocations/57d34c27-734f-4b31-92f1-fce93a0d8fdf" {{(pid=106520) __call__ /opt/stack/placement/placement/requestlog.py:55}}
Jul 01 20:11:51.556405 n-d-832330-7 devstack@placement-api.service[106520]: DEBUG placement.handlers.allocation [req-bddabfc3-978f-46c9-9cfd-7fd16d9d9552 req-5c09cf3a-ebfd-4d22-a87d-8f44c2ed9427 service placement] Successfully wrote allocations [, , ] {{(pid=106520) _update_consumers_and_create_allocations /opt/stack/placement/placement/handlers/allocation.py:462}}
Jul 01 20:11:51.710985 n-d-832330-7 devstack@placement-api.service[106520]: INFO placement.requestlog [req-bddabfc3-978f-46c9-9cfd-7fd16d9d9552 req-5c09cf3a-ebfd-4d22-a87d-8f44c2ed9427 service placement] 10.222.0.59 "PUT /placement/allocations/57d34c27-734f-4b31-92f1-fce93a0d8fdf" status: 204 len: 0 microversion: 1.36
Jul 01 20:11:51.715274 n-d-832330-7 devstack@placement-api.service[106520]: [pid: 106520|app: 0|req: 220/443] 10.222.0.59 () {64 vars in 1433 bytes} [Fri Jul 1 20:11:51 2022] PUT /placement/allocations/57d34c27-734f-4b31-92f1-fce93a0d8fdf => generated 0 bytes in 356 msecs (HTTP/1.1 204) 5 headers in 199 bytes (2 switches on core 0)
Jul 01 20:11:51.821427 n-d-832330-7 devstack@placement-api.service[106521]: DEBUG placement.requestlog [req-47aa5429-c37a-4fcb-87af-6da39c52b37b req-aca71830-2e66-4535-b6e8-9259e252abfe None None] Starting request: 10.222.0.71 "DELETE /placement/allocations/e5c89f01-ea75-42da-9c79-f615c548d713" {{(pid=106521) __call__ /opt/stack/placement/placement/requestlog.py:55}}
Jul 01 20:11:52.104804 n-d-832330-7 devstack@placement-api.service[106521]: DEBUG placement.handlers.allocation [req-47aa5429-c37a-4fcb-87af-6da39c52b37b req-aca71830-2e66-4535-b6e8-9259e252abfe service placement] Successfully deleted allocations [, , ] {{(pid=106521) delete_allocations /opt/stack/placement/placement/handlers/allocation.py:627}}
Jul 01 20:11:52.105557 n-d-832330-7 devstack@placement-api.service[106521]: INFO placement.requestlog [req-47aa5429-c37a-4fcb-87af-6da39c52b37b req-aca71830-2e66-4535-b6e8-9259e252abfe service placement] 10.222.0.71 "DELETE /placement/allocations/e5c89f01-ea75-42da-9c79-f615c548d713" status: 204 len: 0 microversion: 1.0
Jul 01 20:11:52.106303 n-d-832330-7 devstack@placement-api.service[106521]: [pid: 106521|app: 0|req: 224/444] 10.222.0.71 () {60 vars in 1355 bytes} [Fri Jul 1 20:11:51 2022] DELETE /placement/allocations/e5c89f01-ea75-42da-9c79-f615c548d713 => generated 0 bytes in 285 msecs (HTTP/1.1 204) 5 headers in 198 bytes (1 switches on core 0)
Jul 01 20:11:54.069856 n-d-832330-7 devstack@placement-api.service[106520]: DEBUG placement.requestlog [req-bddabfc3-978f-46c9-9cfd-7fd16d9d9552 req-39400b1b-0c0c-4dbb-96cf-2e27ec1c3e70 None None] Starting request: 10.222.0.71 "GET /placement/allocations/57d34c27-734f-4b31-92f1-fce93a0d8fdf" {{(pid=106520) __call__ /opt/stack/placement/placement/requestlog.py:55}}
Jul 01 20:11:54.093987 n-d-832330-7 devstack@placement-api.service[106520]: INFO placement.requestlog [req-bddabfc3-978f-46c9-9cfd-7fd16d9d9552 req-39400b1b-0c0c-4dbb-96cf-2e27ec1c3e70 service placement] 10.222.0.71 "GET /placement/allocations/57d34c27-734f-4b31-92f1-fce93a0d8fdf" status: 200 len: 259 microversion: 1.28
Jul 01 20:11:54.095013 n-d-832330-7 devstack@placement-api.service[106520]: [pid: 106520|app: 0|req: 221/445] 10.222.0.71 () {60 vars in 1377 bytes} [Fri Jul 1 20:11:54 2022] GET /placement/allocations/57d34c27-734f-4b31-92f1-fce93a0d8fdf => generated 259 bytes in 26 msecs (HTTP/1.1 200) 8 headers in 296 bytes (1 switches on core 0)
Jul 01 20:11:54.315516 n-d-832330-7 devstack@placement-api.service[106521]: DEBUG placement.requestlog [req-9748cb22-44b2-4437-8203-a99d8a667811 req-798a7fba-48a2-497b-adea-5cf931a4ade4 None None] Starting request: 10.222.0.71 "GET /placement/resource_providers?in_tree=01f473d9-14e4-4909-aee9-4c27081aeafc" {{(pid=106521) __call__ /opt/stack/placement/placement/requestlog.py:55}}
Jul 01 20:11:54.335119 n-d-832330-7 devstack@placement-api.service[106521]: INFO placement.requestlog [req-9748cb22-44b2-4437-8203-a99d8a667811 req-798a7fba-48a2-497b-adea-5cf931a4ade4 service placement] 10.222.0.71 "GET /placement/resource_providers?in_tree=01f473d9-14e4-4909-aee9-4c27081aeafc" status: 200 len: 863 microversion: 1.14
Jul 01 20:11:54.336082 n-d-832330-7 devstack@placement-api.service[106521]: [pid: 106521|app: 0|req: 225/446] 10.222.0.71 () {60 vars in 1376 bytes} [Fri Jul 1 20:11:54 2022] GET /placement/resource_providers?in_tree=01f473d9-14e4-4909-aee9-4c27081aeafc => generated 863 bytes in 21 msecs (HTTP/1.1 200) 6 headers in 225 bytes (1 switches on core 0)
Jul 01 20:11:54.344625 n-d-832330-7 devstack@placement-api.service[106520]: DEBUG placement.requestlog [req-9748cb22-44b2-4437-8203-a99d8a667811 req-a04fd01b-f39b-4f63-9ffe-1afc07aca60b None None] Starting request: 10.222.0.71 "GET /placement/resource_providers/01f473d9-14e4-4909-aee9-4c27081aeafc/inventories" {{(pid=106520) __call__ /opt/stack/placement/placement/requestlog.py:55}}
Jul 01 20:11:54.382637 n-d-832330-7 devstack@placement-api.service[106520]: INFO placement.requestlog [req-9748cb22-44b2-4437-8203-a99d8a667811 req-a04fd01b-f39b-4f63-9ffe-1afc07aca60b service placement] 10.222.0.71 "GET /placement/resource_providers/01f473d9-14e4-4909-aee9-4c27081aeafc/inventories" status: 200 len: 398 microversion: 1.0
Jul 01 20:11:54.383700 n-d-832330-7 devstack@placement-api.service[106520]: [pid: 106520|app: 0|req: 222/447] 10.222.0.71 () {58 vars in 1390 bytes} [Fri Jul 1 20:11:54 2022] GET /placement/resource_providers/01f473d9-14e4-4909-aee9-4c27081aeafc/inventories => generated 398 bytes in 39 msecs (HTTP/1.1 200) 6 headers in 224 bytes (1 switches on core 0)
Jul 01 20:11:54.399547 n-d-832330-7 devstack@placement-api.service[106521]: DEBUG placement.requestlog [req-9748cb22-44b2-4437-8203-a99d8a667811 req-3884fcfe-74ec-4ee6-a4f6-6b06cff6a207 None None] Starting request: 10.222.0.71 "GET /placement/resource_providers/01f473d9-14e4-4909-aee9-4c27081aeafc/aggregates" {{(pid=106521) __call__ /opt/stack/placement/placement/requestlog.py:55}}
Jul 01 20:11:54.443194 n-d-832330-7 devstack@placement-api.service[106521]: INFO placement.requestlog [req-9748cb22-44b2-4437-8203-a99d8a667811 req-3884fcfe-74ec-4ee6-a4f6-6b06cff6a207 service placement] 10.222.0.71 "GET /placement/resource_providers/01f473d9-14e4-4909-aee9-4c27081aeafc/aggregates" status: 200 len: 54 microversion: 1.19
Jul 01 20:11:54.443896 n-d-832330-7 devstack@placement-api.service[106521]: [pid: 106521|app: 0|req: 226/448] 10.222.0.71 () {60 vars in 1431 bytes} [Fri Jul 1 20:11:54 2022] GET /placement/resource_providers/01f473d9-14e4-4909-aee9-4c27081aeafc/aggregates => generated 54 bytes in 45 msecs (HTTP/1.1 200) 8 headers in 295 bytes (1 switches on core 0)
Jul 01 20:11:54.470239 n-d-832330-7 devstack@placement-api.service[106520]: DEBUG placement.requestlog [req-9748cb22-44b2-4437-8203-a99d8a667811 req-b6087f33-36c0-4e19-8e1f-053aa49f6189 None None] Starting request: 10.222.0.71 "GET /placement/resource_providers/01f473d9-14e4-4909-aee9-4c27081aeafc/traits" {{(pid=106520) __call__ /opt/stack/placement/placement/requestlog.py:55}}
Jul 01 20:11:54.546124 n-d-832330-7 devstack@placement-api.service[106520]: INFO placement.requestlog [req-9748cb22-44b2-4437-8203-a99d8a667811 req-b6087f33-36c0-4e19-8e1f-053aa49f6189 service placement] 10.222.0.71 "GET /placement/resource_providers/01f473d9-14e4-4909-aee9-4c27081aeafc/traits" status: 200 len: 212 microversion: 1.6
Jul 01 20:11:54.547779 n-d-832330-7 devstack@placement-api.service[106520]: [pid: 106520|app: 0|req: 223/449] 10.222.0.71 () {60 vars in 1418 bytes} [Fri Jul 1 20:11:54 2022] GET /placement/resource_providers/01f473d9-14e4-4909-aee9-4c27081aeafc/traits => generated 212 bytes in 78 msecs (HTTP/1.1 200) 6 headers in 224 bytes (1 switches on core 0)
Jul 01 20:11:54.945771 n-d-832330-7 devstack@placement-api.service[106521]: DEBUG placement.requestlog [req-9748cb22-44b2-4437-8203-a99d8a667811 req-b003ec8b-a349-4864-8727-302bebd469d0 None None] Starting request: 10.222.0.71 "DELETE /placement/allocations/d7d252f4-9212-44db-9b63-01cb2ae727e4" {{(pid=106521) __call__ /opt/stack/placement/placement/requestlog.py:55}}
Jul 01 20:11:55.452507 n-d-832330-7 devstack@placement-api.service[106521]: DEBUG placement.handlers.allocation [req-9748cb22-44b2-4437-8203-a99d8a667811 req-b003ec8b-a349-4864-8727-302bebd469d0 service placement] Successfully deleted allocations [, , ] {{(pid=106521) delete_allocations /opt/stack/placement/placement/handlers/allocation.py:627}}
Jul 01 20:11:55.453216 n-d-832330-7 devstack@placement-api.service[106521]: INFO placement.requestlog [req-9748cb22-44b2-4437-8203-a99d8a667811 req-b003ec8b-a349-4864-8727-302bebd469d0 service placement] 10.222.0.71 "DELETE /placement/allocations/d7d252f4-9212-44db-9b63-01cb2ae727e4" status: 204 len: 0 microversion: 1.0
Jul 01 20:11:55.454232 n-d-832330-7 devstack@placement-api.service[106521]: [pid: 106521|app: 0|req: 227/450] 10.222.0.71 () {60 vars in 1355 bytes} [Fri Jul 1 20:11:54 2022] DELETE /placement/allocations/d7d252f4-9212-44db-9b63-01cb2ae727e4 => generated 0 bytes in 509 msecs (HTTP/1.1 204) 5 headers in 198 bytes (1 switches on core 0)
Jul 01 20:11:56.653691 n-d-832330-7 devstack@placement-api.service[106520]: DEBUG placement.requestlog [req-023e3260-d2e2-4a7a-a710-9a062ca06ba0 req-28da7b30-8119-4df5-8fee-0ade5307b2f7 None None] Starting request: 10.222.0.71 "DELETE /placement/allocations/ab25146e-4352-4a10-96ed-1a9235cbd5b6" {{(pid=106520) __call__ /opt/stack/placement/placement/requestlog.py:55}}
Jul 01 20:11:56.963348 n-d-832330-7 devstack@placement-api.service[106520]: DEBUG placement.handlers.allocation [req-023e3260-d2e2-4a7a-a710-9a062ca06ba0 req-28da7b30-8119-4df5-8fee-0ade5307b2f7 service placement] Successfully deleted allocations [, , ] {{(pid=106520) delete_allocations /opt/stack/placement/placement/handlers/allocation.py:627}}
Jul 01 20:11:56.964507 n-d-832330-7 devstack@placement-api.service[106520]: INFO placement.requestlog [req-023e3260-d2e2-4a7a-a710-9a062ca06ba0 req-28da7b30-8119-4df5-8fee-0ade5307b2f7 service placement] 10.222.0.71 "DELETE /placement/allocations/ab25146e-4352-4a10-96ed-1a9235cbd5b6" status: 204 len: 0 microversion: 1.0
Jul 01 20:11:56.965322 n-d-832330-7 devstack@placement-api.service[106520]: [pid: 106520|app: 0|req: 224/451] 10.222.0.71 () {60 vars in 1355 bytes} [Fri Jul 1 20:11:56 2022] DELETE /placement/allocations/ab25146e-4352-4a10-96ed-1a9235cbd5b6 => generated 0 bytes in 312 msecs (HTTP/1.1 204) 5 headers in 198 bytes (1 switches on core 0)
Jul 01 20:12:04.495687 n-d-832330-7 devstack@placement-api.service[106521]: DEBUG placement.requestlog [None req-aa77a7b0-c96a-44e3-aaec-e851fa03e2ff None None] Starting request: 10.222.0.59 "GET /placement/resource_providers/8b8e4aa5-1e4f-4d61-96cd-ffcff1421f9e/aggregates" {{(pid=106521) __call__ /opt/stack/placement/placement/requestlog.py:55}}
Jul 01 20:12:04.506850 n-d-832330-7 devstack@placement-api.service[106521]: INFO placement.requestlog [None req-aa77a7b0-c96a-44e3-aaec-e851fa03e2ff service placement] 10.222.0.59 "GET /placement/resource_providers/8b8e4aa5-1e4f-4d61-96cd-ffcff1421f9e/aggregates" status: 404 len: 235 microversion: 1.1
Jul 01 20:12:04.507498 n-d-832330-7 devstack@placement-api.service[106521]: [pid: 106521|app: 0|req: 228/452] 10.222.0.59 () {58 vars in 1362 bytes} [Fri Jul 1 20:12:04 2022] GET /placement/resource_providers/8b8e4aa5-1e4f-4d61-96cd-ffcff1421f9e/aggregates => generated 235 bytes in 12 msecs (HTTP/1.1 404) 5 headers in 202 bytes (1 switches on core 0)
Jul 01 20:12:04.527380 n-d-832330-7 devstack@placement-api.service[106520]: DEBUG placement.requestlog [None req-925f8f44-386d-4ebf-a49b-e43de14aa84e None None] Starting request: 10.222.0.59 "DELETE /placement/resource_providers/8b8e4aa5-1e4f-4d61-96cd-ffcff1421f9e" {{(pid=106520) __call__ /opt/stack/placement/placement/requestlog.py:55}}
Jul 01 20:12:04.550403 n-d-832330-7 devstack@placement-api.service[106520]: DEBUG placement.wsgi_wrapper [None req-925f8f44-386d-4ebf-a49b-e43de14aa84e service placement] Placement API returning an error response: No resource provider with uuid 8b8e4aa5-1e4f-4d61-96cd-ffcff1421f9e found for delete {{(pid=106520) call_func /opt/stack/placement/placement/wsgi_wrapper.py:31}}
Jul 01 20:12:04.550403 n-d-832330-7 devstack@placement-api.service[106520]: INFO placement.requestlog [None req-925f8f44-386d-4ebf-a49b-e43de14aa84e service placement] 10.222.0.59 "DELETE /placement/resource_providers/8b8e4aa5-1e4f-4d61-96cd-ffcff1421f9e" status: 404 len: 246 microversion: 1.1
Jul 01 20:12:04.550403 n-d-832330-7 devstack@placement-api.service[106520]: [pid: 106520|app: 0|req: 225/453] 10.222.0.59 () {60 vars in 1351 bytes} [Fri Jul 1 20:12:04 2022] DELETE /placement/resource_providers/8b8e4aa5-1e4f-4d61-96cd-ffcff1421f9e => generated 246 bytes in 15 msecs (HTTP/1.1 404) 6 headers in 231 bytes (1 switches on core 0)
Jul 01 20:12:05.755122 n-d-832330-7 devstack@placement-api.service[106521]: DEBUG placement.requestlog [req-7d912f56-cd41-45c1-991a-8bf9671b9f7e req-b282f7fc-3138-4225-b617-9ebe7e2bf8d3 None None] Starting request: 10.222.0.70 "GET /placement/resource_providers/43b2aa24-b65c-4e83-a831-0a47bf2cca91/allocations" {{(pid=106521) __call__ /opt/stack/placement/placement/requestlog.py:55}}
Jul 01 20:12:05.790321 n-d-832330-7 devstack@placement-api.service[106521]: INFO placement.requestlog [req-7d912f56-cd41-45c1-991a-8bf9671b9f7e req-b282f7fc-3138-4225-b617-9ebe7e2bf8d3 service placement] 10.222.0.70 "GET /placement/resource_providers/43b2aa24-b65c-4e83-a831-0a47bf2cca91/allocations" status: 200 len: 657 microversion: 1.0
Jul 01 20:12:05.791358 n-d-832330-7 devstack@placement-api.service[106521]: [pid: 106521|app: 0|req: 229/454] 10.222.0.70 () {58 vars in 1390 bytes} [Fri Jul 1 20:12:05 2022] GET /placement/resource_providers/43b2aa24-b65c-4e83-a831-0a47bf2cca91/allocations => generated 657 bytes in 36 msecs (HTTP/1.1 200) 6 headers in 224 bytes (1 switches on core 0)
Jul 01 20:12:08.032197 n-d-832330-7 devstack@placement-api.service[106520]: DEBUG placement.requestlog [None req-57db454b-e587-4c41-bd62-b18ca4e424a2 None None] Starting request: 10.222.0.59 "GET /placement/resource_providers/63afd8d0-9b3b-477a-8240-6e1f79139ed2/aggregates" {{(pid=106520) __call__ /opt/stack/placement/placement/requestlog.py:55}}
Jul 01 20:12:08.052874 n-d-832330-7 devstack@placement-api.service[106520]: INFO placement.requestlog [None req-57db454b-e587-4c41-bd62-b18ca4e424a2 service placement] 10.222.0.59 "GET /placement/resource_providers/63afd8d0-9b3b-477a-8240-6e1f79139ed2/aggregates" status: 404 len: 235 microversion: 1.1
Jul 01 20:12:08.055496 n-d-832330-7 devstack@placement-api.service[106520]: [pid: 106520|app: 0|req: 226/455] 10.222.0.59 () {58 vars in 1362 bytes} [Fri Jul 1 20:12:08 2022] GET /placement/resource_providers/63afd8d0-9b3b-477a-8240-6e1f79139ed2/aggregates => generated 235 bytes in 24 msecs (HTTP/1.1 404) 5 headers in 202 bytes (1 switches on core 0)
Jul 01 20:12:08.090840 n-d-832330-7 devstack@placement-api.service[106521]: DEBUG placement.requestlog [None req-2adb39b3-9b67-45b8-b542-314b733f60c4 None None] Starting request: 10.222.0.59 "DELETE /placement/resource_providers/63afd8d0-9b3b-477a-8240-6e1f79139ed2" {{(pid=106521) __call__ /opt/stack/placement/placement/requestlog.py:55}}
Jul 01 20:12:08.114322 n-d-832330-7 devstack@placement-api.service[106521]: DEBUG placement.wsgi_wrapper [None req-2adb39b3-9b67-45b8-b542-314b733f60c4 service placement] Placement API returning an error response: No resource provider with uuid 63afd8d0-9b3b-477a-8240-6e1f79139ed2 found for delete {{(pid=106521) call_func /opt/stack/placement/placement/wsgi_wrapper.py:31}}
Jul 01 20:12:08.115393 n-d-832330-7 devstack@placement-api.service[106521]: INFO placement.requestlog [None req-2adb39b3-9b67-45b8-b542-314b733f60c4 service placement] 10.222.0.59 "DELETE /placement/resource_providers/63afd8d0-9b3b-477a-8240-6e1f79139ed2" status: 404 len: 246 microversion: 1.1
Jul 01 20:12:08.119595 n-d-832330-7 devstack@placement-api.service[106521]: [pid: 106521|app: 0|req: 230/456] 10.222.0.59 () {60 vars in 1351 bytes} [Fri Jul 1 20:12:08 2022] DELETE /placement/resource_providers/63afd8d0-9b3b-477a-8240-6e1f79139ed2 => generated 246 bytes in 29 msecs (HTTP/1.1 404) 6 headers in 231 bytes (1 switches on core 0)
Jul 01 20:12:11.822442 n-d-832330-7 devstack@placement-api.service[106520]: DEBUG placement.requestlog [None req-643b6396-bb63-4036-a0e5-7e56c260a1d9 None None] Starting request: 10.222.0.59 "GET /placement/resource_providers/af3d6e0b-7805-4a27-95e3-98d195e9bc03/aggregates" {{(pid=106520) __call__ /opt/stack/placement/placement/requestlog.py:55}}
Jul 01 20:12:11.837055 n-d-832330-7 devstack@placement-api.service[106520]: INFO placement.requestlog [None req-643b6396-bb63-4036-a0e5-7e56c260a1d9 service placement] 10.222.0.59 "GET /placement/resource_providers/af3d6e0b-7805-4a27-95e3-98d195e9bc03/aggregates" status: 404 len: 235 microversion: 1.1
