Jul 01 20:10:00.748354 n-d-832330-7 devstack@placement-api.service[106520]: [pid: 106520|app: 0|req: 177/361] 10.222.0.59 () {60 vars in 1380 bytes} [Fri Jul 1 20:10:00 2022] GET /placement/allocations/ecf81102-2acf-4c25-a40f-2fd384904346 => generated 245 bytes in 310 msecs (HTTP/1.1 200) 8 headers in 296 bytes (1 switches on core 0)
Jul 01 20:10:00.757584 n-d-832330-7 devstack@placement-api.service[106521]: DEBUG placement.requestlog [req-f50d7a70-7793-4307-9a7f-1455bf01b6c0 req-6a3e6c9e-e59d-4607-843c-c2d70fe426b9 None None] Starting request: 10.222.0.59 "GET /placement/allocations/ecf81102-2acf-4c25-a40f-2fd384904346" {{(pid=106521) __call__ /opt/stack/placement/placement/requestlog.py:55}}
Jul 01 20:10:00.798596 n-d-832330-7 devstack@placement-api.service[106521]: INFO placement.requestlog [req-f50d7a70-7793-4307-9a7f-1455bf01b6c0 req-6a3e6c9e-e59d-4607-843c-c2d70fe426b9 service placement] 10.222.0.59 "GET /placement/allocations/ecf81102-2acf-4c25-a40f-2fd384904346" status: 200 len: 245 microversion: 1.28
Jul 01 20:10:00.799404 n-d-832330-7 devstack@placement-api.service[106521]: [pid: 106521|app: 0|req: 185/362] 10.222.0.59 () {60 vars in 1380 bytes} [Fri Jul 1 20:10:00 2022] GET /placement/allocations/ecf81102-2acf-4c25-a40f-2fd384904346 => generated 245 bytes in 43 msecs (HTTP/1.1 200) 8 headers in 296 bytes (2 switches on core 0)
Jul 01 20:10:00.806921 n-d-832330-7 devstack@placement-api.service[106520]: DEBUG placement.requestlog [req-f50d7a70-7793-4307-9a7f-1455bf01b6c0 req-f39f2398-ee4e-4658-8fb5-a6070477e109 None None] Starting request: 10.222.0.59 "GET /placement/allocations/7756128e-383b-4d61-a6fc-5a5fdbf5bdf1" {{(pid=106520) __call__ /opt/stack/placement/placement/requestlog.py:55}}
Jul 01 20:10:00.859486 n-d-832330-7 devstack@placement-api.service[106520]: INFO placement.requestlog [req-f50d7a70-7793-4307-9a7f-1455bf01b6c0 req-f39f2398-ee4e-4658-8fb5-a6070477e109 service placement] 10.222.0.59 "GET /placement/allocations/7756128e-383b-4d61-a6fc-5a5fdbf5bdf1" status: 200 len: 19 microversion: 1.28
Jul 01 20:10:00.861509 n-d-832330-7 devstack@placement-api.service[106520]: [pid: 106520|app: 0|req: 178/363] 10.222.0.59 () {60 vars in 1380 bytes} [Fri Jul 1 20:10:00 2022] GET /placement/allocations/7756128e-383b-4d61-a6fc-5a5fdbf5bdf1 => generated 19 bytes in 55 msecs (HTTP/1.1 200) 8 headers in 295 bytes (2 switches on core 0)
Jul 01 20:10:00.869345 n-d-832330-7 devstack@placement-api.service[106521]: DEBUG placement.requestlog [req-f50d7a70-7793-4307-9a7f-1455bf01b6c0 req-0c8c5f0f-dd42-47bd-b487-0d5615dbeb58 None None] Starting request: 10.222.0.59 "POST /placement/allocations" {{(pid=106521) __call__ /opt/stack/placement/placement/requestlog.py:55}}
Jul 01 20:10:00.974221 n-d-832330-7 devstack@placement-api.service[106520]: DEBUG placement.requestlog [None req-4abd25be-0a73-4838-87c2-1fd38a7dd418 None None] Starting request: 10.222.0.59 "GET /placement/resource_providers/03dedf81-411d-462b-a19f-d769338a0b20/aggregates" {{(pid=106520) __call__ /opt/stack/placement/placement/requestlog.py:55}}
Jul 01 20:10:01.073838 n-d-832330-7 devstack@placement-api.service[106520]: INFO placement.requestlog [None req-4abd25be-0a73-4838-87c2-1fd38a7dd418 service placement] 10.222.0.59 "GET /placement/resource_providers/03dedf81-411d-462b-a19f-d769338a0b20/aggregates" status: 404 len: 235 microversion: 1.1
Jul 01 20:10:01.083159 n-d-832330-7 devstack@placement-api.service[106520]: [pid: 106520|app: 0|req: 179/364] 10.222.0.59 () {58 vars in 1362 bytes} [Fri Jul 1 20:10:00 2022] GET /placement/resource_providers/03dedf81-411d-462b-a19f-d769338a0b20/aggregates => generated 235 bytes in 103 msecs (HTTP/1.1 404) 5 headers in 202 bytes (1 switches on core 0)
Jul 01 20:10:01.107324 n-d-832330-7 devstack@placement-api.service[106520]: DEBUG placement.requestlog [None req-757500b4-8869-4bed-b651-236d723f48da None None] Starting request: 10.222.0.59 "DELETE /placement/resource_providers/03dedf81-411d-462b-a19f-d769338a0b20" {{(pid=106520) __call__ /opt/stack/placement/placement/requestlog.py:55}}
Jul 01 20:10:01.132731 n-d-832330-7 devstack@placement-api.service[106520]: DEBUG placement.wsgi_wrapper [None req-757500b4-8869-4bed-b651-236d723f48da service placement] Placement API returning an error response: No resource provider with uuid 03dedf81-411d-462b-a19f-d769338a0b20 found for delete {{(pid=106520) call_func /opt/stack/placement/placement/wsgi_wrapper.py:31}}
Jul 01 20:10:01.134591 n-d-832330-7 devstack@placement-api.service[106520]: INFO placement.requestlog [None req-757500b4-8869-4bed-b651-236d723f48da service placement] 10.222.0.59 "DELETE /placement/resource_providers/03dedf81-411d-462b-a19f-d769338a0b20" status: 404 len: 246 microversion: 1.1
Jul 01 20:10:01.153827 n-d-832330-7 devstack@placement-api.service[106520]: [pid: 106520|app: 0|req: 180/365] 10.222.0.59 () {60 vars in 1351 bytes} [Fri Jul 1 20:10:01 2022] DELETE /placement/resource_providers/03dedf81-411d-462b-a19f-d769338a0b20 => generated 246 bytes in 47 msecs (HTTP/1.1 404) 6 headers in 231 bytes (2 switches on core 0)
Jul 01 20:10:01.234785 n-d-832330-7 devstack@placement-api.service[106521]: DEBUG placement.handlers.allocation [req-f50d7a70-7793-4307-9a7f-1455bf01b6c0 req-0c8c5f0f-dd42-47bd-b487-0d5615dbeb58 service placement] Successfully wrote allocations [, , , ] {{(pid=106521) _update_consumers_and_create_allocations /opt/stack/placement/placement/handlers/allocation.py:572}}
Jul 01 20:10:01.381524 n-d-832330-7 devstack@placement-api.service[106521]: INFO placement.requestlog [req-f50d7a70-7793-4307-9a7f-1455bf01b6c0 req-0c8c5f0f-dd42-47bd-b487-0d5615dbeb58 service placement] 10.222.0.59 "POST /placement/allocations" status: 204 len: 0 microversion: 1.28
Jul 01 20:10:01.385140 n-d-832330-7 devstack@placement-api.service[106521]: [pid: 106521|app: 0|req: 186/366] 10.222.0.59 () {64 vars in 1323 bytes} [Fri Jul 1 20:10:00 2022] POST /placement/allocations => generated 0 bytes in 513 msecs (HTTP/1.1 204) 5 headers in 199 bytes (1 switches on core 0)
Jul 01 20:10:01.504483 n-d-832330-7 devstack@placement-api.service[106520]: DEBUG placement.requestlog [req-f50d7a70-7793-4307-9a7f-1455bf01b6c0 req-d9819c53-5fe9-466b-8bd0-f974c8361dd4 None None] Starting request: 10.222.0.59 "GET /placement/allocations/ecf81102-2acf-4c25-a40f-2fd384904346" {{(pid=106520) __call__ /opt/stack/placement/placement/requestlog.py:55}}
Jul 01 20:10:01.704529 n-d-832330-7 devstack@placement-api.service[106520]: INFO placement.requestlog [req-f50d7a70-7793-4307-9a7f-1455bf01b6c0 req-d9819c53-5fe9-466b-8bd0-f974c8361dd4 service placement] 10.222.0.59 "GET /placement/allocations/ecf81102-2acf-4c25-a40f-2fd384904346" status: 200 len: 19 microversion: 1.28
Jul 01 20:10:01.740048 n-d-832330-7 devstack@placement-api.service[106520]: [pid: 106520|app: 0|req: 181/367] 10.222.0.59 () {60 vars in 1380 bytes} [Fri Jul 1 20:10:01 2022] GET /placement/allocations/ecf81102-2acf-4c25-a40f-2fd384904346 => generated 19 bytes in 208 msecs (HTTP/1.1 200) 8 headers in 295 bytes (1 switches on core 0)
Jul 01 20:10:01.741260 n-d-832330-7 devstack@placement-api.service[106521]: DEBUG placement.requestlog [req-f50d7a70-7793-4307-9a7f-1455bf01b6c0 req-2921e92a-7fa2-47a7-b132-ae4b0214a1ce None None] Starting request: 10.222.0.59 "PUT /placement/allocations/ecf81102-2acf-4c25-a40f-2fd384904346" {{(pid=106521) __call__ /opt/stack/placement/placement/requestlog.py:55}}
Jul 01 20:10:02.059407 n-d-832330-7 devstack@placement-api.service[106521]: DEBUG placement.handlers.allocation [req-f50d7a70-7793-4307-9a7f-1455bf01b6c0 req-2921e92a-7fa2-47a7-b132-ae4b0214a1ce service placement] Successfully wrote allocations [, ] {{(pid=106521) _update_consumers_and_create_allocations /opt/stack/placement/placement/handlers/allocation.py:462}}
Jul 01 20:10:02.310977 n-d-832330-7 devstack@placement-api.service[106521]: INFO placement.requestlog [req-f50d7a70-7793-4307-9a7f-1455bf01b6c0 req-2921e92a-7fa2-47a7-b132-ae4b0214a1ce service placement] 10.222.0.59 "PUT /placement/allocations/ecf81102-2acf-4c25-a40f-2fd384904346" status: 204 len: 0 microversion: 1.28
Jul 01 20:10:02.315645 n-d-832330-7 devstack@placement-api.service[106521]: [pid: 106521|app: 0|req: 187/368] 10.222.0.59 () {64 vars in 1433 bytes} [Fri Jul 1 20:10:01 2022] PUT /placement/allocations/ecf81102-2acf-4c25-a40f-2fd384904346 => generated 0 bytes in 601 msecs (HTTP/1.1 204) 5 headers in 199 bytes (2 switches on core 0)
Jul 01 20:10:02.948206 n-d-832330-7 devstack@placement-api.service[106521]: DEBUG placement.requestlog [req-fe454674-525b-4af9-b2b5-57c3649fa700 req-81bcddf5-9a5c-4ca3-afb8-0003f061ac89 None None] Starting request: 10.222.0.70 "GET /placement/resource_providers/43b2aa24-b65c-4e83-a831-0a47bf2cca91/allocations" {{(pid=106521) __call__ /opt/stack/placement/placement/requestlog.py:55}}
Jul 01 20:10:02.949933 n-d-832330-7 devstack@placement-api.service[106520]: DEBUG placement.requestlog [req-f50d7a70-7793-4307-9a7f-1455bf01b6c0 req-90794b3c-c259-49ab-b2ef-ac50edb336e8 None None] Starting request: 10.222.0.70 "GET /placement/allocations/ecf81102-2acf-4c25-a40f-2fd384904346" {{(pid=106520) __call__ /opt/stack/placement/placement/requestlog.py:55}}
Jul 01 20:10:02.969340 n-d-832330-7 devstack@placement-api.service[106520]: INFO placement.requestlog [req-f50d7a70-7793-4307-9a7f-1455bf01b6c0 req-90794b3c-c259-49ab-b2ef-ac50edb336e8 service placement] 10.222.0.70 "GET /placement/allocations/ecf81102-2acf-4c25-a40f-2fd384904346" status: 200 len: 245 microversion: 1.28
Jul 01 20:10:02.971000 n-d-832330-7 devstack@placement-api.service[106520]: [pid: 106520|app: 0|req: 182/369] 10.222.0.70 () {60 vars in 1377 bytes} [Fri Jul 1 20:10:02 2022] GET /placement/allocations/ecf81102-2acf-4c25-a40f-2fd384904346 => generated 245 bytes in 24 msecs (HTTP/1.1 200) 8 headers in 296 bytes (1 switches on core 0)
Jul 01 20:10:03.015413 n-d-832330-7 devstack@placement-api.service[106521]: INFO placement.requestlog [req-fe454674-525b-4af9-b2b5-57c3649fa700 req-81bcddf5-9a5c-4ca3-afb8-0003f061ac89 service placement] 10.222.0.70 "GET /placement/resource_providers/43b2aa24-b65c-4e83-a831-0a47bf2cca91/allocations" status: 200 len: 846 microversion: 1.0
Jul 01 20:10:03.016423 n-d-832330-7 devstack@placement-api.service[106521]: [pid: 106521|app: 0|req: 188/370] 10.222.0.70 () {58 vars in 1390 bytes} [Fri Jul 1 20:10:02 2022] GET /placement/resource_providers/43b2aa24-b65c-4e83-a831-0a47bf2cca91/allocations => generated 846 bytes in 68 msecs (HTTP/1.1 200) 6 headers in 224 bytes (1 switches on core 0)
Jul 01 20:10:05.376210 n-d-832330-7 devstack@placement-api.service[106520]: DEBUG placement.requestlog [req-edb6839f-6e4c-48a3-a3ae-cfd7b3e1b689 req-b191aa76-3dda-417d-a118-c11d2e893276 None None] Starting request: 10.222.0.70 "DELETE /placement/allocations/ed5d394f-68ea-4612-9f77-4515ac6665b8" {{(pid=106520) __call__ /opt/stack/placement/placement/requestlog.py:55}}
Jul 01 20:10:05.786501 n-d-832330-7 devstack@placement-api.service[106520]: DEBUG placement.handlers.allocation [req-edb6839f-6e4c-48a3-a3ae-cfd7b3e1b689 req-b191aa76-3dda-417d-a118-c11d2e893276 service placement] Successfully deleted allocations [, , ] {{(pid=106520) delete_allocations /opt/stack/placement/placement/handlers/allocation.py:627}}
Jul 01 20:10:05.786985 n-d-832330-7 devstack@placement-api.service[106520]: INFO placement.requestlog [req-edb6839f-6e4c-48a3-a3ae-cfd7b3e1b689 req-b191aa76-3dda-417d-a118-c11d2e893276 service placement] 10.222.0.70 "DELETE /placement/allocations/ed5d394f-68ea-4612-9f77-4515ac6665b8" status: 204 len: 0 microversion: 1.0
Jul 01 20:10:05.792566 n-d-832330-7 devstack@placement-api.service[106520]: [pid: 106520|app: 0|req: 183/371] 10.222.0.70 () {60 vars in 1355 bytes} [Fri Jul 1 20:10:05 2022] DELETE /placement/allocations/ed5d394f-68ea-4612-9f77-4515ac6665b8 => generated 0 bytes in 412 msecs (HTTP/1.1 204) 5 headers in 198 bytes (1 switches on core 0)
Jul 01 20:10:10.009014 n-d-832330-7 devstack@placement-api.service[106521]: DEBUG placement.requestlog [req-e96ef2be-8e70-459e-af76-950de7890699 req-fdab8115-ddad-4cea-a034-d4c834f07f91 None None] Starting request: 10.222.0.59 "GET /placement/allocation_candidates?resources=DISK_GB%3A1%2CMEMORY_MB%3A1024%2CVCPU%3A1&root_required=%21COMPUTE_STATUS_DISABLED" {{(pid=106521) __call__ /opt/stack/placement/placement/requestlog.py:55}}
Jul 01 20:10:10.017437 n-d-832330-7 devstack@placement-api.service[106521]: DEBUG dbcounter [-] [106521] Writing DB stats placement:SELECT=76,placement:INSERT=10,placement:DELETE=7,placement:UPDATE=7 {{(pid=106521) stat_writer /usr/local/lib/python3.8/dist-packages/dbcounter.py:114}}
Jul 01 20:10:10.056292 n-d-832330-7 devstack@placement-api.service[106521]: DEBUG placement.objects.research_context [req-e96ef2be-8e70-459e-af76-950de7890699 req-fdab8115-ddad-4cea-a034-d4c834f07f91 service placement] getting providers with 1 DISK_GB {{(pid=106521) __init__ /opt/stack/placement/placement/objects/research_context.py:136}}
Jul 01 20:10:10.063098 n-d-832330-7 devstack@placement-api.service[106521]: DEBUG placement.objects.research_context [req-e96ef2be-8e70-459e-af76-950de7890699 req-fdab8115-ddad-4cea-a034-d4c834f07f91 service placement] getting providers with 1024 MEMORY_MB {{(pid=106521) __init__ /opt/stack/placement/placement/objects/research_context.py:136}}
Jul 01 20:10:10.071949 n-d-832330-7 devstack@placement-api.service[106521]: DEBUG placement.objects.research_context [req-e96ef2be-8e70-459e-af76-950de7890699 req-fdab8115-ddad-4cea-a034-d4c834f07f91 service placement] getting providers with 1 VCPU {{(pid=106521) __init__ /opt/stack/placement/placement/objects/research_context.py:136}}
Jul 01 20:10:10.079918 n-d-832330-7 devstack@placement-api.service[106521]: DEBUG placement.objects.research_context [req-e96ef2be-8e70-459e-af76-950de7890699 req-fdab8115-ddad-4cea-a034-d4c834f07f91 service placement] found 2 providers with available 1 DISK_GB {{(pid=106521) get_provider_ids_matching /opt/stack/placement/placement/objects/research_context.py:563}}
Jul 01 20:10:10.081017 n-d-832330-7 devstack@placement-api.service[106521]: DEBUG placement.objects.research_context [req-e96ef2be-8e70-459e-af76-950de7890699 req-fdab8115-ddad-4cea-a034-d4c834f07f91 service placement] found 2 providers with available 1024 MEMORY_MB {{(pid=106521) get_provider_ids_matching /opt/stack/placement/placement/objects/research_context.py:563}}
Jul 01 20:10:10.081745 n-d-832330-7 devstack@placement-api.service[106521]: DEBUG placement.objects.research_context [req-e96ef2be-8e70-459e-af76-950de7890699 req-fdab8115-ddad-4cea-a034-d4c834f07f91 service placement] found 2 providers after filtering by previous result {{(pid=106521) get_provider_ids_matching /opt/stack/placement/placement/objects/research_context.py:594}}
Jul 01 20:10:10.083460 n-d-832330-7 devstack@placement-api.service[106521]: DEBUG placement.objects.research_context [req-e96ef2be-8e70-459e-af76-950de7890699 req-fdab8115-ddad-4cea-a034-d4c834f07f91 service placement] found 2 providers with available 1 VCPU {{(pid=106521) get_provider_ids_matching /opt/stack/placement/placement/objects/research_context.py:563}}
Jul 01 20:10:10.084016 n-d-832330-7 devstack@placement-api.service[106521]: DEBUG placement.objects.research_context [req-e96ef2be-8e70-459e-af76-950de7890699 req-fdab8115-ddad-4cea-a034-d4c834f07f91 service placement] found 2 providers after filtering by previous result {{(pid=106521) get_provider_ids_matching /opt/stack/placement/placement/objects/research_context.py:594}}
Jul 01 20:10:10.132777 n-d-832330-7 devstack@placement-api.service[106521]: DEBUG placement.objects.allocation_candidate [req-e96ef2be-8e70-459e-af76-950de7890699 req-fdab8115-ddad-4cea-a034-d4c834f07f91 service placement] RequestGroup(use_same_provider=False, resources={DISK_GB:1, MEMORY_MB:1024, VCPU:1}, traits=(), aggregates=[]) (suffix '') returned 2 matches {{(pid=106521) _get_by_requests /opt/stack/placement/placement/objects/allocation_candidate.py:156}}
Jul 01 20:10:10.137704 n-d-832330-7 devstack@placement-api.service[106521]: DEBUG placement.objects.allocation_candidate [req-e96ef2be-8e70-459e-af76-950de7890699 req-fdab8115-ddad-4cea-a034-d4c834f07f91 service placement] Merging candidates yields 2 allocation requests and 2 provider summaries {{(pid=106521) _merge_candidates /opt/stack/placement/placement/objects/allocation_candidate.py:809}}
Jul 01 20:10:10.152009 n-d-832330-7 devstack@placement-api.service[106521]: INFO placement.requestlog [req-e96ef2be-8e70-459e-af76-950de7890699 req-fdab8115-ddad-4cea-a034-d4c834f07f91 service placement] 10.222.0.59 "GET /placement/allocation_candidates?resources=DISK_GB%3A1%2CMEMORY_MB%3A1024%2CVCPU%3A1&root_required=%21COMPUTE_STATUS_DISABLED" status: 200 len: 1312 microversion: 1.36
Jul 01 20:10:10.152009 n-d-832330-7 devstack@placement-api.service[106521]: [pid: 106521|app: 0|req: 189/372] 10.222.0.59 () {60 vars in 1484 bytes} [Fri Jul 1 20:10:10 2022] GET /placement/allocation_candidates?resources=DISK_GB%3A1%2CMEMORY_MB%3A1024%2CVCPU%3A1&root_required=%21COMPUTE_STATUS_DISABLED => generated 1312 bytes in 136 msecs (HTTP/1.1 200) 8 headers in 297 bytes (1 switches on core 0)
Jul 01 20:10:10.233638 n-d-832330-7 devstack@placement-api.service[106520]: DEBUG placement.requestlog [req-e96ef2be-8e70-459e-af76-950de7890699 req-0d122112-b72d-4251-810d-35151c2b980b None None] Starting request: 10.222.0.59 "GET /placement/allocations/64046528-1976-410b-8601-2a4b1dad4ec6" {{(pid=106520) __call__ /opt/stack/placement/placement/requestlog.py:55}}
Jul 01 20:10:10.242379 n-d-832330-7 devstack@placement-api.service[106520]: DEBUG dbcounter [-] [106520] Writing DB stats placement:SELECT=78,placement:INSERT=10,placement:DELETE=7,placement:UPDATE=5 {{(pid=106520) stat_writer /usr/local/lib/python3.8/dist-packages/dbcounter.py:114}}
Jul 01 20:10:10.261447 n-d-832330-7 devstack@placement-api.service[106520]: INFO placement.requestlog [req-e96ef2be-8e70-459e-af76-950de7890699 req-0d122112-b72d-4251-810d-35151c2b980b service placement] 10.222.0.59 "GET /placement/allocations/64046528-1976-410b-8601-2a4b1dad4ec6" status: 200 len: 19 microversion: 1.28
Jul 01 20:10:10.262742 n-d-832330-7 devstack@placement-api.service[106520]: [pid: 106520|app: 0|req: 184/373] 10.222.0.59 () {60 vars in 1380 bytes} [Fri Jul 1 20:10:10 2022] GET /placement/allocations/64046528-1976-410b-8601-2a4b1dad4ec6 => generated 19 bytes in 29 msecs (HTTP/1.1 200) 8 headers in 295 bytes (1 switches on core 0)
Jul 01 20:10:10.270497 n-d-832330-7 devstack@placement-api.service[106521]: DEBUG placement.requestlog [req-e96ef2be-8e70-459e-af76-950de7890699 req-5314095f-adab-4037-a774-2d20bd6f9b67 None None] Starting request: 10.222.0.59 "PUT /placement/allocations/64046528-1976-410b-8601-2a4b1dad4ec6" {{(pid=106521) __call__ /opt/stack/placement/placement/requestlog.py:55}}
Jul 01 20:10:10.600215 n-d-832330-7 devstack@placement-api.service[106521]: DEBUG placement.handlers.allocation [req-e96ef2be-8e70-459e-af76-950de7890699 req-5314095f-adab-4037-a774-2d20bd6f9b67 service placement] Successfully wrote allocations [, , ] {{(pid=106521) _update_consumers_and_create_allocations /opt/stack/placement/placement/handlers/allocation.py:462}}
Jul 01 20:10:10.776136 n-d-832330-7 devstack@placement-api.service[106521]: INFO placement.requestlog [req-e96ef2be-8e70-459e-af76-950de7890699 req-5314095f-adab-4037-a774-2d20bd6f9b67 service placement] 10.222.0.59 "PUT /placement/allocations/64046528-1976-410b-8601-2a4b1dad4ec6" status: 204 len: 0 microversion: 1.36
Jul 01 20:10:10.777370 n-d-832330-7 devstack@placement-api.service[106521]: [pid: 106521|app: 0|req: 190/374] 10.222.0.59 () {64 vars in 1433 bytes} [Fri Jul 1 20:10:10 2022] PUT /placement/allocations/64046528-1976-410b-8601-2a4b1dad4ec6 => generated 0 bytes in 507 msecs (HTTP/1.1 204) 5 headers in 199 bytes (1 switches on core 0)
Jul 01 20:10:12.764982 n-d-832330-7 devstack@placement-api.service[106520]: DEBUG placement.requestlog [req-e96ef2be-8e70-459e-af76-950de7890699 req-bcb05094-5c0e-4a51-a10f-6d36a31289f5 None None] Starting request: 10.222.0.71 "GET /placement/allocations/64046528-1976-410b-8601-2a4b1dad4ec6" {{(pid=106520) __call__ /opt/stack/placement/placement/requestlog.py:55}}
Jul 01 20:10:12.821036 n-d-832330-7 devstack@placement-api.service[106520]: INFO placement.requestlog [req-e96ef2be-8e70-459e-af76-950de7890699 req-bcb05094-5c0e-4a51-a10f-6d36a31289f5 service placement] 10.222.0.71 "GET /placement/allocations/64046528-1976-410b-8601-2a4b1dad4ec6" status: 200 len: 259 microversion: 1.28
Jul 01 20:10:12.822121 n-d-832330-7 devstack@placement-api.service[106520]: [pid: 106520|app: 0|req: 185/375] 10.222.0.71 () {60 vars in 1377 bytes} [Fri Jul 1 20:10:12 2022] GET /placement/allocations/64046528-1976-410b-8601-2a4b1dad4ec6 => generated 259 bytes in 58 msecs (HTTP/1.1 200) 8 headers in 296 bytes (1 switches on core 0)
Jul 01 20:10:18.866365 n-d-832330-7 devstack@placement-api.service[106521]: DEBUG placement.requestlog [req-96280705-e0c6-48ca-8d38-b3418bc42be7 req-7ce96f03-11ce-4d12-8087-6b568bc6694f None None] Starting request: 10.222.0.71 "GET /placement/resource_providers/01f473d9-14e4-4909-aee9-4c27081aeafc/allocations" {{(pid=106521) __call__ /opt/stack/placement/placement/requestlog.py:55}}
Jul 01 20:10:19.021126 n-d-832330-7 devstack@placement-api.service[106521]: INFO placement.requestlog [req-96280705-e0c6-48ca-8d38-b3418bc42be7 req-7ce96f03-11ce-4d12-8087-6b568bc6694f service placement] 10.222.0.71 "GET /placement/resource_providers/01f473d9-14e4-4909-aee9-4c27081aeafc/allocations" status: 200 len: 1250 microversion: 1.0
Jul 01 20:10:19.021855 n-d-832330-7 devstack@placement-api.service[106521]: [pid: 106521|app: 0|req: 191/376] 10.222.0.71 () {58 vars in 1390 bytes} [Fri Jul 1 20:10:18 2022] GET /placement/resource_providers/01f473d9-14e4-4909-aee9-4c27081aeafc/allocations => generated 1250 bytes in 156 msecs (HTTP/1.1 200) 6 headers in 225 bytes (1 switches on core 0)
Jul 01 20:10:19.452160 n-d-832330-7 devstack@placement-api.service[106520]: DEBUG placement.requestlog [None req-9392c597-8e51-4ccf-ac70-6aafcd543f69 None None] Starting request: 10.222.0.59 "GET /placement/resource_providers/5dd1dbda-4a68-436e-9101-9d4e4cee11f0/aggregates" {{(pid=106520) __call__ /opt/stack/placement/placement/requestlog.py:55}}
Jul 01 20:10:19.874165 n-d-832330-7 devstack@placement-api.service[106520]: INFO placement.requestlog [None req-9392c597-8e51-4ccf-ac70-6aafcd543f69 service placement] 10.222.0.59 "GET /placement/resource_providers/5dd1dbda-4a68-436e-9101-9d4e4cee11f0/aggregates" status: 404 len: 235 microversion: 1.1
Jul 01 20:10:19.875716 n-d-832330-7 devstack@placement-api.service[106520]: [pid: 106520|app: 0|req: 186/377] 10.222.0.59 () {58 vars in 1362 bytes} [Fri Jul 1 20:10:19 2022] GET /placement/resource_providers/5dd1dbda-4a68-436e-9101-9d4e4cee11f0/aggregates => generated 235 bytes in 429 msecs (HTTP/1.1 404) 5 headers in 202 bytes (1 switches on core 0)
Jul 01 20:10:19.882788 n-d-832330-7 devstack@placement-api.service[106521]: DEBUG placement.requestlog [None req-bf8cc8ff-4920-4698-8b30-89a0bde8d1b5 None None] Starting request: 10.222.0.59 "DELETE /placement/resource_providers/5dd1dbda-4a68-436e-9101-9d4e4cee11f0" {{(pid=106521) __call__ /opt/stack/placement/placement/requestlog.py:55}}
Jul 01 20:10:19.901558 n-d-832330-7 devstack@placement-api.service[106521]: DEBUG placement.wsgi_wrapper [None req-bf8cc8ff-4920-4698-8b30-89a0bde8d1b5 service placement] Placement API returning an error response: No resource provider with uuid 5dd1dbda-4a68-436e-9101-9d4e4cee11f0 found for delete {{(pid=106521) call_func /opt/stack/placement/placement/wsgi_wrapper.py:31}}
Jul 01 20:10:19.903495 n-d-832330-7 devstack@placement-api.service[106521]: INFO placement.requestlog [None req-bf8cc8ff-4920-4698-8b30-89a0bde8d1b5 service placement] 10.222.0.59 "DELETE /placement/resource_providers/5dd1dbda-4a68-436e-9101-9d4e4cee11f0" status: 404 len: 246 microversion: 1.1
Jul 01 20:10:19.904745 n-d-832330-7 devstack@placement-api.service[106521]: [pid: 106521|app: 0|req: 192/378] 10.222.0.59 () {60 vars in 1351 bytes} [Fri Jul 1 20:10:19 2022] DELETE /placement/resource_providers/5dd1dbda-4a68-436e-9101-9d4e4cee11f0 => generated 246 bytes in 22 msecs (HTTP/1.1 404) 6 headers in 231 bytes (1 switches on core 0)
Jul 01 20:10:24.781377 n-d-832330-7 devstack@placement-api.service[106520]: DEBUG placement.requestlog [req-83795472-dd43-4897-9c3c-a61f27bc2006 req-b5a1dc37-e65c-493b-8509-b7bde71ad344 None None] Starting request: 10.222.0.70 "DELETE /placement/allocations/d14fcf8d-7053-4937-b1da-042c4dda2685" {{(pid=106520) __call__ /opt/stack/placement/placement/requestlog.py:55}}
Jul 01 20:10:25.209523 n-d-832330-7 devstack@placement-api.service[106520]: DEBUG placement.handlers.allocation [req-83795472-dd43-4897-9c3c-a61f27bc2006 req-b5a1dc37-e65c-493b-8509-b7bde71ad344 service placement] Successfully deleted allocations [, , ] {{(pid=106520) delete_allocations /opt/stack/placement/placement/handlers/allocation.py:627}}
Jul 01 20:10:25.210268 n-d-832330-7 devstack@placement-api.service[106520]: INFO placement.requestlog [req-83795472-dd43-4897-9c3c-a61f27bc2006 req-b5a1dc37-e65c-493b-8509-b7bde71ad344 service placement] 10.222.0.70 "DELETE /placement/allocations/d14fcf8d-7053-4937-b1da-042c4dda2685" status: 204 len: 0 microversion: 1.0
Jul 01 20:10:25.210791 n-d-832330-7 devstack@placement-api.service[106520]: [pid: 106520|app: 0|req: 187/379] 10.222.0.70 () {60 vars in 1355 bytes} [Fri Jul 1 20:10:24 2022] DELETE /placement/allocations/d14fcf8d-7053-4937-b1da-042c4dda2685 => generated 0 bytes in 431 msecs (HTTP/1.1 204) 5 headers in 198 bytes (1 switches on core 0)
Jul 01 20:10:29.898031 n-d-832330-7 devstack@placement-api.service[106521]: DEBUG dbcounter [-] [106521] Writing DB stats placement:SELECT=32,placement:INSERT=4,placement:DELETE=2,placement:UPDATE=2 {{(pid=106521) stat_writer /usr/local/lib/python3.8/dist-packages/dbcounter.py:114}}
Jul 01 20:10:35.100671 n-d-832330-7 devstack@placement-api.service[106520]: DEBUG dbcounter [-] [106520] Writing DB stats placement:SELECT=14,placement:DELETE=2 {{(pid=106520) stat_writer /usr/local/lib/python3.8/dist-packages/dbcounter.py:114}}
Jul 01 20:10:36.396052 n-d-832330-7 devstack@placement-api.service[106521]: DEBUG placement.requestlog [req-951ba1bd-5eaf-46f9-a6fd-7d08b46002bd req-a12643fc-82b3-418e-885e-5f34c6fac01d None None] Starting request: 10.222.0.59 "GET /placement/allocation_candidates?limit=1000&resources=DISK_GB%3A1%2CMEMORY_MB%3A1024%2CVCPU%3A1&root_required=%21COMPUTE_STATUS_DISABLED" {{(pid=106521) __call__ /opt/stack/placement/placement/requestlog.py:55}}
Jul 01 20:10:36.549527 n-d-832330-7 devstack@placement-api.service[106521]: DEBUG placement.objects.research_context [req-951ba1bd-5eaf-46f9-a6fd-7d08b46002bd req-a12643fc-82b3-418e-885e-5f34c6fac01d service placement] getting providers with 1 DISK_GB {{(pid=106521) __init__ /opt/stack/placement/placement/objects/research_context.py:136}}
Jul 01 20:10:36.562439 n-d-832330-7 devstack@placement-api.service[106521]: DEBUG placement.objects.research_context [req-951ba1bd-5eaf-46f9-a6fd-7d08b46002bd req-a12643fc-82b3-418e-885e-5f34c6fac01d service placement] getting providers with 1024 MEMORY_MB {{(pid=106521) __init__ /opt/stack/placement/placement/objects/research_context.py:136}}
Jul 01 20:10:36.648243 n-d-832330-7 devstack@placement-api.service[106521]: DEBUG placement.objects.research_context [req-951ba1bd-5eaf-46f9-a6fd-7d08b46002bd req-a12643fc-82b3-418e-885e-5f34c6fac01d service placement] getting providers with 1 VCPU {{(pid=106521) __init__ /opt/stack/placement/placement/objects/research_context.py:136}}
Jul 01 20:10:36.705386 n-d-832330-7 devstack@placement-api.service[106521]: DEBUG placement.objects.research_context [req-951ba1bd-5eaf-46f9-a6fd-7d08b46002bd req-a12643fc-82b3-418e-885e-5f34c6fac01d service placement] found 2 providers with available 1 DISK_GB {{(pid=106521) get_provider_ids_matching /opt/stack/placement/placement/objects/research_context.py:563}}
Jul 01 20:10:36.706012 n-d-832330-7 devstack@placement-api.service[106521]: DEBUG placement.objects.research_context [req-951ba1bd-5eaf-46f9-a6fd-7d08b46002bd req-a12643fc-82b3-418e-885e-5f34c6fac01d service placement] found 2 providers with available 1024 MEMORY_MB {{(pid=106521) get_provider_ids_matching /opt/stack/placement/placement/objects/research_context.py:563}}
Jul 01 20:10:36.712849 n-d-832330-7 devstack@placement-api.service[106521]: DEBUG placement.objects.research_context [req-951ba1bd-5eaf-46f9-a6fd-7d08b46002bd req-a12643fc-82b3-418e-885e-5f34c6fac01d service placement] found 2 providers after filtering by previous result {{(pid=106521) get_provider_ids_matching /opt/stack/placement/placement/objects/research_context.py:594}}
Jul 01 20:10:36.713402 n-d-832330-7 devstack@placement-api.service[106521]: DEBUG placement.objects.research_context [req-951ba1bd-5eaf-46f9-a6fd-7d08b46002bd req-a12643fc-82b3-418e-885e-5f34c6fac01d service placement] found 2 providers with available 1 VCPU {{(pid=106521) get_provider_ids_matching /opt/stack/placement/placement/objects/research_context.py:563}}
Jul 01 20:10:36.727711 n-d-832330-7 devstack@placement-api.service[106521]: DEBUG placement.objects.research_context [req-951ba1bd-5eaf-46f9-a6fd-7d08b46002bd req-a12643fc-82b3-418e-885e-5f34c6fac01d service placement] found 2 providers after filtering by previous result {{(pid=106521) get_provider_ids_matching /opt/stack/placement/placement/objects/research_context.py:594}}
Jul 01 20:10:36.766923 n-d-832330-7 devstack@placement-api.service[106521]: DEBUG placement.objects.allocation_candidate [req-951ba1bd-5eaf-46f9-a6fd-7d08b46002bd req-a12643fc-82b3-418e-885e-5f34c6fac01d service placement] RequestGroup(use_same_provider=False, resources={DISK_GB:1, MEMORY_MB:1024, VCPU:1}, traits=(), aggregates=[]) (suffix '') returned 2 matches {{(pid=106521) _get_by_requests /opt/stack/placement/placement/objects/allocation_candidate.py:156}}
Jul 01 20:10:36.767592 n-d-832330-7 devstack@placement-api.service[106521]: DEBUG placement.objects.allocation_candidate [req-951ba1bd-5eaf-46f9-a6fd-7d08b46002bd req-a12643fc-82b3-418e-885e-5f34c6fac01d service placement] Merging candidates yields 2 allocation requests and 2 provider summaries {{(pid=106521) _merge_candidates /opt/stack/placement/placement/objects/allocation_candidate.py:809}}
Jul 01 20:10:36.771701 n-d-832330-7 devstack@placement-api.service[106521]: INFO placement.requestlog [req-951ba1bd-5eaf-46f9-a6fd-7d08b46002bd req-a12643fc-82b3-418e-885e-5f34c6fac01d service placement] 10.222.0.59 "GET /placement/allocation_candidates?limit=1000&resources=DISK_GB%3A1%2CMEMORY_MB%3A1024%2CVCPU%3A1&root_required=%21COMPUTE_STATUS_DISABLED" status: 200 len: 1312 microversion: 1.36
Jul 01 20:10:36.791828 n-d-832330-7 devstack@placement-api.service[106521]: [pid: 106521|app: 0|req: 193/380] 10.222.0.59 () {60 vars in 1506 bytes} [Fri Jul 1 20:10:36 2022] GET /placement/allocation_candidates?limit=1000&resources=DISK_GB%3A1%2CMEMORY_MB%3A1024%2CVCPU%3A1&root_required=%21COMPUTE_STATUS_DISABLED => generated 1312 bytes in 387 msecs (HTTP/1.1 200) 8 headers in 297 bytes (2 switches on core 0)
Jul 01 20:10:36.985808 n-d-832330-7 devstack@placement-api.service[106520]: DEBUG placement.requestlog [req-951ba1bd-5eaf-46f9-a6fd-7d08b46002bd req-4ca233e2-a15a-4984-9244-eb21b3f432cd None None] Starting request: 10.222.0.59 "GET /placement/allocations/cd82d0d8-5cee-4f88-bdd5-105e28750571" {{(pid=106520) __call__ /opt/stack/placement/placement/requestlog.py:55}}
Jul 01 20:10:37.020279 n-d-832330-7 devstack@placement-api.service[106520]: INFO placement.requestlog [req-951ba1bd-5eaf-46f9-a6fd-7d08b46002bd req-4ca233e2-a15a-4984-9244-eb21b3f432cd service placement] 10.222.0.59 "GET /placement/allocations/cd82d0d8-5cee-4f88-bdd5-105e28750571" status: 200 len: 19 microversion: 1.28
Jul 01 20:10:37.027485 n-d-832330-7 devstack@placement-api.service[106520]: [pid: 106520|app: 0|req: 188/381] 10.222.0.59 () {60 vars in 1380 bytes} [Fri Jul 1 20:10:36 2022] GET /placement/allocations/cd82d0d8-5cee-4f88-bdd5-105e28750571 => generated 19 bytes in 36 msecs (HTTP/1.1 200) 8 headers in 295 bytes (1 switches on core 0)
Jul 01 20:10:37.042447 n-d-832330-7 devstack@placement-api.service[106521]: DEBUG placement.requestlog [req-951ba1bd-5eaf-46f9-a6fd-7d08b46002bd req-a1e61d0d-e141-46e6-8dbe-be502a4b9949 None None] Starting request: 10.222.0.59 "PUT /placement/allocations/cd82d0d8-5cee-4f88-bdd5-105e28750571" {{(pid=106521) __call__ /opt/stack/placement/placement/requestlog.py:55}}
Jul 01 20:10:37.556349 n-d-832330-7 devstack@placement-api.service[106520]: DEBUG placement.requestlog [req-e8eef983-c21b-4dd1-8cef-f6c227029b21 req-f0a4425b-4938-4673-8da7-05560fb9af29 None None] Starting request: 10.222.0.71 "GET /placement/allocations/34f17f42-75c2-4fde-95b9-1e3cc9365eb9" {{(pid=106520) __call__ /opt/stack/placement/placement/requestlog.py:55}}
Jul 01 20:10:37.598153 n-d-832330-7 devstack@placement-api.service[106520]: INFO placement.requestlog [req-e8eef983-c21b-4dd1-8cef-f6c227029b21 req-f0a4425b-4938-4673-8da7-05560fb9af29 service placement] 10.222.0.71 "GET /placement/allocations/34f17f42-75c2-4fde-95b9-1e3cc9365eb9" status: 200 len: 258 microversion: 1.28
Jul 01 20:10:37.601177 n-d-832330-7 devstack@placement-api.service[106520]: [pid: 106520|app: 0|req: 189/382] 10.222.0.71 () {60 vars in 1377 bytes} [Fri Jul 1 20:10:37 2022] GET /placement/allocations/34f17f42-75c2-4fde-95b9-1e3cc9365eb9 => generated 258 bytes in 45 msecs (HTTP/1.1 200) 8 headers in 296 bytes (2 switches on core 0)
Jul 01 20:10:37.731634 n-d-832330-7 devstack@placement-api.service[106521]: DEBUG placement.handlers.allocation [req-951ba1bd-5eaf-46f9-a6fd-7d08b46002bd req-a1e61d0d-e141-46e6-8dbe-be502a4b9949 service placement] Successfully wrote allocations [, , ] {{(pid=106521) _update_consumers_and_create_allocations /opt/stack/placement/placement/handlers/allocation.py:462}}
Jul 01 20:10:37.846815 n-d-832330-7 devstack@placement-api.service[106521]: INFO placement.requestlog [req-951ba1bd-5eaf-46f9-a6fd-7d08b46002bd req-a1e61d0d-e141-46e6-8dbe-be502a4b9949 service placement] 10.222.0.59 "PUT /placement/allocations/cd82d0d8-5cee-4f88-bdd5-105e28750571" status: 204 len: 0 microversion: 1.36
Jul 01 20:10:37.847328 n-d-832330-7 devstack@placement-api.service[106521]: [pid: 106521|app: 0|req: 194/383] 10.222.0.59 () {64 vars in 1433 bytes} [Fri Jul 1 20:10:37 2022] PUT /placement/allocations/cd82d0d8-5cee-4f88-bdd5-105e28750571 => generated 0 bytes in 806 msecs (HTTP/1.1 204) 5 headers in 199 bytes (1 switches on core 0)
Jul 01 20:10:39.977650 n-d-832330-7 devstack@placement-api.service[106520]: DEBUG placement.requestlog [req-951ba1bd-5eaf-46f9-a6fd-7d08b46002bd req-75138d1c-a914-4d84-976f-38ffde578b8c None None] Starting request: 10.222.0.70 "GET /placement/allocations/cd82d0d8-5cee-4f88-bdd5-105e28750571" {{(pid=106520) __call__ /opt/stack/placement/placement/requestlog.py:55}}
Jul 01 20:10:40.030106 n-d-832330-7 devstack@placement-api.service[106520]: INFO placement.requestlog [req-951ba1bd-5eaf-46f9-a6fd-7d08b46002bd req-75138d1c-a914-4d84-976f-38ffde578b8c service placement] 10.222.0.70 "GET /placement/allocations/cd82d0d8-5cee-4f88-bdd5-105e28750571" status: 200 len: 259 microversion: 1.28
Jul 01 20:10:40.031755 n-d-832330-7 devstack@placement-api.service[106520]: [pid: 106520|app: 0|req: 190/384] 10.222.0.70 () {60 vars in 1377 bytes} [Fri Jul 1 20:10:39 2022] GET /placement/allocations/cd82d0d8-5cee-4f88-bdd5-105e28750571 => generated 259 bytes in 56 msecs (HTTP/1.1 200) 8 headers in 296 bytes (1 switches on core 0)
Jul 01 20:10:40.776157 n-d-832330-7 devstack@placement-api.service[106521]: DEBUG placement.requestlog [req-ef1f7111-725d-43ff-bfea-411990b1b98f req-d5094e31-3233-41ee-ba44-629789759084 None None] Starting request: 10.222.0.59 "GET /placement/allocation_candidates?limit=1000&resources=DISK_GB%3A1%2CMEMORY_MB%3A1024%2CVCPU%3A1&root_required=%21COMPUTE_STATUS_DISABLED" {{(pid=106521) __call__ /opt/stack/placement/placement/requestlog.py:55}}
Jul 01 20:10:40.864706 n-d-832330-7 devstack@placement-api.service[106521]: DEBUG placement.objects.research_context [req-ef1f7111-725d-43ff-bfea-411990b1b98f req-d5094e31-3233-41ee-ba44-629789759084 service placement] getting providers with 1 DISK_GB {{(pid=106521) __init__ /opt/stack/placement/placement/objects/research_context.py:136}}
Jul 01 20:10:40.878499 n-d-832330-7 devstack@placement-api.service[106521]: DEBUG placement.objects.research_context [req-ef1f7111-725d-43ff-bfea-411990b1b98f req-d5094e31-3233-41ee-ba44-629789759084 service placement] getting providers with 1024 MEMORY_MB {{(pid=106521) __init__ /opt/stack/placement/placement/objects/research_context.py:136}}
Jul 01 20:10:40.892493 n-d-832330-7 devstack@placement-api.service[106521]: DEBUG placement.objects.research_context [req-ef1f7111-725d-43ff-bfea-411990b1b98f req-d5094e31-3233-41ee-ba44-629789759084 service placement] getting providers with 1 VCPU {{(pid=106521) __init__ /opt/stack/placement/placement/objects/research_context.py:136}}
Jul 01 20:10:40.905169 n-d-832330-7 devstack@placement-api.service[106521]: DEBUG placement.objects.research_context [req-ef1f7111-725d-43ff-bfea-411990b1b98f req-d5094e31-3233-41ee-ba44-629789759084 service placement] found 2 providers with available 1 DISK_GB {{(pid=106521) get_provider_ids_matching /opt/stack/placement/placement/objects/research_context.py:563}}
Jul 01 20:10:40.905926 n-d-832330-7 devstack@placement-api.service[106521]: DEBUG placement.objects.research_context [req-ef1f7111-725d-43ff-bfea-411990b1b98f req-d5094e31-3233-41ee-ba44-629789759084 service placement] found 2 providers with available 1024 MEMORY_MB {{(pid=106521) get_provider_ids_matching /opt/stack/placement/placement/objects/research_context.py:563}}
Jul 01 20:10:40.906407 n-d-832330-7 devstack@placement-api.service[106521]: DEBUG placement.objects.research_context [req-ef1f7111-725d-43ff-bfea-411990b1b98f req-d5094e31-3233-41ee-ba44-629789759084 service placement] found 2 providers after filtering by previous result {{(pid=106521) get_provider_ids_matching /opt/stack/placement/placement/objects/research_context.py:594}}
Jul 01 20:10:40.907355 n-d-832330-7 devstack@placement-api.service[106521]: DEBUG placement.objects.research_context [req-ef1f7111-725d-43ff-bfea-411990b1b98f req-d5094e31-3233-41ee-ba44-629789759084 service placement] found 2 providers with available 1 VCPU {{(pid=106521) get_provider_ids_matching /opt/stack/placement/placement/objects/research_context.py:563}}
Jul 01 20:10:40.908199 n-d-832330-7 devstack@placement-api.service[106521]: DEBUG placement.objects.research_context [req-ef1f7111-725d-43ff-bfea-411990b1b98f req-d5094e31-3233-41ee-ba44-629789759084 service placement] found 2 providers after filtering by previous result {{(pid=106521) get_provider_ids_matching /opt/stack/placement/placement/objects/research_context.py:594}}
Jul 01 20:10:40.927453 n-d-832330-7 devstack@placement-api.service[106521]: DEBUG placement.objects.allocation_candidate [req-ef1f7111-725d-43ff-bfea-411990b1b98f req-d5094e31-3233-41ee-ba44-629789759084 service placement] RequestGroup(use_same_provider=False, resources={DISK_GB:1, MEMORY_MB:1024, VCPU:1}, traits=(), aggregates=[]) (suffix '') returned 2 matches {{(pid=106521) _get_by_requests /opt/stack/placement/placement/objects/allocation_candidate.py:156}}
Jul 01 20:10:40.929465 n-d-832330-7 devstack@placement-api.service[106521]: DEBUG placement.objects.allocation_candidate [req-ef1f7111-725d-43ff-bfea-411990b1b98f req-d5094e31-3233-41ee-ba44-629789759084 service placement] Merging candidates yields 2 allocation requests and 2 provider summaries {{(pid=106521) _merge_candidates /opt/stack/placement/placement/objects/allocation_candidate.py:809}}
Jul 01 20:10:40.931862 n-d-832330-7 devstack@placement-api.service[106521]: INFO placement.requestlog [req-ef1f7111-725d-43ff-bfea-411990b1b98f req-d5094e31-3233-41ee-ba44-629789759084 service placement] 10.222.0.59 "GET /placement/allocation_candidates?limit=1000&resources=DISK_GB%3A1%2CMEMORY_MB%3A1024%2CVCPU%3A1&root_required=%21COMPUTE_STATUS_DISABLED" status: 200 len: 1312 microversion: 1.36
Jul 01 20:10:40.945526 n-d-832330-7 devstack@placement-api.service[106521]: [pid: 106521|app: 0|req: 195/385] 10.222.0.59 () {60 vars in 1506 bytes} [Fri Jul 1 20:10:40 2022] GET /placement/allocation_candidates?limit=1000&resources=DISK_GB%3A1%2CMEMORY_MB%3A1024%2CVCPU%3A1&root_required=%21COMPUTE_STATUS_DISABLED => generated 1312 bytes in 169 msecs (HTTP/1.1 200) 8 headers in 297 bytes (1 switches on core 0)
Jul 01 20:10:41.035828 n-d-832330-7 devstack@placement-api.service[106520]: DEBUG placement.requestlog [req-ef1f7111-725d-43ff-bfea-411990b1b98f req-ab887b41-6fc2-4752-8b2a-35ebbc07e494 None None] Starting request: 10.222.0.59 "GET /placement/allocations/6542a892-d0f6-4fe2-88bc-39c715a8cb14" {{(pid=106520) __call__ /opt/stack/placement/placement/requestlog.py:55}}
Jul 01 20:10:41.056217 n-d-832330-7 devstack@placement-api.service[106520]: INFO placement.requestlog [req-ef1f7111-725d-43ff-bfea-411990b1b98f req-ab887b41-6fc2-4752-8b2a-35ebbc07e494 service placement] 10.222.0.59 "GET /placement/allocations/6542a892-d0f6-4fe2-88bc-39c715a8cb14" status: 200 len: 19 microversion: 1.28
Jul 01 20:10:41.056797 n-d-832330-7 devstack@placement-api.service[106520]: [pid: 106520|app: 0|req: 191/386] 10.222.0.59 () {60 vars in 1380 bytes} [Fri Jul 1 20:10:41 2022] GET /placement/allocations/6542a892-d0f6-4fe2-88bc-39c715a8cb14 => generated 19 bytes in 21 msecs (HTTP/1.1 200) 8 headers in 295 bytes (1 switches on core 0)
Jul 01 20:10:41.071657 n-d-832330-7 devstack@placement-api.service[106521]: DEBUG placement.requestlog [req-ef1f7111-725d-43ff-bfea-411990b1b98f req-1cecf71e-bd15-46d1-95c2-23d4e07635e3 None None] Starting request: 10.222.0.59 "PUT /placement/allocations/6542a892-d0f6-4fe2-88bc-39c715a8cb14" {{(pid=106521) __call__ /opt/stack/placement/placement/requestlog.py:55}}
Jul 01 20:10:41.436037 n-d-832330-7 devstack@placement-api.service[106521]: DEBUG placement.handlers.allocation [req-ef1f7111-725d-43ff-bfea-411990b1b98f req-1cecf71e-bd15-46d1-95c2-23d4e07635e3 service placement] Successfully wrote allocations [, , ] {{(pid=106521) _update_consumers_and_create_allocations /opt/stack/placement/placement/handlers/allocation.py:462}}
Jul 01 20:10:41.554413 n-d-832330-7 devstack@placement-api.service[106521]: INFO placement.requestlog [req-ef1f7111-725d-43ff-bfea-411990b1b98f req-1cecf71e-bd15-46d1-95c2-23d4e07635e3 service placement] 10.222.0.59 "PUT /placement/allocations/6542a892-d0f6-4fe2-88bc-39c715a8cb14" status: 204 len: 0 microversion: 1.36
Jul 01 20:10:41.556543 n-d-832330-7 devstack@placement-api.service[106521]: [pid: 106521|app: 0|req: 196/387] 10.222.0.59 () {64 vars in 1433 bytes} [Fri Jul 1 20:10:41 2022] PUT /placement/allocations/6542a892-d0f6-4fe2-88bc-39c715a8cb14 => generated 0 bytes in 486 msecs (HTTP/1.1 204) 5 headers in 199 bytes (1 switches on core 0)
Jul 01 20:10:43.023019 n-d-832330-7 devstack@placement-api.service[106520]: DEBUG placement.requestlog [req-6b5fabc3-7313-4400-b3c8-38794837290c req-f534a272-2eb9-4988-ab90-98b85b2bfada None None] Starting request: 10.222.0.59 "GET /placement/allocation_candidates?limit=1000&resources=DISK_GB%3A1%2CMEMORY_MB%3A512%2CVCPU%3A1&root_required=%21COMPUTE_STATUS_DISABLED" {{(pid=106520) __call__ /opt/stack/placement/placement/requestlog.py:55}}
Jul 01 20:10:43.121556 n-d-832330-7 devstack@placement-api.service[106520]: DEBUG placement.objects.research_context [req-6b5fabc3-7313-4400-b3c8-38794837290c req-f534a272-2eb9-4988-ab90-98b85b2bfada service placement] getting providers with 1 DISK_GB {{(pid=106520) __init__ /opt/stack/placement/placement/objects/research_context.py:136}}
Jul 01 20:10:43.131390 n-d-832330-7 devstack@placement-api.service[106520]: DEBUG placement.objects.research_context [req-6b5fabc3-7313-4400-b3c8-38794837290c req-f534a272-2eb9-4988-ab90-98b85b2bfada service placement] getting providers with 512 MEMORY_MB {{(pid=106520) __init__ /opt/stack/placement/placement/objects/research_context.py:136}}
Jul 01 20:10:43.160606 n-d-832330-7 devstack@placement-api.service[106520]: DEBUG placement.objects.research_context [req-6b5fabc3-7313-4400-b3c8-38794837290c req-f534a272-2eb9-4988-ab90-98b85b2bfada service placement] getting providers with 1 VCPU {{(pid=106520) __init__ /opt/stack/placement/placement/objects/research_context.py:136}}
Jul 01 20:10:43.184399 n-d-832330-7 devstack@placement-api.service[106520]: DEBUG placement.objects.research_context [req-6b5fabc3-7313-4400-b3c8-38794837290c req-f534a272-2eb9-4988-ab90-98b85b2bfada service placement] found 2 providers with available 1 DISK_GB {{(pid=106520) get_provider_ids_matching /opt/stack/placement/placement/objects/research_context.py:563}}
Jul 01 20:10:43.184399 n-d-832330-7 devstack@placement-api.service[106520]: DEBUG placement.objects.research_context [req-6b5fabc3-7313-4400-b3c8-38794837290c req-f534a272-2eb9-4988-ab90-98b85b2bfada service placement] found 2 providers with available 512 MEMORY_MB {{(pid=106520) get_provider_ids_matching /opt/stack/placement/placement/objects/research_context.py:563}}
Jul 01 20:10:43.184399 n-d-832330-7 devstack@placement-api.service[106520]: DEBUG placement.objects.research_context [req-6b5fabc3-7313-4400-b3c8-38794837290c req-f534a272-2eb9-4988-ab90-98b85b2bfada service placement] found 2 providers after filtering by previous result {{(pid=106520) get_provider_ids_matching /opt/stack/placement/placement/objects/research_context.py:594}}
Jul 01 20:10:43.184399 n-d-832330-7 devstack@placement-api.service[106520]: DEBUG placement.objects.research_context [req-6b5fabc3-7313-4400-b3c8-38794837290c req-f534a272-2eb9-4988-ab90-98b85b2bfada service placement] found 2 providers with available 1 VCPU {{(pid=106520) get_provider_ids_matching /opt/stack/placement/placement/objects/research_context.py:563}}
Jul 01 20:10:43.184399 n-d-832330-7 devstack@placement-api.service[106520]: DEBUG placement.objects.research_context [req-6b5fabc3-7313-4400-b3c8-38794837290c req-f534a272-2eb9-4988-ab90-98b85b2bfada service placement] found 2 providers after filtering by previous result {{(pid=106520) get_provider_ids_matching /opt/stack/placement/placement/objects/research_context.py:594}}
Jul 01 20:10:43.237595 n-d-832330-7 devstack@placement-api.service[106520]: DEBUG placement.objects.allocation_candidate [req-6b5fabc3-7313-4400-b3c8-38794837290c req-f534a272-2eb9-4988-ab90-98b85b2bfada service placement] RequestGroup(use_same_provider=False, resources={DISK_GB:1, MEMORY_MB:512, VCPU:1}, traits=(), aggregates=[]) (suffix '') returned 2 matches {{(pid=106520) _get_by_requests /opt/stack/placement/placement/objects/allocation_candidate.py:156}}
Jul 01 20:10:43.238670 n-d-832330-7 devstack@placement-api.service[106520]: DEBUG placement.objects.allocation_candidate [req-6b5fabc3-7313-4400-b3c8-38794837290c req-f534a272-2eb9-4988-ab90-98b85b2bfada service placement] Merging candidates yields 2 allocation requests and 2 provider summaries {{(pid=106520) _merge_candidates /opt/stack/placement/placement/objects/allocation_candidate.py:809}}
Jul 01 20:10:43.241716 n-d-832330-7 devstack@placement-api.service[106520]: INFO placement.requestlog [req-6b5fabc3-7313-4400-b3c8-38794837290c req-f534a272-2eb9-4988-ab90-98b85b2bfada service placement] 10.222.0.59 "GET /placement/allocation_candidates?limit=1000&resources=DISK_GB%3A1%2CMEMORY_MB%3A512%2CVCPU%3A1&root_required=%21COMPUTE_STATUS_DISABLED" status: 200 len: 1310 microversion: 1.36
Jul 01 20:10:43.249303 n-d-832330-7 devstack@placement-api.service[106520]: [pid: 106520|app: 0|req: 192/388] 10.222.0.59 () {60 vars in 1504 bytes} [Fri Jul 1 20:10:43 2022] GET /placement/allocation_candidates?limit=1000&resources=DISK_GB%3A1%2CMEMORY_MB%3A512%2CVCPU%3A1&root_required=%21COMPUTE_STATUS_DISABLED => generated 1310 bytes in 223 msecs (HTTP/1.1 200) 8 headers in 297 bytes (1 switches on core 0)
Jul 01 20:10:43.368634 n-d-832330-7 devstack@placement-api.service[106521]: DEBUG placement.requestlog [req-ef1f7111-725d-43ff-bfea-411990b1b98f req-bf4e00f5-4804-444b-84d6-eb1f7e99d5d5 None None] Starting request: 10.222.0.70 "GET /placement/allocations/6542a892-d0f6-4fe2-88bc-39c715a8cb14" {{(pid=106521) __call__ /opt/stack/placement/placement/requestlog.py:55}}
Jul 01 20:10:43.423525 n-d-832330-7 devstack@placement-api.service[106521]: INFO placement.requestlog [req-ef1f7111-725d-43ff-bfea-411990b1b98f req-bf4e00f5-4804-444b-84d6-eb1f7e99d5d5 service placement] 10.222.0.70 "GET /placement/allocations/6542a892-d0f6-4fe2-88bc-39c715a8cb14" status: 200 len: 259 microversion: 1.28
Jul 01 20:10:43.425209 n-d-832330-7 devstack@placement-api.service[106521]: [pid: 106521|app: 0|req: 197/389] 10.222.0.70 () {60 vars in 1377 bytes} [Fri Jul 1 20:10:43 2022] GET /placement/allocations/6542a892-d0f6-4fe2-88bc-39c715a8cb14 => generated 259 bytes in 57 msecs (HTTP/1.1 200) 8 headers in 296 bytes (2 switches on core 0)
Jul 01 20:10:43.436913 n-d-832330-7 devstack@placement-api.service[106520]: DEBUG placement.requestlog [req-6b5fabc3-7313-4400-b3c8-38794837290c req-cfec055c-bc8f-4317-92b5-aae670b4a3c2 None None] Starting request: 10.222.0.59 "GET /placement/allocations/be150f7b-2eed-4491-a239-3d7a4d11ec59" {{(pid=106520) __call__ /opt/stack/placement/placement/requestlog.py:55}}
Jul 01 20:10:43.469966 n-d-832330-7 devstack@placement-api.service[106520]: INFO placement.requestlog [req-6b5fabc3-7313-4400-b3c8-38794837290c req-cfec055c-bc8f-4317-92b5-aae670b4a3c2 service placement] 10.222.0.59 "GET /placement/allocations/be150f7b-2eed-4491-a239-3d7a4d11ec59" status: 200 len: 19 microversion: 1.28
