Jul 01 20:07:01.755351 n-d-832330-7 devstack@placement-api.service[106520]: INFO placement.requestlog [req-bf2ddf28-b505-4823-8959-f6dc03fdbca5 req-bf83faab-394d-417b-a463-b9e23b0fc4ed service placement] 10.222.0.59 "GET /placement/allocations/cc278728-6d8c-412c-b8d2-72124a8f4d20" status: 200 len: 259 microversion: 1.28
Jul 01 20:07:01.756152 n-d-832330-7 devstack@placement-api.service[106520]: [pid: 106520|app: 0|req: 108/218] 10.222.0.59 () {60 vars in 1380 bytes} [Fri Jul 1 20:07:01 2022] GET /placement/allocations/cc278728-6d8c-412c-b8d2-72124a8f4d20 => generated 259 bytes in 131 msecs (HTTP/1.1 200) 8 headers in 296 bytes (1 switches on core 0)
Jul 01 20:07:01.762670 n-d-832330-7 devstack@placement-api.service[106521]: DEBUG placement.requestlog [req-bf2ddf28-b505-4823-8959-f6dc03fdbca5 req-e82dfecc-8b16-4a95-a284-5cf3438569f4 None None] Starting request: 10.222.0.59 "GET /placement/allocations/cc278728-6d8c-412c-b8d2-72124a8f4d20" {{(pid=106521) __call__ /opt/stack/placement/placement/requestlog.py:55}}
Jul 01 20:07:01.768798 n-d-832330-7 devstack@placement-api.service[106520]: DEBUG placement.requestlog [req-607d9866-3f7e-4c97-bf05-c829a231dd18 req-c5bada6f-2c36-4f96-acf4-29f463f1b168 None None] Starting request: 10.222.0.71 "DELETE /placement/allocations/a738ac45-c22c-40dd-820b-7f76db69629a" {{(pid=106520) __call__ /opt/stack/placement/placement/requestlog.py:55}}
Jul 01 20:07:01.781166 n-d-832330-7 devstack@placement-api.service[106521]: INFO placement.requestlog [req-bf2ddf28-b505-4823-8959-f6dc03fdbca5 req-e82dfecc-8b16-4a95-a284-5cf3438569f4 service placement] 10.222.0.59 "GET /placement/allocations/cc278728-6d8c-412c-b8d2-72124a8f4d20" status: 200 len: 259 microversion: 1.28
Jul 01 20:07:01.788512 n-d-832330-7 devstack@placement-api.service[106521]: [pid: 106521|app: 0|req: 111/219] 10.222.0.59 () {60 vars in 1380 bytes} [Fri Jul 1 20:07:01 2022] GET /placement/allocations/cc278728-6d8c-412c-b8d2-72124a8f4d20 => generated 259 bytes in 26 msecs (HTTP/1.1 200) 8 headers in 296 bytes (1 switches on core 0)
Jul 01 20:07:01.798856 n-d-832330-7 devstack@placement-api.service[106521]: DEBUG placement.requestlog [req-bf2ddf28-b505-4823-8959-f6dc03fdbca5 req-154d07da-591d-4025-beac-9ac79d70c953 None None] Starting request: 10.222.0.59 "GET /placement/allocations/d1d94ff6-fb0f-44db-8af1-8454939724ea" {{(pid=106521) __call__ /opt/stack/placement/placement/requestlog.py:55}}
Jul 01 20:07:01.804002 n-d-832330-7 devstack@placement-api.service[106521]: INFO placement.requestlog [req-bf2ddf28-b505-4823-8959-f6dc03fdbca5 req-154d07da-591d-4025-beac-9ac79d70c953 service placement] 10.222.0.59 "GET /placement/allocations/d1d94ff6-fb0f-44db-8af1-8454939724ea" status: 200 len: 19 microversion: 1.28
Jul 01 20:07:01.810965 n-d-832330-7 devstack@placement-api.service[106521]: [pid: 106521|app: 0|req: 112/220] 10.222.0.59 () {60 vars in 1380 bytes} [Fri Jul 1 20:07:01 2022] GET /placement/allocations/d1d94ff6-fb0f-44db-8af1-8454939724ea => generated 19 bytes in 21 msecs (HTTP/1.1 200) 8 headers in 295 bytes (1 switches on core 0)
Jul 01 20:07:01.811911 n-d-832330-7 devstack@placement-api.service[106521]: DEBUG placement.requestlog [req-bf2ddf28-b505-4823-8959-f6dc03fdbca5 req-20ff74b6-e18b-45f6-977e-cf22b964b411 None None] Starting request: 10.222.0.59 "POST /placement/allocations" {{(pid=106521) __call__ /opt/stack/placement/placement/requestlog.py:55}}
Jul 01 20:07:02.035910 n-d-832330-7 devstack@placement-api.service[106520]: DEBUG placement.handlers.allocation [req-607d9866-3f7e-4c97-bf05-c829a231dd18 req-c5bada6f-2c36-4f96-acf4-29f463f1b168 service placement] Successfully deleted allocations [, , ] {{(pid=106520) delete_allocations /opt/stack/placement/placement/handlers/allocation.py:627}}
Jul 01 20:07:02.037018 n-d-832330-7 devstack@placement-api.service[106520]: INFO placement.requestlog [req-607d9866-3f7e-4c97-bf05-c829a231dd18 req-c5bada6f-2c36-4f96-acf4-29f463f1b168 service placement] 10.222.0.71 "DELETE /placement/allocations/a738ac45-c22c-40dd-820b-7f76db69629a" status: 204 len: 0 microversion: 1.0
Jul 01 20:07:02.037403 n-d-832330-7 devstack@placement-api.service[106520]: [pid: 106520|app: 0|req: 109/221] 10.222.0.71 () {60 vars in 1355 bytes} [Fri Jul 1 20:07:01 2022] DELETE /placement/allocations/a738ac45-c22c-40dd-820b-7f76db69629a => generated 0 bytes in 270 msecs (HTTP/1.1 204) 5 headers in 198 bytes (2 switches on core 0)
Jul 01 20:07:02.113257 n-d-832330-7 devstack@placement-api.service[106521]: DEBUG placement.handlers.allocation [req-bf2ddf28-b505-4823-8959-f6dc03fdbca5 req-20ff74b6-e18b-45f6-977e-cf22b964b411 service placement] Successfully wrote allocations [, , , , , ] {{(pid=106521) _update_consumers_and_create_allocations /opt/stack/placement/placement/handlers/allocation.py:572}}
Jul 01 20:07:02.185258 n-d-832330-7 devstack@placement-api.service[106521]: INFO placement.requestlog [req-bf2ddf28-b505-4823-8959-f6dc03fdbca5 req-20ff74b6-e18b-45f6-977e-cf22b964b411 service placement] 10.222.0.59 "POST /placement/allocations" status: 204 len: 0 microversion: 1.28
Jul 01 20:07:02.189483 n-d-832330-7 devstack@placement-api.service[106521]: [pid: 106521|app: 0|req: 113/222] 10.222.0.59 () {64 vars in 1323 bytes} [Fri Jul 1 20:07:01 2022] POST /placement/allocations => generated 0 bytes in 374 msecs (HTTP/1.1 204) 5 headers in 199 bytes (1 switches on core 0)
Jul 01 20:07:02.225451 n-d-832330-7 devstack@placement-api.service[106520]: DEBUG placement.requestlog [req-bf2ddf28-b505-4823-8959-f6dc03fdbca5 req-1479efc2-c51e-4ec0-a044-59958547890d None None] Starting request: 10.222.0.59 "GET /placement/allocations/cc278728-6d8c-412c-b8d2-72124a8f4d20" {{(pid=106520) __call__ /opt/stack/placement/placement/requestlog.py:55}}
Jul 01 20:07:02.239377 n-d-832330-7 devstack@placement-api.service[106520]: INFO placement.requestlog [req-bf2ddf28-b505-4823-8959-f6dc03fdbca5 req-1479efc2-c51e-4ec0-a044-59958547890d service placement] 10.222.0.59 "GET /placement/allocations/cc278728-6d8c-412c-b8d2-72124a8f4d20" status: 200 len: 19 microversion: 1.28
Jul 01 20:07:02.239900 n-d-832330-7 devstack@placement-api.service[106520]: [pid: 106520|app: 0|req: 110/223] 10.222.0.59 () {60 vars in 1380 bytes} [Fri Jul 1 20:07:02 2022] GET /placement/allocations/cc278728-6d8c-412c-b8d2-72124a8f4d20 => generated 19 bytes in 15 msecs (HTTP/1.1 200) 8 headers in 295 bytes (1 switches on core 0)
Jul 01 20:07:02.246150 n-d-832330-7 devstack@placement-api.service[106521]: DEBUG placement.requestlog [req-bf2ddf28-b505-4823-8959-f6dc03fdbca5 req-7e3120ac-9397-4f71-ab6f-c7836175e306 None None] Starting request: 10.222.0.59 "PUT /placement/allocations/cc278728-6d8c-412c-b8d2-72124a8f4d20" {{(pid=106521) __call__ /opt/stack/placement/placement/requestlog.py:55}}
Jul 01 20:07:02.422569 n-d-832330-7 devstack@placement-api.service[106521]: DEBUG placement.handlers.allocation [req-bf2ddf28-b505-4823-8959-f6dc03fdbca5 req-7e3120ac-9397-4f71-ab6f-c7836175e306 service placement] Successfully wrote allocations [, , ] {{(pid=106521) _update_consumers_and_create_allocations /opt/stack/placement/placement/handlers/allocation.py:462}}
Jul 01 20:07:02.523980 n-d-832330-7 devstack@placement-api.service[106521]: INFO placement.requestlog [req-bf2ddf28-b505-4823-8959-f6dc03fdbca5 req-7e3120ac-9397-4f71-ab6f-c7836175e306 service placement] 10.222.0.59 "PUT /placement/allocations/cc278728-6d8c-412c-b8d2-72124a8f4d20" status: 204 len: 0 microversion: 1.28
Jul 01 20:07:02.524773 n-d-832330-7 devstack@placement-api.service[106521]: [pid: 106521|app: 0|req: 114/224] 10.222.0.59 () {64 vars in 1433 bytes} [Fri Jul 1 20:07:02 2022] PUT /placement/allocations/cc278728-6d8c-412c-b8d2-72124a8f4d20 => generated 0 bytes in 279 msecs (HTTP/1.1 204) 5 headers in 199 bytes (2 switches on core 0)
Jul 01 20:07:02.886989 n-d-832330-7 devstack@placement-api.service[106520]: DEBUG placement.requestlog [req-bf2ddf28-b505-4823-8959-f6dc03fdbca5 req-02b70dfb-1a3b-4629-af06-08060d5b0c00 None None] Starting request: 10.222.0.71 "GET /placement/allocations/cc278728-6d8c-412c-b8d2-72124a8f4d20" {{(pid=106520) __call__ /opt/stack/placement/placement/requestlog.py:55}}
Jul 01 20:07:02.916952 n-d-832330-7 devstack@placement-api.service[106520]: INFO placement.requestlog [req-bf2ddf28-b505-4823-8959-f6dc03fdbca5 req-02b70dfb-1a3b-4629-af06-08060d5b0c00 service placement] 10.222.0.71 "GET /placement/allocations/cc278728-6d8c-412c-b8d2-72124a8f4d20" status: 200 len: 259 microversion: 1.28
Jul 01 20:07:02.917890 n-d-832330-7 devstack@placement-api.service[106520]: [pid: 106520|app: 0|req: 111/225] 10.222.0.71 () {60 vars in 1377 bytes} [Fri Jul 1 20:07:02 2022] GET /placement/allocations/cc278728-6d8c-412c-b8d2-72124a8f4d20 => generated 259 bytes in 31 msecs (HTTP/1.1 200) 8 headers in 296 bytes (1 switches on core 0)
Jul 01 20:07:08.519184 n-d-832330-7 devstack@placement-api.service[106521]: DEBUG placement.requestlog [req-ffefc554-4d1d-4beb-9c56-6185dfe85806 req-a8f2cebf-6ab0-4cd2-ac71-eed7e06b4090 None None] Starting request: 10.222.0.70 "DELETE /placement/allocations/f038c79a-0844-4ca7-8df7-c69872ee5fbf" {{(pid=106521) __call__ /opt/stack/placement/placement/requestlog.py:55}}
Jul 01 20:07:08.653753 n-d-832330-7 devstack@placement-api.service[106521]: DEBUG placement.handlers.allocation [req-ffefc554-4d1d-4beb-9c56-6185dfe85806 req-a8f2cebf-6ab0-4cd2-ac71-eed7e06b4090 service placement] Successfully deleted allocations [, , ] {{(pid=106521) delete_allocations /opt/stack/placement/placement/handlers/allocation.py:627}}
Jul 01 20:07:08.655799 n-d-832330-7 devstack@placement-api.service[106521]: INFO placement.requestlog [req-ffefc554-4d1d-4beb-9c56-6185dfe85806 req-a8f2cebf-6ab0-4cd2-ac71-eed7e06b4090 service placement] 10.222.0.70 "DELETE /placement/allocations/f038c79a-0844-4ca7-8df7-c69872ee5fbf" status: 204 len: 0 microversion: 1.0
Jul 01 20:07:08.656896 n-d-832330-7 devstack@placement-api.service[106521]: [pid: 106521|app: 0|req: 115/226] 10.222.0.70 () {60 vars in 1355 bytes} [Fri Jul 1 20:07:08 2022] DELETE /placement/allocations/f038c79a-0844-4ca7-8df7-c69872ee5fbf => generated 0 bytes in 138 msecs (HTTP/1.1 204) 5 headers in 198 bytes (1 switches on core 0)
Jul 01 20:07:10.528371 n-d-832330-7 devstack@placement-api.service[106520]: DEBUG placement.requestlog [req-2bb041b9-454e-4b1f-bcd9-d399f4381fac req-dacebe4d-99ad-4b36-bb2c-fa9186c22768 None None] Starting request: 10.222.0.71 "GET /placement/resource_providers/01f473d9-14e4-4909-aee9-4c27081aeafc/allocations" {{(pid=106520) __call__ /opt/stack/placement/placement/requestlog.py:55}}
Jul 01 20:07:10.549451 n-d-832330-7 devstack@placement-api.service[106521]: DEBUG placement.requestlog [req-4527e3b0-72dc-46b4-addc-a292c0d62106 req-edba82d4-873b-485d-831b-a64c695be957 None None] Starting request: 10.222.0.70 "GET /placement/allocations/db07ac65-62cd-4469-abe6-15bd0f56b7d1" {{(pid=106521) __call__ /opt/stack/placement/placement/requestlog.py:55}}
Jul 01 20:07:10.593272 n-d-832330-7 devstack@placement-api.service[106520]: INFO placement.requestlog [req-2bb041b9-454e-4b1f-bcd9-d399f4381fac req-dacebe4d-99ad-4b36-bb2c-fa9186c22768 service placement] 10.222.0.71 "GET /placement/resource_providers/01f473d9-14e4-4909-aee9-4c27081aeafc/allocations" status: 200 len: 558 microversion: 1.0
Jul 01 20:07:10.598910 n-d-832330-7 devstack@placement-api.service[106520]: [pid: 106520|app: 0|req: 112/227] 10.222.0.71 () {58 vars in 1390 bytes} [Fri Jul 1 20:07:10 2022] GET /placement/resource_providers/01f473d9-14e4-4909-aee9-4c27081aeafc/allocations => generated 558 bytes in 69 msecs (HTTP/1.1 200) 6 headers in 224 bytes (1 switches on core 0)
Jul 01 20:07:10.606677 n-d-832330-7 devstack@placement-api.service[106521]: INFO placement.requestlog [req-4527e3b0-72dc-46b4-addc-a292c0d62106 req-edba82d4-873b-485d-831b-a64c695be957 service placement] 10.222.0.70 "GET /placement/allocations/db07ac65-62cd-4469-abe6-15bd0f56b7d1" status: 200 len: 259 microversion: 1.28
Jul 01 20:07:10.607307 n-d-832330-7 devstack@placement-api.service[106521]: [pid: 106521|app: 0|req: 116/228] 10.222.0.70 () {60 vars in 1377 bytes} [Fri Jul 1 20:07:10 2022] GET /placement/allocations/db07ac65-62cd-4469-abe6-15bd0f56b7d1 => generated 259 bytes in 58 msecs (HTTP/1.1 200) 8 headers in 296 bytes (2 switches on core 0)
Jul 01 20:07:12.110185 n-d-832330-7 devstack@placement-api.service[106520]: DEBUG placement.requestlog [req-9c1c141e-57a5-4346-aa30-b2ab5af1394d req-941d0b1c-6e99-45d4-ad5b-77463b155b01 None None] Starting request: 10.222.0.59 "GET /placement/allocation_candidates?limit=1000&resources=DISK_GB%3A1%2CMEMORY_MB%3A1024%2CVCPU%3A1&root_required=%21COMPUTE_STATUS_DISABLED" {{(pid=106520) __call__ /opt/stack/placement/placement/requestlog.py:55}}
Jul 01 20:07:12.171867 n-d-832330-7 devstack@placement-api.service[106520]: DEBUG placement.objects.research_context [req-9c1c141e-57a5-4346-aa30-b2ab5af1394d req-941d0b1c-6e99-45d4-ad5b-77463b155b01 service placement] getting providers with 1 DISK_GB {{(pid=106520) __init__ /opt/stack/placement/placement/objects/research_context.py:136}}
Jul 01 20:07:12.189741 n-d-832330-7 devstack@placement-api.service[106520]: DEBUG placement.objects.research_context [req-9c1c141e-57a5-4346-aa30-b2ab5af1394d req-941d0b1c-6e99-45d4-ad5b-77463b155b01 service placement] getting providers with 1024 MEMORY_MB {{(pid=106520) __init__ /opt/stack/placement/placement/objects/research_context.py:136}}
Jul 01 20:07:12.197976 n-d-832330-7 devstack@placement-api.service[106520]: DEBUG dbcounter [-] [106520] Writing DB stats placement:SELECT=88,placement:INSERT=4,placement:DELETE=5,placement:UPDATE=3 {{(pid=106520) stat_writer /usr/local/lib/python3.8/dist-packages/dbcounter.py:114}}
Jul 01 20:07:12.200557 n-d-832330-7 devstack@placement-api.service[106520]: DEBUG placement.objects.research_context [req-9c1c141e-57a5-4346-aa30-b2ab5af1394d req-941d0b1c-6e99-45d4-ad5b-77463b155b01 service placement] getting providers with 1 VCPU {{(pid=106520) __init__ /opt/stack/placement/placement/objects/research_context.py:136}}
Jul 01 20:07:12.216224 n-d-832330-7 devstack@placement-api.service[106520]: DEBUG placement.objects.research_context [req-9c1c141e-57a5-4346-aa30-b2ab5af1394d req-941d0b1c-6e99-45d4-ad5b-77463b155b01 service placement] found 2 providers with available 1 DISK_GB {{(pid=106520) get_provider_ids_matching /opt/stack/placement/placement/objects/research_context.py:563}}
Jul 01 20:07:12.216499 n-d-832330-7 devstack@placement-api.service[106520]: DEBUG placement.objects.research_context [req-9c1c141e-57a5-4346-aa30-b2ab5af1394d req-941d0b1c-6e99-45d4-ad5b-77463b155b01 service placement] found 2 providers with available 1024 MEMORY_MB {{(pid=106520) get_provider_ids_matching /opt/stack/placement/placement/objects/research_context.py:563}}
Jul 01 20:07:12.216783 n-d-832330-7 devstack@placement-api.service[106520]: DEBUG placement.objects.research_context [req-9c1c141e-57a5-4346-aa30-b2ab5af1394d req-941d0b1c-6e99-45d4-ad5b-77463b155b01 service placement] found 2 providers after filtering by previous result {{(pid=106520) get_provider_ids_matching /opt/stack/placement/placement/objects/research_context.py:594}}
Jul 01 20:07:12.217096 n-d-832330-7 devstack@placement-api.service[106520]: DEBUG placement.objects.research_context [req-9c1c141e-57a5-4346-aa30-b2ab5af1394d req-941d0b1c-6e99-45d4-ad5b-77463b155b01 service placement] found 2 providers with available 1 VCPU {{(pid=106520) get_provider_ids_matching /opt/stack/placement/placement/objects/research_context.py:563}}
Jul 01 20:07:12.220226 n-d-832330-7 devstack@placement-api.service[106520]: DEBUG placement.objects.research_context [req-9c1c141e-57a5-4346-aa30-b2ab5af1394d req-941d0b1c-6e99-45d4-ad5b-77463b155b01 service placement] found 2 providers after filtering by previous result {{(pid=106520) get_provider_ids_matching /opt/stack/placement/placement/objects/research_context.py:594}}
Jul 01 20:07:12.244490 n-d-832330-7 devstack@placement-api.service[106520]: DEBUG placement.objects.allocation_candidate [req-9c1c141e-57a5-4346-aa30-b2ab5af1394d req-941d0b1c-6e99-45d4-ad5b-77463b155b01 service placement] RequestGroup(use_same_provider=False, resources={DISK_GB:1, MEMORY_MB:1024, VCPU:1}, traits=(), aggregates=[]) (suffix '') returned 2 matches {{(pid=106520) _get_by_requests /opt/stack/placement/placement/objects/allocation_candidate.py:156}}
Jul 01 20:07:12.246671 n-d-832330-7 devstack@placement-api.service[106520]: DEBUG placement.objects.allocation_candidate [req-9c1c141e-57a5-4346-aa30-b2ab5af1394d req-941d0b1c-6e99-45d4-ad5b-77463b155b01 service placement] Merging candidates yields 2 allocation requests and 2 provider summaries {{(pid=106520) _merge_candidates /opt/stack/placement/placement/objects/allocation_candidate.py:809}}
Jul 01 20:07:12.248194 n-d-832330-7 devstack@placement-api.service[106520]: INFO placement.requestlog [req-9c1c141e-57a5-4346-aa30-b2ab5af1394d req-941d0b1c-6e99-45d4-ad5b-77463b155b01 service placement] 10.222.0.59 "GET /placement/allocation_candidates?limit=1000&resources=DISK_GB%3A1%2CMEMORY_MB%3A1024%2CVCPU%3A1&root_required=%21COMPUTE_STATUS_DISABLED" status: 200 len: 1309 microversion: 1.36
Jul 01 20:07:12.249397 n-d-832330-7 devstack@placement-api.service[106520]: [pid: 106520|app: 0|req: 113/229] 10.222.0.59 () {60 vars in 1506 bytes} [Fri Jul 1 20:07:12 2022] GET /placement/allocation_candidates?limit=1000&resources=DISK_GB%3A1%2CMEMORY_MB%3A1024%2CVCPU%3A1&root_required=%21COMPUTE_STATUS_DISABLED => generated 1309 bytes in 139 msecs (HTTP/1.1 200) 8 headers in 297 bytes (1 switches on core 0)
Jul 01 20:07:12.408685 n-d-832330-7 devstack@placement-api.service[106521]: DEBUG placement.requestlog [req-9c1c141e-57a5-4346-aa30-b2ab5af1394d req-89e82ad7-6436-4c7b-a5d9-bdd0165d1f88 None None] Starting request: 10.222.0.59 "GET /placement/allocations/e5c89f01-ea75-42da-9c79-f615c548d713" {{(pid=106521) __call__ /opt/stack/placement/placement/requestlog.py:55}}
Jul 01 20:07:12.426219 n-d-832330-7 devstack@placement-api.service[106521]: INFO placement.requestlog [req-9c1c141e-57a5-4346-aa30-b2ab5af1394d req-89e82ad7-6436-4c7b-a5d9-bdd0165d1f88 service placement] 10.222.0.59 "GET /placement/allocations/e5c89f01-ea75-42da-9c79-f615c548d713" status: 200 len: 19 microversion: 1.28
Jul 01 20:07:12.430314 n-d-832330-7 devstack@placement-api.service[106521]: [pid: 106521|app: 0|req: 117/230] 10.222.0.59 () {60 vars in 1380 bytes} [Fri Jul 1 20:07:12 2022] GET /placement/allocations/e5c89f01-ea75-42da-9c79-f615c548d713 => generated 19 bytes in 19 msecs (HTTP/1.1 200) 8 headers in 295 bytes (1 switches on core 0)
Jul 01 20:07:12.435114 n-d-832330-7 devstack@placement-api.service[106520]: DEBUG placement.requestlog [req-9c1c141e-57a5-4346-aa30-b2ab5af1394d req-44e6e27f-d253-4476-b69b-a2a92496a74d None None] Starting request: 10.222.0.59 "PUT /placement/allocations/e5c89f01-ea75-42da-9c79-f615c548d713" {{(pid=106520) __call__ /opt/stack/placement/placement/requestlog.py:55}}
Jul 01 20:07:12.810770 n-d-832330-7 devstack@placement-api.service[106520]: DEBUG placement.handlers.allocation [req-9c1c141e-57a5-4346-aa30-b2ab5af1394d req-44e6e27f-d253-4476-b69b-a2a92496a74d service placement] Successfully wrote allocations [, , ] {{(pid=106520) _update_consumers_and_create_allocations /opt/stack/placement/placement/handlers/allocation.py:462}}
Jul 01 20:07:12.869855 n-d-832330-7 devstack@placement-api.service[106520]: INFO placement.requestlog [req-9c1c141e-57a5-4346-aa30-b2ab5af1394d req-44e6e27f-d253-4476-b69b-a2a92496a74d service placement] 10.222.0.59 "PUT /placement/allocations/e5c89f01-ea75-42da-9c79-f615c548d713" status: 204 len: 0 microversion: 1.36
Jul 01 20:07:12.873000 n-d-832330-7 devstack@placement-api.service[106520]: [pid: 106520|app: 0|req: 114/231] 10.222.0.59 () {64 vars in 1433 bytes} [Fri Jul 1 20:07:12 2022] PUT /placement/allocations/e5c89f01-ea75-42da-9c79-f615c548d713 => generated 0 bytes in 436 msecs (HTTP/1.1 204) 5 headers in 199 bytes (1 switches on core 0)
Jul 01 20:07:15.227777 n-d-832330-7 devstack@placement-api.service[106521]: DEBUG placement.requestlog [req-9c1c141e-57a5-4346-aa30-b2ab5af1394d req-02ca48cd-c8a4-4719-903f-030dd41bf60d None None] Starting request: 10.222.0.71 "GET /placement/allocations/e5c89f01-ea75-42da-9c79-f615c548d713" {{(pid=106521) __call__ /opt/stack/placement/placement/requestlog.py:55}}
Jul 01 20:07:15.265921 n-d-832330-7 devstack@placement-api.service[106521]: INFO placement.requestlog [req-9c1c141e-57a5-4346-aa30-b2ab5af1394d req-02ca48cd-c8a4-4719-903f-030dd41bf60d service placement] 10.222.0.71 "GET /placement/allocations/e5c89f01-ea75-42da-9c79-f615c548d713" status: 200 len: 259 microversion: 1.28
Jul 01 20:07:15.265921 n-d-832330-7 devstack@placement-api.service[106521]: [pid: 106521|app: 0|req: 118/232] 10.222.0.71 () {60 vars in 1377 bytes} [Fri Jul 1 20:07:15 2022] GET /placement/allocations/e5c89f01-ea75-42da-9c79-f615c548d713 => generated 259 bytes in 36 msecs (HTTP/1.1 200) 8 headers in 296 bytes (1 switches on core 0)
Jul 01 20:07:15.293065 n-d-832330-7 devstack@placement-api.service[106520]: DEBUG placement.requestlog [req-2994c7c6-3b73-4d80-a1a0-77f632f8df70 req-2de28111-df51-4008-bc28-30220cc05612 None None] Starting request: 10.222.0.59 "GET /placement/allocation_candidates?limit=1000&resources=DISK_GB%3A1%2CMEMORY_MB%3A1024%2CVCPU%3A1&root_required=%21COMPUTE_STATUS_DISABLED" {{(pid=106520) __call__ /opt/stack/placement/placement/requestlog.py:55}}
Jul 01 20:07:15.333958 n-d-832330-7 devstack@placement-api.service[106520]: DEBUG placement.objects.research_context [req-2994c7c6-3b73-4d80-a1a0-77f632f8df70 req-2de28111-df51-4008-bc28-30220cc05612 service placement] getting providers with 1 DISK_GB {{(pid=106520) __init__ /opt/stack/placement/placement/objects/research_context.py:136}}
Jul 01 20:07:15.346444 n-d-832330-7 devstack@placement-api.service[106520]: DEBUG placement.objects.research_context [req-2994c7c6-3b73-4d80-a1a0-77f632f8df70 req-2de28111-df51-4008-bc28-30220cc05612 service placement] getting providers with 1024 MEMORY_MB {{(pid=106520) __init__ /opt/stack/placement/placement/objects/research_context.py:136}}
Jul 01 20:07:15.361216 n-d-832330-7 devstack@placement-api.service[106520]: DEBUG placement.objects.research_context [req-2994c7c6-3b73-4d80-a1a0-77f632f8df70 req-2de28111-df51-4008-bc28-30220cc05612 service placement] getting providers with 1 VCPU {{(pid=106520) __init__ /opt/stack/placement/placement/objects/research_context.py:136}}
Jul 01 20:07:15.376923 n-d-832330-7 devstack@placement-api.service[106520]: DEBUG placement.objects.research_context [req-2994c7c6-3b73-4d80-a1a0-77f632f8df70 req-2de28111-df51-4008-bc28-30220cc05612 service placement] found 2 providers with available 1 DISK_GB {{(pid=106520) get_provider_ids_matching /opt/stack/placement/placement/objects/research_context.py:563}}
Jul 01 20:07:15.378412 n-d-832330-7 devstack@placement-api.service[106520]: DEBUG placement.objects.research_context [req-2994c7c6-3b73-4d80-a1a0-77f632f8df70 req-2de28111-df51-4008-bc28-30220cc05612 service placement] found 2 providers with available 1024 MEMORY_MB {{(pid=106520) get_provider_ids_matching /opt/stack/placement/placement/objects/research_context.py:563}}
Jul 01 20:07:15.379428 n-d-832330-7 devstack@placement-api.service[106520]: DEBUG placement.objects.research_context [req-2994c7c6-3b73-4d80-a1a0-77f632f8df70 req-2de28111-df51-4008-bc28-30220cc05612 service placement] found 2 providers after filtering by previous result {{(pid=106520) get_provider_ids_matching /opt/stack/placement/placement/objects/research_context.py:594}}
Jul 01 20:07:15.381064 n-d-832330-7 devstack@placement-api.service[106520]: DEBUG placement.objects.research_context [req-2994c7c6-3b73-4d80-a1a0-77f632f8df70 req-2de28111-df51-4008-bc28-30220cc05612 service placement] found 2 providers with available 1 VCPU {{(pid=106520) get_provider_ids_matching /opt/stack/placement/placement/objects/research_context.py:563}}
Jul 01 20:07:15.383348 n-d-832330-7 devstack@placement-api.service[106520]: DEBUG placement.objects.research_context [req-2994c7c6-3b73-4d80-a1a0-77f632f8df70 req-2de28111-df51-4008-bc28-30220cc05612 service placement] found 2 providers after filtering by previous result {{(pid=106520) get_provider_ids_matching /opt/stack/placement/placement/objects/research_context.py:594}}
Jul 01 20:07:15.409845 n-d-832330-7 devstack@placement-api.service[106520]: DEBUG placement.objects.allocation_candidate [req-2994c7c6-3b73-4d80-a1a0-77f632f8df70 req-2de28111-df51-4008-bc28-30220cc05612 service placement] RequestGroup(use_same_provider=False, resources={DISK_GB:1, MEMORY_MB:1024, VCPU:1}, traits=(), aggregates=[]) (suffix '') returned 2 matches {{(pid=106520) _get_by_requests /opt/stack/placement/placement/objects/allocation_candidate.py:156}}
Jul 01 20:07:15.410368 n-d-832330-7 devstack@placement-api.service[106520]: DEBUG placement.objects.allocation_candidate [req-2994c7c6-3b73-4d80-a1a0-77f632f8df70 req-2de28111-df51-4008-bc28-30220cc05612 service placement] Merging candidates yields 2 allocation requests and 2 provider summaries {{(pid=106520) _merge_candidates /opt/stack/placement/placement/objects/allocation_candidate.py:809}}
Jul 01 20:07:15.413275 n-d-832330-7 devstack@placement-api.service[106520]: INFO placement.requestlog [req-2994c7c6-3b73-4d80-a1a0-77f632f8df70 req-2de28111-df51-4008-bc28-30220cc05612 service placement] 10.222.0.59 "GET /placement/allocation_candidates?limit=1000&resources=DISK_GB%3A1%2CMEMORY_MB%3A1024%2CVCPU%3A1&root_required=%21COMPUTE_STATUS_DISABLED" status: 200 len: 1309 microversion: 1.36
Jul 01 20:07:15.431458 n-d-832330-7 devstack@placement-api.service[106520]: [pid: 106520|app: 0|req: 115/233] 10.222.0.59 () {60 vars in 1506 bytes} [Fri Jul 1 20:07:15 2022] GET /placement/allocation_candidates?limit=1000&resources=DISK_GB%3A1%2CMEMORY_MB%3A1024%2CVCPU%3A1&root_required=%21COMPUTE_STATUS_DISABLED => generated 1309 bytes in 139 msecs (HTTP/1.1 200) 8 headers in 297 bytes (1 switches on core 0)
Jul 01 20:07:15.519838 n-d-832330-7 devstack@placement-api.service[106521]: DEBUG placement.requestlog [req-2994c7c6-3b73-4d80-a1a0-77f632f8df70 req-7e73e60f-8b55-40ed-b006-0fe16f095792 None None] Starting request: 10.222.0.59 "GET /placement/allocations/72b72f84-3190-493b-9cba-1ced0c2fc092" {{(pid=106521) __call__ /opt/stack/placement/placement/requestlog.py:55}}
Jul 01 20:07:15.536622 n-d-832330-7 devstack@placement-api.service[106521]: INFO placement.requestlog [req-2994c7c6-3b73-4d80-a1a0-77f632f8df70 req-7e73e60f-8b55-40ed-b006-0fe16f095792 service placement] 10.222.0.59 "GET /placement/allocations/72b72f84-3190-493b-9cba-1ced0c2fc092" status: 200 len: 19 microversion: 1.28
Jul 01 20:07:15.540935 n-d-832330-7 devstack@placement-api.service[106521]: [pid: 106521|app: 0|req: 119/234] 10.222.0.59 () {60 vars in 1380 bytes} [Fri Jul 1 20:07:15 2022] GET /placement/allocations/72b72f84-3190-493b-9cba-1ced0c2fc092 => generated 19 bytes in 18 msecs (HTTP/1.1 200) 8 headers in 295 bytes (1 switches on core 0)
Jul 01 20:07:15.543700 n-d-832330-7 devstack@placement-api.service[106520]: DEBUG placement.requestlog [req-2994c7c6-3b73-4d80-a1a0-77f632f8df70 req-83ed4c89-2447-4c8d-8fe7-7995fae7c005 None None] Starting request: 10.222.0.59 "PUT /placement/allocations/72b72f84-3190-493b-9cba-1ced0c2fc092" {{(pid=106520) __call__ /opt/stack/placement/placement/requestlog.py:55}}
Jul 01 20:07:15.654365 n-d-832330-7 devstack@placement-api.service[106521]: DEBUG placement.requestlog [req-fc06efde-aac3-49ba-9bcd-1fde4493695e req-51ea254b-8234-4945-a9a6-608d6fc697f6 None None] Starting request: 10.222.0.71 "DELETE /placement/allocations/01b1a9a7-9727-4879-99da-fc6dc2eb69b6" {{(pid=106521) __call__ /opt/stack/placement/placement/requestlog.py:55}}
Jul 01 20:07:15.714169 n-d-832330-7 devstack@placement-api.service[106520]: DEBUG placement.handlers.allocation [req-2994c7c6-3b73-4d80-a1a0-77f632f8df70 req-83ed4c89-2447-4c8d-8fe7-7995fae7c005 service placement] Successfully wrote allocations [, , ] {{(pid=106520) _update_consumers_and_create_allocations /opt/stack/placement/placement/handlers/allocation.py:462}}
Jul 01 20:07:15.830099 n-d-832330-7 devstack@placement-api.service[106520]: INFO placement.requestlog [req-2994c7c6-3b73-4d80-a1a0-77f632f8df70 req-83ed4c89-2447-4c8d-8fe7-7995fae7c005 service placement] 10.222.0.59 "PUT /placement/allocations/72b72f84-3190-493b-9cba-1ced0c2fc092" status: 204 len: 0 microversion: 1.36
Jul 01 20:07:15.831234 n-d-832330-7 devstack@placement-api.service[106520]: [pid: 106520|app: 0|req: 116/235] 10.222.0.59 () {64 vars in 1433 bytes} [Fri Jul 1 20:07:15 2022] PUT /placement/allocations/72b72f84-3190-493b-9cba-1ced0c2fc092 => generated 0 bytes in 288 msecs (HTTP/1.1 204) 5 headers in 199 bytes (2 switches on core 0)
Jul 01 20:07:15.941433 n-d-832330-7 devstack@placement-api.service[106521]: DEBUG placement.handlers.allocation [req-fc06efde-aac3-49ba-9bcd-1fde4493695e req-51ea254b-8234-4945-a9a6-608d6fc697f6 service placement] Successfully deleted allocations [, , ] {{(pid=106521) delete_allocations /opt/stack/placement/placement/handlers/allocation.py:627}}
Jul 01 20:07:15.942655 n-d-832330-7 devstack@placement-api.service[106521]: INFO placement.requestlog [req-fc06efde-aac3-49ba-9bcd-1fde4493695e req-51ea254b-8234-4945-a9a6-608d6fc697f6 service placement] 10.222.0.71 "DELETE /placement/allocations/01b1a9a7-9727-4879-99da-fc6dc2eb69b6" status: 204 len: 0 microversion: 1.0
Jul 01 20:07:15.944126 n-d-832330-7 devstack@placement-api.service[106521]: [pid: 106521|app: 0|req: 120/236] 10.222.0.71 () {60 vars in 1355 bytes} [Fri Jul 1 20:07:15 2022] DELETE /placement/allocations/01b1a9a7-9727-4879-99da-fc6dc2eb69b6 => generated 0 bytes in 290 msecs (HTTP/1.1 204) 5 headers in 198 bytes (2 switches on core 0)
Jul 01 20:07:17.053163 n-d-832330-7 devstack@placement-api.service[106520]: DEBUG placement.requestlog [req-2994c7c6-3b73-4d80-a1a0-77f632f8df70 req-e72e1246-94e7-4d11-8a8b-d555fdf506f2 None None] Starting request: 10.222.0.71 "GET /placement/allocations/72b72f84-3190-493b-9cba-1ced0c2fc092" {{(pid=106520) __call__ /opt/stack/placement/placement/requestlog.py:55}}
Jul 01 20:07:17.080188 n-d-832330-7 devstack@placement-api.service[106520]: INFO placement.requestlog [req-2994c7c6-3b73-4d80-a1a0-77f632f8df70 req-e72e1246-94e7-4d11-8a8b-d555fdf506f2 service placement] 10.222.0.71 "GET /placement/allocations/72b72f84-3190-493b-9cba-1ced0c2fc092" status: 200 len: 259 microversion: 1.28
Jul 01 20:07:17.081407 n-d-832330-7 devstack@placement-api.service[106520]: [pid: 106520|app: 0|req: 117/237] 10.222.0.71 () {60 vars in 1377 bytes} [Fri Jul 1 20:07:17 2022] GET /placement/allocations/72b72f84-3190-493b-9cba-1ced0c2fc092 => generated 259 bytes in 28 msecs (HTTP/1.1 200) 8 headers in 296 bytes (1 switches on core 0)
Jul 01 20:07:25.793946 n-d-832330-7 devstack@placement-api.service[106521]: DEBUG dbcounter [-] [106521] Writing DB stats placement:SELECT=73,placement:DELETE=11,placement:INSERT=8,placement:UPDATE=5 {{(pid=106521) stat_writer /usr/local/lib/python3.8/dist-packages/dbcounter.py:114}}
Jul 01 20:07:26.134522 n-d-832330-7 devstack@placement-api.service[106521]: DEBUG placement.requestlog [req-785418d3-f9ff-4c04-ba7d-93766bc0145b req-3334dbb0-10de-47b7-8058-91f69fa021ec None None] Starting request: 10.222.0.59 "GET /placement/allocation_candidates?limit=1000&resources=DISK_GB%3A1%2CMEMORY_MB%3A1024%2CVCPU%3A1&root_required=%21COMPUTE_STATUS_DISABLED" {{(pid=106521) __call__ /opt/stack/placement/placement/requestlog.py:55}}
Jul 01 20:07:26.204147 n-d-832330-7 devstack@placement-api.service[106521]: DEBUG placement.objects.research_context [req-785418d3-f9ff-4c04-ba7d-93766bc0145b req-3334dbb0-10de-47b7-8058-91f69fa021ec service placement] getting providers with 1 DISK_GB {{(pid=106521) __init__ /opt/stack/placement/placement/objects/research_context.py:136}}
Jul 01 20:07:26.214619 n-d-832330-7 devstack@placement-api.service[106521]: DEBUG placement.objects.research_context [req-785418d3-f9ff-4c04-ba7d-93766bc0145b req-3334dbb0-10de-47b7-8058-91f69fa021ec service placement] getting providers with 1024 MEMORY_MB {{(pid=106521) __init__ /opt/stack/placement/placement/objects/research_context.py:136}}
Jul 01 20:07:26.231709 n-d-832330-7 devstack@placement-api.service[106521]: DEBUG placement.objects.research_context [req-785418d3-f9ff-4c04-ba7d-93766bc0145b req-3334dbb0-10de-47b7-8058-91f69fa021ec service placement] getting providers with 1 VCPU {{(pid=106521) __init__ /opt/stack/placement/placement/objects/research_context.py:136}}
Jul 01 20:07:26.238370 n-d-832330-7 devstack@placement-api.service[106521]: DEBUG placement.objects.research_context [req-785418d3-f9ff-4c04-ba7d-93766bc0145b req-3334dbb0-10de-47b7-8058-91f69fa021ec service placement] found 2 providers with available 1 DISK_GB {{(pid=106521) get_provider_ids_matching /opt/stack/placement/placement/objects/research_context.py:563}}
Jul 01 20:07:26.238986 n-d-832330-7 devstack@placement-api.service[106521]: DEBUG placement.objects.research_context [req-785418d3-f9ff-4c04-ba7d-93766bc0145b req-3334dbb0-10de-47b7-8058-91f69fa021ec service placement] found 2 providers with available 1024 MEMORY_MB {{(pid=106521) get_provider_ids_matching /opt/stack/placement/placement/objects/research_context.py:563}}
Jul 01 20:07:26.239940 n-d-832330-7 devstack@placement-api.service[106521]: DEBUG placement.objects.research_context [req-785418d3-f9ff-4c04-ba7d-93766bc0145b req-3334dbb0-10de-47b7-8058-91f69fa021ec service placement] found 2 providers after filtering by previous result {{(pid=106521) get_provider_ids_matching /opt/stack/placement/placement/objects/research_context.py:594}}
Jul 01 20:07:26.240372 n-d-832330-7 devstack@placement-api.service[106521]: DEBUG placement.objects.research_context [req-785418d3-f9ff-4c04-ba7d-93766bc0145b req-3334dbb0-10de-47b7-8058-91f69fa021ec service placement] found 2 providers with available 1 VCPU {{(pid=106521) get_provider_ids_matching /opt/stack/placement/placement/objects/research_context.py:563}}
Jul 01 20:07:26.240866 n-d-832330-7 devstack@placement-api.service[106521]: DEBUG placement.objects.research_context [req-785418d3-f9ff-4c04-ba7d-93766bc0145b req-3334dbb0-10de-47b7-8058-91f69fa021ec service placement] found 2 providers after filtering by previous result {{(pid=106521) get_provider_ids_matching /opt/stack/placement/placement/objects/research_context.py:594}}
Jul 01 20:07:26.259759 n-d-832330-7 devstack@placement-api.service[106521]: DEBUG placement.objects.allocation_candidate [req-785418d3-f9ff-4c04-ba7d-93766bc0145b req-3334dbb0-10de-47b7-8058-91f69fa021ec service placement] RequestGroup(use_same_provider=False, resources={DISK_GB:1, MEMORY_MB:1024, VCPU:1}, traits=(), aggregates=[]) (suffix '') returned 2 matches {{(pid=106521) _get_by_requests /opt/stack/placement/placement/objects/allocation_candidate.py:156}}
Jul 01 20:07:26.260418 n-d-832330-7 devstack@placement-api.service[106521]: DEBUG placement.objects.allocation_candidate [req-785418d3-f9ff-4c04-ba7d-93766bc0145b req-3334dbb0-10de-47b7-8058-91f69fa021ec service placement] Merging candidates yields 2 allocation requests and 2 provider summaries {{(pid=106521) _merge_candidates /opt/stack/placement/placement/objects/allocation_candidate.py:809}}
Jul 01 20:07:26.262414 n-d-832330-7 devstack@placement-api.service[106521]: INFO placement.requestlog [req-785418d3-f9ff-4c04-ba7d-93766bc0145b req-3334dbb0-10de-47b7-8058-91f69fa021ec service placement] 10.222.0.59 "GET /placement/allocation_candidates?limit=1000&resources=DISK_GB%3A1%2CMEMORY_MB%3A1024%2CVCPU%3A1&root_required=%21COMPUTE_STATUS_DISABLED" status: 200 len: 1309 microversion: 1.36
Jul 01 20:07:26.263377 n-d-832330-7 devstack@placement-api.service[106521]: [pid: 106521|app: 0|req: 121/238] 10.222.0.59 () {60 vars in 1506 bytes} [Fri Jul 1 20:07:26 2022] GET /placement/allocation_candidates?limit=1000&resources=DISK_GB%3A1%2CMEMORY_MB%3A1024%2CVCPU%3A1&root_required=%21COMPUTE_STATUS_DISABLED => generated 1309 bytes in 130 msecs (HTTP/1.1 200) 8 headers in 297 bytes (1 switches on core 0)
Jul 01 20:07:26.358142 n-d-832330-7 devstack@placement-api.service[106520]: DEBUG placement.requestlog [req-785418d3-f9ff-4c04-ba7d-93766bc0145b req-4eb21449-276d-492a-af25-1062e3c57605 None None] Starting request: 10.222.0.59 "GET /placement/allocations/09be394d-5596-48f9-9b15-e3f59645c525" {{(pid=106520) __call__ /opt/stack/placement/placement/requestlog.py:55}}
Jul 01 20:07:26.373214 n-d-832330-7 devstack@placement-api.service[106520]: INFO placement.requestlog [req-785418d3-f9ff-4c04-ba7d-93766bc0145b req-4eb21449-276d-492a-af25-1062e3c57605 service placement] 10.222.0.59 "GET /placement/allocations/09be394d-5596-48f9-9b15-e3f59645c525" status: 200 len: 19 microversion: 1.28
Jul 01 20:07:26.378717 n-d-832330-7 devstack@placement-api.service[106520]: [pid: 106520|app: 0|req: 118/239] 10.222.0.59 () {60 vars in 1380 bytes} [Fri Jul 1 20:07:26 2022] GET /placement/allocations/09be394d-5596-48f9-9b15-e3f59645c525 => generated 19 bytes in 21 msecs (HTTP/1.1 200) 8 headers in 295 bytes (2 switches on core 0)
Jul 01 20:07:26.388358 n-d-832330-7 devstack@placement-api.service[106521]: DEBUG placement.requestlog [req-785418d3-f9ff-4c04-ba7d-93766bc0145b req-4a5d05bf-1477-415b-8890-9f33c8ece913 None None] Starting request: 10.222.0.59 "PUT /placement/allocations/09be394d-5596-48f9-9b15-e3f59645c525" {{(pid=106521) __call__ /opt/stack/placement/placement/requestlog.py:55}}
Jul 01 20:07:26.749239 n-d-832330-7 devstack@placement-api.service[106521]: DEBUG placement.handlers.allocation [req-785418d3-f9ff-4c04-ba7d-93766bc0145b req-4a5d05bf-1477-415b-8890-9f33c8ece913 service placement] Successfully wrote allocations [, , ] {{(pid=106521) _update_consumers_and_create_allocations /opt/stack/placement/placement/handlers/allocation.py:462}}
Jul 01 20:07:26.844410 n-d-832330-7 devstack@placement-api.service[106521]: INFO placement.requestlog [req-785418d3-f9ff-4c04-ba7d-93766bc0145b req-4a5d05bf-1477-415b-8890-9f33c8ece913 service placement] 10.222.0.59 "PUT /placement/allocations/09be394d-5596-48f9-9b15-e3f59645c525" status: 204 len: 0 microversion: 1.36
Jul 01 20:07:26.846386 n-d-832330-7 devstack@placement-api.service[106521]: [pid: 106521|app: 0|req: 122/240] 10.222.0.59 () {64 vars in 1433 bytes} [Fri Jul 1 20:07:26 2022] PUT /placement/allocations/09be394d-5596-48f9-9b15-e3f59645c525 => generated 0 bytes in 459 msecs (HTTP/1.1 204) 5 headers in 199 bytes (1 switches on core 0)
Jul 01 20:07:27.747903 n-d-832330-7 devstack@placement-api.service[106520]: DEBUG placement.requestlog [req-d49f69ac-6807-4ad3-b1a4-c19106fa2693 req-9b02bb91-c742-4eb4-8fb0-f4ebeba4a87c None None] Starting request: 10.222.0.71 "GET /placement/allocations/b6d138d2-0aef-4d4b-aea3-68b53811c761" {{(pid=106520) __call__ /opt/stack/placement/placement/requestlog.py:55}}
Jul 01 20:07:27.774602 n-d-832330-7 devstack@placement-api.service[106520]: INFO placement.requestlog [req-d49f69ac-6807-4ad3-b1a4-c19106fa2693 req-9b02bb91-c742-4eb4-8fb0-f4ebeba4a87c service placement] 10.222.0.71 "GET /placement/allocations/b6d138d2-0aef-4d4b-aea3-68b53811c761" status: 200 len: 259 microversion: 1.28
Jul 01 20:07:27.775989 n-d-832330-7 devstack@placement-api.service[106520]: [pid: 106520|app: 0|req: 119/241] 10.222.0.71 () {60 vars in 1377 bytes} [Fri Jul 1 20:07:27 2022] GET /placement/allocations/b6d138d2-0aef-4d4b-aea3-68b53811c761 => generated 259 bytes in 29 msecs (HTTP/1.1 200) 8 headers in 296 bytes (1 switches on core 0)
Jul 01 20:07:28.006696 n-d-832330-7 devstack@placement-api.service[106521]: DEBUG placement.requestlog [req-785418d3-f9ff-4c04-ba7d-93766bc0145b req-cc3639ac-7e3b-4e2b-8101-fb98ba640795 None None] Starting request: 10.222.0.70 "GET /placement/allocations/09be394d-5596-48f9-9b15-e3f59645c525" {{(pid=106521) __call__ /opt/stack/placement/placement/requestlog.py:55}}
Jul 01 20:07:28.041860 n-d-832330-7 devstack@placement-api.service[106521]: INFO placement.requestlog [req-785418d3-f9ff-4c04-ba7d-93766bc0145b req-cc3639ac-7e3b-4e2b-8101-fb98ba640795 service placement] 10.222.0.70 "GET /placement/allocations/09be394d-5596-48f9-9b15-e3f59645c525" status: 200 len: 259 microversion: 1.28
Jul 01 20:07:28.044622 n-d-832330-7 devstack@placement-api.service[106521]: [pid: 106521|app: 0|req: 123/242] 10.222.0.70 () {60 vars in 1377 bytes} [Fri Jul 1 20:07:28 2022] GET /placement/allocations/09be394d-5596-48f9-9b15-e3f59645c525 => generated 259 bytes in 38 msecs (HTTP/1.1 200) 8 headers in 296 bytes (1 switches on core 0)
Jul 01 20:07:36.182421 n-d-832330-7 devstack@placement-api.service[106520]: DEBUG placement.requestlog [req-1e214596-6826-425a-b596-6c2e623e1c53 req-f4845d92-d322-4fa1-ac89-064671e52bfb None None] Starting request: 10.222.0.59 "GET /placement/allocation_candidates?limit=1000&resources=DISK_GB%3A1%2CMEMORY_MB%3A1024%2CVCPU%3A1&root_required=%21COMPUTE_STATUS_DISABLED" {{(pid=106520) __call__ /opt/stack/placement/placement/requestlog.py:55}}
Jul 01 20:07:36.364260 n-d-832330-7 devstack@placement-api.service[106520]: DEBUG placement.objects.research_context [req-1e214596-6826-425a-b596-6c2e623e1c53 req-f4845d92-d322-4fa1-ac89-064671e52bfb service placement] getting providers with 1 DISK_GB {{(pid=106520) __init__ /opt/stack/placement/placement/objects/research_context.py:136}}
Jul 01 20:07:36.390749 n-d-832330-7 devstack@placement-api.service[106520]: DEBUG placement.objects.research_context [req-1e214596-6826-425a-b596-6c2e623e1c53 req-f4845d92-d322-4fa1-ac89-064671e52bfb service placement] getting providers with 1024 MEMORY_MB {{(pid=106520) __init__ /opt/stack/placement/placement/objects/research_context.py:136}}
Jul 01 20:07:36.412681 n-d-832330-7 devstack@placement-api.service[106520]: DEBUG placement.objects.research_context [req-1e214596-6826-425a-b596-6c2e623e1c53 req-f4845d92-d322-4fa1-ac89-064671e52bfb service placement] getting providers with 1 VCPU {{(pid=106520) __init__ /opt/stack/placement/placement/objects/research_context.py:136}}
Jul 01 20:07:36.419604 n-d-832330-7 devstack@placement-api.service[106520]: DEBUG placement.objects.research_context [req-1e214596-6826-425a-b596-6c2e623e1c53 req-f4845d92-d322-4fa1-ac89-064671e52bfb service placement] found 2 providers with available 1 DISK_GB {{(pid=106520) get_provider_ids_matching /opt/stack/placement/placement/objects/research_context.py:563}}
Jul 01 20:07:36.420403 n-d-832330-7 devstack@placement-api.service[106520]: DEBUG placement.objects.research_context [req-1e214596-6826-425a-b596-6c2e623e1c53 req-f4845d92-d322-4fa1-ac89-064671e52bfb service placement] found 2 providers with available 1024 MEMORY_MB {{(pid=106520) get_provider_ids_matching /opt/stack/placement/placement/objects/research_context.py:563}}
Jul 01 20:07:36.420882 n-d-832330-7 devstack@placement-api.service[106520]: DEBUG placement.objects.research_context [req-1e214596-6826-425a-b596-6c2e623e1c53 req-f4845d92-d322-4fa1-ac89-064671e52bfb service placement] found 2 providers after filtering by previous result {{(pid=106520) get_provider_ids_matching /opt/stack/placement/placement/objects/research_context.py:594}}
Jul 01 20:07:36.421340 n-d-832330-7 devstack@placement-api.service[106520]: DEBUG placement.objects.research_context [req-1e214596-6826-425a-b596-6c2e623e1c53 req-f4845d92-d322-4fa1-ac89-064671e52bfb service placement] found 2 providers with available 1 VCPU {{(pid=106520) get_provider_ids_matching /opt/stack/placement/placement/objects/research_context.py:563}}
Jul 01 20:07:36.421799 n-d-832330-7 devstack@placement-api.service[106520]: DEBUG placement.objects.research_context [req-1e214596-6826-425a-b596-6c2e623e1c53 req-f4845d92-d322-4fa1-ac89-064671e52bfb service placement] found 2 providers after filtering by previous result {{(pid=106520) get_provider_ids_matching /opt/stack/placement/placement/objects/research_context.py:594}}
Jul 01 20:07:36.437259 n-d-832330-7 devstack@placement-api.service[106520]: DEBUG placement.objects.allocation_candidate [req-1e214596-6826-425a-b596-6c2e623e1c53 req-f4845d92-d322-4fa1-ac89-064671e52bfb service placement] RequestGroup(use_same_provider=False, resources={DISK_GB:1, MEMORY_MB:1024, VCPU:1}, traits=(), aggregates=[]) (suffix '') returned 2 matches {{(pid=106520) _get_by_requests /opt/stack/placement/placement/objects/allocation_candidate.py:156}}
Jul 01 20:07:36.437986 n-d-832330-7 devstack@placement-api.service[106520]: DEBUG placement.objects.allocation_candidate [req-1e214596-6826-425a-b596-6c2e623e1c53 req-f4845d92-d322-4fa1-ac89-064671e52bfb service placement] Merging candidates yields 2 allocation requests and 2 provider summaries {{(pid=106520) _merge_candidates /opt/stack/placement/placement/objects/allocation_candidate.py:809}}
Jul 01 20:07:36.440207 n-d-832330-7 devstack@placement-api.service[106520]: INFO placement.requestlog [req-1e214596-6826-425a-b596-6c2e623e1c53 req-f4845d92-d322-4fa1-ac89-064671e52bfb service placement] 10.222.0.59 "GET /placement/allocation_candidates?limit=1000&resources=DISK_GB%3A1%2CMEMORY_MB%3A1024%2CVCPU%3A1&root_required=%21COMPUTE_STATUS_DISABLED" status: 200 len: 1309 microversion: 1.36
Jul 01 20:07:36.444255 n-d-832330-7 devstack@placement-api.service[106520]: [pid: 106520|app: 0|req: 120/243] 10.222.0.59 () {60 vars in 1506 bytes} [Fri Jul 1 20:07:36 2022] GET /placement/allocation_candidates?limit=1000&resources=DISK_GB%3A1%2CMEMORY_MB%3A1024%2CVCPU%3A1&root_required=%21COMPUTE_STATUS_DISABLED => generated 1309 bytes in 263 msecs (HTTP/1.1 200) 8 headers in 297 bytes (1 switches on core 0)
Jul 01 20:07:36.611586 n-d-832330-7 devstack@placement-api.service[106521]: DEBUG placement.requestlog [req-1e214596-6826-425a-b596-6c2e623e1c53 req-1240a412-aedd-4899-964f-f7427dbaf66c None None] Starting request: 10.222.0.59 "GET /placement/allocations/9b7d8227-6147-4553-81a1-595d3f330053" {{(pid=106521) __call__ /opt/stack/placement/placement/requestlog.py:55}}
Jul 01 20:07:36.636442 n-d-832330-7 devstack@placement-api.service[106520]: DEBUG placement.requestlog [req-9c654c5a-3348-4c09-b2d6-a4e2c7830372 req-99da24ed-5d2a-47bf-a337-803f570157c7 None None] Starting request: 10.222.0.70 "GET /placement/allocations/cc5f7ab0-2384-4c4a-8d8e-2ddfbdf08de7" {{(pid=106520) __call__ /opt/stack/placement/placement/requestlog.py:55}}
Jul 01 20:07:36.646096 n-d-832330-7 devstack@placement-api.service[106521]: INFO placement.requestlog [req-1e214596-6826-425a-b596-6c2e623e1c53 req-1240a412-aedd-4899-964f-f7427dbaf66c service placement] 10.222.0.59 "GET /placement/allocations/9b7d8227-6147-4553-81a1-595d3f330053" status: 200 len: 19 microversion: 1.28
Jul 01 20:07:36.648146 n-d-832330-7 devstack@placement-api.service[106521]: [pid: 106521|app: 0|req: 124/244] 10.222.0.59 () {60 vars in 1380 bytes} [Fri Jul 1 20:07:36 2022] GET /placement/allocations/9b7d8227-6147-4553-81a1-595d3f330053 => generated 19 bytes in 38 msecs (HTTP/1.1 200) 8 headers in 295 bytes (1 switches on core 0)
Jul 01 20:07:36.656398 n-d-832330-7 devstack@placement-api.service[106521]: DEBUG placement.requestlog [req-1e214596-6826-425a-b596-6c2e623e1c53 req-60822f9d-4177-4629-a78d-0aa05318a3b2 None None] Starting request: 10.222.0.59 "PUT /placement/allocations/9b7d8227-6147-4553-81a1-595d3f330053" {{(pid=106521) __call__ /opt/stack/placement/placement/requestlog.py:55}}
Jul 01 20:07:36.659550 n-d-832330-7 devstack@placement-api.service[106520]: INFO placement.requestlog [req-9c654c5a-3348-4c09-b2d6-a4e2c7830372 req-99da24ed-5d2a-47bf-a337-803f570157c7 service placement] 10.222.0.70 "GET /placement/allocations/cc5f7ab0-2384-4c4a-8d8e-2ddfbdf08de7" status: 200 len: 259 microversion: 1.28
Jul 01 20:07:36.670042 n-d-832330-7 devstack@placement-api.service[106520]: [pid: 106520|app: 0|req: 121/245] 10.222.0.70 () {60 vars in 1377 bytes} [Fri Jul 1 20:07:36 2022] GET /placement/allocations/cc5f7ab0-2384-4c4a-8d8e-2ddfbdf08de7 => generated 259 bytes in 24 msecs (HTTP/1.1 200) 8 headers in 296 bytes (2 switches on core 0)
Jul 01 20:07:36.671283 n-d-832330-7 devstack@placement-api.service[106520]: DEBUG placement.requestlog [req-9c654c5a-3348-4c09-b2d6-a4e2c7830372 req-d7f8b5b6-d2be-40cf-8b4e-ad8eceda4303 None None] Starting request: 10.222.0.70 "PUT /placement/allocations/cc5f7ab0-2384-4c4a-8d8e-2ddfbdf08de7" {{(pid=106520) __call__ /opt/stack/placement/placement/requestlog.py:55}}
Jul 01 20:07:36.719980 n-d-832330-7 devstack@placement-api.service[106520]: DEBUG dbcounter [-] [106520] Writing DB stats placement:SELECT=81,placement:INSERT=10,placement:DELETE=5,placement:UPDATE=4 {{(pid=106520) stat_writer /usr/local/lib/python3.8/dist-packages/dbcounter.py:114}}
Jul 01 20:07:36.750253 n-d-832330-7 devstack@placement-api.service[106520]: DEBUG placement.handlers.allocation [req-9c654c5a-3348-4c09-b2d6-a4e2c7830372 req-d7f8b5b6-d2be-40cf-8b4e-ad8eceda4303 service placement] Successfully wrote allocations [, , ] {{(pid=106520) _update_consumers_and_create_allocations /opt/stack/placement/placement/handlers/allocation.py:462}}
Jul 01 20:07:36.842513 n-d-832330-7 devstack@placement-api.service[106520]: INFO placement.requestlog [req-9c654c5a-3348-4c09-b2d6-a4e2c7830372 req-d7f8b5b6-d2be-40cf-8b4e-ad8eceda4303 service placement] 10.222.0.70 "PUT /placement/allocations/cc5f7ab0-2384-4c4a-8d8e-2ddfbdf08de7" status: 204 len: 0 microversion: 1.28
Jul 01 20:07:36.842967 n-d-832330-7 devstack@placement-api.service[106520]: [pid: 106520|app: 0|req: 122/246] 10.222.0.70 () {64 vars in 1430 bytes} [Fri Jul 1 20:07:36 2022] PUT /placement/allocations/cc5f7ab0-2384-4c4a-8d8e-2ddfbdf08de7 => generated 0 bytes in 172 msecs (HTTP/1.1 204) 5 headers in 199 bytes (1 switches on core 0)
