May 07 13:04:22.961552 n-d-832330-5 devstack@placement-api.service[104532]: DEBUG placement.objects.research_context [req-8cf4f862-3f9a-46b0-ae01-755ccbb73c99 req-b35db8a9-214d-4da3-a406-da6e2b941dd3 service placement] getting providers with 1024 MEMORY_MB {{(pid=104532) __init__ /opt/stack/placement/placement/objects/research_context.py:136}}
May 07 13:04:22.967561 n-d-832330-5 devstack@placement-api.service[104532]: DEBUG placement.objects.research_context [req-8cf4f862-3f9a-46b0-ae01-755ccbb73c99 req-b35db8a9-214d-4da3-a406-da6e2b941dd3 service placement] getting providers with 1 VCPU {{(pid=104532) __init__ /opt/stack/placement/placement/objects/research_context.py:136}}
May 07 13:04:22.974734 n-d-832330-5 devstack@placement-api.service[104532]: DEBUG placement.objects.research_context [req-8cf4f862-3f9a-46b0-ae01-755ccbb73c99 req-b35db8a9-214d-4da3-a406-da6e2b941dd3 service placement] found 2 providers with available 1 DISK_GB {{(pid=104532) get_provider_ids_matching /opt/stack/placement/placement/objects/research_context.py:563}}
May 07 13:04:22.975001 n-d-832330-5 devstack@placement-api.service[104532]: DEBUG placement.objects.research_context [req-8cf4f862-3f9a-46b0-ae01-755ccbb73c99 req-b35db8a9-214d-4da3-a406-da6e2b941dd3 service placement] found 2 providers with available 1024 MEMORY_MB {{(pid=104532) get_provider_ids_matching /opt/stack/placement/placement/objects/research_context.py:563}}
May 07 13:04:22.975270 n-d-832330-5 devstack@placement-api.service[104532]: DEBUG placement.objects.research_context [req-8cf4f862-3f9a-46b0-ae01-755ccbb73c99 req-b35db8a9-214d-4da3-a406-da6e2b941dd3 service placement] found 2 providers after filtering by previous result {{(pid=104532) get_provider_ids_matching /opt/stack/placement/placement/objects/research_context.py:594}}
May 07 13:04:22.975577 n-d-832330-5 devstack@placement-api.service[104532]: DEBUG placement.objects.research_context [req-8cf4f862-3f9a-46b0-ae01-755ccbb73c99 req-b35db8a9-214d-4da3-a406-da6e2b941dd3 service placement] found 2 providers with available 1 VCPU {{(pid=104532) get_provider_ids_matching /opt/stack/placement/placement/objects/research_context.py:563}}
May 07 13:04:22.975884 n-d-832330-5 devstack@placement-api.service[104532]: DEBUG placement.objects.research_context [req-8cf4f862-3f9a-46b0-ae01-755ccbb73c99 req-b35db8a9-214d-4da3-a406-da6e2b941dd3 service placement] found 2 providers after filtering by previous result {{(pid=104532) get_provider_ids_matching /opt/stack/placement/placement/objects/research_context.py:594}}
May 07 13:04:22.988449 n-d-832330-5 devstack@placement-api.service[104532]: DEBUG placement.objects.allocation_candidate [req-8cf4f862-3f9a-46b0-ae01-755ccbb73c99 req-b35db8a9-214d-4da3-a406-da6e2b941dd3 service placement] RequestGroup(use_same_provider=False, resources={DISK_GB:1, MEMORY_MB:1024, VCPU:1}, traits=(), aggregates=[]) (suffix '') returned 2 matches {{(pid=104532) _get_by_requests /opt/stack/placement/placement/objects/allocation_candidate.py:156}}
May 07 13:04:22.988815 n-d-832330-5 devstack@placement-api.service[104532]: DEBUG placement.objects.allocation_candidate [req-8cf4f862-3f9a-46b0-ae01-755ccbb73c99 req-b35db8a9-214d-4da3-a406-da6e2b941dd3 service placement] Merging candidates yields 2 allocation requests and 2 provider summaries {{(pid=104532) _merge_candidates /opt/stack/placement/placement/objects/allocation_candidate.py:809}}
May 07 13:04:22.990848 n-d-832330-5 devstack@placement-api.service[104532]: INFO placement.requestlog [req-8cf4f862-3f9a-46b0-ae01-755ccbb73c99 req-b35db8a9-214d-4da3-a406-da6e2b941dd3 service placement] 10.222.0.26 "GET /placement/allocation_candidates?limit=1000&resources=DISK_GB%3A1%2CMEMORY_MB%3A1024%2CVCPU%3A1&root_required=%21COMPUTE_STATUS_DISABLED" status: 200 len: 1309 microversion: 1.36
May 07 13:04:22.991201 n-d-832330-5 devstack@placement-api.service[104532]: [pid: 104532|app: 0|req: 555/1111] 10.222.0.26 () {60 vars in 1506 bytes} [Sat May 7 13:04:22 2022] GET /placement/allocation_candidates?limit=1000&resources=DISK_GB%3A1%2CMEMORY_MB%3A1024%2CVCPU%3A1&root_required=%21COMPUTE_STATUS_DISABLED => generated 1309 bytes in 406 msecs (HTTP/1.1 200) 8 headers in 297 bytes (2 switches on core 0)
May 07 13:04:23.067028 n-d-832330-5 devstack@placement-api.service[104533]: DEBUG placement.requestlog [req-8cf4f862-3f9a-46b0-ae01-755ccbb73c99 req-1131cc96-9d06-4489-84b8-475272beca77 None None] Starting request: 10.222.0.26 "GET /placement/allocations/e1e5338b-89cc-44c6-b0fa-ecd7f326da11" {{(pid=104533) __call__ /opt/stack/placement/placement/requestlog.py:55}}
May 07 13:04:23.079250 n-d-832330-5 devstack@placement-api.service[104533]: INFO placement.requestlog [req-8cf4f862-3f9a-46b0-ae01-755ccbb73c99 req-1131cc96-9d06-4489-84b8-475272beca77 service placement] 10.222.0.26 "GET /placement/allocations/e1e5338b-89cc-44c6-b0fa-ecd7f326da11" status: 200 len: 19 microversion: 1.28
May 07 13:04:23.079604 n-d-832330-5 devstack@placement-api.service[104533]: [pid: 104533|app: 0|req: 557/1112] 10.222.0.26 () {60 vars in 1380 bytes} [Sat May 7 13:04:23 2022] GET /placement/allocations/e1e5338b-89cc-44c6-b0fa-ecd7f326da11 => generated 19 bytes in 13 msecs (HTTP/1.1 200) 8 headers in 295 bytes (1 switches on core 0)
May 07 13:04:23.090148 n-d-832330-5 devstack@placement-api.service[104532]: DEBUG placement.requestlog [req-8cf4f862-3f9a-46b0-ae01-755ccbb73c99 req-8ffe8ce0-eff8-4fd5-b275-1e0151ad01f3 None None] Starting request: 10.222.0.26 "PUT /placement/allocations/e1e5338b-89cc-44c6-b0fa-ecd7f326da11" {{(pid=104532) __call__ /opt/stack/placement/placement/requestlog.py:55}}
May 07 13:04:23.179709 n-d-832330-5 devstack@placement-api.service[104532]: DEBUG placement.handlers.allocation [req-8cf4f862-3f9a-46b0-ae01-755ccbb73c99 req-8ffe8ce0-eff8-4fd5-b275-1e0151ad01f3 service placement] Successfully wrote allocations [, , ] {{(pid=104532) _update_consumers_and_create_allocations /opt/stack/placement/placement/handlers/allocation.py:462}}
May 07 13:04:23.185484 n-d-832330-5 devstack@placement-api.service[104532]: INFO placement.requestlog [req-8cf4f862-3f9a-46b0-ae01-755ccbb73c99 req-8ffe8ce0-eff8-4fd5-b275-1e0151ad01f3 service placement] 10.222.0.26 "PUT /placement/allocations/e1e5338b-89cc-44c6-b0fa-ecd7f326da11" status: 204 len: 0 microversion: 1.36
May 07 13:04:23.186997 n-d-832330-5 devstack@placement-api.service[104532]: [pid: 104532|app: 0|req: 556/1113] 10.222.0.26 () {64 vars in 1433 bytes} [Sat May 7 13:04:23 2022] PUT /placement/allocations/e1e5338b-89cc-44c6-b0fa-ecd7f326da11 => generated 0 bytes in 97 msecs (HTTP/1.1 204) 5 headers in 199 bytes (1 switches on core 0)
May 07 13:04:23.413620 n-d-832330-5 devstack@placement-api.service[104533]: DEBUG placement.requestlog [req-8cf4f862-3f9a-46b0-ae01-755ccbb73c99 req-95582f5f-3410-4cf1-b481-c6609d83113d None None] Starting request: 10.222.0.13 "GET /placement/allocations/e1e5338b-89cc-44c6-b0fa-ecd7f326da11" {{(pid=104533) __call__ /opt/stack/placement/placement/requestlog.py:55}}
May 07 13:04:23.433750 n-d-832330-5 devstack@placement-api.service[104533]: INFO placement.requestlog [req-8cf4f862-3f9a-46b0-ae01-755ccbb73c99 req-95582f5f-3410-4cf1-b481-c6609d83113d service placement] 10.222.0.13 "GET /placement/allocations/e1e5338b-89cc-44c6-b0fa-ecd7f326da11" status: 200 len: 259 microversion: 1.28
May 07 13:04:23.434158 n-d-832330-5 devstack@placement-api.service[104533]: [pid: 104533|app: 0|req: 558/1114] 10.222.0.13 () {60 vars in 1377 bytes} [Sat May 7 13:04:23 2022] GET /placement/allocations/e1e5338b-89cc-44c6-b0fa-ecd7f326da11 => generated 259 bytes in 21 msecs (HTTP/1.1 200) 8 headers in 296 bytes (1 switches on core 0)
May 07 13:04:23.906904 n-d-832330-5 devstack@placement-api.service[104532]: DEBUG placement.requestlog [req-88dd71b2-b92e-4a05-be49-b2cc93de49e6 req-7baaa324-dddf-4e09-8503-1dbbb81c7778 None None] Starting request: 10.222.0.25 "GET /placement/resource_providers/4c6f31f1-fb7d-452f-ae03-760a81e37efa/allocations" {{(pid=104532) __call__ /opt/stack/placement/placement/requestlog.py:55}}
May 07 13:04:23.936825 n-d-832330-5 devstack@placement-api.service[104532]: INFO placement.requestlog [req-88dd71b2-b92e-4a05-be49-b2cc93de49e6 req-7baaa324-dddf-4e09-8503-1dbbb81c7778 service placement] 10.222.0.25 "GET /placement/resource_providers/4c6f31f1-fb7d-452f-ae03-760a81e37efa/allocations" status: 200 len: 242 microversion: 1.0
May 07 13:04:23.937343 n-d-832330-5 devstack@placement-api.service[104532]: [pid: 104532|app: 0|req: 557/1115] 10.222.0.25 () {58 vars in 1390 bytes} [Sat May 7 13:04:23 2022] GET /placement/resource_providers/4c6f31f1-fb7d-452f-ae03-760a81e37efa/allocations => generated 242 bytes in 31 msecs (HTTP/1.1 200) 6 headers in 224 bytes (1 switches on core 0)
May 07 13:04:24.169302 n-d-832330-5 devstack@placement-api.service[104533]: DEBUG placement.requestlog [req-2881c602-cc30-413e-ab79-5eea7a32f509 req-34e54095-61fa-4904-bca5-4720303cafce None None] Starting request: 10.222.0.13 "GET /placement/resource_providers/e3cf7062-d104-4030-8e65-9b1813a0df8d/allocations" {{(pid=104533) __call__ /opt/stack/placement/placement/requestlog.py:55}}
May 07 13:04:24.199811 n-d-832330-5 devstack@placement-api.service[104533]: INFO placement.requestlog [req-2881c602-cc30-413e-ab79-5eea7a32f509 req-34e54095-61fa-4904-bca5-4720303cafce service placement] 10.222.0.13 "GET /placement/resource_providers/e3cf7062-d104-4030-8e65-9b1813a0df8d/allocations" status: 200 len: 241 microversion: 1.0
May 07 13:04:24.200188 n-d-832330-5 devstack@placement-api.service[104533]: [pid: 104533|app: 0|req: 559/1116] 10.222.0.13 () {58 vars in 1390 bytes} [Sat May 7 13:04:24 2022] GET /placement/resource_providers/e3cf7062-d104-4030-8e65-9b1813a0df8d/allocations => generated 241 bytes in 32 msecs (HTTP/1.1 200) 6 headers in 224 bytes (1 switches on core 0)
May 07 13:04:30.367580 n-d-832330-5 devstack@placement-api.service[104532]: DEBUG placement.requestlog [req-199e3963-95a7-4a89-9eaf-6dff5396077b req-0f4f5899-d0db-4d4e-b867-61358cbcb4a0 None None] Starting request: 10.222.0.25 "DELETE /placement/allocations/8ed08319-ebb3-4abd-a0f1-0c8af825cb8c" {{(pid=104532) __call__ /opt/stack/placement/placement/requestlog.py:55}}
May 07 13:04:30.407264 n-d-832330-5 devstack@placement-api.service[104532]: DEBUG placement.handlers.allocation [req-199e3963-95a7-4a89-9eaf-6dff5396077b req-0f4f5899-d0db-4d4e-b867-61358cbcb4a0 service placement] Successfully deleted allocations [, , ] {{(pid=104532) delete_allocations /opt/stack/placement/placement/handlers/allocation.py:627}}
May 07 13:04:30.407992 n-d-832330-5 devstack@placement-api.service[104532]: INFO placement.requestlog [req-199e3963-95a7-4a89-9eaf-6dff5396077b req-0f4f5899-d0db-4d4e-b867-61358cbcb4a0 service placement] 10.222.0.25 "DELETE /placement/allocations/8ed08319-ebb3-4abd-a0f1-0c8af825cb8c" status: 204 len: 0 microversion: 1.0
May 07 13:04:30.408756 n-d-832330-5 devstack@placement-api.service[104532]: [pid: 104532|app: 0|req: 558/1117] 10.222.0.25 () {60 vars in 1355 bytes} [Sat May 7 13:04:30 2022] DELETE /placement/allocations/8ed08319-ebb3-4abd-a0f1-0c8af825cb8c => generated 0 bytes in 41 msecs (HTTP/1.1 204) 5 headers in 198 bytes (1 switches on core 0)
May 07 13:04:47.321906 n-d-832330-5 devstack@placement-api.service[104533]: DEBUG placement.requestlog [req-a061b082-3a01-4138-95cf-d160b18df037 req-1e77e9c9-af5b-43b6-ab26-8e962b549243 None None] Starting request: 10.222.0.13 "DELETE /placement/allocations/db97865d-43cc-4d7b-a5a7-0d3f508a051c" {{(pid=104533) __call__ /opt/stack/placement/placement/requestlog.py:55}}
May 07 13:04:47.380018 n-d-832330-5 devstack@placement-api.service[104533]: DEBUG placement.handlers.allocation [req-a061b082-3a01-4138-95cf-d160b18df037 req-1e77e9c9-af5b-43b6-ab26-8e962b549243 service placement] Successfully deleted allocations [, ] {{(pid=104533) delete_allocations /opt/stack/placement/placement/handlers/allocation.py:627}}
May 07 13:04:47.380557 n-d-832330-5 devstack@placement-api.service[104533]: INFO placement.requestlog [req-a061b082-3a01-4138-95cf-d160b18df037 req-1e77e9c9-af5b-43b6-ab26-8e962b549243 service placement] 10.222.0.13 "DELETE /placement/allocations/db97865d-43cc-4d7b-a5a7-0d3f508a051c" status: 204 len: 0 microversion: 1.0
May 07 13:04:47.381197 n-d-832330-5 devstack@placement-api.service[104533]: [pid: 104533|app: 0|req: 560/1118] 10.222.0.13 () {60 vars in 1355 bytes} [Sat May 7 13:04:47 2022] DELETE /placement/allocations/db97865d-43cc-4d7b-a5a7-0d3f508a051c => generated 0 bytes in 60 msecs (HTTP/1.1 204) 5 headers in 198 bytes (1 switches on core 0)
May 07 13:05:10.030748 n-d-832330-5 devstack@placement-api.service[104532]: DEBUG placement.requestlog [req-e34c210c-52e3-4803-964f-67806f2d44e0 req-32747a2b-dac4-41cb-b642-c1a61f8997b9 None None] Starting request: 10.222.0.25 "DELETE /placement/allocations/37de9c99-ee29-4303-9ce5-e869f77d4867" {{(pid=104532) __call__ /opt/stack/placement/placement/requestlog.py:55}}
May 07 13:05:10.111775 n-d-832330-5 devstack@placement-api.service[104532]: DEBUG placement.handlers.allocation [req-e34c210c-52e3-4803-964f-67806f2d44e0 req-32747a2b-dac4-41cb-b642-c1a61f8997b9 service placement] Successfully deleted allocations [, ] {{(pid=104532) delete_allocations /opt/stack/placement/placement/handlers/allocation.py:627}}
May 07 13:05:10.114701 n-d-832330-5 devstack@placement-api.service[104532]: INFO placement.requestlog [req-e34c210c-52e3-4803-964f-67806f2d44e0 req-32747a2b-dac4-41cb-b642-c1a61f8997b9 service placement] 10.222.0.25 "DELETE /placement/allocations/37de9c99-ee29-4303-9ce5-e869f77d4867" status: 204 len: 0 microversion: 1.0
May 07 13:05:10.115090 n-d-832330-5 devstack@placement-api.service[104532]: [pid: 104532|app: 0|req: 559/1119] 10.222.0.25 () {60 vars in 1355 bytes} [Sat May 7 13:05:10 2022] DELETE /placement/allocations/37de9c99-ee29-4303-9ce5-e869f77d4867 => generated 0 bytes in 92 msecs (HTTP/1.1 204) 5 headers in 198 bytes (1 switches on core 0)
May 07 13:05:17.562421 n-d-832330-5 devstack@placement-api.service[104533]: DEBUG placement.requestlog [req-f2ae2dc7-4b6b-4726-a00f-dc8fa584210a req-785cf456-bfc6-49d0-af89-665b86f2b795 None None] Starting request: 10.222.0.13 "DELETE /placement/allocations/e1e5338b-89cc-44c6-b0fa-ecd7f326da11" {{(pid=104533) __call__ /opt/stack/placement/placement/requestlog.py:55}}
May 07 13:05:17.635346 n-d-832330-5 devstack@placement-api.service[104533]: DEBUG placement.handlers.allocation [req-f2ae2dc7-4b6b-4726-a00f-dc8fa584210a req-785cf456-bfc6-49d0-af89-665b86f2b795 service placement] Successfully deleted allocations [, , ] {{(pid=104533) delete_allocations /opt/stack/placement/placement/handlers/allocation.py:627}}
May 07 13:05:17.635772 n-d-832330-5 devstack@placement-api.service[104533]: INFO placement.requestlog [req-f2ae2dc7-4b6b-4726-a00f-dc8fa584210a req-785cf456-bfc6-49d0-af89-665b86f2b795 service placement] 10.222.0.13 "DELETE /placement/allocations/e1e5338b-89cc-44c6-b0fa-ecd7f326da11" status: 204 len: 0 microversion: 1.0
May 07 13:05:17.636469 n-d-832330-5 devstack@placement-api.service[104533]: [pid: 104533|app: 0|req: 561/1120] 10.222.0.13 () {60 vars in 1355 bytes} [Sat May 7 13:05:17 2022] DELETE /placement/allocations/e1e5338b-89cc-44c6-b0fa-ecd7f326da11 => generated 0 bytes in 74 msecs (HTTP/1.1 204) 5 headers in 198 bytes (1 switches on core 0)
May 07 13:05:23.825230 n-d-832330-5 devstack@placement-api.service[104532]: DEBUG placement.requestlog [req-4d799408-55a6-415b-8644-84c94361cb61 req-406684c8-8e31-4624-a1d2-42f53d67932e None None] Starting request: 10.222.0.25 "GET /placement/resource_providers/4c6f31f1-fb7d-452f-ae03-760a81e37efa/allocations" {{(pid=104532) __call__ /opt/stack/placement/placement/requestlog.py:55}}
May 07 13:05:24.339954 n-d-832330-5 devstack@placement-api.service[104532]: INFO placement.requestlog [req-4d799408-55a6-415b-8644-84c94361cb61 req-406684c8-8e31-4624-a1d2-42f53d67932e service placement] 10.222.0.25 "GET /placement/resource_providers/4c6f31f1-fb7d-452f-ae03-760a81e37efa/allocations" status: 200 len: 56 microversion: 1.0
May 07 13:05:24.341472 n-d-832330-5 devstack@placement-api.service[104532]: [pid: 104532|app: 0|req: 560/1121] 10.222.0.25 () {58 vars in 1390 bytes} [Sat May 7 13:05:23 2022] GET /placement/resource_providers/4c6f31f1-fb7d-452f-ae03-760a81e37efa/allocations => generated 56 bytes in 516 msecs (HTTP/1.1 200) 6 headers in 223 bytes (1 switches on core 0)
May 07 13:05:24.389425 n-d-832330-5 devstack@placement-api.service[104533]: DEBUG placement.requestlog [req-4d799408-55a6-415b-8644-84c94361cb61 req-67c6981d-cb4e-420f-8a3e-b5b2b4947816 None None] Starting request: 10.222.0.25 "GET /placement/resource_providers?in_tree=4c6f31f1-fb7d-452f-ae03-760a81e37efa" {{(pid=104533) __call__ /opt/stack/placement/placement/requestlog.py:55}}
May 07 13:05:24.416836 n-d-832330-5 devstack@placement-api.service[104533]: INFO placement.requestlog [req-4d799408-55a6-415b-8644-84c94361cb61 req-67c6981d-cb4e-420f-8a3e-b5b2b4947816 service placement] 10.222.0.25 "GET /placement/resource_providers?in_tree=4c6f31f1-fb7d-452f-ae03-760a81e37efa" status: 200 len: 864 microversion: 1.14
May 07 13:05:24.417212 n-d-832330-5 devstack@placement-api.service[104533]: [pid: 104533|app: 0|req: 562/1122] 10.222.0.25 () {60 vars in 1376 bytes} [Sat May 7 13:05:24 2022] GET /placement/resource_providers?in_tree=4c6f31f1-fb7d-452f-ae03-760a81e37efa => generated 864 bytes in 28 msecs (HTTP/1.1 200) 6 headers in 225 bytes (1 switches on core 0)
May 07 13:05:24.424861 n-d-832330-5 devstack@placement-api.service[104532]: DEBUG placement.requestlog [req-4d799408-55a6-415b-8644-84c94361cb61 req-00f5ad14-37de-48aa-b6e3-81ba0fbf2bde None None] Starting request: 10.222.0.25 "GET /placement/resource_providers/4c6f31f1-fb7d-452f-ae03-760a81e37efa/inventories" {{(pid=104532) __call__ /opt/stack/placement/placement/requestlog.py:55}}
May 07 13:05:24.467899 n-d-832330-5 devstack@placement-api.service[104532]: INFO placement.requestlog [req-4d799408-55a6-415b-8644-84c94361cb61 req-00f5ad14-37de-48aa-b6e3-81ba0fbf2bde service placement] 10.222.0.25 "GET /placement/resource_providers/4c6f31f1-fb7d-452f-ae03-760a81e37efa/inventories" status: 200 len: 399 microversion: 1.0
May 07 13:05:24.471059 n-d-832330-5 devstack@placement-api.service[104532]: [pid: 104532|app: 0|req: 561/1123] 10.222.0.25 () {58 vars in 1390 bytes} [Sat May 7 13:05:24 2022] GET /placement/resource_providers/4c6f31f1-fb7d-452f-ae03-760a81e37efa/inventories => generated 399 bytes in 45 msecs (HTTP/1.1 200) 6 headers in 224 bytes (2 switches on core 0)
May 07 13:05:24.478989 n-d-832330-5 devstack@placement-api.service[104533]: DEBUG placement.requestlog [req-4d799408-55a6-415b-8644-84c94361cb61 req-92b433b8-1c2c-45fa-b8a3-e527c99d75c1 None None] Starting request: 10.222.0.25 "GET /placement/resource_providers/4c6f31f1-fb7d-452f-ae03-760a81e37efa/aggregates" {{(pid=104533) __call__ /opt/stack/placement/placement/requestlog.py:55}}
May 07 13:05:24.521782 n-d-832330-5 devstack@placement-api.service[104533]: INFO placement.requestlog [req-4d799408-55a6-415b-8644-84c94361cb61 req-92b433b8-1c2c-45fa-b8a3-e527c99d75c1 service placement] 10.222.0.25 "GET /placement/resource_providers/4c6f31f1-fb7d-452f-ae03-760a81e37efa/aggregates" status: 200 len: 55 microversion: 1.19
May 07 13:05:24.523186 n-d-832330-5 devstack@placement-api.service[104533]: [pid: 104533|app: 0|req: 563/1124] 10.222.0.25 () {60 vars in 1431 bytes} [Sat May 7 13:05:24 2022] GET /placement/resource_providers/4c6f31f1-fb7d-452f-ae03-760a81e37efa/aggregates => generated 55 bytes in 45 msecs (HTTP/1.1 200) 8 headers in 295 bytes (1 switches on core 0)
May 07 13:05:24.531798 n-d-832330-5 devstack@placement-api.service[104532]: DEBUG placement.requestlog [req-4d799408-55a6-415b-8644-84c94361cb61 req-5eb17acd-020b-40d4-8c05-cc8168006e90 None None] Starting request: 10.222.0.25 "GET /placement/resource_providers/4c6f31f1-fb7d-452f-ae03-760a81e37efa/traits" {{(pid=104532) __call__ /opt/stack/placement/placement/requestlog.py:55}}
May 07 13:05:24.610518 n-d-832330-5 devstack@placement-api.service[104532]: INFO placement.requestlog [req-4d799408-55a6-415b-8644-84c94361cb61 req-5eb17acd-020b-40d4-8c05-cc8168006e90 service placement] 10.222.0.25 "GET /placement/resource_providers/4c6f31f1-fb7d-452f-ae03-760a81e37efa/traits" status: 200 len: 213 microversion: 1.6
May 07 13:05:24.611857 n-d-832330-5 devstack@placement-api.service[104532]: [pid: 104532|app: 0|req: 562/1125] 10.222.0.25 () {60 vars in 1418 bytes} [Sat May 7 13:05:24 2022] GET /placement/resource_providers/4c6f31f1-fb7d-452f-ae03-760a81e37efa/traits => generated 213 bytes in 82 msecs (HTTP/1.1 200) 6 headers in 224 bytes (2 switches on core 0)
May 07 13:05:25.213937 n-d-832330-5 devstack@placement-api.service[104533]: DEBUG placement.requestlog [req-7d1e001a-23c8-46cb-a0f6-86876c15e16e req-b0fcba6c-944c-4751-930a-60ee616fd3d5 None None] Starting request: 10.222.0.13 "GET /placement/resource_providers/e3cf7062-d104-4030-8e65-9b1813a0df8d/allocations" {{(pid=104533) __call__ /opt/stack/placement/placement/requestlog.py:55}}
May 07 13:05:25.237244 n-d-832330-5 devstack@placement-api.service[104533]: INFO placement.requestlog [req-7d1e001a-23c8-46cb-a0f6-86876c15e16e req-b0fcba6c-944c-4751-930a-60ee616fd3d5 service placement] 10.222.0.13 "GET /placement/resource_providers/e3cf7062-d104-4030-8e65-9b1813a0df8d/allocations" status: 200 len: 55 microversion: 1.0
May 07 13:05:25.237895 n-d-832330-5 devstack@placement-api.service[104533]: [pid: 104533|app: 0|req: 564/1126] 10.222.0.13 () {58 vars in 1390 bytes} [Sat May 7 13:05:25 2022] GET /placement/resource_providers/e3cf7062-d104-4030-8e65-9b1813a0df8d/allocations => generated 55 bytes in 24 msecs (HTTP/1.1 200) 6 headers in 223 bytes (1 switches on core 0)
May 07 13:05:33.652412 n-d-832330-5 devstack@placement-api.service[104532]: DEBUG placement.requestlog [req-1dbe12e8-a858-4bfd-b2b3-50de13029d9d req-183c910f-aebb-4ee2-9a86-bd8673b551f5 None None] Starting request: 10.222.0.26 "GET /placement/resource_providers?name=n-h2-832330-5" {{(pid=104532) __call__ /opt/stack/placement/placement/requestlog.py:55}}
May 07 13:05:33.811944 n-d-832330-5 devstack@placement-api.service[104532]: INFO placement.requestlog [req-1dbe12e8-a858-4bfd-b2b3-50de13029d9d req-183c910f-aebb-4ee2-9a86-bd8673b551f5 service placement] 10.222.0.26 "GET /placement/resource_providers?name=n-h2-832330-5" status: 200 len: 442 microversion: 1.0
May 07 13:05:33.812879 n-d-832330-5 devstack@placement-api.service[104532]: [pid: 104532|app: 0|req: 563/1127] 10.222.0.26 () {58 vars in 1274 bytes} [Sat May 7 13:05:33 2022] GET /placement/resource_providers?name=n-h2-832330-5 => generated 442 bytes in 161 msecs (HTTP/1.1 200) 6 headers in 224 bytes (1 switches on core 0)
May 07 13:05:33.819527 n-d-832330-5 devstack@placement-api.service[104533]: DEBUG placement.requestlog [req-1dbe12e8-a858-4bfd-b2b3-50de13029d9d req-8bfa536a-af28-4405-afdb-649f6a6aa824 None None] Starting request: 10.222.0.26 "GET /placement/resource_providers/4c6f31f1-fb7d-452f-ae03-760a81e37efa/aggregates" {{(pid=104533) __call__ /opt/stack/placement/placement/requestlog.py:55}}
May 07 13:05:33.838125 n-d-832330-5 devstack@placement-api.service[104533]: INFO placement.requestlog [req-1dbe12e8-a858-4bfd-b2b3-50de13029d9d req-8bfa536a-af28-4405-afdb-649f6a6aa824 service placement] 10.222.0.26 "GET /placement/resource_providers/4c6f31f1-fb7d-452f-ae03-760a81e37efa/aggregates" status: 200 len: 55 microversion: 1.19
May 07 13:05:33.846059 n-d-832330-5 devstack@placement-api.service[104532]: DEBUG placement.requestlog [req-1dbe12e8-a858-4bfd-b2b3-50de13029d9d req-99885105-8063-4b6a-a52b-7ff793e652b4 None None] Starting request: 10.222.0.26 "PUT /placement/resource_providers/4c6f31f1-fb7d-452f-ae03-760a81e37efa/aggregates" {{(pid=104532) __call__ /opt/stack/placement/placement/requestlog.py:55}}
May 07 13:05:33.863255 n-d-832330-5 devstack@placement-api.service[104533]: [pid: 104533|app: 0|req: 565/1128] 10.222.0.26 () {60 vars in 1425 bytes} [Sat May 7 13:05:33 2022] GET /placement/resource_providers/4c6f31f1-fb7d-452f-ae03-760a81e37efa/aggregates => generated 55 bytes in 43 msecs (HTTP/1.1 200) 8 headers in 295 bytes (1 switches on core 0)
May 07 13:05:33.888715 n-d-832330-5 devstack@placement-api.service[104532]: DEBUG placement.objects.resource_provider [req-1dbe12e8-a858-4bfd-b2b3-50de13029d9d req-99885105-8063-4b6a-a52b-7ff793e652b4 service placement] _ensure_aggregate() did not find aggregate 4ba6f6b1-21a8-4159-b538-acdc930cf7d9. Attempting to create it. {{(pid=104532) _ensure_aggregate /opt/stack/placement/placement/objects/resource_provider.py:321}}
May 07 13:05:33.890617 n-d-832330-5 devstack@placement-api.service[104532]: DEBUG placement.objects.resource_provider [req-1dbe12e8-a858-4bfd-b2b3-50de13029d9d req-99885105-8063-4b6a-a52b-7ff793e652b4 service placement] _ensure_aggregate() created new aggregate 4ba6f6b1-21a8-4159-b538-acdc930cf7d9 (id=8). {{(pid=104532) _ensure_aggregate /opt/stack/placement/placement/objects/resource_provider.py:327}}
May 07 13:05:33.892918 n-d-832330-5 devstack@placement-api.service[104532]: DEBUG placement.objects.resource_provider [req-1dbe12e8-a858-4bfd-b2b3-50de13029d9d req-99885105-8063-4b6a-a52b-7ff793e652b4 service placement] Setting aggregates for provider 4c6f31f1-fb7d-452f-ae03-760a81e37efa. Successfully associated aggregate 4ba6f6b1-21a8-4159-b538-acdc930cf7d9. {{(pid=104532) _set_aggregates /opt/stack/placement/placement/objects/resource_provider.py:389}}
May 07 13:05:33.902647 n-d-832330-5 devstack@placement-api.service[104532]: INFO placement.requestlog [req-1dbe12e8-a858-4bfd-b2b3-50de13029d9d req-99885105-8063-4b6a-a52b-7ff793e652b4 service placement] 10.222.0.26 "PUT /placement/resource_providers/4c6f31f1-fb7d-452f-ae03-760a81e37efa/aggregates" status: 200 len: 93 microversion: 1.19
May 07 13:05:33.914437 n-d-832330-5 devstack@placement-api.service[104532]: [pid: 104532|app: 0|req: 564/1129] 10.222.0.26 () {64 vars in 1477 bytes} [Sat May 7 13:05:33 2022] PUT /placement/resource_providers/4c6f31f1-fb7d-452f-ae03-760a81e37efa/aggregates => generated 93 bytes in 69 msecs (HTTP/1.1 200) 8 headers in 295 bytes (1 switches on core 0)
May 07 13:05:34.364901 n-d-832330-5 devstack@placement-api.service[104533]: DEBUG placement.requestlog [req-565a1ca0-b5ac-47fb-918c-150e13027a84 req-95a198c2-c625-42b0-abc7-92275544cbbb None None] Starting request: 10.222.0.26 "GET /placement/resource_providers?name=n-h2-832330-5" {{(pid=104533) __call__ /opt/stack/placement/placement/requestlog.py:55}}
May 07 13:05:34.487091 n-d-832330-5 devstack@placement-api.service[104533]: INFO placement.requestlog [req-565a1ca0-b5ac-47fb-918c-150e13027a84 req-95a198c2-c625-42b0-abc7-92275544cbbb service placement] 10.222.0.26 "GET /placement/resource_providers?name=n-h2-832330-5" status: 200 len: 442 microversion: 1.0
May 07 13:05:34.488967 n-d-832330-5 devstack@placement-api.service[104533]: [pid: 104533|app: 0|req: 566/1130] 10.222.0.26 () {58 vars in 1274 bytes} [Sat May 7 13:05:34 2022] GET /placement/resource_providers?name=n-h2-832330-5 => generated 442 bytes in 124 msecs (HTTP/1.1 200) 6 headers in 224 bytes (1 switches on core 0)
May 07 13:05:34.495447 n-d-832330-5 devstack@placement-api.service[104532]: DEBUG placement.requestlog [req-565a1ca0-b5ac-47fb-918c-150e13027a84 req-4415f096-2247-48c6-8d8d-293895ecb19e None None] Starting request: 10.222.0.26 "GET /placement/resource_providers/4c6f31f1-fb7d-452f-ae03-760a81e37efa/aggregates" {{(pid=104532) __call__ /opt/stack/placement/placement/requestlog.py:55}}
May 07 13:05:34.528217 n-d-832330-5 devstack@placement-api.service[104532]: INFO placement.requestlog [req-565a1ca0-b5ac-47fb-918c-150e13027a84 req-4415f096-2247-48c6-8d8d-293895ecb19e service placement] 10.222.0.26 "GET /placement/resource_providers/4c6f31f1-fb7d-452f-ae03-760a81e37efa/aggregates" status: 200 len: 93 microversion: 1.19
May 07 13:05:34.530847 n-d-832330-5 devstack@placement-api.service[104532]: [pid: 104532|app: 0|req: 565/1131] 10.222.0.26 () {60 vars in 1425 bytes} [Sat May 7 13:05:34 2022] GET /placement/resource_providers/4c6f31f1-fb7d-452f-ae03-760a81e37efa/aggregates => generated 93 bytes in 35 msecs (HTTP/1.1 200) 8 headers in 295 bytes (1 switches on core 0)
May 07 13:05:34.538247 n-d-832330-5 devstack@placement-api.service[104533]: DEBUG placement.requestlog [req-565a1ca0-b5ac-47fb-918c-150e13027a84 req-e5b705ef-6630-4686-bff5-63a7fc240dc1 None None] Starting request: 10.222.0.26 "PUT /placement/resource_providers/4c6f31f1-fb7d-452f-ae03-760a81e37efa/aggregates" {{(pid=104533) __call__ /opt/stack/placement/placement/requestlog.py:55}}
May 07 13:05:34.571491 n-d-832330-5 devstack@placement-api.service[104533]: DEBUG placement.objects.resource_provider [req-565a1ca0-b5ac-47fb-918c-150e13027a84 req-e5b705ef-6630-4686-bff5-63a7fc240dc1 service placement] Setting aggregates for provider 4c6f31f1-fb7d-452f-ae03-760a81e37efa. Successfully disassociated aggregate 4ba6f6b1-21a8-4159-b538-acdc930cf7d9. {{(pid=104533) _set_aggregates /opt/stack/placement/placement/objects/resource_provider.py:404}}
May 07 13:05:34.580314 n-d-832330-5 devstack@placement-api.service[104533]: INFO placement.requestlog [req-565a1ca0-b5ac-47fb-918c-150e13027a84 req-e5b705ef-6630-4686-bff5-63a7fc240dc1 service placement] 10.222.0.26 "PUT /placement/resource_providers/4c6f31f1-fb7d-452f-ae03-760a81e37efa/aggregates" status: 200 len: 55 microversion: 1.19
May 07 13:05:34.580849 n-d-832330-5 devstack@placement-api.service[104533]: [pid: 104533|app: 0|req: 567/1132] 10.222.0.26 () {64 vars in 1477 bytes} [Sat May 7 13:05:34 2022] PUT /placement/resource_providers/4c6f31f1-fb7d-452f-ae03-760a81e37efa/aggregates => generated 55 bytes in 43 msecs (HTTP/1.1 200) 8 headers in 295 bytes (1 switches on core 0)
May 07 13:05:58.437800 n-d-832330-5 devstack@placement-api.service[104532]: DEBUG placement.requestlog [req-bc224539-04a7-4e2c-bdb4-808ea0093ae1 req-d8ea6ace-a311-46d6-8247-99cebba37128 None None] Starting request: 10.222.0.26 "GET /placement/allocation_candidates?limit=1000&resources=DISK_GB%3A1%2CMEMORY_MB%3A1024%2CVCPU%3A1&root_required=%21COMPUTE_STATUS_DISABLED" {{(pid=104532) __call__ /opt/stack/placement/placement/requestlog.py:55}}
May 07 13:05:58.503762 n-d-832330-5 devstack@placement-api.service[104532]: DEBUG placement.objects.research_context [req-bc224539-04a7-4e2c-bdb4-808ea0093ae1 req-d8ea6ace-a311-46d6-8247-99cebba37128 service placement] getting providers with 1 DISK_GB {{(pid=104532) __init__ /opt/stack/placement/placement/objects/research_context.py:136}}
May 07 13:05:58.511998 n-d-832330-5 devstack@placement-api.service[104532]: DEBUG placement.objects.research_context [req-bc224539-04a7-4e2c-bdb4-808ea0093ae1 req-d8ea6ace-a311-46d6-8247-99cebba37128 service placement] getting providers with 1024 MEMORY_MB {{(pid=104532) __init__ /opt/stack/placement/placement/objects/research_context.py:136}}
May 07 13:05:58.534956 n-d-832330-5 devstack@placement-api.service[104532]: DEBUG placement.objects.research_context [req-bc224539-04a7-4e2c-bdb4-808ea0093ae1 req-d8ea6ace-a311-46d6-8247-99cebba37128 service placement] getting providers with 1 VCPU {{(pid=104532) __init__ /opt/stack/placement/placement/objects/research_context.py:136}}
May 07 13:05:58.540336 n-d-832330-5 devstack@placement-api.service[104532]: DEBUG placement.objects.research_context [req-bc224539-04a7-4e2c-bdb4-808ea0093ae1 req-d8ea6ace-a311-46d6-8247-99cebba37128 service placement] found 2 providers with available 1 DISK_GB {{(pid=104532) get_provider_ids_matching /opt/stack/placement/placement/objects/research_context.py:563}}
May 07 13:05:58.540607 n-d-832330-5 devstack@placement-api.service[104532]: DEBUG placement.objects.research_context [req-bc224539-04a7-4e2c-bdb4-808ea0093ae1 req-d8ea6ace-a311-46d6-8247-99cebba37128 service placement] found 2 providers with available 1024 MEMORY_MB {{(pid=104532) get_provider_ids_matching /opt/stack/placement/placement/objects/research_context.py:563}}
May 07 13:05:58.540873 n-d-832330-5 devstack@placement-api.service[104532]: DEBUG placement.objects.research_context [req-bc224539-04a7-4e2c-bdb4-808ea0093ae1 req-d8ea6ace-a311-46d6-8247-99cebba37128 service placement] found 2 providers after filtering by previous result {{(pid=104532) get_provider_ids_matching /opt/stack/placement/placement/objects/research_context.py:594}}
May 07 13:05:58.541125 n-d-832330-5 devstack@placement-api.service[104532]: DEBUG placement.objects.research_context [req-bc224539-04a7-4e2c-bdb4-808ea0093ae1 req-d8ea6ace-a311-46d6-8247-99cebba37128 service placement] found 2 providers with available 1 VCPU {{(pid=104532) get_provider_ids_matching /opt/stack/placement/placement/objects/research_context.py:563}}
May 07 13:05:58.541383 n-d-832330-5 devstack@placement-api.service[104532]: DEBUG placement.objects.research_context [req-bc224539-04a7-4e2c-bdb4-808ea0093ae1 req-d8ea6ace-a311-46d6-8247-99cebba37128 service placement] found 2 providers after filtering by previous result {{(pid=104532) get_provider_ids_matching /opt/stack/placement/placement/objects/research_context.py:594}}
May 07 13:05:58.557982 n-d-832330-5 devstack@placement-api.service[104532]: DEBUG placement.objects.allocation_candidate [req-bc224539-04a7-4e2c-bdb4-808ea0093ae1 req-d8ea6ace-a311-46d6-8247-99cebba37128 service placement] RequestGroup(use_same_provider=False, resources={DISK_GB:1, MEMORY_MB:1024, VCPU:1}, traits=(), aggregates=[]) (suffix '') returned 2 matches {{(pid=104532) _get_by_requests /opt/stack/placement/placement/objects/allocation_candidate.py:156}}
May 07 13:05:58.558688 n-d-832330-5 devstack@placement-api.service[104532]: DEBUG placement.objects.allocation_candidate [req-bc224539-04a7-4e2c-bdb4-808ea0093ae1 req-d8ea6ace-a311-46d6-8247-99cebba37128 service placement] Merging candidates yields 2 allocation requests and 2 provider summaries {{(pid=104532) _merge_candidates /opt/stack/placement/placement/objects/allocation_candidate.py:809}}
May 07 13:05:58.560999 n-d-832330-5 devstack@placement-api.service[104532]: INFO placement.requestlog [req-bc224539-04a7-4e2c-bdb4-808ea0093ae1 req-d8ea6ace-a311-46d6-8247-99cebba37128 service placement] 10.222.0.26 "GET /placement/allocation_candidates?limit=1000&resources=DISK_GB%3A1%2CMEMORY_MB%3A1024%2CVCPU%3A1&root_required=%21COMPUTE_STATUS_DISABLED" status: 200 len: 1303 microversion: 1.36
May 07 13:05:58.563940 n-d-832330-5 devstack@placement-api.service[104532]: [pid: 104532|app: 0|req: 566/1133] 10.222.0.26 () {60 vars in 1506 bytes} [Sat May 7 13:05:58 2022] GET /placement/allocation_candidates?limit=1000&resources=DISK_GB%3A1%2CMEMORY_MB%3A1024%2CVCPU%3A1&root_required=%21COMPUTE_STATUS_DISABLED => generated 1303 bytes in 126 msecs (HTTP/1.1 200) 8 headers in 297 bytes (1 switches on core 0)
May 07 13:05:58.637766 n-d-832330-5 devstack@placement-api.service[104533]: DEBUG placement.requestlog [req-bc224539-04a7-4e2c-bdb4-808ea0093ae1 req-56a47282-93f9-457a-85dd-b2453bd362b1 None None] Starting request: 10.222.0.26 "GET /placement/allocations/4fd005ad-d5a9-487c-b11f-05fea6d05803" {{(pid=104533) __call__ /opt/stack/placement/placement/requestlog.py:55}}
May 07 13:05:58.650092 n-d-832330-5 devstack@placement-api.service[104533]: INFO placement.requestlog [req-bc224539-04a7-4e2c-bdb4-808ea0093ae1 req-56a47282-93f9-457a-85dd-b2453bd362b1 service placement] 10.222.0.26 "GET /placement/allocations/4fd005ad-d5a9-487c-b11f-05fea6d05803" status: 200 len: 19 microversion: 1.28
May 07 13:05:58.651093 n-d-832330-5 devstack@placement-api.service[104533]: [pid: 104533|app: 0|req: 568/1134] 10.222.0.26 () {60 vars in 1380 bytes} [Sat May 7 13:05:58 2022] GET /placement/allocations/4fd005ad-d5a9-487c-b11f-05fea6d05803 => generated 19 bytes in 13 msecs (HTTP/1.1 200) 8 headers in 295 bytes (1 switches on core 0)
May 07 13:05:58.657193 n-d-832330-5 devstack@placement-api.service[104532]: DEBUG placement.requestlog [req-bc224539-04a7-4e2c-bdb4-808ea0093ae1 req-250c1523-1dd0-43cf-9b77-cef44e4a9b28 None None] Starting request: 10.222.0.26 "PUT /placement/allocations/4fd005ad-d5a9-487c-b11f-05fea6d05803" {{(pid=104532) __call__ /opt/stack/placement/placement/requestlog.py:55}}
May 07 13:05:58.739266 n-d-832330-5 devstack@placement-api.service[104532]: DEBUG placement.handlers.allocation [req-bc224539-04a7-4e2c-bdb4-808ea0093ae1 req-250c1523-1dd0-43cf-9b77-cef44e4a9b28 service placement] Successfully wrote allocations [, , ] {{(pid=104532) _update_consumers_and_create_allocations /opt/stack/placement/placement/handlers/allocation.py:462}}
May 07 13:05:58.744750 n-d-832330-5 devstack@placement-api.service[104532]: INFO placement.requestlog [req-bc224539-04a7-4e2c-bdb4-808ea0093ae1 req-250c1523-1dd0-43cf-9b77-cef44e4a9b28 service placement] 10.222.0.26 "PUT /placement/allocations/4fd005ad-d5a9-487c-b11f-05fea6d05803" status: 204 len: 0 microversion: 1.36
May 07 13:05:58.745872 n-d-832330-5 devstack@placement-api.service[104532]: [pid: 104532|app: 0|req: 567/1135] 10.222.0.26 () {64 vars in 1433 bytes} [Sat May 7 13:05:58 2022] PUT /placement/allocations/4fd005ad-d5a9-487c-b11f-05fea6d05803 => generated 0 bytes in 89 msecs (HTTP/1.1 204) 5 headers in 199 bytes (1 switches on core 0)
May 07 13:05:59.004657 n-d-832330-5 devstack@placement-api.service[104533]: DEBUG placement.requestlog [req-f716fb70-ac42-459a-8a8c-a097296202ea req-8bfb6fa9-990e-4226-be74-082920a824e8 None None] Starting request: 10.222.0.26 "GET /placement/allocation_candidates?limit=1000&resources=MEMORY_MB%3A1024%2CVCPU%3A1&root_required=%21COMPUTE_STATUS_DISABLED" {{(pid=104533) __call__ /opt/stack/placement/placement/requestlog.py:55}}
May 07 13:05:59.067237 n-d-832330-5 devstack@placement-api.service[104533]: DEBUG placement.objects.research_context [req-f716fb70-ac42-459a-8a8c-a097296202ea req-8bfb6fa9-990e-4226-be74-082920a824e8 service placement] getting providers with 1024 MEMORY_MB {{(pid=104533) __init__ /opt/stack/placement/placement/objects/research_context.py:136}}
May 07 13:05:59.085386 n-d-832330-5 devstack@placement-api.service[104533]: DEBUG placement.objects.research_context [req-f716fb70-ac42-459a-8a8c-a097296202ea req-8bfb6fa9-990e-4226-be74-082920a824e8 service placement] getting providers with 1 VCPU {{(pid=104533) __init__ /opt/stack/placement/placement/objects/research_context.py:136}}
May 07 13:05:59.106402 n-d-832330-5 devstack@placement-api.service[104533]: DEBUG placement.objects.research_context [req-f716fb70-ac42-459a-8a8c-a097296202ea req-8bfb6fa9-990e-4226-be74-082920a824e8 service placement] found 2 providers with available 1024 MEMORY_MB {{(pid=104533) get_provider_ids_matching /opt/stack/placement/placement/objects/research_context.py:563}}
May 07 13:05:59.107280 n-d-832330-5 devstack@placement-api.service[104533]: DEBUG placement.objects.research_context [req-f716fb70-ac42-459a-8a8c-a097296202ea req-8bfb6fa9-990e-4226-be74-082920a824e8 service placement] found 2 providers with available 1 VCPU {{(pid=104533) get_provider_ids_matching /opt/stack/placement/placement/objects/research_context.py:563}}
May 07 13:05:59.107983 n-d-832330-5 devstack@placement-api.service[104533]: DEBUG placement.objects.research_context [req-f716fb70-ac42-459a-8a8c-a097296202ea req-8bfb6fa9-990e-4226-be74-082920a824e8 service placement] found 2 providers after filtering by previous result {{(pid=104533) get_provider_ids_matching /opt/stack/placement/placement/objects/research_context.py:594}}
May 07 13:05:59.123577 n-d-832330-5 devstack@placement-api.service[104533]: DEBUG placement.objects.allocation_candidate [req-f716fb70-ac42-459a-8a8c-a097296202ea req-8bfb6fa9-990e-4226-be74-082920a824e8 service placement] RequestGroup(use_same_provider=False, resources={MEMORY_MB:1024, VCPU:1}, traits=(), aggregates=[]) (suffix '') returned 2 matches {{(pid=104533) _get_by_requests /opt/stack/placement/placement/objects/allocation_candidate.py:156}}
May 07 13:05:59.124335 n-d-832330-5 devstack@placement-api.service[104533]: DEBUG placement.objects.allocation_candidate [req-f716fb70-ac42-459a-8a8c-a097296202ea req-8bfb6fa9-990e-4226-be74-082920a824e8 service placement] Merging candidates yields 2 allocation requests and 2 provider summaries {{(pid=104533) _merge_candidates /opt/stack/placement/placement/objects/allocation_candidate.py:809}}
May 07 13:05:59.128043 n-d-832330-5 devstack@placement-api.service[104533]: INFO placement.requestlog [req-f716fb70-ac42-459a-8a8c-a097296202ea req-8bfb6fa9-990e-4226-be74-082920a824e8 service placement] 10.222.0.26 "GET /placement/allocation_candidates?limit=1000&resources=MEMORY_MB%3A1024%2CVCPU%3A1&root_required=%21COMPUTE_STATUS_DISABLED" status: 200 len: 1278 microversion: 1.36
May 07 13:05:59.128639 n-d-832330-5 devstack@placement-api.service[104533]: [pid: 104533|app: 0|req: 569/1136] 10.222.0.26 () {60 vars in 1478 bytes} [Sat May 7 13:05:59 2022] GET /placement/allocation_candidates?limit=1000&resources=MEMORY_MB%3A1024%2CVCPU%3A1&root_required=%21COMPUTE_STATUS_DISABLED => generated 1278 bytes in 124 msecs (HTTP/1.1 200) 8 headers in 297 bytes (1 switches on core 0)
May 07 13:05:59.136053 n-d-832330-5 devstack@placement-api.service[104532]: DEBUG placement.requestlog [req-bc224539-04a7-4e2c-bdb4-808ea0093ae1 req-40a19bad-299b-4751-a46f-bfd7e8b5b13d None None] Starting request: 10.222.0.25 "GET /placement/allocations/4fd005ad-d5a9-487c-b11f-05fea6d05803" {{(pid=104532) __call__ /opt/stack/placement/placement/requestlog.py:55}}
May 07 13:05:59.164467 n-d-832330-5 devstack@placement-api.service[104532]: INFO placement.requestlog [req-bc224539-04a7-4e2c-bdb4-808ea0093ae1 req-40a19bad-299b-4751-a46f-bfd7e8b5b13d service placement] 10.222.0.25 "GET /placement/allocations/4fd005ad-d5a9-487c-b11f-05fea6d05803" status: 200 len: 260 microversion: 1.28
May 07 13:05:59.165412 n-d-832330-5 devstack@placement-api.service[104532]: [pid: 104532|app: 0|req: 568/1137] 10.222.0.25 () {60 vars in 1377 bytes} [Sat May 7 13:05:59 2022] GET /placement/allocations/4fd005ad-d5a9-487c-b11f-05fea6d05803 => generated 260 bytes in 29 msecs (HTTP/1.1 200) 8 headers in 296 bytes (1 switches on core 0)
May 07 13:05:59.218662 n-d-832330-5 devstack@placement-api.service[104533]: DEBUG placement.requestlog [req-f716fb70-ac42-459a-8a8c-a097296202ea req-d423f089-19f7-44fc-a630-2a2b0f0b8886 None None] Starting request: 10.222.0.26 "GET /placement/allocations/4f8623f2-635c-4bc8-8ea9-d5bae8eb5975" {{(pid=104533) __call__ /opt/stack/placement/placement/requestlog.py:55}}
May 07 13:05:59.233990 n-d-832330-5 devstack@placement-api.service[104533]: INFO placement.requestlog [req-f716fb70-ac42-459a-8a8c-a097296202ea req-d423f089-19f7-44fc-a630-2a2b0f0b8886 service placement] 10.222.0.26 "GET /placement/allocations/4f8623f2-635c-4bc8-8ea9-d5bae8eb5975" status: 200 len: 19 microversion: 1.28
May 07 13:05:59.236610 n-d-832330-5 devstack@placement-api.service[104533]: [pid: 104533|app: 0|req: 570/1138] 10.222.0.26 () {60 vars in 1380 bytes} [Sat May 7 13:05:59 2022] GET /placement/allocations/4f8623f2-635c-4bc8-8ea9-d5bae8eb5975 => generated 19 bytes in 18 msecs (HTTP/1.1 200) 8 headers in 295 bytes (1 switches on core 0)
May 07 13:05:59.243004 n-d-832330-5 devstack@placement-api.service[104532]: DEBUG placement.requestlog [req-f716fb70-ac42-459a-8a8c-a097296202ea req-137920ba-88ec-4b62-9f4c-ebb2dab0e36c None None] Starting request: 10.222.0.26 "PUT /placement/allocations/4f8623f2-635c-4bc8-8ea9-d5bae8eb5975" {{(pid=104532) __call__ /opt/stack/placement/placement/requestlog.py:55}}
May 07 13:05:59.319281 n-d-832330-5 devstack@placement-api.service[104532]: DEBUG placement.handlers.allocation [req-f716fb70-ac42-459a-8a8c-a097296202ea req-137920ba-88ec-4b62-9f4c-ebb2dab0e36c service placement] Successfully wrote allocations [, ] {{(pid=104532) _update_consumers_and_create_allocations /opt/stack/placement/placement/handlers/allocation.py:462}}
May 07 13:05:59.325140 n-d-832330-5 devstack@placement-api.service[104532]: INFO placement.requestlog [req-f716fb70-ac42-459a-8a8c-a097296202ea req-137920ba-88ec-4b62-9f4c-ebb2dab0e36c service placement] 10.222.0.26 "PUT /placement/allocations/4f8623f2-635c-4bc8-8ea9-d5bae8eb5975" status: 204 len: 0 microversion: 1.36
May 07 13:05:59.334888 n-d-832330-5 devstack@placement-api.service[104532]: [pid: 104532|app: 0|req: 569/1139] 10.222.0.26 () {64 vars in 1433 bytes} [Sat May 7 13:05:59 2022] PUT /placement/allocations/4f8623f2-635c-4bc8-8ea9-d5bae8eb5975 => generated 0 bytes in 83 msecs (HTTP/1.1 204) 5 headers in 199 bytes (1 switches on core 0)
May 07 13:05:59.900805 n-d-832330-5 devstack@placement-api.service[104533]: DEBUG placement.requestlog [req-f716fb70-ac42-459a-8a8c-a097296202ea req-98a45100-3bd6-4dfb-90e6-0ade997f6d5f None None] Starting request: 10.222.0.25 "GET /placement/allocations/4f8623f2-635c-4bc8-8ea9-d5bae8eb5975" {{(pid=104533) __call__ /opt/stack/placement/placement/requestlog.py:55}}
May 07 13:05:59.924688 n-d-832330-5 devstack@placement-api.service[104533]: INFO placement.requestlog [req-f716fb70-ac42-459a-8a8c-a097296202ea req-98a45100-3bd6-4dfb-90e6-0ade997f6d5f service placement] 10.222.0.25 "GET /placement/allocations/4f8623f2-635c-4bc8-8ea9-d5bae8eb5975" status: 200 len: 246 microversion: 1.28
May 07 13:05:59.927323 n-d-832330-5 devstack@placement-api.service[104533]: [pid: 104533|app: 0|req: 571/1140] 10.222.0.25 () {60 vars in 1377 bytes} [Sat May 7 13:05:59 2022] GET /placement/allocations/4f8623f2-635c-4bc8-8ea9-d5bae8eb5975 => generated 246 bytes in 27 msecs (HTTP/1.1 200) 8 headers in 296 bytes (1 switches on core 0)
May 07 13:06:21.187362 n-d-832330-5 devstack@placement-api.service[104532]: DEBUG placement.requestlog [req-9a26865d-26a9-4eba-a783-9199d1250086 req-5c8937e4-d8c1-4008-ba09-a61ac82f9402 None None] Starting request: 10.222.0.26 "GET /placement/allocation_candidates?limit=1000&resources=DISK_GB%3A1%2CMEMORY_MB%3A1024%2CVCPU%3A1&root_required=%21COMPUTE_STATUS_DISABLED" {{(pid=104532) __call__ /opt/stack/placement/placement/requestlog.py:55}}
May 07 13:06:21.223940 n-d-832330-5 devstack@placement-api.service[104532]: DEBUG placement.objects.research_context [req-9a26865d-26a9-4eba-a783-9199d1250086 req-5c8937e4-d8c1-4008-ba09-a61ac82f9402 service placement] getting providers with 1 DISK_GB {{(pid=104532) __init__ /opt/stack/placement/placement/objects/research_context.py:136}}
May 07 13:06:21.233286 n-d-832330-5 devstack@placement-api.service[104532]: DEBUG placement.objects.research_context [req-9a26865d-26a9-4eba-a783-9199d1250086 req-5c8937e4-d8c1-4008-ba09-a61ac82f9402 service placement] getting providers with 1024 MEMORY_MB {{(pid=104532) __init__ /opt/stack/placement/placement/objects/research_context.py:136}}
May 07 13:06:21.239296 n-d-832330-5 devstack@placement-api.service[104532]: DEBUG placement.objects.research_context [req-9a26865d-26a9-4eba-a783-9199d1250086 req-5c8937e4-d8c1-4008-ba09-a61ac82f9402 service placement] getting providers with 1 VCPU {{(pid=104532) __init__ /opt/stack/placement/placement/objects/research_context.py:136}}
May 07 13:06:21.250099 n-d-832330-5 devstack@placement-api.service[104532]: DEBUG placement.objects.research_context [req-9a26865d-26a9-4eba-a783-9199d1250086 req-5c8937e4-d8c1-4008-ba09-a61ac82f9402 service placement] found 2 providers with available 1 DISK_GB {{(pid=104532) get_provider_ids_matching /opt/stack/placement/placement/objects/research_context.py:563}}
May 07 13:06:21.250600 n-d-832330-5 devstack@placement-api.service[104532]: DEBUG placement.objects.research_context [req-9a26865d-26a9-4eba-a783-9199d1250086 req-5c8937e4-d8c1-4008-ba09-a61ac82f9402 service placement] found 2 providers with available 1024 MEMORY_MB {{(pid=104532) get_provider_ids_matching /opt/stack/placement/placement/objects/research_context.py:563}}
May 07 13:06:21.251496 n-d-832330-5 devstack@placement-api.service[104532]: DEBUG placement.objects.research_context [req-9a26865d-26a9-4eba-a783-9199d1250086 req-5c8937e4-d8c1-4008-ba09-a61ac82f9402 service placement] found 2 providers after filtering by previous result {{(pid=104532) get_provider_ids_matching /opt/stack/placement/placement/objects/research_context.py:594}}
May 07 13:06:21.251944 n-d-832330-5 devstack@placement-api.service[104532]: DEBUG placement.objects.research_context [req-9a26865d-26a9-4eba-a783-9199d1250086 req-5c8937e4-d8c1-4008-ba09-a61ac82f9402 service placement] found 2 providers with available 1 VCPU {{(pid=104532) get_provider_ids_matching /opt/stack/placement/placement/objects/research_context.py:563}}
May 07 13:06:21.252197 n-d-832330-5 devstack@placement-api.service[104532]: DEBUG placement.objects.research_context [req-9a26865d-26a9-4eba-a783-9199d1250086 req-5c8937e4-d8c1-4008-ba09-a61ac82f9402 service placement] found 2 providers after filtering by previous result {{(pid=104532) get_provider_ids_matching /opt/stack/placement/placement/objects/research_context.py:594}}
May 07 13:06:21.263293 n-d-832330-5 devstack@placement-api.service[104532]: DEBUG placement.objects.allocation_candidate [req-9a26865d-26a9-4eba-a783-9199d1250086 req-5c8937e4-d8c1-4008-ba09-a61ac82f9402 service placement] RequestGroup(use_same_provider=False, resources={DISK_GB:1, MEMORY_MB:1024, VCPU:1}, traits=(), aggregates=[]) (suffix '') returned 2 matches {{(pid=104532) _get_by_requests /opt/stack/placement/placement/objects/allocation_candidate.py:156}}
May 07 13:06:21.263662 n-d-832330-5 devstack@placement-api.service[104532]: DEBUG placement.objects.allocation_candidate [req-9a26865d-26a9-4eba-a783-9199d1250086 req-5c8937e4-d8c1-4008-ba09-a61ac82f9402 service placement] Merging candidates yields 2 allocation requests and 2 provider summaries {{(pid=104532) _merge_candidates /opt/stack/placement/placement/objects/allocation_candidate.py:809}}
