May 07 12:29:47.803562 n-d-832330-5 devstack@placement-api.service[104532]: DEBUG placement.requestlog [req-2ec5304d-4c70-474e-beb3-3475c826553d req-7b827285-9a08-496c-86eb-181d172183af None None] Starting request: 10.222.0.26 "GET /placement/allocations/e2b9ed7d-6ab8-4352-b2b4-b19bbb3df4a4" {{(pid=104532) __call__ /opt/stack/placement/placement/requestlog.py:55}}
May 07 12:29:47.832161 n-d-832330-5 devstack@placement-api.service[104532]: INFO placement.requestlog [req-2ec5304d-4c70-474e-beb3-3475c826553d req-7b827285-9a08-496c-86eb-181d172183af service placement] 10.222.0.26 "GET /placement/allocations/e2b9ed7d-6ab8-4352-b2b4-b19bbb3df4a4" status: 200 len: 19 microversion: 1.28
May 07 12:29:47.833277 n-d-832330-5 devstack@placement-api.service[104532]: [pid: 104532|app: 0|req: 91/183] 10.222.0.26 () {60 vars in 1380 bytes} [Sat May 7 12:29:47 2022] GET /placement/allocations/e2b9ed7d-6ab8-4352-b2b4-b19bbb3df4a4 => generated 19 bytes in 31 msecs (HTTP/1.1 200) 8 headers in 295 bytes (1 switches on core 0)
May 07 12:29:47.840847 n-d-832330-5 devstack@placement-api.service[104532]: DEBUG placement.requestlog [req-2ec5304d-4c70-474e-beb3-3475c826553d req-645ce793-62ed-40dc-918f-cb0bae22244b None None] Starting request: 10.222.0.26 "PUT /placement/allocations/e2b9ed7d-6ab8-4352-b2b4-b19bbb3df4a4" {{(pid=104532) __call__ /opt/stack/placement/placement/requestlog.py:55}}
May 07 12:29:47.976550 n-d-832330-5 devstack@placement-api.service[104533]: INFO placement.requestlog [req-fcfd9b33-21cd-4a32-84a3-5c3891a2d042 req-5fe97657-20bf-4b9f-9ec7-77a146e8751c service placement] 10.222.0.13 "GET /placement/resource_providers/e3cf7062-d104-4030-8e65-9b1813a0df8d/allocations" status: 200 len: 558 microversion: 1.0
May 07 12:29:47.978424 n-d-832330-5 devstack@placement-api.service[104533]: [pid: 104533|app: 0|req: 93/184] 10.222.0.13 () {58 vars in 1390 bytes} [Sat May 7 12:29:47 2022] GET /placement/resource_providers/e3cf7062-d104-4030-8e65-9b1813a0df8d/allocations => generated 558 bytes in 526 msecs (HTTP/1.1 200) 6 headers in 224 bytes (1 switches on core 0)
May 07 12:29:47.980155 n-d-832330-5 devstack@placement-api.service[104533]: DEBUG placement.requestlog [req-e5d8f3ec-073f-413e-8fed-2725b85260f7 req-3b1a5f5b-8072-40bd-b2ba-ef0291c11614 None None] Starting request: 10.222.0.25 "GET /placement/resource_providers?in_tree=4c6f31f1-fb7d-452f-ae03-760a81e37efa" {{(pid=104533) __call__ /opt/stack/placement/placement/requestlog.py:55}}
May 07 12:29:47.982530 n-d-832330-5 devstack@placement-api.service[104532]: DEBUG placement.handlers.allocation [req-2ec5304d-4c70-474e-beb3-3475c826553d req-645ce793-62ed-40dc-918f-cb0bae22244b service placement] Successfully wrote allocations [, , ] {{(pid=104532) _update_consumers_and_create_allocations /opt/stack/placement/placement/handlers/allocation.py:462}}
May 07 12:29:47.994282 n-d-832330-5 devstack@placement-api.service[104532]: INFO placement.requestlog [req-2ec5304d-4c70-474e-beb3-3475c826553d req-645ce793-62ed-40dc-918f-cb0bae22244b service placement] 10.222.0.26 "PUT /placement/allocations/e2b9ed7d-6ab8-4352-b2b4-b19bbb3df4a4" status: 204 len: 0 microversion: 1.36
May 07 12:29:47.994970 n-d-832330-5 devstack@placement-api.service[104532]: [pid: 104532|app: 0|req: 92/185] 10.222.0.26 () {64 vars in 1433 bytes} [Sat May 7 12:29:47 2022] PUT /placement/allocations/e2b9ed7d-6ab8-4352-b2b4-b19bbb3df4a4 => generated 0 bytes in 154 msecs (HTTP/1.1 204) 5 headers in 199 bytes (1 switches on core 0)
May 07 12:29:48.079000 n-d-832330-5 devstack@placement-api.service[104533]: INFO placement.requestlog [req-e5d8f3ec-073f-413e-8fed-2725b85260f7 req-3b1a5f5b-8072-40bd-b2ba-ef0291c11614 service placement] 10.222.0.25 "GET /placement/resource_providers?in_tree=4c6f31f1-fb7d-452f-ae03-760a81e37efa" status: 200 len: 863 microversion: 1.14
May 07 12:29:48.079508 n-d-832330-5 devstack@placement-api.service[104533]: [pid: 104533|app: 0|req: 94/186] 10.222.0.25 () {60 vars in 1376 bytes} [Sat May 7 12:29:47 2022] GET /placement/resource_providers?in_tree=4c6f31f1-fb7d-452f-ae03-760a81e37efa => generated 863 bytes in 99 msecs (HTTP/1.1 200) 6 headers in 225 bytes (1 switches on core 0)
May 07 12:29:48.088285 n-d-832330-5 devstack@placement-api.service[104532]: DEBUG placement.requestlog [req-e5d8f3ec-073f-413e-8fed-2725b85260f7 req-83e3ba9b-7a84-48ab-a079-e0072ddf6244 None None] Starting request: 10.222.0.25 "GET /placement/resource_providers/4c6f31f1-fb7d-452f-ae03-760a81e37efa/inventories" {{(pid=104532) __call__ /opt/stack/placement/placement/requestlog.py:55}}
May 07 12:29:48.103046 n-d-832330-5 devstack@placement-api.service[104533]: DEBUG placement.requestlog [req-fcfd9b33-21cd-4a32-84a3-5c3891a2d042 req-53ae0b99-3da9-4887-9bfb-18b26775d443 None None] Starting request: 10.222.0.13 "GET /placement/resource_providers?in_tree=e3cf7062-d104-4030-8e65-9b1813a0df8d" {{(pid=104533) __call__ /opt/stack/placement/placement/requestlog.py:55}}
May 07 12:29:48.126084 n-d-832330-5 devstack@placement-api.service[104532]: INFO placement.requestlog [req-e5d8f3ec-073f-413e-8fed-2725b85260f7 req-83e3ba9b-7a84-48ab-a079-e0072ddf6244 service placement] 10.222.0.25 "GET /placement/resource_providers/4c6f31f1-fb7d-452f-ae03-760a81e37efa/inventories" status: 200 len: 398 microversion: 1.0
May 07 12:29:48.127189 n-d-832330-5 devstack@placement-api.service[104532]: [pid: 104532|app: 0|req: 93/187] 10.222.0.25 () {58 vars in 1390 bytes} [Sat May 7 12:29:48 2022] GET /placement/resource_providers/4c6f31f1-fb7d-452f-ae03-760a81e37efa/inventories => generated 398 bytes in 39 msecs (HTTP/1.1 200) 6 headers in 224 bytes (1 switches on core 0)
May 07 12:29:48.139154 n-d-832330-5 devstack@placement-api.service[104532]: DEBUG placement.requestlog [req-e5d8f3ec-073f-413e-8fed-2725b85260f7 req-dc089d68-70df-4989-9f60-0d1dda4b3523 None None] Starting request: 10.222.0.25 "GET /placement/resource_providers/4c6f31f1-fb7d-452f-ae03-760a81e37efa/aggregates" {{(pid=104532) __call__ /opt/stack/placement/placement/requestlog.py:55}}
May 07 12:29:48.142420 n-d-832330-5 devstack@placement-api.service[104533]: INFO placement.requestlog [req-fcfd9b33-21cd-4a32-84a3-5c3891a2d042 req-53ae0b99-3da9-4887-9bfb-18b26775d443 service placement] 10.222.0.13 "GET /placement/resource_providers?in_tree=e3cf7062-d104-4030-8e65-9b1813a0df8d" status: 200 len: 863 microversion: 1.14
May 07 12:29:48.143582 n-d-832330-5 devstack@placement-api.service[104533]: [pid: 104533|app: 0|req: 95/188] 10.222.0.13 () {60 vars in 1376 bytes} [Sat May 7 12:29:48 2022] GET /placement/resource_providers?in_tree=e3cf7062-d104-4030-8e65-9b1813a0df8d => generated 863 bytes in 41 msecs (HTTP/1.1 200) 6 headers in 225 bytes (1 switches on core 0)
May 07 12:29:48.169798 n-d-832330-5 devstack@placement-api.service[104532]: INFO placement.requestlog [req-e5d8f3ec-073f-413e-8fed-2725b85260f7 req-dc089d68-70df-4989-9f60-0d1dda4b3523 service placement] 10.222.0.25 "GET /placement/resource_providers/4c6f31f1-fb7d-452f-ae03-760a81e37efa/aggregates" status: 200 len: 54 microversion: 1.19
May 07 12:29:48.172297 n-d-832330-5 devstack@placement-api.service[104532]: [pid: 104532|app: 0|req: 94/189] 10.222.0.25 () {60 vars in 1431 bytes} [Sat May 7 12:29:48 2022] GET /placement/resource_providers/4c6f31f1-fb7d-452f-ae03-760a81e37efa/aggregates => generated 54 bytes in 33 msecs (HTTP/1.1 200) 8 headers in 295 bytes (1 switches on core 0)
May 07 12:29:48.181280 n-d-832330-5 devstack@placement-api.service[104533]: DEBUG placement.requestlog [req-e5d8f3ec-073f-413e-8fed-2725b85260f7 req-8fbb9f8e-462b-4e94-8b0a-44878bccb2a0 None None] Starting request: 10.222.0.25 "GET /placement/resource_providers/4c6f31f1-fb7d-452f-ae03-760a81e37efa/traits" {{(pid=104533) __call__ /opt/stack/placement/placement/requestlog.py:55}}
May 07 12:29:48.247950 n-d-832330-5 devstack@placement-api.service[104533]: INFO placement.requestlog [req-e5d8f3ec-073f-413e-8fed-2725b85260f7 req-8fbb9f8e-462b-4e94-8b0a-44878bccb2a0 service placement] 10.222.0.25 "GET /placement/resource_providers/4c6f31f1-fb7d-452f-ae03-760a81e37efa/traits" status: 200 len: 212 microversion: 1.6
May 07 12:29:48.249658 n-d-832330-5 devstack@placement-api.service[104533]: [pid: 104533|app: 0|req: 96/190] 10.222.0.25 () {60 vars in 1418 bytes} [Sat May 7 12:29:48 2022] GET /placement/resource_providers/4c6f31f1-fb7d-452f-ae03-760a81e37efa/traits => generated 212 bytes in 70 msecs (HTTP/1.1 200) 6 headers in 224 bytes (1 switches on core 0)
May 07 12:29:48.521840 n-d-832330-5 devstack@placement-api.service[104532]: DEBUG placement.requestlog [req-fcfd9b33-21cd-4a32-84a3-5c3891a2d042 req-a68dc555-af97-418f-8475-9e57211d12c3 None None] Starting request: 10.222.0.13 "GET /placement/resource_providers/e3cf7062-d104-4030-8e65-9b1813a0df8d/inventories" {{(pid=104532) __call__ /opt/stack/placement/placement/requestlog.py:55}}
May 07 12:29:48.587262 n-d-832330-5 devstack@placement-api.service[104532]: INFO placement.requestlog [req-fcfd9b33-21cd-4a32-84a3-5c3891a2d042 req-a68dc555-af97-418f-8475-9e57211d12c3 service placement] 10.222.0.13 "GET /placement/resource_providers/e3cf7062-d104-4030-8e65-9b1813a0df8d/inventories" status: 200 len: 398 microversion: 1.0
May 07 12:29:48.595619 n-d-832330-5 devstack@placement-api.service[104532]: [pid: 104532|app: 0|req: 95/191] 10.222.0.13 () {58 vars in 1390 bytes} [Sat May 7 12:29:48 2022] GET /placement/resource_providers/e3cf7062-d104-4030-8e65-9b1813a0df8d/inventories => generated 398 bytes in 76 msecs (HTTP/1.1 200) 6 headers in 224 bytes (1 switches on core 0)
May 07 12:29:48.628097 n-d-832330-5 devstack@placement-api.service[104533]: DEBUG placement.requestlog [req-fcfd9b33-21cd-4a32-84a3-5c3891a2d042 req-cfb62e8c-6c5c-4508-a3cb-fe967d634b33 None None] Starting request: 10.222.0.13 "GET /placement/resource_providers/e3cf7062-d104-4030-8e65-9b1813a0df8d/aggregates" {{(pid=104533) __call__ /opt/stack/placement/placement/requestlog.py:55}}
May 07 12:29:48.660916 n-d-832330-5 devstack@placement-api.service[104533]: INFO placement.requestlog [req-fcfd9b33-21cd-4a32-84a3-5c3891a2d042 req-cfb62e8c-6c5c-4508-a3cb-fe967d634b33 service placement] 10.222.0.13 "GET /placement/resource_providers/e3cf7062-d104-4030-8e65-9b1813a0df8d/aggregates" status: 200 len: 54 microversion: 1.19
May 07 12:29:48.663692 n-d-832330-5 devstack@placement-api.service[104533]: [pid: 104533|app: 0|req: 97/192] 10.222.0.13 () {60 vars in 1431 bytes} [Sat May 7 12:29:48 2022] GET /placement/resource_providers/e3cf7062-d104-4030-8e65-9b1813a0df8d/aggregates => generated 54 bytes in 36 msecs (HTTP/1.1 200) 8 headers in 295 bytes (1 switches on core 0)
May 07 12:29:48.677123 n-d-832330-5 devstack@placement-api.service[104532]: DEBUG placement.requestlog [req-fcfd9b33-21cd-4a32-84a3-5c3891a2d042 req-264a75fc-8f66-4327-90b5-dff87e147e35 None None] Starting request: 10.222.0.13 "GET /placement/resource_providers/e3cf7062-d104-4030-8e65-9b1813a0df8d/traits" {{(pid=104532) __call__ /opt/stack/placement/placement/requestlog.py:55}}
May 07 12:29:48.720343 n-d-832330-5 devstack@placement-api.service[104533]: DEBUG placement.requestlog [req-2ec5304d-4c70-474e-beb3-3475c826553d req-9bccec76-f9fc-44ae-ae16-3126e97322ce None None] Starting request: 10.222.0.13 "GET /placement/allocations/e2b9ed7d-6ab8-4352-b2b4-b19bbb3df4a4" {{(pid=104533) __call__ /opt/stack/placement/placement/requestlog.py:55}}
May 07 12:29:48.750368 n-d-832330-5 devstack@placement-api.service[104533]: INFO placement.requestlog [req-2ec5304d-4c70-474e-beb3-3475c826553d req-9bccec76-f9fc-44ae-ae16-3126e97322ce service placement] 10.222.0.13 "GET /placement/allocations/e2b9ed7d-6ab8-4352-b2b4-b19bbb3df4a4" status: 200 len: 259 microversion: 1.28
May 07 12:29:48.752325 n-d-832330-5 devstack@placement-api.service[104533]: [pid: 104533|app: 0|req: 98/193] 10.222.0.13 () {60 vars in 1377 bytes} [Sat May 7 12:29:48 2022] GET /placement/allocations/e2b9ed7d-6ab8-4352-b2b4-b19bbb3df4a4 => generated 259 bytes in 32 msecs (HTTP/1.1 200) 8 headers in 296 bytes (1 switches on core 0)
May 07 12:29:48.753145 n-d-832330-5 devstack@placement-api.service[104532]: INFO placement.requestlog [req-fcfd9b33-21cd-4a32-84a3-5c3891a2d042 req-264a75fc-8f66-4327-90b5-dff87e147e35 service placement] 10.222.0.13 "GET /placement/resource_providers/e3cf7062-d104-4030-8e65-9b1813a0df8d/traits" status: 200 len: 212 microversion: 1.6
May 07 12:29:48.756192 n-d-832330-5 devstack@placement-api.service[104532]: [pid: 104532|app: 0|req: 96/194] 10.222.0.13 () {60 vars in 1418 bytes} [Sat May 7 12:29:48 2022] GET /placement/resource_providers/e3cf7062-d104-4030-8e65-9b1813a0df8d/traits => generated 212 bytes in 79 msecs (HTTP/1.1 200) 6 headers in 224 bytes (1 switches on core 0)
May 07 12:29:51.535092 n-d-832330-5 devstack@placement-api.service[104533]: DEBUG placement.requestlog [req-1c172143-56d7-4eb3-9057-9a180f9ac23b req-59ed725d-d011-4723-9d8e-c45ec45e75eb None None] Starting request: 10.222.0.13 "DELETE /placement/allocations/4dc0f587-7629-4428-91b1-b28b6fac3da5" {{(pid=104533) __call__ /opt/stack/placement/placement/requestlog.py:55}}
May 07 12:29:51.588332 n-d-832330-5 devstack@placement-api.service[104533]: DEBUG placement.handlers.allocation [req-1c172143-56d7-4eb3-9057-9a180f9ac23b req-59ed725d-d011-4723-9d8e-c45ec45e75eb service placement] Successfully deleted allocations [, , ] {{(pid=104533) delete_allocations /opt/stack/placement/placement/handlers/allocation.py:627}}
May 07 12:29:51.590682 n-d-832330-5 devstack@placement-api.service[104533]: INFO placement.requestlog [req-1c172143-56d7-4eb3-9057-9a180f9ac23b req-59ed725d-d011-4723-9d8e-c45ec45e75eb service placement] 10.222.0.13 "DELETE /placement/allocations/4dc0f587-7629-4428-91b1-b28b6fac3da5" status: 204 len: 0 microversion: 1.0
May 07 12:29:51.591820 n-d-832330-5 devstack@placement-api.service[104533]: [pid: 104533|app: 0|req: 99/195] 10.222.0.13 () {60 vars in 1355 bytes} [Sat May 7 12:29:51 2022] DELETE /placement/allocations/4dc0f587-7629-4428-91b1-b28b6fac3da5 => generated 0 bytes in 57 msecs (HTTP/1.1 204) 5 headers in 198 bytes (1 switches on core 0)
May 07 12:29:57.033027 n-d-832330-5 devstack@placement-api.service[104532]: DEBUG placement.requestlog [req-f0547ef9-4500-4fe4-abf8-fef8ad4bfb98 req-6952a6e6-d07a-4a99-815e-d09abb76efbd None None] Starting request: 10.222.0.13 "DELETE /placement/allocations/7e63a8f1-45cb-46bd-9c4f-37449d29c3e1" {{(pid=104532) __call__ /opt/stack/placement/placement/requestlog.py:55}}
May 07 12:29:57.095803 n-d-832330-5 devstack@placement-api.service[104532]: DEBUG placement.handlers.allocation [req-f0547ef9-4500-4fe4-abf8-fef8ad4bfb98 req-6952a6e6-d07a-4a99-815e-d09abb76efbd service placement] Successfully deleted allocations [, , ] {{(pid=104532) delete_allocations /opt/stack/placement/placement/handlers/allocation.py:627}}
May 07 12:29:57.096297 n-d-832330-5 devstack@placement-api.service[104532]: INFO placement.requestlog [req-f0547ef9-4500-4fe4-abf8-fef8ad4bfb98 req-6952a6e6-d07a-4a99-815e-d09abb76efbd service placement] 10.222.0.13 "DELETE /placement/allocations/7e63a8f1-45cb-46bd-9c4f-37449d29c3e1" status: 204 len: 0 microversion: 1.0
May 07 12:29:57.097054 n-d-832330-5 devstack@placement-api.service[104532]: [pid: 104532|app: 0|req: 97/196] 10.222.0.13 () {60 vars in 1355 bytes} [Sat May 7 12:29:57 2022] DELETE /placement/allocations/7e63a8f1-45cb-46bd-9c4f-37449d29c3e1 => generated 0 bytes in 64 msecs (HTTP/1.1 204) 5 headers in 198 bytes (1 switches on core 0)
May 07 12:30:01.165042 n-d-832330-5 devstack@placement-api.service[104533]: DEBUG placement.requestlog [None req-656ed788-f80c-42c1-9e99-06380896797d None None] Starting request: 10.222.0.26 "GET /placement/" {{(pid=104533) __call__ /opt/stack/placement/placement/requestlog.py:55}}
May 07 12:30:01.174548 n-d-832330-5 devstack@placement-api.service[104533]: INFO placement.requestlog [None req-656ed788-f80c-42c1-9e99-06380896797d None None] 10.222.0.26 "GET /placement/" status: 200 len: 136 microversion: 1.0
May 07 12:30:01.182150 n-d-832330-5 devstack@placement-api.service[104533]: [pid: 104533|app: 0|req: 100/197] 10.222.0.26 () {54 vars in 916 bytes} [Sat May 7 12:30:01 2022] GET /placement => generated 136 bytes in 18 msecs (HTTP/1.1 200) 6 headers in 224 bytes (1 switches on core 0)
May 07 12:30:01.204628 n-d-832330-5 devstack@placement-api.service[104532]: DEBUG placement.requestlog [req-581c0b25-ac96-412a-a5e8-3ac0093e3c43 req-19f92236-23a0-41a3-8533-617b3bdf8226 None None] Starting request: 10.222.0.26 "GET /placement/allocations/4550ce58-be02-4ccc-8963-d6fdcd7705ba" {{(pid=104532) __call__ /opt/stack/placement/placement/requestlog.py:55}}
May 07 12:30:01.466739 n-d-832330-5 devstack@placement-api.service[104532]: INFO placement.requestlog [req-581c0b25-ac96-412a-a5e8-3ac0093e3c43 req-19f92236-23a0-41a3-8533-617b3bdf8226 service placement] 10.222.0.26 "GET /placement/allocations/4550ce58-be02-4ccc-8963-d6fdcd7705ba" status: 200 len: 259 microversion: 1.28
May 07 12:30:01.473427 n-d-832330-5 devstack@placement-api.service[104533]: DEBUG placement.requestlog [req-581c0b25-ac96-412a-a5e8-3ac0093e3c43 req-7819a410-1a02-45ad-808b-27c84ceca1ba None None] Starting request: 10.222.0.26 "GET /placement/allocations/4550ce58-be02-4ccc-8963-d6fdcd7705ba" {{(pid=104533) __call__ /opt/stack/placement/placement/requestlog.py:55}}
May 07 12:30:01.479367 n-d-832330-5 devstack@placement-api.service[104532]: [pid: 104532|app: 0|req: 98/198] 10.222.0.26 () {60 vars in 1380 bytes} [Sat May 7 12:30:01 2022] GET /placement/allocations/4550ce58-be02-4ccc-8963-d6fdcd7705ba => generated 259 bytes in 276 msecs (HTTP/1.1 200) 8 headers in 296 bytes (1 switches on core 0)
May 07 12:30:01.502833 n-d-832330-5 devstack@placement-api.service[104533]: INFO placement.requestlog [req-581c0b25-ac96-412a-a5e8-3ac0093e3c43 req-7819a410-1a02-45ad-808b-27c84ceca1ba service placement] 10.222.0.26 "GET /placement/allocations/4550ce58-be02-4ccc-8963-d6fdcd7705ba" status: 200 len: 259 microversion: 1.28
May 07 12:30:01.512817 n-d-832330-5 devstack@placement-api.service[104532]: DEBUG placement.requestlog [req-581c0b25-ac96-412a-a5e8-3ac0093e3c43 req-20e340ee-9831-4ad5-8a0c-abc17b56a2a8 None None] Starting request: 10.222.0.26 "GET /placement/allocations/fc0c70ab-fdc8-4651-abaa-9fd19a43c4a5" {{(pid=104532) __call__ /opt/stack/placement/placement/requestlog.py:55}}
May 07 12:30:01.528816 n-d-832330-5 devstack@placement-api.service[104533]: [pid: 104533|app: 0|req: 101/199] 10.222.0.26 () {60 vars in 1380 bytes} [Sat May 7 12:30:01 2022] GET /placement/allocations/4550ce58-be02-4ccc-8963-d6fdcd7705ba => generated 259 bytes in 55 msecs (HTTP/1.1 200) 8 headers in 296 bytes (1 switches on core 0)
May 07 12:30:01.531727 n-d-832330-5 devstack@placement-api.service[104532]: INFO placement.requestlog [req-581c0b25-ac96-412a-a5e8-3ac0093e3c43 req-20e340ee-9831-4ad5-8a0c-abc17b56a2a8 service placement] 10.222.0.26 "GET /placement/allocations/fc0c70ab-fdc8-4651-abaa-9fd19a43c4a5" status: 200 len: 19 microversion: 1.28
May 07 12:30:01.539541 n-d-832330-5 devstack@placement-api.service[104533]: DEBUG placement.requestlog [req-581c0b25-ac96-412a-a5e8-3ac0093e3c43 req-04774a55-b7a2-4dbb-be02-bf4513dcf69f None None] Starting request: 10.222.0.26 "POST /placement/allocations" {{(pid=104533) __call__ /opt/stack/placement/placement/requestlog.py:55}}
May 07 12:30:01.546274 n-d-832330-5 devstack@placement-api.service[104532]: [pid: 104532|app: 0|req: 99/200] 10.222.0.26 () {60 vars in 1380 bytes} [Sat May 7 12:30:01 2022] GET /placement/allocations/fc0c70ab-fdc8-4651-abaa-9fd19a43c4a5 => generated 19 bytes in 35 msecs (HTTP/1.1 200) 8 headers in 295 bytes (1 switches on core 0)
May 07 12:30:01.661357 n-d-832330-5 devstack@placement-api.service[104533]: DEBUG placement.handlers.allocation [req-581c0b25-ac96-412a-a5e8-3ac0093e3c43 req-04774a55-b7a2-4dbb-be02-bf4513dcf69f service placement] Successfully wrote allocations [, , , , , ] {{(pid=104533) _update_consumers_and_create_allocations /opt/stack/placement/placement/handlers/allocation.py:572}}
May 07 12:30:01.670378 n-d-832330-5 devstack@placement-api.service[104533]: INFO placement.requestlog [req-581c0b25-ac96-412a-a5e8-3ac0093e3c43 req-04774a55-b7a2-4dbb-be02-bf4513dcf69f service placement] 10.222.0.26 "POST /placement/allocations" status: 204 len: 0 microversion: 1.28
May 07 12:30:01.671072 n-d-832330-5 devstack@placement-api.service[104533]: [pid: 104533|app: 0|req: 102/201] 10.222.0.26 () {64 vars in 1323 bytes} [Sat May 7 12:30:01 2022] POST /placement/allocations => generated 0 bytes in 132 msecs (HTTP/1.1 204) 5 headers in 199 bytes (1 switches on core 0)
May 07 12:30:01.750269 n-d-832330-5 devstack@placement-api.service[104532]: DEBUG placement.requestlog [req-581c0b25-ac96-412a-a5e8-3ac0093e3c43 req-3f6b4acd-67a7-4da0-9c03-aefcd5f9a240 None None] Starting request: 10.222.0.26 "GET /placement/allocations/4550ce58-be02-4ccc-8963-d6fdcd7705ba" {{(pid=104532) __call__ /opt/stack/placement/placement/requestlog.py:55}}
May 07 12:30:01.769878 n-d-832330-5 devstack@placement-api.service[104532]: INFO placement.requestlog [req-581c0b25-ac96-412a-a5e8-3ac0093e3c43 req-3f6b4acd-67a7-4da0-9c03-aefcd5f9a240 service placement] 10.222.0.26 "GET /placement/allocations/4550ce58-be02-4ccc-8963-d6fdcd7705ba" status: 200 len: 19 microversion: 1.28
May 07 12:30:01.770356 n-d-832330-5 devstack@placement-api.service[104532]: [pid: 104532|app: 0|req: 100/202] 10.222.0.26 () {60 vars in 1380 bytes} [Sat May 7 12:30:01 2022] GET /placement/allocations/4550ce58-be02-4ccc-8963-d6fdcd7705ba => generated 19 bytes in 20 msecs (HTTP/1.1 200) 8 headers in 295 bytes (1 switches on core 0)
May 07 12:30:01.780016 n-d-832330-5 devstack@placement-api.service[104533]: DEBUG placement.requestlog [req-581c0b25-ac96-412a-a5e8-3ac0093e3c43 req-73bda185-a290-497c-af17-5aa25a111bdc None None] Starting request: 10.222.0.26 "PUT /placement/allocations/4550ce58-be02-4ccc-8963-d6fdcd7705ba" {{(pid=104533) __call__ /opt/stack/placement/placement/requestlog.py:55}}
May 07 12:30:01.891849 n-d-832330-5 devstack@placement-api.service[104533]: DEBUG placement.handlers.allocation [req-581c0b25-ac96-412a-a5e8-3ac0093e3c43 req-73bda185-a290-497c-af17-5aa25a111bdc service placement] Successfully wrote allocations [, , ] {{(pid=104533) _update_consumers_and_create_allocations /opt/stack/placement/placement/handlers/allocation.py:462}}
May 07 12:30:01.900127 n-d-832330-5 devstack@placement-api.service[104533]: INFO placement.requestlog [req-581c0b25-ac96-412a-a5e8-3ac0093e3c43 req-73bda185-a290-497c-af17-5aa25a111bdc service placement] 10.222.0.26 "PUT /placement/allocations/4550ce58-be02-4ccc-8963-d6fdcd7705ba" status: 204 len: 0 microversion: 1.28
May 07 12:30:01.900750 n-d-832330-5 devstack@placement-api.service[104533]: [pid: 104533|app: 0|req: 103/203] 10.222.0.26 () {64 vars in 1433 bytes} [Sat May 7 12:30:01 2022] PUT /placement/allocations/4550ce58-be02-4ccc-8963-d6fdcd7705ba => generated 0 bytes in 121 msecs (HTTP/1.1 204) 5 headers in 199 bytes (1 switches on core 0)
May 07 12:30:02.125259 n-d-832330-5 devstack@placement-api.service[104532]: DEBUG placement.requestlog [req-581c0b25-ac96-412a-a5e8-3ac0093e3c43 req-8ae2e53b-b522-4d9d-9784-e3b2383a0fd5 None None] Starting request: 10.222.0.13 "GET /placement/allocations/4550ce58-be02-4ccc-8963-d6fdcd7705ba" {{(pid=104532) __call__ /opt/stack/placement/placement/requestlog.py:55}}
May 07 12:30:02.169341 n-d-832330-5 devstack@placement-api.service[104532]: INFO placement.requestlog [req-581c0b25-ac96-412a-a5e8-3ac0093e3c43 req-8ae2e53b-b522-4d9d-9784-e3b2383a0fd5 service placement] 10.222.0.13 "GET /placement/allocations/4550ce58-be02-4ccc-8963-d6fdcd7705ba" status: 200 len: 259 microversion: 1.28
May 07 12:30:02.170611 n-d-832330-5 devstack@placement-api.service[104532]: [pid: 104532|app: 0|req: 101/204] 10.222.0.13 () {60 vars in 1377 bytes} [Sat May 7 12:30:02 2022] GET /placement/allocations/4550ce58-be02-4ccc-8963-d6fdcd7705ba => generated 259 bytes in 45 msecs (HTTP/1.1 200) 8 headers in 296 bytes (1 switches on core 0)
May 07 12:30:04.593481 n-d-832330-5 devstack@placement-api.service[104533]: DEBUG placement.requestlog [req-c9479bd1-d972-4aef-a584-4fcda8a12110 req-4c508db9-8c02-4d89-be5a-eebaced8fe8b None None] Starting request: 10.222.0.26 "GET /placement/allocation_candidates?limit=1000&resources=DISK_GB%3A1%2CMEMORY_MB%3A1024%2CVCPU%3A1&root_required=%21COMPUTE_STATUS_DISABLED" {{(pid=104533) __call__ /opt/stack/placement/placement/requestlog.py:55}}
May 07 12:30:04.661338 n-d-832330-5 devstack@placement-api.service[104533]: DEBUG placement.objects.research_context [req-c9479bd1-d972-4aef-a584-4fcda8a12110 req-4c508db9-8c02-4d89-be5a-eebaced8fe8b service placement] getting providers with 1 DISK_GB {{(pid=104533) __init__ /opt/stack/placement/placement/objects/research_context.py:136}}
May 07 12:30:04.669930 n-d-832330-5 devstack@placement-api.service[104533]: DEBUG placement.objects.research_context [req-c9479bd1-d972-4aef-a584-4fcda8a12110 req-4c508db9-8c02-4d89-be5a-eebaced8fe8b service placement] getting providers with 1024 MEMORY_MB {{(pid=104533) __init__ /opt/stack/placement/placement/objects/research_context.py:136}}
May 07 12:30:04.680628 n-d-832330-5 devstack@placement-api.service[104533]: DEBUG placement.objects.research_context [req-c9479bd1-d972-4aef-a584-4fcda8a12110 req-4c508db9-8c02-4d89-be5a-eebaced8fe8b service placement] getting providers with 1 VCPU {{(pid=104533) __init__ /opt/stack/placement/placement/objects/research_context.py:136}}
May 07 12:30:04.689876 n-d-832330-5 devstack@placement-api.service[104533]: DEBUG placement.objects.research_context [req-c9479bd1-d972-4aef-a584-4fcda8a12110 req-4c508db9-8c02-4d89-be5a-eebaced8fe8b service placement] found 2 providers with available 1 DISK_GB {{(pid=104533) get_provider_ids_matching /opt/stack/placement/placement/objects/research_context.py:563}}
May 07 12:30:04.690339 n-d-832330-5 devstack@placement-api.service[104533]: DEBUG placement.objects.research_context [req-c9479bd1-d972-4aef-a584-4fcda8a12110 req-4c508db9-8c02-4d89-be5a-eebaced8fe8b service placement] found 2 providers with available 1024 MEMORY_MB {{(pid=104533) get_provider_ids_matching /opt/stack/placement/placement/objects/research_context.py:563}}
May 07 12:30:04.690842 n-d-832330-5 devstack@placement-api.service[104533]: DEBUG placement.objects.research_context [req-c9479bd1-d972-4aef-a584-4fcda8a12110 req-4c508db9-8c02-4d89-be5a-eebaced8fe8b service placement] found 2 providers after filtering by previous result {{(pid=104533) get_provider_ids_matching /opt/stack/placement/placement/objects/research_context.py:594}}
May 07 12:30:04.691234 n-d-832330-5 devstack@placement-api.service[104533]: DEBUG placement.objects.research_context [req-c9479bd1-d972-4aef-a584-4fcda8a12110 req-4c508db9-8c02-4d89-be5a-eebaced8fe8b service placement] found 2 providers with available 1 VCPU {{(pid=104533) get_provider_ids_matching /opt/stack/placement/placement/objects/research_context.py:563}}
May 07 12:30:04.691628 n-d-832330-5 devstack@placement-api.service[104533]: DEBUG placement.objects.research_context [req-c9479bd1-d972-4aef-a584-4fcda8a12110 req-4c508db9-8c02-4d89-be5a-eebaced8fe8b service placement] found 2 providers after filtering by previous result {{(pid=104533) get_provider_ids_matching /opt/stack/placement/placement/objects/research_context.py:594}}
May 07 12:30:04.704396 n-d-832330-5 devstack@placement-api.service[104533]: DEBUG placement.objects.allocation_candidate [req-c9479bd1-d972-4aef-a584-4fcda8a12110 req-4c508db9-8c02-4d89-be5a-eebaced8fe8b service placement] RequestGroup(use_same_provider=False, resources={DISK_GB:1, MEMORY_MB:1024, VCPU:1}, traits=(), aggregates=[]) (suffix '') returned 2 matches {{(pid=104533) _get_by_requests /opt/stack/placement/placement/objects/allocation_candidate.py:156}}
May 07 12:30:04.704934 n-d-832330-5 devstack@placement-api.service[104533]: DEBUG placement.objects.allocation_candidate [req-c9479bd1-d972-4aef-a584-4fcda8a12110 req-4c508db9-8c02-4d89-be5a-eebaced8fe8b service placement] Merging candidates yields 2 allocation requests and 2 provider summaries {{(pid=104533) _merge_candidates /opt/stack/placement/placement/objects/allocation_candidate.py:809}}
May 07 12:30:04.706982 n-d-832330-5 devstack@placement-api.service[104533]: INFO placement.requestlog [req-c9479bd1-d972-4aef-a584-4fcda8a12110 req-4c508db9-8c02-4d89-be5a-eebaced8fe8b service placement] 10.222.0.26 "GET /placement/allocation_candidates?limit=1000&resources=DISK_GB%3A1%2CMEMORY_MB%3A1024%2CVCPU%3A1&root_required=%21COMPUTE_STATUS_DISABLED" status: 200 len: 1309 microversion: 1.36
May 07 12:30:04.729451 n-d-832330-5 devstack@placement-api.service[104533]: [pid: 104533|app: 0|req: 104/205] 10.222.0.26 () {60 vars in 1506 bytes} [Sat May 7 12:30:04 2022] GET /placement/allocation_candidates?limit=1000&resources=DISK_GB%3A1%2CMEMORY_MB%3A1024%2CVCPU%3A1&root_required=%21COMPUTE_STATUS_DISABLED => generated 1309 bytes in 121 msecs (HTTP/1.1 200) 8 headers in 297 bytes (1 switches on core 0)
May 07 12:30:04.795536 n-d-832330-5 devstack@placement-api.service[104532]: DEBUG placement.requestlog [req-c9479bd1-d972-4aef-a584-4fcda8a12110 req-409820b1-20be-40d8-9e2c-ad9991df056e None None] Starting request: 10.222.0.26 "GET /placement/allocations/1ca1b170-f883-47bb-85da-e406c40745ad" {{(pid=104532) __call__ /opt/stack/placement/placement/requestlog.py:55}}
May 07 12:30:04.812856 n-d-832330-5 devstack@placement-api.service[104532]: INFO placement.requestlog [req-c9479bd1-d972-4aef-a584-4fcda8a12110 req-409820b1-20be-40d8-9e2c-ad9991df056e service placement] 10.222.0.26 "GET /placement/allocations/1ca1b170-f883-47bb-85da-e406c40745ad" status: 200 len: 19 microversion: 1.28
May 07 12:30:04.816678 n-d-832330-5 devstack@placement-api.service[104532]: [pid: 104532|app: 0|req: 102/206] 10.222.0.26 () {60 vars in 1380 bytes} [Sat May 7 12:30:04 2022] GET /placement/allocations/1ca1b170-f883-47bb-85da-e406c40745ad => generated 19 bytes in 21 msecs (HTTP/1.1 200) 8 headers in 295 bytes (1 switches on core 0)
May 07 12:30:04.820870 n-d-832330-5 devstack@placement-api.service[104533]: DEBUG placement.requestlog [req-c9479bd1-d972-4aef-a584-4fcda8a12110 req-c1f1dee6-2542-4b88-8924-5746932902fc None None] Starting request: 10.222.0.26 "PUT /placement/allocations/1ca1b170-f883-47bb-85da-e406c40745ad" {{(pid=104533) __call__ /opt/stack/placement/placement/requestlog.py:55}}
May 07 12:30:04.999471 n-d-832330-5 devstack@placement-api.service[104533]: DEBUG placement.handlers.allocation [req-c9479bd1-d972-4aef-a584-4fcda8a12110 req-c1f1dee6-2542-4b88-8924-5746932902fc service placement] Successfully wrote allocations [, , ] {{(pid=104533) _update_consumers_and_create_allocations /opt/stack/placement/placement/handlers/allocation.py:462}}
May 07 12:30:05.008772 n-d-832330-5 devstack@placement-api.service[104533]: INFO placement.requestlog [req-c9479bd1-d972-4aef-a584-4fcda8a12110 req-c1f1dee6-2542-4b88-8924-5746932902fc service placement] 10.222.0.26 "PUT /placement/allocations/1ca1b170-f883-47bb-85da-e406c40745ad" status: 204 len: 0 microversion: 1.36
May 07 12:30:05.025758 n-d-832330-5 devstack@placement-api.service[104533]: [pid: 104533|app: 0|req: 105/207] 10.222.0.26 () {64 vars in 1433 bytes} [Sat May 7 12:30:04 2022] PUT /placement/allocations/1ca1b170-f883-47bb-85da-e406c40745ad => generated 0 bytes in 189 msecs (HTTP/1.1 204) 5 headers in 199 bytes (1 switches on core 0)
May 07 12:30:05.668698 n-d-832330-5 devstack@placement-api.service[104532]: DEBUG placement.requestlog [req-c9479bd1-d972-4aef-a584-4fcda8a12110 req-c589a5b1-80bc-4af9-8156-b9f40fb68b00 None None] Starting request: 10.222.0.25 "GET /placement/allocations/1ca1b170-f883-47bb-85da-e406c40745ad" {{(pid=104532) __call__ /opt/stack/placement/placement/requestlog.py:55}}
May 07 12:30:05.702243 n-d-832330-5 devstack@placement-api.service[104532]: INFO placement.requestlog [req-c9479bd1-d972-4aef-a584-4fcda8a12110 req-c589a5b1-80bc-4af9-8156-b9f40fb68b00 service placement] 10.222.0.25 "GET /placement/allocations/1ca1b170-f883-47bb-85da-e406c40745ad" status: 200 len: 259 microversion: 1.28
May 07 12:30:05.703378 n-d-832330-5 devstack@placement-api.service[104532]: [pid: 104532|app: 0|req: 103/208] 10.222.0.25 () {60 vars in 1377 bytes} [Sat May 7 12:30:05 2022] GET /placement/allocations/1ca1b170-f883-47bb-85da-e406c40745ad => generated 259 bytes in 35 msecs (HTTP/1.1 200) 8 headers in 296 bytes (1 switches on core 0)
May 07 12:30:09.353802 n-d-832330-5 devstack@placement-api.service[104533]: DEBUG placement.requestlog [req-c2f900a8-2666-4503-8da7-6bf7d9c3178e req-50f10dd0-01e7-46d5-87ff-7cb79468cfb6 None None] Starting request: 10.222.0.26 "GET /placement/allocation_candidates?limit=1000&resources=DISK_GB%3A1%2CMEMORY_MB%3A1024%2CVCPU%3A1&root_required=%21COMPUTE_STATUS_DISABLED" {{(pid=104533) __call__ /opt/stack/placement/placement/requestlog.py:55}}
May 07 12:30:09.453950 n-d-832330-5 devstack@placement-api.service[104533]: DEBUG placement.objects.research_context [req-c2f900a8-2666-4503-8da7-6bf7d9c3178e req-50f10dd0-01e7-46d5-87ff-7cb79468cfb6 service placement] getting providers with 1 DISK_GB {{(pid=104533) __init__ /opt/stack/placement/placement/objects/research_context.py:136}}
May 07 12:30:09.477054 n-d-832330-5 devstack@placement-api.service[104533]: DEBUG placement.objects.research_context [req-c2f900a8-2666-4503-8da7-6bf7d9c3178e req-50f10dd0-01e7-46d5-87ff-7cb79468cfb6 service placement] getting providers with 1024 MEMORY_MB {{(pid=104533) __init__ /opt/stack/placement/placement/objects/research_context.py:136}}
May 07 12:30:09.490828 n-d-832330-5 devstack@placement-api.service[104533]: DEBUG placement.objects.research_context [req-c2f900a8-2666-4503-8da7-6bf7d9c3178e req-50f10dd0-01e7-46d5-87ff-7cb79468cfb6 service placement] getting providers with 1 VCPU {{(pid=104533) __init__ /opt/stack/placement/placement/objects/research_context.py:136}}
May 07 12:30:09.504233 n-d-832330-5 devstack@placement-api.service[104533]: DEBUG placement.objects.research_context [req-c2f900a8-2666-4503-8da7-6bf7d9c3178e req-50f10dd0-01e7-46d5-87ff-7cb79468cfb6 service placement] found 2 providers with available 1 DISK_GB {{(pid=104533) get_provider_ids_matching /opt/stack/placement/placement/objects/research_context.py:563}}
May 07 12:30:09.514725 n-d-832330-5 devstack@placement-api.service[104533]: DEBUG placement.objects.research_context [req-c2f900a8-2666-4503-8da7-6bf7d9c3178e req-50f10dd0-01e7-46d5-87ff-7cb79468cfb6 service placement] found 2 providers with available 1024 MEMORY_MB {{(pid=104533) get_provider_ids_matching /opt/stack/placement/placement/objects/research_context.py:563}}
May 07 12:30:09.516702 n-d-832330-5 devstack@placement-api.service[104533]: DEBUG placement.objects.research_context [req-c2f900a8-2666-4503-8da7-6bf7d9c3178e req-50f10dd0-01e7-46d5-87ff-7cb79468cfb6 service placement] found 2 providers after filtering by previous result {{(pid=104533) get_provider_ids_matching /opt/stack/placement/placement/objects/research_context.py:594}}
May 07 12:30:09.517973 n-d-832330-5 devstack@placement-api.service[104533]: DEBUG placement.objects.research_context [req-c2f900a8-2666-4503-8da7-6bf7d9c3178e req-50f10dd0-01e7-46d5-87ff-7cb79468cfb6 service placement] found 2 providers with available 1 VCPU {{(pid=104533) get_provider_ids_matching /opt/stack/placement/placement/objects/research_context.py:563}}
May 07 12:30:09.518501 n-d-832330-5 devstack@placement-api.service[104533]: DEBUG placement.objects.research_context [req-c2f900a8-2666-4503-8da7-6bf7d9c3178e req-50f10dd0-01e7-46d5-87ff-7cb79468cfb6 service placement] found 2 providers after filtering by previous result {{(pid=104533) get_provider_ids_matching /opt/stack/placement/placement/objects/research_context.py:594}}
May 07 12:30:09.573996 n-d-832330-5 devstack@placement-api.service[104533]: DEBUG placement.objects.allocation_candidate [req-c2f900a8-2666-4503-8da7-6bf7d9c3178e req-50f10dd0-01e7-46d5-87ff-7cb79468cfb6 service placement] RequestGroup(use_same_provider=False, resources={DISK_GB:1, MEMORY_MB:1024, VCPU:1}, traits=(), aggregates=[]) (suffix '') returned 2 matches {{(pid=104533) _get_by_requests /opt/stack/placement/placement/objects/allocation_candidate.py:156}}
May 07 12:30:09.574402 n-d-832330-5 devstack@placement-api.service[104533]: DEBUG placement.objects.allocation_candidate [req-c2f900a8-2666-4503-8da7-6bf7d9c3178e req-50f10dd0-01e7-46d5-87ff-7cb79468cfb6 service placement] Merging candidates yields 2 allocation requests and 2 provider summaries {{(pid=104533) _merge_candidates /opt/stack/placement/placement/objects/allocation_candidate.py:809}}
May 07 12:30:09.580022 n-d-832330-5 devstack@placement-api.service[104533]: INFO placement.requestlog [req-c2f900a8-2666-4503-8da7-6bf7d9c3178e req-50f10dd0-01e7-46d5-87ff-7cb79468cfb6 service placement] 10.222.0.26 "GET /placement/allocation_candidates?limit=1000&resources=DISK_GB%3A1%2CMEMORY_MB%3A1024%2CVCPU%3A1&root_required=%21COMPUTE_STATUS_DISABLED" status: 200 len: 1309 microversion: 1.36
May 07 12:30:09.594409 n-d-832330-5 devstack@placement-api.service[104533]: [pid: 104533|app: 0|req: 106/209] 10.222.0.26 () {60 vars in 1506 bytes} [Sat May 7 12:30:09 2022] GET /placement/allocation_candidates?limit=1000&resources=DISK_GB%3A1%2CMEMORY_MB%3A1024%2CVCPU%3A1&root_required=%21COMPUTE_STATUS_DISABLED => generated 1309 bytes in 241 msecs (HTTP/1.1 200) 8 headers in 297 bytes (1 switches on core 0)
May 07 12:30:09.753241 n-d-832330-5 devstack@placement-api.service[104532]: DEBUG placement.requestlog [req-c2f900a8-2666-4503-8da7-6bf7d9c3178e req-fbe1a161-dd76-4498-9c58-b74dc887cc1e None None] Starting request: 10.222.0.26 "GET /placement/allocations/4643240e-3612-47b3-907a-c251bc4ce8fb" {{(pid=104532) __call__ /opt/stack/placement/placement/requestlog.py:55}}
May 07 12:30:09.769286 n-d-832330-5 devstack@placement-api.service[104532]: INFO placement.requestlog [req-c2f900a8-2666-4503-8da7-6bf7d9c3178e req-fbe1a161-dd76-4498-9c58-b74dc887cc1e service placement] 10.222.0.26 "GET /placement/allocations/4643240e-3612-47b3-907a-c251bc4ce8fb" status: 200 len: 19 microversion: 1.28
May 07 12:30:09.778577 n-d-832330-5 devstack@placement-api.service[104532]: [pid: 104532|app: 0|req: 104/210] 10.222.0.26 () {60 vars in 1380 bytes} [Sat May 7 12:30:09 2022] GET /placement/allocations/4643240e-3612-47b3-907a-c251bc4ce8fb => generated 19 bytes in 26 msecs (HTTP/1.1 200) 8 headers in 295 bytes (1 switches on core 0)
May 07 12:30:09.793009 n-d-832330-5 devstack@placement-api.service[104533]: DEBUG placement.requestlog [req-c2f900a8-2666-4503-8da7-6bf7d9c3178e req-dcf13b58-936d-44ab-9b0f-071923895d82 None None] Starting request: 10.222.0.26 "PUT /placement/allocations/4643240e-3612-47b3-907a-c251bc4ce8fb" {{(pid=104533) __call__ /opt/stack/placement/placement/requestlog.py:55}}
May 07 12:30:09.932908 n-d-832330-5 devstack@placement-api.service[104533]: DEBUG placement.handlers.allocation [req-c2f900a8-2666-4503-8da7-6bf7d9c3178e req-dcf13b58-936d-44ab-9b0f-071923895d82 service placement] Successfully wrote allocations [, , ] {{(pid=104533) _update_consumers_and_create_allocations /opt/stack/placement/placement/handlers/allocation.py:462}}
May 07 12:30:09.942252 n-d-832330-5 devstack@placement-api.service[104533]: INFO placement.requestlog [req-c2f900a8-2666-4503-8da7-6bf7d9c3178e req-dcf13b58-936d-44ab-9b0f-071923895d82 service placement] 10.222.0.26 "PUT /placement/allocations/4643240e-3612-47b3-907a-c251bc4ce8fb" status: 204 len: 0 microversion: 1.36
May 07 12:30:09.942894 n-d-832330-5 devstack@placement-api.service[104533]: [pid: 104533|app: 0|req: 107/211] 10.222.0.26 () {64 vars in 1433 bytes} [Sat May 7 12:30:09 2022] PUT /placement/allocations/4643240e-3612-47b3-907a-c251bc4ce8fb => generated 0 bytes in 150 msecs (HTTP/1.1 204) 5 headers in 199 bytes (2 switches on core 0)
May 07 12:30:10.969553 n-d-832330-5 devstack@placement-api.service[104532]: DEBUG placement.requestlog [req-c2f900a8-2666-4503-8da7-6bf7d9c3178e req-4e157625-d552-4570-b16b-f1750b60d960 None None] Starting request: 10.222.0.13 "GET /placement/allocations/4643240e-3612-47b3-907a-c251bc4ce8fb" {{(pid=104532) __call__ /opt/stack/placement/placement/requestlog.py:55}}
May 07 12:30:11.036395 n-d-832330-5 devstack@placement-api.service[104532]: INFO placement.requestlog [req-c2f900a8-2666-4503-8da7-6bf7d9c3178e req-4e157625-d552-4570-b16b-f1750b60d960 service placement] 10.222.0.13 "GET /placement/allocations/4643240e-3612-47b3-907a-c251bc4ce8fb" status: 200 len: 259 microversion: 1.28
May 07 12:30:11.044164 n-d-832330-5 devstack@placement-api.service[104532]: [pid: 104532|app: 0|req: 105/212] 10.222.0.13 () {60 vars in 1377 bytes} [Sat May 7 12:30:10 2022] GET /placement/allocations/4643240e-3612-47b3-907a-c251bc4ce8fb => generated 259 bytes in 75 msecs (HTTP/1.1 200) 8 headers in 296 bytes (1 switches on core 0)
May 07 12:30:17.158606 n-d-832330-5 devstack@placement-api.service[104533]: DEBUG placement.requestlog [req-581c0b25-ac96-412a-a5e8-3ac0093e3c43 req-4bedfc87-69d9-4fb8-93bd-ea008e78f659 None None] Starting request: 10.222.0.25 "GET /placement/resource_providers/4c6f31f1-fb7d-452f-ae03-760a81e37efa/allocations" {{(pid=104533) __call__ /opt/stack/placement/placement/requestlog.py:55}}
May 07 12:30:17.232970 n-d-832330-5 devstack@placement-api.service[104533]: INFO placement.requestlog [req-581c0b25-ac96-412a-a5e8-3ac0093e3c43 req-4bedfc87-69d9-4fb8-93bd-ea008e78f659 service placement] 10.222.0.25 "GET /placement/resource_providers/4c6f31f1-fb7d-452f-ae03-760a81e37efa/allocations" status: 200 len: 645 microversion: 1.0
May 07 12:30:17.260573 n-d-832330-5 devstack@placement-api.service[104533]: [pid: 104533|app: 0|req: 108/213] 10.222.0.25 () {58 vars in 1390 bytes} [Sat May 7 12:30:17 2022] GET /placement/resource_providers/4c6f31f1-fb7d-452f-ae03-760a81e37efa/allocations => generated 645 bytes in 102 msecs (HTTP/1.1 200) 6 headers in 224 bytes (1 switches on core 0)
May 07 12:30:17.627096 n-d-832330-5 devstack@placement-api.service[104532]: DEBUG placement.requestlog [req-581c0b25-ac96-412a-a5e8-3ac0093e3c43 req-bb346d77-86a8-431f-b8ce-500fed2752a0 None None] Starting request: 10.222.0.25 "GET /placement/allocations/fc0c70ab-fdc8-4651-abaa-9fd19a43c4a5" {{(pid=104532) __call__ /opt/stack/placement/placement/requestlog.py:55}}
May 07 12:30:17.659070 n-d-832330-5 devstack@placement-api.service[104532]: INFO placement.requestlog [req-581c0b25-ac96-412a-a5e8-3ac0093e3c43 req-bb346d77-86a8-431f-b8ce-500fed2752a0 service placement] 10.222.0.25 "GET /placement/allocations/fc0c70ab-fdc8-4651-abaa-9fd19a43c4a5" status: 200 len: 259 microversion: 1.28
May 07 12:30:17.659867 n-d-832330-5 devstack@placement-api.service[104532]: [pid: 104532|app: 0|req: 106/214] 10.222.0.25 () {60 vars in 1377 bytes} [Sat May 7 12:30:17 2022] GET /placement/allocations/fc0c70ab-fdc8-4651-abaa-9fd19a43c4a5 => generated 259 bytes in 33 msecs (HTTP/1.1 200) 8 headers in 296 bytes (2 switches on core 0)
May 07 12:30:17.676266 n-d-832330-5 devstack@placement-api.service[104533]: DEBUG placement.requestlog [req-581c0b25-ac96-412a-a5e8-3ac0093e3c43 req-90a1e4b5-acfe-4db1-ae9c-239e0b0aa0d5 None None] Starting request: 10.222.0.25 "PUT /placement/allocations/fc0c70ab-fdc8-4651-abaa-9fd19a43c4a5" {{(pid=104533) __call__ /opt/stack/placement/placement/requestlog.py:55}}
May 07 12:30:17.749547 n-d-832330-5 devstack@placement-api.service[104533]: DEBUG placement.handlers.allocation [req-581c0b25-ac96-412a-a5e8-3ac0093e3c43 req-90a1e4b5-acfe-4db1-ae9c-239e0b0aa0d5 service placement] Successfully wrote allocations [, , ] {{(pid=104533) _update_consumers_and_create_allocations /opt/stack/placement/placement/handlers/allocation.py:462}}
May 07 12:30:17.756303 n-d-832330-5 devstack@placement-api.service[104533]: INFO placement.requestlog [req-581c0b25-ac96-412a-a5e8-3ac0093e3c43 req-90a1e4b5-acfe-4db1-ae9c-239e0b0aa0d5 service placement] 10.222.0.25 "PUT /placement/allocations/fc0c70ab-fdc8-4651-abaa-9fd19a43c4a5" status: 204 len: 0 microversion: 1.28
May 07 12:30:17.757522 n-d-832330-5 devstack@placement-api.service[104533]: [pid: 104533|app: 0|req: 109/215] 10.222.0.25 () {64 vars in 1430 bytes} [Sat May 7 12:30:17 2022] PUT /placement/allocations/fc0c70ab-fdc8-4651-abaa-9fd19a43c4a5 => generated 0 bytes in 81 msecs (HTTP/1.1 204) 5 headers in 199 bytes (1 switches on core 0)
May 07 12:30:21.155746 n-d-832330-5 devstack@placement-api.service[104532]: DEBUG placement.requestlog [req-4085b891-4e3d-48fb-9967-b82f41f4a3d9 req-4bf08ca2-9857-4aff-a084-cf9ecd85b3f0 None None] Starting request: 10.222.0.26 "GET /placement/allocation_candidates?limit=1000&resources=DISK_GB%3A1%2CMEMORY_MB%3A1024%2CVCPU%3A1&root_required=%21COMPUTE_STATUS_DISABLED" {{(pid=104532) __call__ /opt/stack/placement/placement/requestlog.py:55}}
May 07 12:30:21.208709 n-d-832330-5 devstack@placement-api.service[104532]: DEBUG placement.objects.research_context [req-4085b891-4e3d-48fb-9967-b82f41f4a3d9 req-4bf08ca2-9857-4aff-a084-cf9ecd85b3f0 service placement] getting providers with 1 DISK_GB {{(pid=104532) __init__ /opt/stack/placement/placement/objects/research_context.py:136}}
May 07 12:30:21.215848 n-d-832330-5 devstack@placement-api.service[104532]: DEBUG placement.objects.research_context [req-4085b891-4e3d-48fb-9967-b82f41f4a3d9 req-4bf08ca2-9857-4aff-a084-cf9ecd85b3f0 service placement] getting providers with 1024 MEMORY_MB {{(pid=104532) __init__ /opt/stack/placement/placement/objects/research_context.py:136}}
May 07 12:30:21.221248 n-d-832330-5 devstack@placement-api.service[104532]: DEBUG placement.objects.research_context [req-4085b891-4e3d-48fb-9967-b82f41f4a3d9 req-4bf08ca2-9857-4aff-a084-cf9ecd85b3f0 service placement] getting providers with 1 VCPU {{(pid=104532) __init__ /opt/stack/placement/placement/objects/research_context.py:136}}
May 07 12:30:21.226893 n-d-832330-5 devstack@placement-api.service[104532]: DEBUG placement.objects.research_context [req-4085b891-4e3d-48fb-9967-b82f41f4a3d9 req-4bf08ca2-9857-4aff-a084-cf9ecd85b3f0 service placement] found 2 providers with available 1 DISK_GB {{(pid=104532) get_provider_ids_matching /opt/stack/placement/placement/objects/research_context.py:563}}
May 07 12:30:21.227373 n-d-832330-5 devstack@placement-api.service[104532]: DEBUG placement.objects.research_context [req-4085b891-4e3d-48fb-9967-b82f41f4a3d9 req-4bf08ca2-9857-4aff-a084-cf9ecd85b3f0 service placement] found 2 providers with available 1024 MEMORY_MB {{(pid=104532) get_provider_ids_matching /opt/stack/placement/placement/objects/research_context.py:563}}
May 07 12:30:21.228606 n-d-832330-5 devstack@placement-api.service[104532]: DEBUG placement.objects.research_context [req-4085b891-4e3d-48fb-9967-b82f41f4a3d9 req-4bf08ca2-9857-4aff-a084-cf9ecd85b3f0 service placement] found 2 providers after filtering by previous result {{(pid=104532) get_provider_ids_matching /opt/stack/placement/placement/objects/research_context.py:594}}
May 07 12:30:21.229045 n-d-832330-5 devstack@placement-api.service[104532]: DEBUG placement.objects.research_context [req-4085b891-4e3d-48fb-9967-b82f41f4a3d9 req-4bf08ca2-9857-4aff-a084-cf9ecd85b3f0 service placement] found 2 providers with available 1 VCPU {{(pid=104532) get_provider_ids_matching /opt/stack/placement/placement/objects/research_context.py:563}}
May 07 12:30:21.229460 n-d-832330-5 devstack@placement-api.service[104532]: DEBUG placement.objects.research_context [req-4085b891-4e3d-48fb-9967-b82f41f4a3d9 req-4bf08ca2-9857-4aff-a084-cf9ecd85b3f0 service placement] found 2 providers after filtering by previous result {{(pid=104532) get_provider_ids_matching /opt/stack/placement/placement/objects/research_context.py:594}}
May 07 12:30:21.240897 n-d-832330-5 devstack@placement-api.service[104532]: DEBUG placement.objects.allocation_candidate [req-4085b891-4e3d-48fb-9967-b82f41f4a3d9 req-4bf08ca2-9857-4aff-a084-cf9ecd85b3f0 service placement] RequestGroup(use_same_provider=False, resources={DISK_GB:1, MEMORY_MB:1024, VCPU:1}, traits=(), aggregates=[]) (suffix '') returned 2 matches {{(pid=104532) _get_by_requests /opt/stack/placement/placement/objects/allocation_candidate.py:156}}
May 07 12:30:21.241514 n-d-832330-5 devstack@placement-api.service[104532]: DEBUG placement.objects.allocation_candidate [req-4085b891-4e3d-48fb-9967-b82f41f4a3d9 req-4bf08ca2-9857-4aff-a084-cf9ecd85b3f0 service placement] Merging candidates yields 2 allocation requests and 2 provider summaries {{(pid=104532) _merge_candidates /opt/stack/placement/placement/objects/allocation_candidate.py:809}}
May 07 12:30:21.243412 n-d-832330-5 devstack@placement-api.service[104532]: INFO placement.requestlog [req-4085b891-4e3d-48fb-9967-b82f41f4a3d9 req-4bf08ca2-9857-4aff-a084-cf9ecd85b3f0 service placement] 10.222.0.26 "GET /placement/allocation_candidates?limit=1000&resources=DISK_GB%3A1%2CMEMORY_MB%3A1024%2CVCPU%3A1&root_required=%21COMPUTE_STATUS_DISABLED" status: 200 len: 1309 microversion: 1.36
May 07 12:30:21.255678 n-d-832330-5 devstack@placement-api.service[104532]: [pid: 104532|app: 0|req: 107/216] 10.222.0.26 () {60 vars in 1506 bytes} [Sat May 7 12:30:21 2022] GET /placement/allocation_candidates?limit=1000&resources=DISK_GB%3A1%2CMEMORY_MB%3A1024%2CVCPU%3A1&root_required=%21COMPUTE_STATUS_DISABLED => generated 1309 bytes in 100 msecs (HTTP/1.1 200) 8 headers in 297 bytes (1 switches on core 0)
May 07 12:30:21.407497 n-d-832330-5 devstack@placement-api.service[104533]: DEBUG placement.requestlog [req-4085b891-4e3d-48fb-9967-b82f41f4a3d9 req-3686733b-f7d0-47a2-9df7-43458690c48c None None] Starting request: 10.222.0.26 "GET /placement/allocations/9f19e36b-ebe6-4adb-a35d-dfad39fbc85c" {{(pid=104533) __call__ /opt/stack/placement/placement/requestlog.py:55}}
