May 03 22:37:03.114720 n-d-832330-4 devstack@n-api.service[124993]: DEBUG nova.api.openstack.wsgi [req-d035a9b3-21a0-43e5-af22-8f865bd7a600 req-ea7619f5-0580-4c73-9a79-2927934f8098 service nova] Action: 'create', calling method: >, body: {"events": [{"server_uuid": "b3b38b9c-6583-42f5-938f-f574576bcbd9", "name": "network-vif-plugged", "status": "completed", "tag": "12ae0f07-dba5-4700-a05d-e43488939b2d"}]} {{(pid=124993) _process_stack /opt/stack/nova/nova/api/openstack/wsgi.py:511}}
May 03 22:37:03.125623 n-d-832330-4 devstack@n-api.service[124993]: DEBUG oslo_concurrency.lockutils [req-d035a9b3-21a0-43e5-af22-8f865bd7a600 req-ea7619f5-0580-4c73-9a79-2927934f8098 service nova] Lock "3115be8c-73b9-449a-8dc0-42ef8664d365" acquired by "nova.context.set_target_cell..get_or_set_cached_cell_and_set_connections" :: waited 0.000s {{(pid=124993) inner /usr/local/lib/python3.8/dist-packages/oslo_concurrency/lockutils.py:386}}
May 03 22:37:03.126218 n-d-832330-4 devstack@n-api.service[124993]: DEBUG oslo_concurrency.lockutils [req-d035a9b3-21a0-43e5-af22-8f865bd7a600 req-ea7619f5-0580-4c73-9a79-2927934f8098 service nova] Lock "3115be8c-73b9-449a-8dc0-42ef8664d365" "released" by "nova.context.set_target_cell..get_or_set_cached_cell_and_set_connections" :: held 0.001s {{(pid=124993) inner /usr/local/lib/python3.8/dist-packages/oslo_concurrency/lockutils.py:400}}
May 03 22:37:03.158303 n-d-832330-4 devstack@n-api.service[124993]: INFO nova.api.openstack.compute.server_external_events [req-d035a9b3-21a0-43e5-af22-8f865bd7a600 req-ea7619f5-0580-4c73-9a79-2927934f8098 service nova] Creating event network-vif-plugged:12ae0f07-dba5-4700-a05d-e43488939b2d for instance b3b38b9c-6583-42f5-938f-f574576bcbd9 on n-h2-832330-4
May 03 22:37:03.164660 n-d-832330-4 devstack@n-api.service[124993]: INFO nova.api.openstack.requestlog [req-d035a9b3-21a0-43e5-af22-8f865bd7a600 req-ea7619f5-0580-4c73-9a79-2927934f8098 service nova] 10.222.0.73 "POST /compute/v2.1/os-server-external-events" status: 200 len: 183 microversion: 2.1 time: 0.056172
May 03 22:37:03.172449 n-d-832330-4 devstack@n-api.service[124993]: [pid: 124993|app: 0|req: 71/135] 10.222.0.73 () {64 vars in 1317 bytes} [Tue May 3 22:37:03 2022] POST /compute/v2.1/os-server-external-events => generated 183 bytes in 64 msecs (HTTP/1.1 200) 9 headers in 357 bytes (1 switches on core 0)
May 03 22:37:03.334606 n-d-832330-4 devstack@n-api.service[124994]: DEBUG nova.api.openstack.wsgi [None req-2190a4c2-f021-491d-bcb8-03b9e801bca1 tempest-QuotasAdminTestV236-1003895142 tempest-QuotasAdminTestV236-1003895142-project-admin] Action: 'update', calling method: .version_select at 0x7f9f58c1d820>, body: {"quota_set": {"ram": "2048"}} {{(pid=124994) _process_stack /opt/stack/nova/nova/api/openstack/wsgi.py:511}}
May 03 22:37:03.413897 n-d-832330-4 devstack@n-api.service[124994]: DEBUG oslo_concurrency.lockutils [None req-2190a4c2-f021-491d-bcb8-03b9e801bca1 tempest-QuotasAdminTestV236-1003895142 tempest-QuotasAdminTestV236-1003895142-project-admin] Lock "00000000-0000-0000-0000-000000000000" acquired by "nova.context.set_target_cell..get_or_set_cached_cell_and_set_connections" :: waited 0.000s {{(pid=124994) inner /usr/local/lib/python3.8/dist-packages/oslo_concurrency/lockutils.py:386}}
May 03 22:37:03.414858 n-d-832330-4 devstack@n-api.service[124994]: DEBUG oslo_concurrency.lockutils [None req-2190a4c2-f021-491d-bcb8-03b9e801bca1 tempest-QuotasAdminTestV236-1003895142 tempest-QuotasAdminTestV236-1003895142-project-admin] Lock "00000000-0000-0000-0000-000000000000" "released" by "nova.context.set_target_cell..get_or_set_cached_cell_and_set_connections" :: held 0.002s {{(pid=124994) inner /usr/local/lib/python3.8/dist-packages/oslo_concurrency/lockutils.py:400}}
May 03 22:37:03.416505 n-d-832330-4 devstack@n-api.service[124994]: DEBUG oslo_concurrency.lockutils [None req-2190a4c2-f021-491d-bcb8-03b9e801bca1 tempest-QuotasAdminTestV236-1003895142 tempest-QuotasAdminTestV236-1003895142-project-admin] Lock "3115be8c-73b9-449a-8dc0-42ef8664d365" acquired by "nova.context.set_target_cell..get_or_set_cached_cell_and_set_connections" :: waited 0.000s {{(pid=124994) inner /usr/local/lib/python3.8/dist-packages/oslo_concurrency/lockutils.py:386}}
May 03 22:37:03.417099 n-d-832330-4 devstack@n-api.service[124994]: DEBUG oslo_concurrency.lockutils [None req-2190a4c2-f021-491d-bcb8-03b9e801bca1 tempest-QuotasAdminTestV236-1003895142 tempest-QuotasAdminTestV236-1003895142-project-admin] Lock "3115be8c-73b9-449a-8dc0-42ef8664d365" "released" by "nova.context.set_target_cell..get_or_set_cached_cell_and_set_connections" :: held 0.001s {{(pid=124994) inner /usr/local/lib/python3.8/dist-packages/oslo_concurrency/lockutils.py:400}}
May 03 22:37:03.472932 n-d-832330-4 devstack@n-api.service[124994]: DEBUG oslo_concurrency.lockutils [None req-2190a4c2-f021-491d-bcb8-03b9e801bca1 tempest-QuotasAdminTestV236-1003895142 tempest-QuotasAdminTestV236-1003895142-project-admin] Lock "00000000-0000-0000-0000-000000000000" acquired by "nova.context.set_target_cell..get_or_set_cached_cell_and_set_connections" :: waited 0.000s {{(pid=124994) inner /usr/local/lib/python3.8/dist-packages/oslo_concurrency/lockutils.py:386}}
May 03 22:37:03.473713 n-d-832330-4 devstack@n-api.service[124994]: DEBUG oslo_concurrency.lockutils [None req-2190a4c2-f021-491d-bcb8-03b9e801bca1 tempest-QuotasAdminTestV236-1003895142 tempest-QuotasAdminTestV236-1003895142-project-admin] Lock "00000000-0000-0000-0000-000000000000" "released" by "nova.context.set_target_cell..get_or_set_cached_cell_and_set_connections" :: held 0.001s {{(pid=124994) inner /usr/local/lib/python3.8/dist-packages/oslo_concurrency/lockutils.py:400}}
May 03 22:37:03.474669 n-d-832330-4 devstack@n-api.service[124994]: DEBUG oslo_concurrency.lockutils [None req-2190a4c2-f021-491d-bcb8-03b9e801bca1 tempest-QuotasAdminTestV236-1003895142 tempest-QuotasAdminTestV236-1003895142-project-admin] Lock "3115be8c-73b9-449a-8dc0-42ef8664d365" acquired by "nova.context.set_target_cell..get_or_set_cached_cell_and_set_connections" :: waited 0.000s {{(pid=124994) inner /usr/local/lib/python3.8/dist-packages/oslo_concurrency/lockutils.py:386}}
May 03 22:37:03.475696 n-d-832330-4 devstack@n-api.service[124994]: DEBUG oslo_concurrency.lockutils [None req-2190a4c2-f021-491d-bcb8-03b9e801bca1 tempest-QuotasAdminTestV236-1003895142 tempest-QuotasAdminTestV236-1003895142-project-admin] Lock "3115be8c-73b9-449a-8dc0-42ef8664d365" "released" by "nova.context.set_target_cell..get_or_set_cached_cell_and_set_connections" :: held 0.001s {{(pid=124994) inner /usr/local/lib/python3.8/dist-packages/oslo_concurrency/lockutils.py:400}}
May 03 22:37:03.517062 n-d-832330-4 devstack@n-api.service[124993]: DEBUG nova.api.openstack.wsgi [None req-2e054f31-9ce2-4015-9fb3-ea2f990f2e03 tempest-AggregatesAdminTestJSON-1820318595 tempest-AggregatesAdminTestJSON-1820318595-project] Calling method '>' {{(pid=124993) _process_stack /opt/stack/nova/nova/api/openstack/wsgi.py:513}}
May 03 22:37:03.517789 n-d-832330-4 devstack@n-api.service[124993]: DEBUG nova.compute.api [None req-2e054f31-9ce2-4015-9fb3-ea2f990f2e03 tempest-AggregatesAdminTestJSON-1820318595 tempest-AggregatesAdminTestJSON-1820318595-project] [instance: b3b38b9c-6583-42f5-938f-f574576bcbd9] Fetching instance by UUID {{(pid=124993) get /opt/stack/nova/nova/compute/api.py:2918}}
May 03 22:37:03.530530 n-d-832330-4 devstack@n-api.service[124993]: DEBUG oslo_concurrency.lockutils [None req-2e054f31-9ce2-4015-9fb3-ea2f990f2e03 tempest-AggregatesAdminTestJSON-1820318595 tempest-AggregatesAdminTestJSON-1820318595-project] Lock "3115be8c-73b9-449a-8dc0-42ef8664d365" acquired by "nova.context.set_target_cell..get_or_set_cached_cell_and_set_connections" :: waited 0.000s {{(pid=124993) inner /usr/local/lib/python3.8/dist-packages/oslo_concurrency/lockutils.py:386}}
May 03 22:37:03.530991 n-d-832330-4 devstack@n-api.service[124993]: DEBUG oslo_concurrency.lockutils [None req-2e054f31-9ce2-4015-9fb3-ea2f990f2e03 tempest-AggregatesAdminTestJSON-1820318595 tempest-AggregatesAdminTestJSON-1820318595-project] Lock "3115be8c-73b9-449a-8dc0-42ef8664d365" "released" by "nova.context.set_target_cell..get_or_set_cached_cell_and_set_connections" :: held 0.001s {{(pid=124993) inner /usr/local/lib/python3.8/dist-packages/oslo_concurrency/lockutils.py:400}}
May 03 22:37:03.534298 n-d-832330-4 devstack@n-api.service[124993]: DEBUG oslo_concurrency.lockutils [None req-2e054f31-9ce2-4015-9fb3-ea2f990f2e03 tempest-AggregatesAdminTestJSON-1820318595 tempest-AggregatesAdminTestJSON-1820318595-project] Lock "3115be8c-73b9-449a-8dc0-42ef8664d365" acquired by "nova.context.set_target_cell..get_or_set_cached_cell_and_set_connections" :: waited 0.000s {{(pid=124993) inner /usr/local/lib/python3.8/dist-packages/oslo_concurrency/lockutils.py:386}}
May 03 22:37:03.535395 n-d-832330-4 devstack@n-api.service[124993]: DEBUG oslo_concurrency.lockutils [None req-2e054f31-9ce2-4015-9fb3-ea2f990f2e03 tempest-AggregatesAdminTestJSON-1820318595 tempest-AggregatesAdminTestJSON-1820318595-project] Lock "3115be8c-73b9-449a-8dc0-42ef8664d365" "released" by "nova.context.set_target_cell..get_or_set_cached_cell_and_set_connections" :: held 0.002s {{(pid=124993) inner /usr/local/lib/python3.8/dist-packages/oslo_concurrency/lockutils.py:400}}
May 03 22:37:03.595361 n-d-832330-4 devstack@n-api.service[124994]: INFO nova.api.openstack.requestlog [None req-2190a4c2-f021-491d-bcb8-03b9e801bca1 tempest-QuotasAdminTestV236-1003895142 tempest-QuotasAdminTestV236-1003895142-project-admin] 10.222.0.73 "PUT /compute/v2.1/os-quota-sets/f9e80ee5b4d84a4ab656a7974a07eede?user_id=8197a2f038be404aa768fccd71cbfdd4" status: 200 len: 240 microversion: 2.36 time: 0.262029
May 03 22:37:03.596426 n-d-832330-4 devstack@n-api.service[124994]: [pid: 124994|app: 0|req: 65/136] 10.222.0.73 () {62 vars in 1383 bytes} [Tue May 3 22:37:03 2022] PUT /compute/v2.1/os-quota-sets/f9e80ee5b4d84a4ab656a7974a07eede?user_id=8197a2f038be404aa768fccd71cbfdd4 => generated 240 bytes in 270 msecs (HTTP/1.1 200) 9 headers in 359 bytes (1 switches on core 0)
May 03 22:37:03.602077 n-d-832330-4 devstack@n-api.service[124994]: DEBUG nova.api.openstack.wsgi [None req-b96df5bd-6c07-48e0-a86e-c08a978da832 tempest-DeleteServersAdminTestJSON-521434680 tempest-DeleteServersAdminTestJSON-521434680-project] Calling method '>' {{(pid=124994) _process_stack /opt/stack/nova/nova/api/openstack/wsgi.py:513}}
May 03 22:37:03.608285 n-d-832330-4 devstack@n-api.service[124994]: DEBUG nova.compute.api [None req-b96df5bd-6c07-48e0-a86e-c08a978da832 tempest-DeleteServersAdminTestJSON-521434680 tempest-DeleteServersAdminTestJSON-521434680-project] [instance: 414871be-9559-4400-8b0b-a59fedbe536f] Fetching instance by UUID {{(pid=124994) get /opt/stack/nova/nova/compute/api.py:2918}}
May 03 22:37:03.616772 n-d-832330-4 devstack@n-api.service[124994]: DEBUG oslo_concurrency.lockutils [None req-b96df5bd-6c07-48e0-a86e-c08a978da832 tempest-DeleteServersAdminTestJSON-521434680 tempest-DeleteServersAdminTestJSON-521434680-project] Lock "3115be8c-73b9-449a-8dc0-42ef8664d365" acquired by "nova.context.set_target_cell..get_or_set_cached_cell_and_set_connections" :: waited 0.000s {{(pid=124994) inner /usr/local/lib/python3.8/dist-packages/oslo_concurrency/lockutils.py:386}}
May 03 22:37:03.617451 n-d-832330-4 devstack@n-api.service[124994]: DEBUG oslo_concurrency.lockutils [None req-b96df5bd-6c07-48e0-a86e-c08a978da832 tempest-DeleteServersAdminTestJSON-521434680 tempest-DeleteServersAdminTestJSON-521434680-project] Lock "3115be8c-73b9-449a-8dc0-42ef8664d365" "released" by "nova.context.set_target_cell..get_or_set_cached_cell_and_set_connections" :: held 0.001s {{(pid=124994) inner /usr/local/lib/python3.8/dist-packages/oslo_concurrency/lockutils.py:400}}
May 03 22:37:03.618476 n-d-832330-4 devstack@n-api.service[124994]: DEBUG oslo_concurrency.lockutils [None req-b96df5bd-6c07-48e0-a86e-c08a978da832 tempest-DeleteServersAdminTestJSON-521434680 tempest-DeleteServersAdminTestJSON-521434680-project] Lock "3115be8c-73b9-449a-8dc0-42ef8664d365" acquired by "nova.context.set_target_cell..get_or_set_cached_cell_and_set_connections" :: waited 0.000s {{(pid=124994) inner /usr/local/lib/python3.8/dist-packages/oslo_concurrency/lockutils.py:386}}
May 03 22:37:03.619065 n-d-832330-4 devstack@n-api.service[124994]: DEBUG oslo_concurrency.lockutils [None req-b96df5bd-6c07-48e0-a86e-c08a978da832 tempest-DeleteServersAdminTestJSON-521434680 tempest-DeleteServersAdminTestJSON-521434680-project] Lock "3115be8c-73b9-449a-8dc0-42ef8664d365" "released" by "nova.context.set_target_cell..get_or_set_cached_cell_and_set_connections" :: held 0.001s {{(pid=124994) inner /usr/local/lib/python3.8/dist-packages/oslo_concurrency/lockutils.py:400}}
May 03 22:37:03.952915 n-d-832330-4 devstack@n-api.service[124993]: DEBUG nova.policy [None req-2e054f31-9ce2-4015-9fb3-ea2f990f2e03 tempest-AggregatesAdminTestJSON-1820318595 tempest-AggregatesAdminTestJSON-1820318595-project] Policy check for os_compute_api:os-extended-server-attributes failed with credentials {'is_admin': False, 'user_id': '650aeb5f82a646f4a123ae4394d6e6a5', 'user_domain_id': 'default', 'system_scope': None, 'domain_id': None, 'project_id': 'e9c8974d03174fa39a44dd6b7309d392', 'project_domain_id': 'default', 'roles': ['member', 'reader'], 'is_admin_project': True, 'service_user_id': None, 'service_user_domain_id': None, 'service_project_id': None, 'service_project_domain_id': None, 'service_roles': []} {{(pid=124993) authorize /opt/stack/nova/nova/policy.py:199}}
May 03 22:37:03.959904 n-d-832330-4 devstack@n-api.service[124994]: DEBUG nova.policy [None req-b96df5bd-6c07-48e0-a86e-c08a978da832 tempest-DeleteServersAdminTestJSON-521434680 tempest-DeleteServersAdminTestJSON-521434680-project] Policy check for os_compute_api:os-extended-server-attributes failed with credentials {'is_admin': False, 'user_id': 'd3f1d151d7b94561b8f52f39037fbc49', 'user_domain_id': 'default', 'system_scope': None, 'domain_id': None, 'project_id': '50485cb841434811a68a069e4940cbf7', 'project_domain_id': 'default', 'roles': ['member', 'reader'], 'is_admin_project': True, 'service_user_id': None, 'service_user_domain_id': None, 'service_project_id': None, 'service_project_domain_id': None, 'service_roles': []} {{(pid=124994) authorize /opt/stack/nova/nova/policy.py:199}}
May 03 22:37:03.997982 n-d-832330-4 devstack@n-api.service[124994]: INFO nova.api.openstack.requestlog [None req-b96df5bd-6c07-48e0-a86e-c08a978da832 tempest-DeleteServersAdminTestJSON-521434680 tempest-DeleteServersAdminTestJSON-521434680-project] 10.222.0.73 "GET /compute/v2.1/servers/414871be-9559-4400-8b0b-a59fedbe536f" status: 200 len: 1319 microversion: 2.1 time: 0.399240
May 03 22:37:04.000262 n-d-832330-4 devstack@n-api.service[124993]: INFO nova.api.openstack.requestlog [None req-2e054f31-9ce2-4015-9fb3-ea2f990f2e03 tempest-AggregatesAdminTestJSON-1820318595 tempest-AggregatesAdminTestJSON-1820318595-project] 10.222.0.73 "GET /compute/v2.1/servers/b3b38b9c-6583-42f5-938f-f574576bcbd9" status: 200 len: 1338 microversion: 2.1 time: 0.483036
May 03 22:37:04.002873 n-d-832330-4 devstack@n-api.service[124993]: [pid: 124993|app: 0|req: 72/137] 10.222.0.73 () {58 vars in 1235 bytes} [Tue May 3 22:37:03 2022] GET /compute/v2.1/servers/b3b38b9c-6583-42f5-938f-f574576bcbd9 => generated 1338 bytes in 492 msecs (HTTP/1.1 200) 9 headers in 358 bytes (2 switches on core 0)
May 03 22:37:04.004759 n-d-832330-4 devstack@n-api.service[124994]: [pid: 124994|app: 0|req: 66/138] 10.222.0.73 () {58 vars in 1235 bytes} [Tue May 3 22:37:03 2022] GET /compute/v2.1/servers/414871be-9559-4400-8b0b-a59fedbe536f => generated 1319 bytes in 408 msecs (HTTP/1.1 200) 9 headers in 358 bytes (1 switches on core 0)
May 03 22:37:04.017767 n-d-832330-4 devstack@n-api.service[124993]: DEBUG nova.api.openstack.wsgi [None req-cfd59369-11ed-4fe8-b50e-5eabf5274508 tempest-QuotasAdminTestV236-1003895142 tempest-QuotasAdminTestV236-1003895142-project-admin] Calling method '.version_select at 0x7f9f5838c700>' {{(pid=124993) _process_stack /opt/stack/nova/nova/api/openstack/wsgi.py:513}}
May 03 22:37:04.022401 n-d-832330-4 devstack@n-api.service[124994]: DEBUG nova.api.openstack.wsgi [None req-94621f35-641b-4c34-ab69-70cec918b1ab tempest-ServerDiagnosticsNegativeTest-520902122 tempest-ServerDiagnosticsNegativeTest-520902122-project] Calling method '>' {{(pid=124994) _process_stack /opt/stack/nova/nova/api/openstack/wsgi.py:513}}
May 03 22:37:04.025331 n-d-832330-4 devstack@n-api.service[124994]: DEBUG nova.compute.api [None req-94621f35-641b-4c34-ab69-70cec918b1ab tempest-ServerDiagnosticsNegativeTest-520902122 tempest-ServerDiagnosticsNegativeTest-520902122-project] [instance: 4b492a23-f583-4307-a0d5-ddeffc12a348] Fetching instance by UUID {{(pid=124994) get /opt/stack/nova/nova/compute/api.py:2918}}
May 03 22:37:04.037467 n-d-832330-4 devstack@n-api.service[124994]: DEBUG oslo_concurrency.lockutils [None req-94621f35-641b-4c34-ab69-70cec918b1ab tempest-ServerDiagnosticsNegativeTest-520902122 tempest-ServerDiagnosticsNegativeTest-520902122-project] Lock "3115be8c-73b9-449a-8dc0-42ef8664d365" acquired by "nova.context.set_target_cell..get_or_set_cached_cell_and_set_connections" :: waited 0.000s {{(pid=124994) inner /usr/local/lib/python3.8/dist-packages/oslo_concurrency/lockutils.py:386}}
May 03 22:37:04.037930 n-d-832330-4 devstack@n-api.service[124994]: DEBUG oslo_concurrency.lockutils [None req-94621f35-641b-4c34-ab69-70cec918b1ab tempest-ServerDiagnosticsNegativeTest-520902122 tempest-ServerDiagnosticsNegativeTest-520902122-project] Lock "3115be8c-73b9-449a-8dc0-42ef8664d365" "released" by "nova.context.set_target_cell..get_or_set_cached_cell_and_set_connections" :: held 0.001s {{(pid=124994) inner /usr/local/lib/python3.8/dist-packages/oslo_concurrency/lockutils.py:400}}
May 03 22:37:04.038750 n-d-832330-4 devstack@n-api.service[124994]: DEBUG oslo_concurrency.lockutils [None req-94621f35-641b-4c34-ab69-70cec918b1ab tempest-ServerDiagnosticsNegativeTest-520902122 tempest-ServerDiagnosticsNegativeTest-520902122-project] Lock "3115be8c-73b9-449a-8dc0-42ef8664d365" acquired by "nova.context.set_target_cell..get_or_set_cached_cell_and_set_connections" :: waited 0.000s {{(pid=124994) inner /usr/local/lib/python3.8/dist-packages/oslo_concurrency/lockutils.py:386}}
May 03 22:37:04.039167 n-d-832330-4 devstack@n-api.service[124994]: DEBUG oslo_concurrency.lockutils [None req-94621f35-641b-4c34-ab69-70cec918b1ab tempest-ServerDiagnosticsNegativeTest-520902122 tempest-ServerDiagnosticsNegativeTest-520902122-project] Lock "3115be8c-73b9-449a-8dc0-42ef8664d365" "released" by "nova.context.set_target_cell..get_or_set_cached_cell_and_set_connections" :: held 0.000s {{(pid=124994) inner /usr/local/lib/python3.8/dist-packages/oslo_concurrency/lockutils.py:400}}
May 03 22:37:04.152321 n-d-832330-4 devstack@n-api.service[124993]: INFO nova.api.openstack.requestlog [None req-cfd59369-11ed-4fe8-b50e-5eabf5274508 tempest-QuotasAdminTestV236-1003895142 tempest-QuotasAdminTestV236-1003895142-project-admin] 10.222.0.73 "GET /compute/v2.1/os-quota-sets/f9e80ee5b4d84a4ab656a7974a07eede?user_id=8197a2f038be404aa768fccd71cbfdd4" status: 200 len: 282 microversion: 2.36 time: 0.144726
May 03 22:37:04.154322 n-d-832330-4 devstack@n-api.service[124993]: [pid: 124993|app: 0|req: 73/139] 10.222.0.73 () {60 vars in 1363 bytes} [Tue May 3 22:37:04 2022] GET /compute/v2.1/os-quota-sets/f9e80ee5b4d84a4ab656a7974a07eede?user_id=8197a2f038be404aa768fccd71cbfdd4 => generated 282 bytes in 149 msecs (HTTP/1.1 200) 9 headers in 359 bytes (1 switches on core 0)
May 03 22:37:04.188918 n-d-832330-4 devstack@n-api.service[124994]: DEBUG nova.policy [None req-94621f35-641b-4c34-ab69-70cec918b1ab tempest-ServerDiagnosticsNegativeTest-520902122 tempest-ServerDiagnosticsNegativeTest-520902122-project] Policy check for os_compute_api:os-extended-server-attributes failed with credentials {'is_admin': False, 'user_id': 'cc09e18d85d54a60b36efe536d23d4ed', 'user_domain_id': 'default', 'system_scope': None, 'domain_id': None, 'project_id': 'a6cc08f2ae094bbeb9945c6b45a393cf', 'project_domain_id': 'default', 'roles': ['member', 'reader'], 'is_admin_project': True, 'service_user_id': None, 'service_user_domain_id': None, 'service_project_id': None, 'service_project_domain_id': None, 'service_roles': []} {{(pid=124994) authorize /opt/stack/nova/nova/policy.py:199}}
May 03 22:37:04.200839 n-d-832330-4 devstack@n-api.service[124994]: INFO nova.api.openstack.requestlog [None req-94621f35-641b-4c34-ab69-70cec918b1ab tempest-ServerDiagnosticsNegativeTest-520902122 tempest-ServerDiagnosticsNegativeTest-520902122-project] 10.222.0.73 "GET /compute/v2.1/servers/4b492a23-f583-4307-a0d5-ddeffc12a348" status: 200 len: 1281 microversion: 2.1 time: 0.189876
May 03 22:37:04.213388 n-d-832330-4 devstack@n-api.service[124994]: [pid: 124994|app: 0|req: 67/140] 10.222.0.73 () {58 vars in 1235 bytes} [Tue May 3 22:37:04 2022] GET /compute/v2.1/servers/4b492a23-f583-4307-a0d5-ddeffc12a348 => generated 1281 bytes in 206 msecs (HTTP/1.1 200) 9 headers in 358 bytes (1 switches on core 0)
May 03 22:37:04.230356 n-d-832330-4 devstack@n-api.service[124993]: DEBUG nova.api.openstack.wsgi [None req-b2cda540-a523-4b26-b5d3-deaf052717f2 tempest-ServersWithSpecificFlavorTestJSON-909642568 tempest-ServersWithSpecificFlavorTestJSON-909642568-project] Action: 'create', calling method: >, body: {"server": {"name": "tempest-ServersWithSpecificFlavorTestJSON-server-1100820621", "imageRef": "2ed91287-a9fa-4a95-a302-00c4bcb1f767", "flavorRef": "964995841", "adminPass": "***", "networks": [{"uuid": "9f8c2e07-0f65-44ee-acd9-d75c03f56f08"}], "security_groups": [{"name": "tempest-securitygroup--1507960800"}], "key_name": "tempest-keypair-1791855920", "user_data": "}} {{(pid=124993) _process_stack /opt/stack/nova/nova/api/openstack/wsgi.py:511}}
May 03 22:37:04.448646 n-d-832330-4 devstack@n-api.service[124993]: DEBUG nova.network.neutron [None req-b2cda540-a523-4b26-b5d3-deaf052717f2 tempest-ServersWithSpecificFlavorTestJSON-909642568 tempest-ServersWithSpecificFlavorTestJSON-909642568-project] validate_networks() for [('9f8c2e07-0f65-44ee-acd9-d75c03f56f08', None, None, None, None, None)] {{(pid=124993) validate_networks /opt/stack/nova/nova/network/neutron.py:2608}}
May 03 22:37:05.019734 n-d-832330-4 devstack@n-api.service[124994]: DEBUG nova.api.openstack.wsgi [None req-52a5b747-2632-4206-89c2-935acaf7765f tempest-AggregatesAdminTestJSON-1820318595 tempest-AggregatesAdminTestJSON-1820318595-project] Calling method '>' {{(pid=124994) _process_stack /opt/stack/nova/nova/api/openstack/wsgi.py:513}}
May 03 22:37:05.020391 n-d-832330-4 devstack@n-api.service[124994]: DEBUG nova.compute.api [None req-52a5b747-2632-4206-89c2-935acaf7765f tempest-AggregatesAdminTestJSON-1820318595 tempest-AggregatesAdminTestJSON-1820318595-project] [instance: b3b38b9c-6583-42f5-938f-f574576bcbd9] Fetching instance by UUID {{(pid=124994) get /opt/stack/nova/nova/compute/api.py:2918}}
May 03 22:37:05.030827 n-d-832330-4 devstack@n-api.service[124994]: DEBUG oslo_concurrency.lockutils [None req-52a5b747-2632-4206-89c2-935acaf7765f tempest-AggregatesAdminTestJSON-1820318595 tempest-AggregatesAdminTestJSON-1820318595-project] Lock "3115be8c-73b9-449a-8dc0-42ef8664d365" acquired by "nova.context.set_target_cell..get_or_set_cached_cell_and_set_connections" :: waited 0.000s {{(pid=124994) inner /usr/local/lib/python3.8/dist-packages/oslo_concurrency/lockutils.py:386}}
May 03 22:37:05.034056 n-d-832330-4 devstack@n-api.service[124994]: DEBUG oslo_concurrency.lockutils [None req-52a5b747-2632-4206-89c2-935acaf7765f tempest-AggregatesAdminTestJSON-1820318595 tempest-AggregatesAdminTestJSON-1820318595-project] Lock "3115be8c-73b9-449a-8dc0-42ef8664d365" "released" by "nova.context.set_target_cell..get_or_set_cached_cell_and_set_connections" :: held 0.005s {{(pid=124994) inner /usr/local/lib/python3.8/dist-packages/oslo_concurrency/lockutils.py:400}}
May 03 22:37:05.035749 n-d-832330-4 devstack@n-api.service[124994]: DEBUG oslo_concurrency.lockutils [None req-52a5b747-2632-4206-89c2-935acaf7765f tempest-AggregatesAdminTestJSON-1820318595 tempest-AggregatesAdminTestJSON-1820318595-project] Lock "3115be8c-73b9-449a-8dc0-42ef8664d365" acquired by "nova.context.set_target_cell..get_or_set_cached_cell_and_set_connections" :: waited 0.000s {{(pid=124994) inner /usr/local/lib/python3.8/dist-packages/oslo_concurrency/lockutils.py:386}}
May 03 22:37:05.038251 n-d-832330-4 devstack@n-api.service[124994]: DEBUG oslo_concurrency.lockutils [None req-52a5b747-2632-4206-89c2-935acaf7765f tempest-AggregatesAdminTestJSON-1820318595 tempest-AggregatesAdminTestJSON-1820318595-project] Lock "3115be8c-73b9-449a-8dc0-42ef8664d365" "released" by "nova.context.set_target_cell..get_or_set_cached_cell_and_set_connections" :: held 0.002s {{(pid=124994) inner /usr/local/lib/python3.8/dist-packages/oslo_concurrency/lockutils.py:400}}
May 03 22:37:05.600186 n-d-832330-4 devstack@n-api.service[124994]: DEBUG nova.policy [None req-52a5b747-2632-4206-89c2-935acaf7765f tempest-AggregatesAdminTestJSON-1820318595 tempest-AggregatesAdminTestJSON-1820318595-project] Policy check for os_compute_api:os-extended-server-attributes failed with credentials {'is_admin': False, 'user_id': '650aeb5f82a646f4a123ae4394d6e6a5', 'user_domain_id': 'default', 'system_scope': None, 'domain_id': None, 'project_id': 'e9c8974d03174fa39a44dd6b7309d392', 'project_domain_id': 'default', 'roles': ['member', 'reader'], 'is_admin_project': True, 'service_user_id': None, 'service_user_domain_id': None, 'service_project_id': None, 'service_project_domain_id': None, 'service_roles': []} {{(pid=124994) authorize /opt/stack/nova/nova/policy.py:199}}
May 03 22:37:05.612991 n-d-832330-4 devstack@n-api.service[124994]: INFO nova.api.openstack.requestlog [None req-52a5b747-2632-4206-89c2-935acaf7765f tempest-AggregatesAdminTestJSON-1820318595 tempest-AggregatesAdminTestJSON-1820318595-project] 10.222.0.73 "GET /compute/v2.1/servers/b3b38b9c-6583-42f5-938f-f574576bcbd9" status: 200 len: 1338 microversion: 2.1 time: 0.597557
May 03 22:37:05.624251 n-d-832330-4 devstack@n-api.service[124994]: [pid: 124994|app: 0|req: 68/141] 10.222.0.73 () {58 vars in 1235 bytes} [Tue May 3 22:37:05 2022] GET /compute/v2.1/servers/b3b38b9c-6583-42f5-938f-f574576bcbd9 => generated 1338 bytes in 601 msecs (HTTP/1.1 200) 9 headers in 358 bytes (1 switches on core 0)
May 03 22:37:05.624251 n-d-832330-4 devstack@n-api.service[124994]: DEBUG nova.api.openstack.wsgi [None req-60a9d9b5-39a9-4638-b324-fbe4d6b0aed3 tempest-DeleteServersAdminTestJSON-521434680 tempest-DeleteServersAdminTestJSON-521434680-project] Calling method '>' {{(pid=124994) _process_stack /opt/stack/nova/nova/api/openstack/wsgi.py:513}}
May 03 22:37:05.624251 n-d-832330-4 devstack@n-api.service[124994]: DEBUG nova.compute.api [None req-60a9d9b5-39a9-4638-b324-fbe4d6b0aed3 tempest-DeleteServersAdminTestJSON-521434680 tempest-DeleteServersAdminTestJSON-521434680-project] [instance: 414871be-9559-4400-8b0b-a59fedbe536f] Fetching instance by UUID {{(pid=124994) get /opt/stack/nova/nova/compute/api.py:2918}}
May 03 22:37:05.635268 n-d-832330-4 devstack@n-api.service[124994]: DEBUG oslo_concurrency.lockutils [None req-60a9d9b5-39a9-4638-b324-fbe4d6b0aed3 tempest-DeleteServersAdminTestJSON-521434680 tempest-DeleteServersAdminTestJSON-521434680-project] Lock "3115be8c-73b9-449a-8dc0-42ef8664d365" acquired by "nova.context.set_target_cell..get_or_set_cached_cell_and_set_connections" :: waited 0.000s {{(pid=124994) inner /usr/local/lib/python3.8/dist-packages/oslo_concurrency/lockutils.py:386}}
May 03 22:37:05.635893 n-d-832330-4 devstack@n-api.service[124994]: DEBUG oslo_concurrency.lockutils [None req-60a9d9b5-39a9-4638-b324-fbe4d6b0aed3 tempest-DeleteServersAdminTestJSON-521434680 tempest-DeleteServersAdminTestJSON-521434680-project] Lock "3115be8c-73b9-449a-8dc0-42ef8664d365" "released" by "nova.context.set_target_cell..get_or_set_cached_cell_and_set_connections" :: held 0.006s {{(pid=124994) inner /usr/local/lib/python3.8/dist-packages/oslo_concurrency/lockutils.py:400}}
May 03 22:37:05.636801 n-d-832330-4 devstack@n-api.service[124994]: DEBUG oslo_concurrency.lockutils [None req-60a9d9b5-39a9-4638-b324-fbe4d6b0aed3 tempest-DeleteServersAdminTestJSON-521434680 tempest-DeleteServersAdminTestJSON-521434680-project] Lock "3115be8c-73b9-449a-8dc0-42ef8664d365" acquired by "nova.context.set_target_cell..get_or_set_cached_cell_and_set_connections" :: waited 0.000s {{(pid=124994) inner /usr/local/lib/python3.8/dist-packages/oslo_concurrency/lockutils.py:386}}
May 03 22:37:05.637274 n-d-832330-4 devstack@n-api.service[124994]: DEBUG oslo_concurrency.lockutils [None req-60a9d9b5-39a9-4638-b324-fbe4d6b0aed3 tempest-DeleteServersAdminTestJSON-521434680 tempest-DeleteServersAdminTestJSON-521434680-project] Lock "3115be8c-73b9-449a-8dc0-42ef8664d365" "released" by "nova.context.set_target_cell..get_or_set_cached_cell_and_set_connections" :: held 0.000s {{(pid=124994) inner /usr/local/lib/python3.8/dist-packages/oslo_concurrency/lockutils.py:400}}
May 03 22:37:05.806417 n-d-832330-4 devstack@n-api.service[124993]: DEBUG nova.virt.hardware [None req-b2cda540-a523-4b26-b5d3-deaf052717f2 tempest-ServersWithSpecificFlavorTestJSON-909642568 tempest-ServersWithSpecificFlavorTestJSON-909642568-project] Flavor limits 0:0:0 {{(pid=124993) get_cpu_topology_constraints /opt/stack/nova/nova/virt/hardware.py:343}}
May 03 22:37:05.807080 n-d-832330-4 devstack@n-api.service[124993]: DEBUG nova.virt.hardware [None req-b2cda540-a523-4b26-b5d3-deaf052717f2 tempest-ServersWithSpecificFlavorTestJSON-909642568 tempest-ServersWithSpecificFlavorTestJSON-909642568-project] Image limits 0:0:0 {{(pid=124993) get_cpu_topology_constraints /opt/stack/nova/nova/virt/hardware.py:347}}
May 03 22:37:05.807696 n-d-832330-4 devstack@n-api.service[124993]: DEBUG nova.virt.hardware [None req-b2cda540-a523-4b26-b5d3-deaf052717f2 tempest-ServersWithSpecificFlavorTestJSON-909642568 tempest-ServersWithSpecificFlavorTestJSON-909642568-project] Flavor pref 0:0:0 {{(pid=124993) get_cpu_topology_constraints /opt/stack/nova/nova/virt/hardware.py:383}}
May 03 22:37:05.808312 n-d-832330-4 devstack@n-api.service[124993]: DEBUG nova.virt.hardware [None req-b2cda540-a523-4b26-b5d3-deaf052717f2 tempest-ServersWithSpecificFlavorTestJSON-909642568 tempest-ServersWithSpecificFlavorTestJSON-909642568-project] Image pref 0:0:0 {{(pid=124993) get_cpu_topology_constraints /opt/stack/nova/nova/virt/hardware.py:387}}
May 03 22:37:05.808720 n-d-832330-4 devstack@n-api.service[124993]: DEBUG nova.virt.hardware [None req-b2cda540-a523-4b26-b5d3-deaf052717f2 tempest-ServersWithSpecificFlavorTestJSON-909642568 tempest-ServersWithSpecificFlavorTestJSON-909642568-project] Chose sockets=0, cores=0, threads=0; limits were sockets=65536, cores=65536, threads=65536 {{(pid=124993) get_cpu_topology_constraints /opt/stack/nova/nova/virt/hardware.py:425}}
May 03 22:37:05.820399 n-d-832330-4 devstack@n-api.service[124993]: DEBUG oslo_concurrency.lockutils [None req-b2cda540-a523-4b26-b5d3-deaf052717f2 tempest-ServersWithSpecificFlavorTestJSON-909642568 tempest-ServersWithSpecificFlavorTestJSON-909642568-project] Lock "00000000-0000-0000-0000-000000000000" acquired by "nova.context.set_target_cell..get_or_set_cached_cell_and_set_connections" :: waited 0.000s {{(pid=124993) inner /usr/local/lib/python3.8/dist-packages/oslo_concurrency/lockutils.py:386}}
May 03 22:37:05.821276 n-d-832330-4 devstack@n-api.service[124993]: DEBUG oslo_concurrency.lockutils [None req-b2cda540-a523-4b26-b5d3-deaf052717f2 tempest-ServersWithSpecificFlavorTestJSON-909642568 tempest-ServersWithSpecificFlavorTestJSON-909642568-project] Lock "00000000-0000-0000-0000-000000000000" "released" by "nova.context.set_target_cell..get_or_set_cached_cell_and_set_connections" :: held 0.001s {{(pid=124993) inner /usr/local/lib/python3.8/dist-packages/oslo_concurrency/lockutils.py:400}}
May 03 22:37:05.822701 n-d-832330-4 devstack@n-api.service[124993]: DEBUG oslo_concurrency.lockutils [None req-b2cda540-a523-4b26-b5d3-deaf052717f2 tempest-ServersWithSpecificFlavorTestJSON-909642568 tempest-ServersWithSpecificFlavorTestJSON-909642568-project] Lock "3115be8c-73b9-449a-8dc0-42ef8664d365" acquired by "nova.context.set_target_cell..get_or_set_cached_cell_and_set_connections" :: waited 0.000s {{(pid=124993) inner /usr/local/lib/python3.8/dist-packages/oslo_concurrency/lockutils.py:386}}
May 03 22:37:05.823932 n-d-832330-4 devstack@n-api.service[124993]: DEBUG oslo_concurrency.lockutils [None req-b2cda540-a523-4b26-b5d3-deaf052717f2 tempest-ServersWithSpecificFlavorTestJSON-909642568 tempest-ServersWithSpecificFlavorTestJSON-909642568-project] Lock "3115be8c-73b9-449a-8dc0-42ef8664d365" "released" by "nova.context.set_target_cell..get_or_set_cached_cell_and_set_connections" :: held 0.001s {{(pid=124993) inner /usr/local/lib/python3.8/dist-packages/oslo_concurrency/lockutils.py:400}}
May 03 22:37:05.850551 n-d-832330-4 devstack@n-api.service[124993]: DEBUG nova.quota [None req-b2cda540-a523-4b26-b5d3-deaf052717f2 tempest-ServersWithSpecificFlavorTestJSON-909642568 tempest-ServersWithSpecificFlavorTestJSON-909642568-project] Getting quotas for project 98c44ac51e294df39f99ad4aef479490. Resources: {'cores', 'ram', 'instances'} {{(pid=124993) _get_quotas /opt/stack/nova/nova/quota.py:393}}
May 03 22:37:05.854648 n-d-832330-4 devstack@n-api.service[124993]: DEBUG nova.quota [None req-b2cda540-a523-4b26-b5d3-deaf052717f2 tempest-ServersWithSpecificFlavorTestJSON-909642568 tempest-ServersWithSpecificFlavorTestJSON-909642568-project] Getting quotas for user 202214ef071d4e28be99ef623f22d6f7 and project 98c44ac51e294df39f99ad4aef479490. Resources: {'cores', 'ram', 'instances'} {{(pid=124993) _get_quotas /opt/stack/nova/nova/quota.py:383}}
May 03 22:37:05.867249 n-d-832330-4 devstack@n-api.service[124993]: DEBUG nova.compute.api [None req-b2cda540-a523-4b26-b5d3-deaf052717f2 tempest-ServersWithSpecificFlavorTestJSON-909642568 tempest-ServersWithSpecificFlavorTestJSON-909642568-project] Going to run 1 instances... {{(pid=124993) _provision_instances /opt/stack/nova/nova/compute/api.py:1389}}
May 03 22:37:05.870278 n-d-832330-4 devstack@n-api.service[124993]: DEBUG nova.compute.api [None req-b2cda540-a523-4b26-b5d3-deaf052717f2 tempest-ServersWithSpecificFlavorTestJSON-909642568 tempest-ServersWithSpecificFlavorTestJSON-909642568-project] [instance: d195b009-ccb6-4750-bf19-e2478f4c49b7] block_device_mapping [BlockDeviceMapping(attachment_id=,boot_index=0,connection_info=None,created_at=,delete_on_termination=True,deleted=,deleted_at=,destination_type='local',device_name=None,device_type='disk',disk_bus=None,guest_format=None,id=,image_id='2ed91287-a9fa-4a95-a302-00c4bcb1f767',instance=,instance_uuid=,no_device=False,snapshot_id=None,source_type='image',tag=None,updated_at=,uuid=,volume_id=None,volume_size=None,volume_type=None)] {{(pid=124993) _bdm_validate_set_size_and_instance /opt/stack/nova/nova/compute/api.py:1807}}
May 03 22:37:05.941910 n-d-832330-4 devstack@n-api.service[124994]: DEBUG nova.policy [None req-60a9d9b5-39a9-4638-b324-fbe4d6b0aed3 tempest-DeleteServersAdminTestJSON-521434680 tempest-DeleteServersAdminTestJSON-521434680-project] Policy check for os_compute_api:os-extended-server-attributes failed with credentials {'is_admin': False, 'user_id': 'd3f1d151d7b94561b8f52f39037fbc49', 'user_domain_id': 'default', 'system_scope': None, 'domain_id': None, 'project_id': '50485cb841434811a68a069e4940cbf7', 'project_domain_id': 'default', 'roles': ['member', 'reader'], 'is_admin_project': True, 'service_user_id': None, 'service_user_domain_id': None, 'service_project_id': None, 'service_project_domain_id': None, 'service_roles': []} {{(pid=124994) authorize /opt/stack/nova/nova/policy.py:199}}
May 03 22:37:05.954324 n-d-832330-4 devstack@n-api.service[124994]: INFO nova.api.openstack.requestlog [None req-60a9d9b5-39a9-4638-b324-fbe4d6b0aed3 tempest-DeleteServersAdminTestJSON-521434680 tempest-DeleteServersAdminTestJSON-521434680-project] 10.222.0.73 "GET /compute/v2.1/servers/414871be-9559-4400-8b0b-a59fedbe536f" status: 200 len: 1469 microversion: 2.1 time: 0.337696
May 03 22:37:05.955459 n-d-832330-4 devstack@n-api.service[124994]: [pid: 124994|app: 0|req: 69/142] 10.222.0.73 () {58 vars in 1235 bytes} [Tue May 3 22:37:05 2022] GET /compute/v2.1/servers/414871be-9559-4400-8b0b-a59fedbe536f => generated 1469 bytes in 339 msecs (HTTP/1.1 200) 9 headers in 358 bytes (1 switches on core 0)
May 03 22:37:05.961528 n-d-832330-4 devstack@n-api.service[124993]: INFO nova.api.openstack.requestlog [None req-b2cda540-a523-4b26-b5d3-deaf052717f2 tempest-ServersWithSpecificFlavorTestJSON-909642568 tempest-ServersWithSpecificFlavorTestJSON-909642568-project] 10.222.0.73 "POST /compute/v2.1/servers" status: 202 len: 402 microversion: 2.1 time: 1.735871
May 03 22:37:05.962833 n-d-832330-4 devstack@n-api.service[124993]: [pid: 124993|app: 0|req: 74/143] 10.222.0.73 () {60 vars in 1146 bytes} [Tue May 3 22:37:04 2022] POST /compute/v2.1/servers => generated 402 bytes in 1738 msecs (HTTP/1.1 202) 10 headers in 451 bytes (1 switches on core 0)
May 03 22:37:05.972641 n-d-832330-4 devstack@n-api.service[124994]: DEBUG nova.api.openstack.wsgi [None req-e6bd9551-f1dc-454c-8bdd-31a71ae18f55 tempest-ServerDiagnosticsNegativeTest-520902122 tempest-ServerDiagnosticsNegativeTest-520902122-project] Calling method '>' {{(pid=124994) _process_stack /opt/stack/nova/nova/api/openstack/wsgi.py:513}}
May 03 22:37:05.973653 n-d-832330-4 devstack@n-api.service[124994]: DEBUG nova.compute.api [None req-e6bd9551-f1dc-454c-8bdd-31a71ae18f55 tempest-ServerDiagnosticsNegativeTest-520902122 tempest-ServerDiagnosticsNegativeTest-520902122-project] [instance: 4b492a23-f583-4307-a0d5-ddeffc12a348] Fetching instance by UUID {{(pid=124994) get /opt/stack/nova/nova/compute/api.py:2918}}
May 03 22:37:05.977555 n-d-832330-4 devstack@n-api.service[124993]: DEBUG nova.api.openstack.wsgi [req-29939287-00b2-4642-97d5-5de189fcfbd2 req-6c6d44df-e338-4cf8-b3ab-39c680f1b74f service nova] Action: 'create', calling method: >, body: {"events": [{"name": "network-changed", "server_uuid": "4b492a23-f583-4307-a0d5-ddeffc12a348", "tag": "d6fd2487-8221-47ee-b890-993cfffcaf65"}]} {{(pid=124993) _process_stack /opt/stack/nova/nova/api/openstack/wsgi.py:511}}
May 03 22:37:05.980185 n-d-832330-4 devstack@n-api.service[124994]: DEBUG oslo_concurrency.lockutils [None req-e6bd9551-f1dc-454c-8bdd-31a71ae18f55 tempest-ServerDiagnosticsNegativeTest-520902122 tempest-ServerDiagnosticsNegativeTest-520902122-project] Lock "3115be8c-73b9-449a-8dc0-42ef8664d365" acquired by "nova.context.set_target_cell..get_or_set_cached_cell_and_set_connections" :: waited 0.000s {{(pid=124994) inner /usr/local/lib/python3.8/dist-packages/oslo_concurrency/lockutils.py:386}}
May 03 22:37:05.980641 n-d-832330-4 devstack@n-api.service[124994]: DEBUG oslo_concurrency.lockutils [None req-e6bd9551-f1dc-454c-8bdd-31a71ae18f55 tempest-ServerDiagnosticsNegativeTest-520902122 tempest-ServerDiagnosticsNegativeTest-520902122-project] Lock "3115be8c-73b9-449a-8dc0-42ef8664d365" "released" by "nova.context.set_target_cell..get_or_set_cached_cell_and_set_connections" :: held 0.001s {{(pid=124994) inner /usr/local/lib/python3.8/dist-packages/oslo_concurrency/lockutils.py:400}}
May 03 22:37:05.985304 n-d-832330-4 devstack@n-api.service[124994]: DEBUG oslo_concurrency.lockutils [None req-e6bd9551-f1dc-454c-8bdd-31a71ae18f55 tempest-ServerDiagnosticsNegativeTest-520902122 tempest-ServerDiagnosticsNegativeTest-520902122-project] Lock "3115be8c-73b9-449a-8dc0-42ef8664d365" acquired by "nova.context.set_target_cell..get_or_set_cached_cell_and_set_connections" :: waited 0.000s {{(pid=124994) inner /usr/local/lib/python3.8/dist-packages/oslo_concurrency/lockutils.py:386}}
May 03 22:37:05.985850 n-d-832330-4 devstack@n-api.service[124994]: DEBUG oslo_concurrency.lockutils [None req-e6bd9551-f1dc-454c-8bdd-31a71ae18f55 tempest-ServerDiagnosticsNegativeTest-520902122 tempest-ServerDiagnosticsNegativeTest-520902122-project] Lock "3115be8c-73b9-449a-8dc0-42ef8664d365" "released" by "nova.context.set_target_cell..get_or_set_cached_cell_and_set_connections" :: held 0.004s {{(pid=124994) inner /usr/local/lib/python3.8/dist-packages/oslo_concurrency/lockutils.py:400}}
May 03 22:37:05.987640 n-d-832330-4 devstack@n-api.service[124993]: DEBUG oslo_concurrency.lockutils [req-29939287-00b2-4642-97d5-5de189fcfbd2 req-6c6d44df-e338-4cf8-b3ab-39c680f1b74f service nova] Lock "3115be8c-73b9-449a-8dc0-42ef8664d365" acquired by "nova.context.set_target_cell..get_or_set_cached_cell_and_set_connections" :: waited 0.000s {{(pid=124993) inner /usr/local/lib/python3.8/dist-packages/oslo_concurrency/lockutils.py:386}}
May 03 22:37:05.988277 n-d-832330-4 devstack@n-api.service[124993]: DEBUG oslo_concurrency.lockutils [req-29939287-00b2-4642-97d5-5de189fcfbd2 req-6c6d44df-e338-4cf8-b3ab-39c680f1b74f service nova] Lock "3115be8c-73b9-449a-8dc0-42ef8664d365" "released" by "nova.context.set_target_cell..get_or_set_cached_cell_and_set_connections" :: held 0.001s {{(pid=124993) inner /usr/local/lib/python3.8/dist-packages/oslo_concurrency/lockutils.py:400}}
May 03 22:37:06.040113 n-d-832330-4 devstack@n-api.service[124993]: INFO nova.api.openstack.compute.server_external_events [req-29939287-00b2-4642-97d5-5de189fcfbd2 req-6c6d44df-e338-4cf8-b3ab-39c680f1b74f service nova] Creating event network-changed:d6fd2487-8221-47ee-b890-993cfffcaf65 for instance 4b492a23-f583-4307-a0d5-ddeffc12a348 on n-h1-832330-4
May 03 22:37:06.053329 n-d-832330-4 devstack@n-api.service[124993]: INFO nova.api.openstack.requestlog [req-29939287-00b2-4642-97d5-5de189fcfbd2 req-6c6d44df-e338-4cf8-b3ab-39c680f1b74f service nova] 10.222.0.73 "POST /compute/v2.1/os-server-external-events" status: 200 len: 179 microversion: 2.1 time: 0.086503
May 03 22:37:06.055143 n-d-832330-4 devstack@n-api.service[124993]: [pid: 124993|app: 0|req: 75/144] 10.222.0.73 () {64 vars in 1317 bytes} [Tue May 3 22:37:05 2022] POST /compute/v2.1/os-server-external-events => generated 179 bytes in 91 msecs (HTTP/1.1 200) 9 headers in 357 bytes (1 switches on core 0)
May 03 22:37:06.072903 n-d-832330-4 devstack@n-api.service[124993]: DEBUG nova.api.openstack.wsgi [None req-99b0119a-965d-47f4-b8ba-5bf7e21c2d40 tempest-ServersWithSpecificFlavorTestJSON-909642568 tempest-ServersWithSpecificFlavorTestJSON-909642568-project] Calling method '>' {{(pid=124993) _process_stack /opt/stack/nova/nova/api/openstack/wsgi.py:513}}
May 03 22:37:06.074089 n-d-832330-4 devstack@n-api.service[124993]: DEBUG nova.compute.api [None req-99b0119a-965d-47f4-b8ba-5bf7e21c2d40 tempest-ServersWithSpecificFlavorTestJSON-909642568 tempest-ServersWithSpecificFlavorTestJSON-909642568-project] [instance: d195b009-ccb6-4750-bf19-e2478f4c49b7] Fetching instance by UUID {{(pid=124993) get /opt/stack/nova/nova/compute/api.py:2918}}
May 03 22:37:06.201485 n-d-832330-4 devstack@n-api.service[124993]: DEBUG nova.policy [None req-99b0119a-965d-47f4-b8ba-5bf7e21c2d40 tempest-ServersWithSpecificFlavorTestJSON-909642568 tempest-ServersWithSpecificFlavorTestJSON-909642568-project] Policy check for os_compute_api:os-extended-server-attributes failed with credentials {'is_admin': False, 'user_id': '202214ef071d4e28be99ef623f22d6f7', 'user_domain_id': 'default', 'system_scope': None, 'domain_id': None, 'project_id': '98c44ac51e294df39f99ad4aef479490', 'project_domain_id': 'default', 'roles': ['member', 'reader'], 'is_admin_project': True, 'service_user_id': None, 'service_user_domain_id': None, 'service_project_id': None, 'service_project_domain_id': None, 'service_roles': []} {{(pid=124993) authorize /opt/stack/nova/nova/policy.py:199}}
May 03 22:37:06.211108 n-d-832330-4 devstack@n-api.service[124993]: INFO nova.api.openstack.requestlog [None req-99b0119a-965d-47f4-b8ba-5bf7e21c2d40 tempest-ServersWithSpecificFlavorTestJSON-909642568 tempest-ServersWithSpecificFlavorTestJSON-909642568-project] 10.222.0.73 "GET /compute/v2.1/servers/d195b009-ccb6-4750-bf19-e2478f4c49b7" status: 200 len: 1263 microversion: 2.1 time: 0.154596
May 03 22:37:06.211684 n-d-832330-4 devstack@n-api.service[124993]: [pid: 124993|app: 0|req: 76/145] 10.222.0.73 () {58 vars in 1235 bytes} [Tue May 3 22:37:06 2022] GET /compute/v2.1/servers/d195b009-ccb6-4750-bf19-e2478f4c49b7 => generated 1263 bytes in 156 msecs (HTTP/1.1 200) 9 headers in 358 bytes (1 switches on core 0)
May 03 22:37:06.297747 n-d-832330-4 devstack@n-api.service[124994]: DEBUG nova.policy [None req-e6bd9551-f1dc-454c-8bdd-31a71ae18f55 tempest-ServerDiagnosticsNegativeTest-520902122 tempest-ServerDiagnosticsNegativeTest-520902122-project] Policy check for os_compute_api:os-extended-server-attributes failed with credentials {'is_admin': False, 'user_id': 'cc09e18d85d54a60b36efe536d23d4ed', 'user_domain_id': 'default', 'system_scope': None, 'domain_id': None, 'project_id': 'a6cc08f2ae094bbeb9945c6b45a393cf', 'project_domain_id': 'default', 'roles': ['member', 'reader'], 'is_admin_project': True, 'service_user_id': None, 'service_user_domain_id': None, 'service_project_id': None, 'service_project_domain_id': None, 'service_roles': []} {{(pid=124994) authorize /opt/stack/nova/nova/policy.py:199}}
May 03 22:37:06.321175 n-d-832330-4 devstack@n-api.service[124994]: INFO nova.api.openstack.requestlog [None req-e6bd9551-f1dc-454c-8bdd-31a71ae18f55 tempest-ServerDiagnosticsNegativeTest-520902122 tempest-ServerDiagnosticsNegativeTest-520902122-project] 10.222.0.73 "GET /compute/v2.1/servers/4b492a23-f583-4307-a0d5-ddeffc12a348" status: 200 len: 1323 microversion: 2.1 time: 0.364164
May 03 22:37:06.322171 n-d-832330-4 devstack@n-api.service[124994]: [pid: 124994|app: 0|req: 70/146] 10.222.0.73 () {58 vars in 1235 bytes} [Tue May 3 22:37:05 2022] GET /compute/v2.1/servers/4b492a23-f583-4307-a0d5-ddeffc12a348 => generated 1323 bytes in 366 msecs (HTTP/1.1 200) 9 headers in 358 bytes (1 switches on core 0)
May 03 22:37:06.565030 n-d-832330-4 devstack@n-api.service[124993]: DEBUG nova.api.openstack.wsgi [None req-71acc223-5995-4d28-a68f-d6fb6baf8e1a tempest-DeleteServersAdminTestJSON-777587825 tempest-DeleteServersAdminTestJSON-777587825-project-admin] Calling method '>' {{(pid=124993) _process_stack /opt/stack/nova/nova/api/openstack/wsgi.py:513}}
May 03 22:37:06.565831 n-d-832330-4 devstack@n-api.service[124993]: DEBUG nova.compute.api [None req-71acc223-5995-4d28-a68f-d6fb6baf8e1a tempest-DeleteServersAdminTestJSON-777587825 tempest-DeleteServersAdminTestJSON-777587825-project-admin] [instance: 414871be-9559-4400-8b0b-a59fedbe536f] Fetching instance by UUID {{(pid=124993) get /opt/stack/nova/nova/compute/api.py:2918}}
May 03 22:37:06.577364 n-d-832330-4 devstack@n-api.service[124993]: DEBUG oslo_concurrency.lockutils [None req-71acc223-5995-4d28-a68f-d6fb6baf8e1a tempest-DeleteServersAdminTestJSON-777587825 tempest-DeleteServersAdminTestJSON-777587825-project-admin] Lock "3115be8c-73b9-449a-8dc0-42ef8664d365" acquired by "nova.context.set_target_cell..get_or_set_cached_cell_and_set_connections" :: waited 0.000s {{(pid=124993) inner /usr/local/lib/python3.8/dist-packages/oslo_concurrency/lockutils.py:386}}
May 03 22:37:06.577825 n-d-832330-4 devstack@n-api.service[124993]: DEBUG oslo_concurrency.lockutils [None req-71acc223-5995-4d28-a68f-d6fb6baf8e1a tempest-DeleteServersAdminTestJSON-777587825 tempest-DeleteServersAdminTestJSON-777587825-project-admin] Lock "3115be8c-73b9-449a-8dc0-42ef8664d365" "released" by "nova.context.set_target_cell..get_or_set_cached_cell_and_set_connections" :: held 0.001s {{(pid=124993) inner /usr/local/lib/python3.8/dist-packages/oslo_concurrency/lockutils.py:400}}
May 03 22:37:06.578612 n-d-832330-4 devstack@n-api.service[124993]: DEBUG oslo_concurrency.lockutils [None req-71acc223-5995-4d28-a68f-d6fb6baf8e1a tempest-DeleteServersAdminTestJSON-777587825 tempest-DeleteServersAdminTestJSON-777587825-project-admin] Lock "3115be8c-73b9-449a-8dc0-42ef8664d365" acquired by "nova.context.set_target_cell..get_or_set_cached_cell_and_set_connections" :: waited 0.000s {{(pid=124993) inner /usr/local/lib/python3.8/dist-packages/oslo_concurrency/lockutils.py:386}}
May 03 22:37:06.579062 n-d-832330-4 devstack@n-api.service[124993]: DEBUG oslo_concurrency.lockutils [None req-71acc223-5995-4d28-a68f-d6fb6baf8e1a tempest-DeleteServersAdminTestJSON-777587825 tempest-DeleteServersAdminTestJSON-777587825-project-admin] Lock "3115be8c-73b9-449a-8dc0-42ef8664d365" "released" by "nova.context.set_target_cell..get_or_set_cached_cell_and_set_connections" :: held 0.000s {{(pid=124993) inner /usr/local/lib/python3.8/dist-packages/oslo_concurrency/lockutils.py:400}}
May 03 22:37:06.635574 n-d-832330-4 devstack@n-api.service[124994]: DEBUG nova.api.openstack.wsgi [None req-3958087a-6bb5-4667-be92-6f727815addd tempest-AggregatesAdminTestJSON-1820318595 tempest-AggregatesAdminTestJSON-1820318595-project] Calling method '>' {{(pid=124994) _process_stack /opt/stack/nova/nova/api/openstack/wsgi.py:513}}
May 03 22:37:06.636674 n-d-832330-4 devstack@n-api.service[124994]: DEBUG nova.compute.api [None req-3958087a-6bb5-4667-be92-6f727815addd tempest-AggregatesAdminTestJSON-1820318595 tempest-AggregatesAdminTestJSON-1820318595-project] [instance: b3b38b9c-6583-42f5-938f-f574576bcbd9] Fetching instance by UUID {{(pid=124994) get /opt/stack/nova/nova/compute/api.py:2918}}
May 03 22:37:06.651853 n-d-832330-4 devstack@n-api.service[124993]: DEBUG nova.compute.api [None req-71acc223-5995-4d28-a68f-d6fb6baf8e1a tempest-DeleteServersAdminTestJSON-777587825 tempest-DeleteServersAdminTestJSON-777587825-project-admin] [instance: 414871be-9559-4400-8b0b-a59fedbe536f] Going to try to terminate instance {{(pid=124993) delete /opt/stack/nova/nova/compute/api.py:2664}}
