Mar 15 14:24:53.765222 n-d-832164-7 devstack@n-api.service[118373]: DEBUG nova.api.openstack.wsgi [None req-2d4111bf-87da-4229-9120-350844f18b86 tempest-FlavorsAccessTestJSON-648327241 tempest-FlavorsAccessTestJSON-648327241-project-admin] Action: 'create', calling method: >, body: {"flavor": {"ram": 512, "vcpus": 1, "disk": 10, "name": "tempest-FlavorsAccessTestJSON-flavor-1980328166", "id": 1419662125, "os-flavor-access:is_public": "False"}} {{(pid=118373) _process_stack /opt/stack/nova/nova/api/openstack/wsgi.py:511}}
Mar 15 14:24:53.767077 n-d-832164-7 devstack@n-api.service[118373]: /usr/local/lib/python3.8/dist-packages/oslo_policy/policy.py:1119: UserWarning: Policy "os_compute_api:os-flavor-manage:create": "rule:context_is_admin" failed scope check. The token used to make the request was project scoped but the policy requires ['system'] scope. This behavior may change in the future where using the intended scope is required
Mar 15 14:24:53.767077 n-d-832164-7 devstack@n-api.service[118373]: warnings.warn(msg)
Mar 15 14:24:53.784817 n-d-832164-7 devstack@n-api.service[118373]: INFO nova.api.openstack.requestlog [None req-2d4111bf-87da-4229-9120-350844f18b86 tempest-FlavorsAccessTestJSON-648327241 tempest-FlavorsAccessTestJSON-648327241-project-admin] 10.222.0.31 "POST /compute/v2.1/flavors" status: 200 len: 431 microversion: 2.1 time: 0.023304
Mar 15 14:24:53.791029 n-d-832164-7 devstack@n-api.service[118373]: [pid: 118373|app: 0|req: 49/115] 10.222.0.31 () {60 vars in 1146 bytes} [Tue Mar 15 14:24:53 2022] POST /compute/v2.1/flavors => generated 431 bytes in 25 msecs (HTTP/1.1 200) 9 headers in 357 bytes (1 switches on core 0)
Mar 15 14:24:53.792146 n-d-832164-7 devstack@n-api.service[118373]: DEBUG nova.api.openstack.wsgi [None req-f36de074-d251-4f75-906b-ed5140a43970 tempest-HypervisorAdminNegativeTestJSON-1305695643 tempest-HypervisorAdminNegativeTestJSON-1305695643-project-admin] Calling method '.version_select at 0x7fe3adcc6ee0>' {{(pid=118373) _process_stack /opt/stack/nova/nova/api/openstack/wsgi.py:513}}
Mar 15 14:24:53.798465 n-d-832164-7 devstack@n-api.service[118374]: DEBUG nova.api.openstack.wsgi [None req-c5a2bf95-2796-48ac-9e37-9ad315830ec8 tempest-NetworksTest-1917495948 tempest-NetworksTest-1917495948-project-admin] Calling method '.version_select at 0x7fe3ad479f70>' {{(pid=118374) _process_stack /opt/stack/nova/nova/api/openstack/wsgi.py:513}}
Mar 15 14:24:53.806555 n-d-832164-7 devstack@n-api.service[118373]: INFO nova.api.openstack.wsgi [None req-f36de074-d251-4f75-906b-ed5140a43970 tempest-HypervisorAdminNegativeTestJSON-1305695643 tempest-HypervisorAdminNegativeTestJSON-1305695643-project-admin] HTTP exception thrown: Hypervisor with ID '20eaab5b-1c7f-496a-8495-61ee95a3d5ae' could not be found.
Mar 15 14:24:53.807156 n-d-832164-7 devstack@n-api.service[118373]: DEBUG nova.api.openstack.wsgi [None req-f36de074-d251-4f75-906b-ed5140a43970 tempest-HypervisorAdminNegativeTestJSON-1305695643 tempest-HypervisorAdminNegativeTestJSON-1305695643-project-admin] Returning 404 to user: Hypervisor with ID '20eaab5b-1c7f-496a-8495-61ee95a3d5ae' could not be found. {{(pid=118373) __call__ /opt/stack/nova/nova/api/openstack/wsgi.py:936}}
Mar 15 14:24:53.811847 n-d-832164-7 devstack@n-api.service[118373]: INFO nova.api.openstack.requestlog [None req-f36de074-d251-4f75-906b-ed5140a43970 tempest-HypervisorAdminNegativeTestJSON-1305695643 tempest-HypervisorAdminNegativeTestJSON-1305695643-project-admin] 10.222.0.31 "GET /compute/v2.1/os-hypervisors/20eaab5b-1c7f-496a-8495-61ee95a3d5ae/uptime" status: 404 len: 123 microversion: 2.1 time: 0.023867
Mar 15 14:24:53.812462 n-d-832164-7 devstack@n-api.service[118373]: [pid: 118373|app: 0|req: 50/116] 10.222.0.31 () {58 vars in 1277 bytes} [Tue Mar 15 14:24:53 2022] GET /compute/v2.1/os-hypervisors/20eaab5b-1c7f-496a-8495-61ee95a3d5ae/uptime => generated 123 bytes in 26 msecs (HTTP/1.1 404) 9 headers in 379 bytes (1 switches on core 0)
Mar 15 14:24:53.823674 n-d-832164-7 devstack@n-api.service[118373]: DEBUG nova.api.openstack.wsgi [None req-ca5be18f-b012-4668-9b4e-f617dd854e70 tempest-FlavorsAccessTestJSON-648327241 tempest-FlavorsAccessTestJSON-648327241-project-admin] Calling method '>' {{(pid=118373) _process_stack /opt/stack/nova/nova/api/openstack/wsgi.py:513}}
Mar 15 14:24:53.824370 n-d-832164-7 devstack@n-api.service[118373]: /usr/local/lib/python3.8/dist-packages/oslo_policy/policy.py:1119: UserWarning: Policy "os_compute_api:os-flavor-access": "rule:context_is_admin" failed scope check. The token used to make the request was project scoped but the policy requires ['system'] scope. This behavior may change in the future where using the intended scope is required
Mar 15 14:24:53.824370 n-d-832164-7 devstack@n-api.service[118373]: warnings.warn(msg)
Mar 15 14:24:53.852877 n-d-832164-7 devstack@n-api.service[118373]: INFO nova.api.openstack.requestlog [None req-ca5be18f-b012-4668-9b4e-f617dd854e70 tempest-FlavorsAccessTestJSON-648327241 tempest-FlavorsAccessTestJSON-648327241-project-admin] 10.222.0.31 "GET /compute/v2.1/flavors/1419662125/os-flavor-access" status: 200 len: 21 microversion: 2.1 time: 0.032836
Mar 15 14:24:53.861762 n-d-832164-7 devstack@n-api.service[118373]: [pid: 118373|app: 0|req: 51/117] 10.222.0.31 () {58 vars in 1208 bytes} [Tue Mar 15 14:24:53 2022] GET /compute/v2.1/flavors/1419662125/os-flavor-access => generated 21 bytes in 45 msecs (HTTP/1.1 200) 9 headers in 356 bytes (1 switches on core 0)
Mar 15 14:24:53.867146 n-d-832164-7 devstack@n-api.service[118373]: DEBUG nova.api.openstack.wsgi [None req-cd926940-dff8-430f-b1b9-170f859509b3 tempest-HypervisorAdminNegativeTestJSON-1305695643 tempest-HypervisorAdminNegativeTestJSON-1305695643-project-admin] Calling method '.version_select at 0x7fe3adce8ca0>' {{(pid=118373) _process_stack /opt/stack/nova/nova/api/openstack/wsgi.py:513}}
Mar 15 14:24:53.868809 n-d-832164-7 devstack@n-api.service[118373]: /usr/local/lib/python3.8/dist-packages/oslo_policy/policy.py:1119: UserWarning: Policy "os_compute_api:os-hypervisors:list": "rule:context_is_admin" failed scope check. The token used to make the request was project scoped but the policy requires ['system'] scope. This behavior may change in the future where using the intended scope is required
Mar 15 14:24:53.868809 n-d-832164-7 devstack@n-api.service[118373]: warnings.warn(msg)
Mar 15 14:24:53.870605 n-d-832164-7 devstack@n-api.service[118373]: DEBUG oslo_concurrency.lockutils [None req-cd926940-dff8-430f-b1b9-170f859509b3 tempest-HypervisorAdminNegativeTestJSON-1305695643 tempest-HypervisorAdminNegativeTestJSON-1305695643-project-admin] Lock "e88acfd6-201d-4e85-a963-38f49aff68d9" acquired by "nova.context.set_target_cell..get_or_set_cached_cell_and_set_connections" :: waited 0.000s {{(pid=118373) inner /usr/local/lib/python3.8/dist-packages/oslo_concurrency/lockutils.py:386}}
Mar 15 14:24:53.871296 n-d-832164-7 devstack@n-api.service[118373]: DEBUG oslo_concurrency.lockutils [None req-cd926940-dff8-430f-b1b9-170f859509b3 tempest-HypervisorAdminNegativeTestJSON-1305695643 tempest-HypervisorAdminNegativeTestJSON-1305695643-project-admin] Lock "e88acfd6-201d-4e85-a963-38f49aff68d9" "released" by "nova.context.set_target_cell..get_or_set_cached_cell_and_set_connections" :: held 0.001s {{(pid=118373) inner /usr/local/lib/python3.8/dist-packages/oslo_concurrency/lockutils.py:400}}
Mar 15 14:24:53.889215 n-d-832164-7 devstack@n-api.service[118373]: DEBUG oslo_concurrency.lockutils [None req-cd926940-dff8-430f-b1b9-170f859509b3 tempest-HypervisorAdminNegativeTestJSON-1305695643 tempest-HypervisorAdminNegativeTestJSON-1305695643-project-admin] Lock "e88acfd6-201d-4e85-a963-38f49aff68d9" acquired by "nova.context.set_target_cell..get_or_set_cached_cell_and_set_connections" :: waited 0.000s {{(pid=118373) inner /usr/local/lib/python3.8/dist-packages/oslo_concurrency/lockutils.py:386}}
Mar 15 14:24:53.890088 n-d-832164-7 devstack@n-api.service[118373]: DEBUG oslo_concurrency.lockutils [None req-cd926940-dff8-430f-b1b9-170f859509b3 tempest-HypervisorAdminNegativeTestJSON-1305695643 tempest-HypervisorAdminNegativeTestJSON-1305695643-project-admin] Lock "e88acfd6-201d-4e85-a963-38f49aff68d9" "released" by "nova.context.set_target_cell..get_or_set_cached_cell_and_set_connections" :: held 0.001s {{(pid=118373) inner /usr/local/lib/python3.8/dist-packages/oslo_concurrency/lockutils.py:400}}
Mar 15 14:24:53.901870 n-d-832164-7 devstack@n-api.service[118373]: DEBUG oslo_concurrency.lockutils [None req-cd926940-dff8-430f-b1b9-170f859509b3 tempest-HypervisorAdminNegativeTestJSON-1305695643 tempest-HypervisorAdminNegativeTestJSON-1305695643-project-admin] Lock "e88acfd6-201d-4e85-a963-38f49aff68d9" acquired by "nova.context.set_target_cell..get_or_set_cached_cell_and_set_connections" :: waited 0.000s {{(pid=118373) inner /usr/local/lib/python3.8/dist-packages/oslo_concurrency/lockutils.py:386}}
Mar 15 14:24:53.902648 n-d-832164-7 devstack@n-api.service[118373]: DEBUG oslo_concurrency.lockutils [None req-cd926940-dff8-430f-b1b9-170f859509b3 tempest-HypervisorAdminNegativeTestJSON-1305695643 tempest-HypervisorAdminNegativeTestJSON-1305695643-project-admin] Lock "e88acfd6-201d-4e85-a963-38f49aff68d9" "released" by "nova.context.set_target_cell..get_or_set_cached_cell_and_set_connections" :: held 0.001s {{(pid=118373) inner /usr/local/lib/python3.8/dist-packages/oslo_concurrency/lockutils.py:400}}
Mar 15 14:24:53.909736 n-d-832164-7 devstack@n-api.service[118373]: INFO nova.api.openstack.requestlog [None req-cd926940-dff8-430f-b1b9-170f859509b3 tempest-HypervisorAdminNegativeTestJSON-1305695643 tempest-HypervisorAdminNegativeTestJSON-1305695643-project-admin] 10.222.0.31 "GET /compute/v2.1/os-hypervisors" status: 200 len: 191 microversion: 2.1 time: 0.050759
Mar 15 14:24:53.916575 n-d-832164-7 devstack@n-api.service[118373]: [pid: 118373|app: 0|req: 52/118] 10.222.0.31 () {58 vars in 1145 bytes} [Tue Mar 15 14:24:53 2022] GET /compute/v2.1/os-hypervisors => generated 191 bytes in 55 msecs (HTTP/1.1 200) 9 headers in 357 bytes (1 switches on core 0)
Mar 15 14:24:53.931696 n-d-832164-7 devstack@n-api.service[118373]: DEBUG nova.api.openstack.wsgi [None req-65c0c637-0820-4222-a288-42b1af9edee1 tempest-FlavorsAccessTestJSON-648327241 tempest-FlavorsAccessTestJSON-648327241-project-admin] Calling method '>' {{(pid=118373) _process_stack /opt/stack/nova/nova/api/openstack/wsgi.py:513}}
Mar 15 14:24:53.935550 n-d-832164-7 devstack@n-api.service[118373]: /usr/local/lib/python3.8/dist-packages/oslo_policy/policy.py:1119: UserWarning: Policy "os_compute_api:os-flavor-manage:delete": "rule:context_is_admin" failed scope check. The token used to make the request was project scoped but the policy requires ['system'] scope. This behavior may change in the future where using the intended scope is required
Mar 15 14:24:53.935550 n-d-832164-7 devstack@n-api.service[118373]: warnings.warn(msg)
Mar 15 14:24:53.964739 n-d-832164-7 devstack@n-api.service[118373]: INFO nova.api.openstack.requestlog [None req-65c0c637-0820-4222-a288-42b1af9edee1 tempest-FlavorsAccessTestJSON-648327241 tempest-FlavorsAccessTestJSON-648327241-project-admin] 10.222.0.31 "DELETE /compute/v2.1/flavors/1419662125" status: 202 len: 0 microversion: 2.1 time: 0.050078
Mar 15 14:24:53.966449 n-d-832164-7 devstack@n-api.service[118373]: [pid: 118373|app: 0|req: 53/119] 10.222.0.31 () {58 vars in 1160 bytes} [Tue Mar 15 14:24:53 2022] DELETE /compute/v2.1/flavors/1419662125 => generated 0 bytes in 52 msecs (HTTP/1.1 202) 9 headers in 361 bytes (1 switches on core 0)
Mar 15 14:24:53.975528 n-d-832164-7 devstack@n-api.service[118373]: DEBUG nova.api.openstack.wsgi [None req-8a2fe357-7a60-4290-a27b-d5d2a729cd47 tempest-HypervisorAdminNegativeTestJSON-233152585 tempest-HypervisorAdminNegativeTestJSON-233152585-project] Calling method '.version_select at 0x7fe3adcc6790>' {{(pid=118373) _process_stack /opt/stack/nova/nova/api/openstack/wsgi.py:513}}
Mar 15 14:24:53.976703 n-d-832164-7 devstack@n-api.service[118373]: /usr/local/lib/python3.8/dist-packages/oslo_policy/policy.py:1119: UserWarning: Policy "os_compute_api:os-hypervisors:show": "rule:context_is_admin" failed scope check. The token used to make the request was project scoped but the policy requires ['system'] scope. This behavior may change in the future where using the intended scope is required
Mar 15 14:24:53.976703 n-d-832164-7 devstack@n-api.service[118373]: warnings.warn(msg)
Mar 15 14:24:53.978151 n-d-832164-7 devstack@n-api.service[118373]: DEBUG nova.policy [None req-8a2fe357-7a60-4290-a27b-d5d2a729cd47 tempest-HypervisorAdminNegativeTestJSON-233152585 tempest-HypervisorAdminNegativeTestJSON-233152585-project] Policy check for os_compute_api:os-hypervisors:show failed with credentials {'is_admin': False, 'user_id': '19f80cb1ad2b4e5da785268fe6a5b6ed', 'user_domain_id': 'default', 'system_scope': None, 'domain_id': None, 'project_id': 'd3a4f7aa045444318ad9add49d65f84d', 'project_domain_id': 'default', 'roles': ['reader', 'member'], 'is_admin_project': True, 'service_user_id': None, 'service_user_domain_id': None, 'service_project_id': None, 'service_project_domain_id': None, 'service_roles': []} {{(pid=118373) authorize /opt/stack/nova/nova/policy.py:199}}
Mar 15 14:24:53.979009 n-d-832164-7 devstack@n-api.service[118373]: DEBUG nova.api.openstack.wsgi [None req-8a2fe357-7a60-4290-a27b-d5d2a729cd47 tempest-HypervisorAdminNegativeTestJSON-233152585 tempest-HypervisorAdminNegativeTestJSON-233152585-project] Returning 403 to user: Policy doesn't allow os_compute_api:os-hypervisors:show to be performed. {{(pid=118373) __call__ /opt/stack/nova/nova/api/openstack/wsgi.py:936}}
Mar 15 14:24:53.980029 n-d-832164-7 devstack@n-api.service[118373]: INFO nova.api.openstack.requestlog [None req-8a2fe357-7a60-4290-a27b-d5d2a729cd47 tempest-HypervisorAdminNegativeTestJSON-233152585 tempest-HypervisorAdminNegativeTestJSON-233152585-project] 10.222.0.31 "GET /compute/v2.1/os-hypervisors/1" status: 403 len: 115 microversion: 2.1 time: 0.012377
Mar 15 14:24:53.981179 n-d-832164-7 devstack@n-api.service[118373]: [pid: 118373|app: 0|req: 54/120] 10.222.0.31 () {58 vars in 1151 bytes} [Tue Mar 15 14:24:53 2022] GET /compute/v2.1/os-hypervisors/1 => generated 115 bytes in 14 msecs (HTTP/1.1 403) 9 headers in 379 bytes (1 switches on core 0)
Mar 15 14:24:53.988356 n-d-832164-7 devstack@n-api.service[118373]: DEBUG nova.api.openstack.wsgi [None req-08bf3a61-149c-4642-90e2-a0638df72ae5 tempest-FlavorsAccessTestJSON-648327241 tempest-FlavorsAccessTestJSON-648327241-project-admin] Calling method '>' {{(pid=118373) _process_stack /opt/stack/nova/nova/api/openstack/wsgi.py:513}}
Mar 15 14:24:54.006145 n-d-832164-7 devstack@n-api.service[118373]: INFO nova.api.openstack.requestlog [None req-08bf3a61-149c-4642-90e2-a0638df72ae5 tempest-FlavorsAccessTestJSON-648327241 tempest-FlavorsAccessTestJSON-648327241-project-admin] 10.222.0.31 "GET /compute/v2.1/flavors/detail" status: 200 len: 4991 microversion: 2.1 time: 0.023463
Mar 15 14:24:54.006823 n-d-832164-7 devstack@n-api.service[118373]: [pid: 118373|app: 0|req: 55/121] 10.222.0.31 () {58 vars in 1145 bytes} [Tue Mar 15 14:24:53 2022] GET /compute/v2.1/flavors/detail => generated 4991 bytes in 25 msecs (HTTP/1.1 200) 9 headers in 358 bytes (1 switches on core 0)
Mar 15 14:24:54.011494 n-d-832164-7 devstack@n-api.service[118373]: DEBUG nova.api.openstack.wsgi [None req-8f28ba59-c27b-4348-aa92-3ef7638e393e tempest-TenantUsagesTestJSON-1663928332 tempest-TenantUsagesTestJSON-1663928332-project] Calling method '>' {{(pid=118373) _process_stack /opt/stack/nova/nova/api/openstack/wsgi.py:513}}
Mar 15 14:24:54.012321 n-d-832164-7 devstack@n-api.service[118373]: DEBUG nova.compute.api [None req-8f28ba59-c27b-4348-aa92-3ef7638e393e tempest-TenantUsagesTestJSON-1663928332 tempest-TenantUsagesTestJSON-1663928332-project] [instance: b1399694-a961-48e2-b5de-4893c0cee667] Fetching instance by UUID {{(pid=118373) get /opt/stack/nova/nova/compute/api.py:2918}}
Mar 15 14:24:54.018692 n-d-832164-7 devstack@n-api.service[118373]: DEBUG oslo_concurrency.lockutils [None req-8f28ba59-c27b-4348-aa92-3ef7638e393e tempest-TenantUsagesTestJSON-1663928332 tempest-TenantUsagesTestJSON-1663928332-project] Lock "e88acfd6-201d-4e85-a963-38f49aff68d9" acquired by "nova.context.set_target_cell..get_or_set_cached_cell_and_set_connections" :: waited 0.000s {{(pid=118373) inner /usr/local/lib/python3.8/dist-packages/oslo_concurrency/lockutils.py:386}}
Mar 15 14:24:54.019214 n-d-832164-7 devstack@n-api.service[118373]: DEBUG oslo_concurrency.lockutils [None req-8f28ba59-c27b-4348-aa92-3ef7638e393e tempest-TenantUsagesTestJSON-1663928332 tempest-TenantUsagesTestJSON-1663928332-project] Lock "e88acfd6-201d-4e85-a963-38f49aff68d9" "released" by "nova.context.set_target_cell..get_or_set_cached_cell_and_set_connections" :: held 0.001s {{(pid=118373) inner /usr/local/lib/python3.8/dist-packages/oslo_concurrency/lockutils.py:400}}
Mar 15 14:24:54.020092 n-d-832164-7 devstack@n-api.service[118373]: DEBUG oslo_concurrency.lockutils [None req-8f28ba59-c27b-4348-aa92-3ef7638e393e tempest-TenantUsagesTestJSON-1663928332 tempest-TenantUsagesTestJSON-1663928332-project] Lock "e88acfd6-201d-4e85-a963-38f49aff68d9" acquired by "nova.context.set_target_cell..get_or_set_cached_cell_and_set_connections" :: waited 0.000s {{(pid=118373) inner /usr/local/lib/python3.8/dist-packages/oslo_concurrency/lockutils.py:386}}
Mar 15 14:24:54.021599 n-d-832164-7 devstack@n-api.service[118373]: DEBUG oslo_concurrency.lockutils [None req-8f28ba59-c27b-4348-aa92-3ef7638e393e tempest-TenantUsagesTestJSON-1663928332 tempest-TenantUsagesTestJSON-1663928332-project] Lock "e88acfd6-201d-4e85-a963-38f49aff68d9" "released" by "nova.context.set_target_cell..get_or_set_cached_cell_and_set_connections" :: held 0.000s {{(pid=118373) inner /usr/local/lib/python3.8/dist-packages/oslo_concurrency/lockutils.py:400}}
Mar 15 14:24:54.174870 n-d-832164-7 devstack@n-api.service[118373]: DEBUG nova.policy [None req-8f28ba59-c27b-4348-aa92-3ef7638e393e tempest-TenantUsagesTestJSON-1663928332 tempest-TenantUsagesTestJSON-1663928332-project] Policy check for os_compute_api:os-extended-server-attributes failed with credentials {'is_admin': False, 'user_id': '693cfef9a4194a1f8a37a4e6f6aa4dc3', 'user_domain_id': 'default', 'system_scope': None, 'domain_id': None, 'project_id': '007d324fabaf4be18b0a57446788c64e', 'project_domain_id': 'default', 'roles': ['reader', 'member'], 'is_admin_project': True, 'service_user_id': None, 'service_user_domain_id': None, 'service_project_id': None, 'service_project_domain_id': None, 'service_roles': []} {{(pid=118373) authorize /opt/stack/nova/nova/policy.py:199}}
Mar 15 14:24:54.179438 n-d-832164-7 devstack@n-api.service[118374]: INFO nova.api.openstack.requestlog [None req-c5a2bf95-2796-48ac-9e37-9ad315830ec8 tempest-NetworksTest-1917495948 tempest-NetworksTest-1917495948-project-admin] 10.222.0.31 "GET /compute/v2.1/os-networks" status: 200 len: 3327 microversion: 2.1 time: 0.476284
Mar 15 14:24:54.180509 n-d-832164-7 devstack@n-api.service[118374]: [pid: 118374|app: 0|req: 67/122] 10.222.0.31 () {58 vars in 1136 bytes} [Tue Mar 15 14:24:53 2022] GET /compute/v2.1/os-networks => generated 3327 bytes in 478 msecs (HTTP/1.1 200) 9 headers in 358 bytes (1 switches on core 0)
Mar 15 14:24:54.185872 n-d-832164-7 devstack@n-api.service[118374]: DEBUG nova.api.openstack.wsgi [None req-d430df39-c0aa-49a2-a216-55e14324d0d3 tempest-HypervisorAdminNegativeTestJSON-1305695643 tempest-HypervisorAdminNegativeTestJSON-1305695643-project-admin] Calling method '.version_select at 0x7fe3ad4870d0>' {{(pid=118374) _process_stack /opt/stack/nova/nova/api/openstack/wsgi.py:513}}
Mar 15 14:24:54.187192 n-d-832164-7 devstack@n-api.service[118374]: /usr/local/lib/python3.8/dist-packages/oslo_policy/policy.py:1119: UserWarning: Policy "os_compute_api:os-hypervisors:show": "rule:context_is_admin" failed scope check. The token used to make the request was project scoped but the policy requires ['system'] scope. This behavior may change in the future where using the intended scope is required
Mar 15 14:24:54.187192 n-d-832164-7 devstack@n-api.service[118374]: warnings.warn(msg)
Mar 15 14:24:54.189535 n-d-832164-7 devstack@n-api.service[118373]: INFO nova.api.openstack.requestlog [None req-8f28ba59-c27b-4348-aa92-3ef7638e393e tempest-TenantUsagesTestJSON-1663928332 tempest-TenantUsagesTestJSON-1663928332-project] 10.222.0.31 "GET /compute/v2.1/servers/b1399694-a961-48e2-b5de-4893c0cee667" status: 200 len: 1272 microversion: 2.1 time: 0.181063
Mar 15 14:24:54.192262 n-d-832164-7 devstack@n-api.service[118374]: INFO nova.api.openstack.wsgi [None req-d430df39-c0aa-49a2-a216-55e14324d0d3 tempest-HypervisorAdminNegativeTestJSON-1305695643 tempest-HypervisorAdminNegativeTestJSON-1305695643-project-admin] HTTP exception thrown: Hypervisor with ID 'ba13458c-fc87-4f25-a8b4-f6235005802b' could not be found.
Mar 15 14:24:54.192722 n-d-832164-7 devstack@n-api.service[118373]: [pid: 118373|app: 0|req: 56/123] 10.222.0.31 () {58 vars in 1235 bytes} [Tue Mar 15 14:24:54 2022] GET /compute/v2.1/servers/b1399694-a961-48e2-b5de-4893c0cee667 => generated 1272 bytes in 185 msecs (HTTP/1.1 200) 9 headers in 358 bytes (1 switches on core 0)
Mar 15 14:24:54.195751 n-d-832164-7 devstack@n-api.service[118374]: DEBUG nova.api.openstack.wsgi [None req-d430df39-c0aa-49a2-a216-55e14324d0d3 tempest-HypervisorAdminNegativeTestJSON-1305695643 tempest-HypervisorAdminNegativeTestJSON-1305695643-project-admin] Returning 404 to user: Hypervisor with ID 'ba13458c-fc87-4f25-a8b4-f6235005802b' could not be found. {{(pid=118374) __call__ /opt/stack/nova/nova/api/openstack/wsgi.py:936}}
Mar 15 14:24:54.198687 n-d-832164-7 devstack@n-api.service[118374]: INFO nova.api.openstack.requestlog [None req-d430df39-c0aa-49a2-a216-55e14324d0d3 tempest-HypervisorAdminNegativeTestJSON-1305695643 tempest-HypervisorAdminNegativeTestJSON-1305695643-project-admin] 10.222.0.31 "GET /compute/v2.1/os-hypervisors/ba13458c-fc87-4f25-a8b4-f6235005802b" status: 404 len: 123 microversion: 2.1 time: 0.015519
Mar 15 14:24:54.203061 n-d-832164-7 devstack@n-api.service[118374]: [pid: 118374|app: 0|req: 68/124] 10.222.0.31 () {58 vars in 1256 bytes} [Tue Mar 15 14:24:54 2022] GET /compute/v2.1/os-hypervisors/ba13458c-fc87-4f25-a8b4-f6235005802b => generated 123 bytes in 22 msecs (HTTP/1.1 404) 9 headers in 379 bytes (1 switches on core 0)
Mar 15 14:24:54.210176 n-d-832164-7 devstack@n-api.service[118373]: DEBUG nova.api.openstack.wsgi [None req-a458eceb-d3e1-489c-b89c-80e87bde5f70 tempest-AggregatesAdminTestJSON-1618633159 tempest-AggregatesAdminTestJSON-1618633159-project] Calling method '>' {{(pid=118373) _process_stack /opt/stack/nova/nova/api/openstack/wsgi.py:513}}
Mar 15 14:24:54.210824 n-d-832164-7 devstack@n-api.service[118373]: DEBUG nova.compute.api [None req-a458eceb-d3e1-489c-b89c-80e87bde5f70 tempest-AggregatesAdminTestJSON-1618633159 tempest-AggregatesAdminTestJSON-1618633159-project] [instance: 566b07de-e68f-4c43-9c7e-065dd34aa0a6] Fetching instance by UUID {{(pid=118373) get /opt/stack/nova/nova/compute/api.py:2918}}
Mar 15 14:24:54.227554 n-d-832164-7 devstack@n-api.service[118374]: DEBUG nova.api.openstack.wsgi [None req-6972c785-eabb-47f9-94f0-05e69d37e912 tempest-NetworksTest-1917495948 tempest-NetworksTest-1917495948-project-admin] Calling method '.version_select at 0x7fe3addc6700>' {{(pid=118374) _process_stack /opt/stack/nova/nova/api/openstack/wsgi.py:513}}
Mar 15 14:24:54.229812 n-d-832164-7 devstack@n-api.service[118373]: DEBUG oslo_concurrency.lockutils [None req-a458eceb-d3e1-489c-b89c-80e87bde5f70 tempest-AggregatesAdminTestJSON-1618633159 tempest-AggregatesAdminTestJSON-1618633159-project] Lock "e88acfd6-201d-4e85-a963-38f49aff68d9" acquired by "nova.context.set_target_cell..get_or_set_cached_cell_and_set_connections" :: waited 0.000s {{(pid=118373) inner /usr/local/lib/python3.8/dist-packages/oslo_concurrency/lockutils.py:386}}
Mar 15 14:24:54.230507 n-d-832164-7 devstack@n-api.service[118373]: DEBUG oslo_concurrency.lockutils [None req-a458eceb-d3e1-489c-b89c-80e87bde5f70 tempest-AggregatesAdminTestJSON-1618633159 tempest-AggregatesAdminTestJSON-1618633159-project] Lock "e88acfd6-201d-4e85-a963-38f49aff68d9" "released" by "nova.context.set_target_cell..get_or_set_cached_cell_and_set_connections" :: held 0.004s {{(pid=118373) inner /usr/local/lib/python3.8/dist-packages/oslo_concurrency/lockutils.py:400}}
Mar 15 14:24:54.233526 n-d-832164-7 devstack@n-api.service[118373]: DEBUG oslo_concurrency.lockutils [None req-a458eceb-d3e1-489c-b89c-80e87bde5f70 tempest-AggregatesAdminTestJSON-1618633159 tempest-AggregatesAdminTestJSON-1618633159-project] Lock "e88acfd6-201d-4e85-a963-38f49aff68d9" acquired by "nova.context.set_target_cell..get_or_set_cached_cell_and_set_connections" :: waited 0.000s {{(pid=118373) inner /usr/local/lib/python3.8/dist-packages/oslo_concurrency/lockutils.py:386}}
Mar 15 14:24:54.236656 n-d-832164-7 devstack@n-api.service[118373]: DEBUG oslo_concurrency.lockutils [None req-a458eceb-d3e1-489c-b89c-80e87bde5f70 tempest-AggregatesAdminTestJSON-1618633159 tempest-AggregatesAdminTestJSON-1618633159-project] Lock "e88acfd6-201d-4e85-a963-38f49aff68d9" "released" by "nova.context.set_target_cell..get_or_set_cached_cell_and_set_connections" :: held 0.003s {{(pid=118373) inner /usr/local/lib/python3.8/dist-packages/oslo_concurrency/lockutils.py:400}}
Mar 15 14:24:54.673202 n-d-832164-7 devstack@n-api.service[118374]: INFO nova.api.openstack.requestlog [None req-6972c785-eabb-47f9-94f0-05e69d37e912 tempest-NetworksTest-1917495948 tempest-NetworksTest-1917495948-project-admin] 10.222.0.31 "GET /compute/v2.1/os-networks/d37f9c01-5513-47d6-8e64-9c3abbf83cbc" status: 200 len: 652 microversion: 2.1 time: 0.465705
Mar 15 14:24:54.682018 n-d-832164-7 devstack@n-api.service[118374]: [pid: 118374|app: 0|req: 69/125] 10.222.0.31 () {58 vars in 1247 bytes} [Tue Mar 15 14:24:54 2022] GET /compute/v2.1/os-networks/d37f9c01-5513-47d6-8e64-9c3abbf83cbc => generated 652 bytes in 478 msecs (HTTP/1.1 200) 9 headers in 357 bytes (1 switches on core 0)
Mar 15 14:24:54.688732 n-d-832164-7 devstack@n-api.service[118374]: DEBUG nova.api.openstack.wsgi [None req-3bfbf0c3-e815-48c1-8c1a-555ad0915cb4 tempest-NetworksTest-1917495948 tempest-NetworksTest-1917495948-project-admin] Calling method '.version_select at 0x7fe3ad487790>' {{(pid=118374) _process_stack /opt/stack/nova/nova/api/openstack/wsgi.py:513}}
Mar 15 14:24:55.338028 n-d-832164-7 devstack@n-api.service[118373]: DEBUG nova.policy [None req-a458eceb-d3e1-489c-b89c-80e87bde5f70 tempest-AggregatesAdminTestJSON-1618633159 tempest-AggregatesAdminTestJSON-1618633159-project] Policy check for os_compute_api:os-extended-server-attributes failed with credentials {'is_admin': False, 'user_id': 'ccf34878178f49b7afd0794c01ebe80a', 'user_domain_id': 'default', 'system_scope': None, 'domain_id': None, 'project_id': 'f2a92623f60347df91a79254296352c3', 'project_domain_id': 'default', 'roles': ['reader', 'member'], 'is_admin_project': True, 'service_user_id': None, 'service_user_domain_id': None, 'service_project_id': None, 'service_project_domain_id': None, 'service_roles': []} {{(pid=118373) authorize /opt/stack/nova/nova/policy.py:199}}
Mar 15 14:24:55.353042 n-d-832164-7 devstack@n-api.service[118373]: INFO nova.api.openstack.requestlog [None req-a458eceb-d3e1-489c-b89c-80e87bde5f70 tempest-AggregatesAdminTestJSON-1618633159 tempest-AggregatesAdminTestJSON-1618633159-project] 10.222.0.31 "GET /compute/v2.1/servers/566b07de-e68f-4c43-9c7e-065dd34aa0a6" status: 200 len: 1337 microversion: 2.1 time: 1.158713
Mar 15 14:24:55.354036 n-d-832164-7 devstack@n-api.service[118373]: [pid: 118373|app: 0|req: 57/126] 10.222.0.31 () {58 vars in 1235 bytes} [Tue Mar 15 14:24:54 2022] GET /compute/v2.1/servers/566b07de-e68f-4c43-9c7e-065dd34aa0a6 => generated 1337 bytes in 1160 msecs (HTTP/1.1 200) 9 headers in 358 bytes (1 switches on core 0)
Mar 15 14:24:55.369267 n-d-832164-7 devstack@n-api.service[118374]: INFO nova.api.openstack.requestlog [None req-3bfbf0c3-e815-48c1-8c1a-555ad0915cb4 tempest-NetworksTest-1917495948 tempest-NetworksTest-1917495948-project-admin] 10.222.0.31 "GET /compute/v2.1/os-networks" status: 200 len: 3327 microversion: 2.1 time: 0.685953
Mar 15 14:24:55.370533 n-d-832164-7 devstack@n-api.service[118374]: [pid: 118374|app: 0|req: 70/127] 10.222.0.31 () {58 vars in 1136 bytes} [Tue Mar 15 14:24:54 2022] GET /compute/v2.1/os-networks => generated 3327 bytes in 688 msecs (HTTP/1.1 200) 9 headers in 358 bytes (1 switches on core 0)
Mar 15 14:24:55.384681 n-d-832164-7 devstack@n-api.service[118374]: DEBUG nova.api.openstack.wsgi [None req-229597e3-6675-49d2-9a12-3058f06a33fe tempest-TenantUsagesTestJSON-1663928332 tempest-TenantUsagesTestJSON-1663928332-project] Calling method '>' {{(pid=118374) _process_stack /opt/stack/nova/nova/api/openstack/wsgi.py:513}}
Mar 15 14:24:55.388437 n-d-832164-7 devstack@n-api.service[118374]: DEBUG nova.compute.api [None req-229597e3-6675-49d2-9a12-3058f06a33fe tempest-TenantUsagesTestJSON-1663928332 tempest-TenantUsagesTestJSON-1663928332-project] [instance: b1399694-a961-48e2-b5de-4893c0cee667] Fetching instance by UUID {{(pid=118374) get /opt/stack/nova/nova/compute/api.py:2918}}
Mar 15 14:24:55.396771 n-d-832164-7 devstack@n-api.service[118373]: DEBUG nova.api.openstack.wsgi [None req-6bdb989b-ded6-4770-9997-81c1cfaf7ea3 tempest-DeleteServersAdminTestJSON-647081366 tempest-DeleteServersAdminTestJSON-647081366-project] Calling method '>' {{(pid=118373) _process_stack /opt/stack/nova/nova/api/openstack/wsgi.py:513}}
Mar 15 14:24:55.397704 n-d-832164-7 devstack@n-api.service[118373]: DEBUG nova.compute.api [None req-6bdb989b-ded6-4770-9997-81c1cfaf7ea3 tempest-DeleteServersAdminTestJSON-647081366 tempest-DeleteServersAdminTestJSON-647081366-project] [instance: 6478b04d-ed07-4d85-80e1-c83b0c0f9a4e] Fetching instance by UUID {{(pid=118373) get /opt/stack/nova/nova/compute/api.py:2918}}
Mar 15 14:24:55.413592 n-d-832164-7 devstack@n-api.service[118374]: DEBUG oslo_concurrency.lockutils [None req-229597e3-6675-49d2-9a12-3058f06a33fe tempest-TenantUsagesTestJSON-1663928332 tempest-TenantUsagesTestJSON-1663928332-project] Lock "e88acfd6-201d-4e85-a963-38f49aff68d9" acquired by "nova.context.set_target_cell..get_or_set_cached_cell_and_set_connections" :: waited 0.000s {{(pid=118374) inner /usr/local/lib/python3.8/dist-packages/oslo_concurrency/lockutils.py:386}}
Mar 15 14:24:55.415103 n-d-832164-7 devstack@n-api.service[118374]: DEBUG oslo_concurrency.lockutils [None req-229597e3-6675-49d2-9a12-3058f06a33fe tempest-TenantUsagesTestJSON-1663928332 tempest-TenantUsagesTestJSON-1663928332-project] Lock "e88acfd6-201d-4e85-a963-38f49aff68d9" "released" by "nova.context.set_target_cell..get_or_set_cached_cell_and_set_connections" :: held 0.002s {{(pid=118374) inner /usr/local/lib/python3.8/dist-packages/oslo_concurrency/lockutils.py:400}}
Mar 15 14:24:55.416045 n-d-832164-7 devstack@n-api.service[118374]: DEBUG oslo_concurrency.lockutils [None req-229597e3-6675-49d2-9a12-3058f06a33fe tempest-TenantUsagesTestJSON-1663928332 tempest-TenantUsagesTestJSON-1663928332-project] Lock "e88acfd6-201d-4e85-a963-38f49aff68d9" acquired by "nova.context.set_target_cell..get_or_set_cached_cell_and_set_connections" :: waited 0.000s {{(pid=118374) inner /usr/local/lib/python3.8/dist-packages/oslo_concurrency/lockutils.py:386}}
Mar 15 14:24:55.416597 n-d-832164-7 devstack@n-api.service[118374]: DEBUG oslo_concurrency.lockutils [None req-229597e3-6675-49d2-9a12-3058f06a33fe tempest-TenantUsagesTestJSON-1663928332 tempest-TenantUsagesTestJSON-1663928332-project] Lock "e88acfd6-201d-4e85-a963-38f49aff68d9" "released" by "nova.context.set_target_cell..get_or_set_cached_cell_and_set_connections" :: held 0.000s {{(pid=118374) inner /usr/local/lib/python3.8/dist-packages/oslo_concurrency/lockutils.py:400}}
Mar 15 14:24:55.422789 n-d-832164-7 devstack@n-api.service[118373]: DEBUG oslo_concurrency.lockutils [None req-6bdb989b-ded6-4770-9997-81c1cfaf7ea3 tempest-DeleteServersAdminTestJSON-647081366 tempest-DeleteServersAdminTestJSON-647081366-project] Lock "e88acfd6-201d-4e85-a963-38f49aff68d9" acquired by "nova.context.set_target_cell..get_or_set_cached_cell_and_set_connections" :: waited 0.000s {{(pid=118373) inner /usr/local/lib/python3.8/dist-packages/oslo_concurrency/lockutils.py:386}}
Mar 15 14:24:55.423899 n-d-832164-7 devstack@n-api.service[118373]: DEBUG oslo_concurrency.lockutils [None req-6bdb989b-ded6-4770-9997-81c1cfaf7ea3 tempest-DeleteServersAdminTestJSON-647081366 tempest-DeleteServersAdminTestJSON-647081366-project] Lock "e88acfd6-201d-4e85-a963-38f49aff68d9" "released" by "nova.context.set_target_cell..get_or_set_cached_cell_and_set_connections" :: held 0.001s {{(pid=118373) inner /usr/local/lib/python3.8/dist-packages/oslo_concurrency/lockutils.py:400}}
Mar 15 14:24:55.424897 n-d-832164-7 devstack@n-api.service[118373]: DEBUG oslo_concurrency.lockutils [None req-6bdb989b-ded6-4770-9997-81c1cfaf7ea3 tempest-DeleteServersAdminTestJSON-647081366 tempest-DeleteServersAdminTestJSON-647081366-project] Lock "e88acfd6-201d-4e85-a963-38f49aff68d9" acquired by "nova.context.set_target_cell..get_or_set_cached_cell_and_set_connections" :: waited 0.000s {{(pid=118373) inner /usr/local/lib/python3.8/dist-packages/oslo_concurrency/lockutils.py:386}}
Mar 15 14:24:55.425523 n-d-832164-7 devstack@n-api.service[118373]: DEBUG oslo_concurrency.lockutils [None req-6bdb989b-ded6-4770-9997-81c1cfaf7ea3 tempest-DeleteServersAdminTestJSON-647081366 tempest-DeleteServersAdminTestJSON-647081366-project] Lock "e88acfd6-201d-4e85-a963-38f49aff68d9" "released" by "nova.context.set_target_cell..get_or_set_cached_cell_and_set_connections" :: held 0.001s {{(pid=118373) inner /usr/local/lib/python3.8/dist-packages/oslo_concurrency/lockutils.py:400}}
Mar 15 14:24:56.010922 n-d-832164-7 devstack@n-api.service[118374]: DEBUG nova.policy [None req-229597e3-6675-49d2-9a12-3058f06a33fe tempest-TenantUsagesTestJSON-1663928332 tempest-TenantUsagesTestJSON-1663928332-project] Policy check for os_compute_api:os-extended-server-attributes failed with credentials {'is_admin': False, 'user_id': '693cfef9a4194a1f8a37a4e6f6aa4dc3', 'user_domain_id': 'default', 'system_scope': None, 'domain_id': None, 'project_id': '007d324fabaf4be18b0a57446788c64e', 'project_domain_id': 'default', 'roles': ['reader', 'member'], 'is_admin_project': True, 'service_user_id': None, 'service_user_domain_id': None, 'service_project_id': None, 'service_project_domain_id': None, 'service_roles': []} {{(pid=118374) authorize /opt/stack/nova/nova/policy.py:199}}
Mar 15 14:24:56.021441 n-d-832164-7 devstack@n-api.service[118374]: INFO nova.api.openstack.requestlog [None req-229597e3-6675-49d2-9a12-3058f06a33fe tempest-TenantUsagesTestJSON-1663928332 tempest-TenantUsagesTestJSON-1663928332-project] 10.222.0.31 "GET /compute/v2.1/servers/b1399694-a961-48e2-b5de-4893c0cee667" status: 200 len: 1314 microversion: 2.1 time: 0.649086
Mar 15 14:24:56.030849 n-d-832164-7 devstack@n-api.service[118374]: [pid: 118374|app: 0|req: 71/128] 10.222.0.31 () {58 vars in 1235 bytes} [Tue Mar 15 14:24:55 2022] GET /compute/v2.1/servers/b1399694-a961-48e2-b5de-4893c0cee667 => generated 1314 bytes in 660 msecs (HTTP/1.1 200) 9 headers in 358 bytes (1 switches on core 0)
Mar 15 14:24:56.103201 n-d-832164-7 devstack@n-api.service[118373]: DEBUG nova.policy [None req-6bdb989b-ded6-4770-9997-81c1cfaf7ea3 tempest-DeleteServersAdminTestJSON-647081366 tempest-DeleteServersAdminTestJSON-647081366-project] Policy check for os_compute_api:os-extended-server-attributes failed with credentials {'is_admin': False, 'user_id': '2d37fcca7ada48edbb486c9e00b458f3', 'user_domain_id': 'default', 'system_scope': None, 'domain_id': None, 'project_id': 'f0254272c3214f31afef31aaf13889dc', 'project_domain_id': 'default', 'roles': ['reader', 'member'], 'is_admin_project': True, 'service_user_id': None, 'service_user_domain_id': None, 'service_project_id': None, 'service_project_domain_id': None, 'service_roles': []} {{(pid=118373) authorize /opt/stack/nova/nova/policy.py:199}}
Mar 15 14:24:56.112368 n-d-832164-7 devstack@n-api.service[118373]: INFO nova.api.openstack.requestlog [None req-6bdb989b-ded6-4770-9997-81c1cfaf7ea3 tempest-DeleteServersAdminTestJSON-647081366 tempest-DeleteServersAdminTestJSON-647081366-project] 10.222.0.31 "GET /compute/v2.1/servers/6478b04d-ed07-4d85-80e1-c83b0c0f9a4e" status: 200 len: 1340 microversion: 2.1 time: 0.757011
Mar 15 14:24:56.112978 n-d-832164-7 devstack@n-api.service[118373]: [pid: 118373|app: 0|req: 58/129] 10.222.0.31 () {58 vars in 1235 bytes} [Tue Mar 15 14:24:55 2022] GET /compute/v2.1/servers/6478b04d-ed07-4d85-80e1-c83b0c0f9a4e => generated 1340 bytes in 758 msecs (HTTP/1.1 200) 9 headers in 358 bytes (1 switches on core 0)
Mar 15 14:24:56.370425 n-d-832164-7 devstack@n-api.service[118374]: DEBUG nova.api.openstack.wsgi [None req-3371ff88-5e53-4ba2-839c-d6b5ef5211a9 tempest-AggregatesAdminTestJSON-1618633159 tempest-AggregatesAdminTestJSON-1618633159-project] Calling method '>' {{(pid=118374) _process_stack /opt/stack/nova/nova/api/openstack/wsgi.py:513}}
Mar 15 14:24:56.371653 n-d-832164-7 devstack@n-api.service[118374]: DEBUG nova.compute.api [None req-3371ff88-5e53-4ba2-839c-d6b5ef5211a9 tempest-AggregatesAdminTestJSON-1618633159 tempest-AggregatesAdminTestJSON-1618633159-project] [instance: 566b07de-e68f-4c43-9c7e-065dd34aa0a6] Fetching instance by UUID {{(pid=118374) get /opt/stack/nova/nova/compute/api.py:2918}}
Mar 15 14:24:56.379408 n-d-832164-7 devstack@n-api.service[118374]: DEBUG oslo_concurrency.lockutils [None req-3371ff88-5e53-4ba2-839c-d6b5ef5211a9 tempest-AggregatesAdminTestJSON-1618633159 tempest-AggregatesAdminTestJSON-1618633159-project] Lock "e88acfd6-201d-4e85-a963-38f49aff68d9" acquired by "nova.context.set_target_cell..get_or_set_cached_cell_and_set_connections" :: waited 0.000s {{(pid=118374) inner /usr/local/lib/python3.8/dist-packages/oslo_concurrency/lockutils.py:386}}
Mar 15 14:24:56.379975 n-d-832164-7 devstack@n-api.service[118374]: DEBUG oslo_concurrency.lockutils [None req-3371ff88-5e53-4ba2-839c-d6b5ef5211a9 tempest-AggregatesAdminTestJSON-1618633159 tempest-AggregatesAdminTestJSON-1618633159-project] Lock "e88acfd6-201d-4e85-a963-38f49aff68d9" "released" by "nova.context.set_target_cell..get_or_set_cached_cell_and_set_connections" :: held 0.001s {{(pid=118374) inner /usr/local/lib/python3.8/dist-packages/oslo_concurrency/lockutils.py:400}}
Mar 15 14:24:56.380941 n-d-832164-7 devstack@n-api.service[118374]: DEBUG oslo_concurrency.lockutils [None req-3371ff88-5e53-4ba2-839c-d6b5ef5211a9 tempest-AggregatesAdminTestJSON-1618633159 tempest-AggregatesAdminTestJSON-1618633159-project] Lock "e88acfd6-201d-4e85-a963-38f49aff68d9" acquired by "nova.context.set_target_cell..get_or_set_cached_cell_and_set_connections" :: waited 0.000s {{(pid=118374) inner /usr/local/lib/python3.8/dist-packages/oslo_concurrency/lockutils.py:386}}
Mar 15 14:24:56.381652 n-d-832164-7 devstack@n-api.service[118374]: DEBUG oslo_concurrency.lockutils [None req-3371ff88-5e53-4ba2-839c-d6b5ef5211a9 tempest-AggregatesAdminTestJSON-1618633159 tempest-AggregatesAdminTestJSON-1618633159-project] Lock "e88acfd6-201d-4e85-a963-38f49aff68d9" "released" by "nova.context.set_target_cell..get_or_set_cached_cell_and_set_connections" :: held 0.001s {{(pid=118374) inner /usr/local/lib/python3.8/dist-packages/oslo_concurrency/lockutils.py:400}}
Mar 15 14:24:57.037884 n-d-832164-7 devstack@n-api.service[118373]: DEBUG nova.api.openstack.wsgi [None req-ab958994-0946-476a-a522-8da3d206f902 tempest-TenantUsagesTestJSON-1663928332 tempest-TenantUsagesTestJSON-1663928332-project] Calling method '>' {{(pid=118373) _process_stack /opt/stack/nova/nova/api/openstack/wsgi.py:513}}
Mar 15 14:24:57.038652 n-d-832164-7 devstack@n-api.service[118373]: DEBUG nova.compute.api [None req-ab958994-0946-476a-a522-8da3d206f902 tempest-TenantUsagesTestJSON-1663928332 tempest-TenantUsagesTestJSON-1663928332-project] [instance: b1399694-a961-48e2-b5de-4893c0cee667] Fetching instance by UUID {{(pid=118373) get /opt/stack/nova/nova/compute/api.py:2918}}
Mar 15 14:24:57.054757 n-d-832164-7 devstack@n-api.service[118373]: DEBUG oslo_concurrency.lockutils [None req-ab958994-0946-476a-a522-8da3d206f902 tempest-TenantUsagesTestJSON-1663928332 tempest-TenantUsagesTestJSON-1663928332-project] Lock "e88acfd6-201d-4e85-a963-38f49aff68d9" acquired by "nova.context.set_target_cell..get_or_set_cached_cell_and_set_connections" :: waited 0.000s {{(pid=118373) inner /usr/local/lib/python3.8/dist-packages/oslo_concurrency/lockutils.py:386}}
Mar 15 14:24:57.055631 n-d-832164-7 devstack@n-api.service[118373]: DEBUG oslo_concurrency.lockutils [None req-ab958994-0946-476a-a522-8da3d206f902 tempest-TenantUsagesTestJSON-1663928332 tempest-TenantUsagesTestJSON-1663928332-project] Lock "e88acfd6-201d-4e85-a963-38f49aff68d9" "released" by "nova.context.set_target_cell..get_or_set_cached_cell_and_set_connections" :: held 0.001s {{(pid=118373) inner /usr/local/lib/python3.8/dist-packages/oslo_concurrency/lockutils.py:400}}
Mar 15 14:24:57.065822 n-d-832164-7 devstack@n-api.service[118373]: DEBUG oslo_concurrency.lockutils [None req-ab958994-0946-476a-a522-8da3d206f902 tempest-TenantUsagesTestJSON-1663928332 tempest-TenantUsagesTestJSON-1663928332-project] Lock "e88acfd6-201d-4e85-a963-38f49aff68d9" acquired by "nova.context.set_target_cell..get_or_set_cached_cell_and_set_connections" :: waited 0.000s {{(pid=118373) inner /usr/local/lib/python3.8/dist-packages/oslo_concurrency/lockutils.py:386}}
Mar 15 14:24:57.066515 n-d-832164-7 devstack@n-api.service[118373]: DEBUG oslo_concurrency.lockutils [None req-ab958994-0946-476a-a522-8da3d206f902 tempest-TenantUsagesTestJSON-1663928332 tempest-TenantUsagesTestJSON-1663928332-project] Lock "e88acfd6-201d-4e85-a963-38f49aff68d9" "released" by "nova.context.set_target_cell..get_or_set_cached_cell_and_set_connections" :: held 0.001s {{(pid=118373) inner /usr/local/lib/python3.8/dist-packages/oslo_concurrency/lockutils.py:400}}
Mar 15 14:24:57.520992 n-d-832164-7 devstack@n-api.service[118374]: DEBUG nova.policy [None req-3371ff88-5e53-4ba2-839c-d6b5ef5211a9 tempest-AggregatesAdminTestJSON-1618633159 tempest-AggregatesAdminTestJSON-1618633159-project] Policy check for os_compute_api:os-extended-server-attributes failed with credentials {'is_admin': False, 'user_id': 'ccf34878178f49b7afd0794c01ebe80a', 'user_domain_id': 'default', 'system_scope': None, 'domain_id': None, 'project_id': 'f2a92623f60347df91a79254296352c3', 'project_domain_id': 'default', 'roles': ['reader', 'member'], 'is_admin_project': True, 'service_user_id': None, 'service_user_domain_id': None, 'service_project_id': None, 'service_project_domain_id': None, 'service_roles': []} {{(pid=118374) authorize /opt/stack/nova/nova/policy.py:199}}
Mar 15 14:24:57.530911 n-d-832164-7 devstack@n-api.service[118374]: INFO nova.api.openstack.requestlog [None req-3371ff88-5e53-4ba2-839c-d6b5ef5211a9 tempest-AggregatesAdminTestJSON-1618633159 tempest-AggregatesAdminTestJSON-1618633159-project] 10.222.0.31 "GET /compute/v2.1/servers/566b07de-e68f-4c43-9c7e-065dd34aa0a6" status: 200 len: 1337 microversion: 2.1 time: 1.164138
Mar 15 14:24:57.538405 n-d-832164-7 devstack@n-api.service[118374]: [pid: 118374|app: 0|req: 72/130] 10.222.0.31 () {58 vars in 1235 bytes} [Tue Mar 15 14:24:56 2022] GET /compute/v2.1/servers/566b07de-e68f-4c43-9c7e-065dd34aa0a6 => generated 1337 bytes in 1172 msecs (HTTP/1.1 200) 9 headers in 358 bytes (1 switches on core 0)
Mar 15 14:24:57.543602 n-d-832164-7 devstack@n-api.service[118374]: DEBUG nova.api.openstack.wsgi [None req-7d94e056-6339-424c-9567-d1e17ac3fc5c tempest-DeleteServersAdminTestJSON-647081366 tempest-DeleteServersAdminTestJSON-647081366-project] Calling method '>' {{(pid=118374) _process_stack /opt/stack/nova/nova/api/openstack/wsgi.py:513}}
Mar 15 14:24:57.544362 n-d-832164-7 devstack@n-api.service[118374]: DEBUG nova.compute.api [None req-7d94e056-6339-424c-9567-d1e17ac3fc5c tempest-DeleteServersAdminTestJSON-647081366 tempest-DeleteServersAdminTestJSON-647081366-project] [instance: 6478b04d-ed07-4d85-80e1-c83b0c0f9a4e] Fetching instance by UUID {{(pid=118374) get /opt/stack/nova/nova/compute/api.py:2918}}
Mar 15 14:24:57.571379 n-d-832164-7 devstack@n-api.service[118374]: DEBUG oslo_concurrency.lockutils [None req-7d94e056-6339-424c-9567-d1e17ac3fc5c tempest-DeleteServersAdminTestJSON-647081366 tempest-DeleteServersAdminTestJSON-647081366-project] Lock "e88acfd6-201d-4e85-a963-38f49aff68d9" acquired by "nova.context.set_target_cell..get_or_set_cached_cell_and_set_connections" :: waited 0.000s {{(pid=118374) inner /usr/local/lib/python3.8/dist-packages/oslo_concurrency/lockutils.py:386}}
Mar 15 14:24:57.571851 n-d-832164-7 devstack@n-api.service[118374]: DEBUG oslo_concurrency.lockutils [None req-7d94e056-6339-424c-9567-d1e17ac3fc5c tempest-DeleteServersAdminTestJSON-647081366 tempest-DeleteServersAdminTestJSON-647081366-project] Lock "e88acfd6-201d-4e85-a963-38f49aff68d9" "released" by "nova.context.set_target_cell..get_or_set_cached_cell_and_set_connections" :: held 0.001s {{(pid=118374) inner /usr/local/lib/python3.8/dist-packages/oslo_concurrency/lockutils.py:400}}
Mar 15 14:24:57.572638 n-d-832164-7 devstack@n-api.service[118374]: DEBUG oslo_concurrency.lockutils [None req-7d94e056-6339-424c-9567-d1e17ac3fc5c tempest-DeleteServersAdminTestJSON-647081366 tempest-DeleteServersAdminTestJSON-647081366-project] Lock "e88acfd6-201d-4e85-a963-38f49aff68d9" acquired by "nova.context.set_target_cell..get_or_set_cached_cell_and_set_connections" :: waited 0.000s {{(pid=118374) inner /usr/local/lib/python3.8/dist-packages/oslo_concurrency/lockutils.py:386}}
Mar 15 14:24:57.573274 n-d-832164-7 devstack@n-api.service[118374]: DEBUG oslo_concurrency.lockutils [None req-7d94e056-6339-424c-9567-d1e17ac3fc5c tempest-DeleteServersAdminTestJSON-647081366 tempest-DeleteServersAdminTestJSON-647081366-project] Lock "e88acfd6-201d-4e85-a963-38f49aff68d9" "released" by "nova.context.set_target_cell..get_or_set_cached_cell_and_set_connections" :: held 0.001s {{(pid=118374) inner /usr/local/lib/python3.8/dist-packages/oslo_concurrency/lockutils.py:400}}
Mar 15 14:24:57.858959 n-d-832164-7 devstack@n-api.service[118373]: DEBUG nova.policy [None req-ab958994-0946-476a-a522-8da3d206f902 tempest-TenantUsagesTestJSON-1663928332 tempest-TenantUsagesTestJSON-1663928332-project] Policy check for os_compute_api:os-extended-server-attributes failed with credentials {'is_admin': False, 'user_id': '693cfef9a4194a1f8a37a4e6f6aa4dc3', 'user_domain_id': 'default', 'system_scope': None, 'domain_id': None, 'project_id': '007d324fabaf4be18b0a57446788c64e', 'project_domain_id': 'default', 'roles': ['reader', 'member'], 'is_admin_project': True, 'service_user_id': None, 'service_user_domain_id': None, 'service_project_id': None, 'service_project_domain_id': None, 'service_roles': []} {{(pid=118373) authorize /opt/stack/nova/nova/policy.py:199}}
Mar 15 14:24:57.861428 n-d-832164-7 devstack@n-api.service[118373]: INFO nova.api.openstack.requestlog [None req-ab958994-0946-476a-a522-8da3d206f902 tempest-TenantUsagesTestJSON-1663928332 tempest-TenantUsagesTestJSON-1663928332-project] 10.222.0.31 "GET /compute/v2.1/servers/b1399694-a961-48e2-b5de-4893c0cee667" status: 200 len: 1314 microversion: 2.1 time: 0.827297
Mar 15 14:24:57.868463 n-d-832164-7 devstack@n-api.service[118373]: [pid: 118373|app: 0|req: 59/131] 10.222.0.31 () {58 vars in 1235 bytes} [Tue Mar 15 14:24:57 2022] GET /compute/v2.1/servers/b1399694-a961-48e2-b5de-4893c0cee667 => generated 1314 bytes in 835 msecs (HTTP/1.1 200) 9 headers in 358 bytes (1 switches on core 0)
Mar 15 14:24:58.081318 n-d-832164-7 devstack@n-api.service[118374]: DEBUG nova.policy [None req-7d94e056-6339-424c-9567-d1e17ac3fc5c tempest-DeleteServersAdminTestJSON-647081366 tempest-DeleteServersAdminTestJSON-647081366-project] Policy check for os_compute_api:os-extended-server-attributes failed with credentials {'is_admin': False, 'user_id': '2d37fcca7ada48edbb486c9e00b458f3', 'user_domain_id': 'default', 'system_scope': None, 'domain_id': None, 'project_id': 'f0254272c3214f31afef31aaf13889dc', 'project_domain_id': 'default', 'roles': ['reader', 'member'], 'is_admin_project': True, 'service_user_id': None, 'service_user_domain_id': None, 'service_project_id': None, 'service_project_domain_id': None, 'service_roles': []} {{(pid=118374) authorize /opt/stack/nova/nova/policy.py:199}}
Mar 15 14:24:58.094120 n-d-832164-7 devstack@n-api.service[118374]: INFO nova.api.openstack.requestlog [None req-7d94e056-6339-424c-9567-d1e17ac3fc5c tempest-DeleteServersAdminTestJSON-647081366 tempest-DeleteServersAdminTestJSON-647081366-project] 10.222.0.31 "GET /compute/v2.1/servers/6478b04d-ed07-4d85-80e1-c83b0c0f9a4e" status: 200 len: 1340 microversion: 2.1 time: 0.554357
Mar 15 14:24:58.103982 n-d-832164-7 devstack@n-api.service[118374]: [pid: 118374|app: 0|req: 73/132] 10.222.0.31 () {58 vars in 1235 bytes} [Tue Mar 15 14:24:57 2022] GET /compute/v2.1/servers/6478b04d-ed07-4d85-80e1-c83b0c0f9a4e => generated 1340 bytes in 565 msecs (HTTP/1.1 200) 9 headers in 358 bytes (1 switches on core 0)
Mar 15 14:24:58.555354 n-d-832164-7 devstack@n-api.service[118373]: DEBUG nova.api.openstack.wsgi [None req-9f4d7909-c087-4f4d-bda6-0fb8debb790f tempest-AggregatesAdminTestJSON-1618633159 tempest-AggregatesAdminTestJSON-1618633159-project] Calling method '>' {{(pid=118373) _process_stack /opt/stack/nova/nova/api/openstack/wsgi.py:513}}
