Mar 15 14:25:10.778322 n-d-832164-7 devstack@n-api.service[118374]: DEBUG nova.policy [None req-46862b3d-ccea-4dc9-8273-af5990ac55af tempest-TenantUsagesTestJSON-1663928332 tempest-TenantUsagesTestJSON-1663928332-project] Policy check for os_compute_api:os-extended-server-attributes failed with credentials {'is_admin': False, 'user_id': '693cfef9a4194a1f8a37a4e6f6aa4dc3', 'user_domain_id': 'default', 'system_scope': None, 'domain_id': None, 'project_id': '007d324fabaf4be18b0a57446788c64e', 'project_domain_id': 'default', 'roles': ['reader', 'member'], 'is_admin_project': True, 'service_user_id': None, 'service_user_domain_id': None, 'service_project_id': None, 'service_project_domain_id': None, 'service_roles': []} {{(pid=118374) authorize /opt/stack/nova/nova/policy.py:199}}
Mar 15 14:25:10.786360 n-d-832164-7 devstack@n-api.service[118374]: INFO nova.api.openstack.requestlog [None req-46862b3d-ccea-4dc9-8273-af5990ac55af tempest-TenantUsagesTestJSON-1663928332 tempest-TenantUsagesTestJSON-1663928332-project] 10.222.0.31 "GET /compute/v2.1/servers/b1399694-a961-48e2-b5de-4893c0cee667" status: 200 len: 1314 microversion: 2.1 time: 0.854634
Mar 15 14:25:10.798557 n-d-832164-7 devstack@n-api.service[118374]: [pid: 118374|app: 0|req: 100/186] 10.222.0.31 () {58 vars in 1235 bytes} [Tue Mar 15 14:25:09 2022] GET /compute/v2.1/servers/b1399694-a961-48e2-b5de-4893c0cee667 => generated 1314 bytes in 868 msecs (HTTP/1.1 200) 9 headers in 358 bytes (1 switches on core 0)
Mar 15 14:25:10.806116 n-d-832164-7 devstack@n-api.service[118374]: DEBUG nova.api.openstack.wsgi [None req-69e1d7f6-9089-48c4-9a6b-ad2812408001 tempest-LiveMigrationNegativeTest-1254150720 tempest-LiveMigrationNegativeTest-1254150720-project] Calling method '>' {{(pid=118374) _process_stack /opt/stack/nova/nova/api/openstack/wsgi.py:513}}
Mar 15 14:25:10.809371 n-d-832164-7 devstack@n-api.service[118374]: DEBUG nova.compute.api [None req-69e1d7f6-9089-48c4-9a6b-ad2812408001 tempest-LiveMigrationNegativeTest-1254150720 tempest-LiveMigrationNegativeTest-1254150720-project] [instance: e2d9e450-9318-4680-a8f5-f4a4c2541b5f] Fetching instance by UUID {{(pid=118374) get /opt/stack/nova/nova/compute/api.py:2918}}
Mar 15 14:25:10.822625 n-d-832164-7 devstack@n-api.service[118374]: DEBUG oslo_concurrency.lockutils [None req-69e1d7f6-9089-48c4-9a6b-ad2812408001 tempest-LiveMigrationNegativeTest-1254150720 tempest-LiveMigrationNegativeTest-1254150720-project] Lock "e88acfd6-201d-4e85-a963-38f49aff68d9" acquired by "nova.context.set_target_cell..get_or_set_cached_cell_and_set_connections" :: waited 0.000s {{(pid=118374) inner /usr/local/lib/python3.8/dist-packages/oslo_concurrency/lockutils.py:386}}
Mar 15 14:25:10.823333 n-d-832164-7 devstack@n-api.service[118374]: DEBUG oslo_concurrency.lockutils [None req-69e1d7f6-9089-48c4-9a6b-ad2812408001 tempest-LiveMigrationNegativeTest-1254150720 tempest-LiveMigrationNegativeTest-1254150720-project] Lock "e88acfd6-201d-4e85-a963-38f49aff68d9" "released" by "nova.context.set_target_cell..get_or_set_cached_cell_and_set_connections" :: held 0.001s {{(pid=118374) inner /usr/local/lib/python3.8/dist-packages/oslo_concurrency/lockutils.py:400}}
Mar 15 14:25:10.824890 n-d-832164-7 devstack@n-api.service[118374]: DEBUG oslo_concurrency.lockutils [None req-69e1d7f6-9089-48c4-9a6b-ad2812408001 tempest-LiveMigrationNegativeTest-1254150720 tempest-LiveMigrationNegativeTest-1254150720-project] Lock "e88acfd6-201d-4e85-a963-38f49aff68d9" acquired by "nova.context.set_target_cell..get_or_set_cached_cell_and_set_connections" :: waited 0.000s {{(pid=118374) inner /usr/local/lib/python3.8/dist-packages/oslo_concurrency/lockutils.py:386}}
Mar 15 14:25:10.826083 n-d-832164-7 devstack@n-api.service[118374]: DEBUG oslo_concurrency.lockutils [None req-69e1d7f6-9089-48c4-9a6b-ad2812408001 tempest-LiveMigrationNegativeTest-1254150720 tempest-LiveMigrationNegativeTest-1254150720-project] Lock "e88acfd6-201d-4e85-a963-38f49aff68d9" "released" by "nova.context.set_target_cell..get_or_set_cached_cell_and_set_connections" :: held 0.001s {{(pid=118374) inner /usr/local/lib/python3.8/dist-packages/oslo_concurrency/lockutils.py:400}}
Mar 15 14:25:10.917327 n-d-832164-7 devstack@n-api.service[118373]: DEBUG nova.api.openstack.wsgi [None req-28325047-f6cc-4202-8cfa-6f29f5fd6600 tempest-ServerDiagnosticsNegativeTest-1370643886 tempest-ServerDiagnosticsNegativeTest-1370643886-project] Action: 'create', calling method: >, body: {"server": {"name": "tempest-ServerDiagnosticsNegativeTest-server-770763816", "imageRef": "34bcdfee-3f3a-45c4-bf63-bd0247ff6e6f", "flavorRef": "452"}} {{(pid=118373) _process_stack /opt/stack/nova/nova/api/openstack/wsgi.py:511}}
Mar 15 14:25:11.014214 n-d-832164-7 devstack@n-api.service[118373]: DEBUG nova.network.neutron [None req-28325047-f6cc-4202-8cfa-6f29f5fd6600 tempest-ServerDiagnosticsNegativeTest-1370643886 tempest-ServerDiagnosticsNegativeTest-1370643886-project] validate_networks() for None {{(pid=118373) validate_networks /opt/stack/nova/nova/network/neutron.py:2632}}
Mar 15 14:25:11.385128 n-d-832164-7 devstack@n-api.service[118374]: DEBUG nova.policy [None req-69e1d7f6-9089-48c4-9a6b-ad2812408001 tempest-LiveMigrationNegativeTest-1254150720 tempest-LiveMigrationNegativeTest-1254150720-project] Policy check for os_compute_api:os-extended-server-attributes failed with credentials {'is_admin': False, 'user_id': 'f1f10e61ea7e493cb8b9f1cb7288a07d', 'user_domain_id': 'default', 'system_scope': None, 'domain_id': None, 'project_id': '7b757ced5f4c4b3b928284efbaacd536', 'project_domain_id': 'default', 'roles': ['reader', 'member'], 'is_admin_project': True, 'service_user_id': None, 'service_user_domain_id': None, 'service_project_id': None, 'service_project_domain_id': None, 'service_roles': []} {{(pid=118374) authorize /opt/stack/nova/nova/policy.py:199}}
Mar 15 14:25:11.394108 n-d-832164-7 devstack@n-api.service[118374]: INFO nova.api.openstack.requestlog [None req-69e1d7f6-9089-48c4-9a6b-ad2812408001 tempest-LiveMigrationNegativeTest-1254150720 tempest-LiveMigrationNegativeTest-1254150720-project] 10.222.0.31 "GET /compute/v2.1/servers/e2d9e450-9318-4680-a8f5-f4a4c2541b5f" status: 200 len: 1319 microversion: 2.1 time: 0.592782
Mar 15 14:25:11.395831 n-d-832164-7 devstack@n-api.service[118374]: [pid: 118374|app: 0|req: 101/187] 10.222.0.31 () {58 vars in 1235 bytes} [Tue Mar 15 14:25:10 2022] GET /compute/v2.1/servers/e2d9e450-9318-4680-a8f5-f4a4c2541b5f => generated 1319 bytes in 596 msecs (HTTP/1.1 200) 9 headers in 358 bytes (1 switches on core 0)
Mar 15 14:25:11.412246 n-d-832164-7 devstack@n-api.service[118374]: DEBUG nova.api.openstack.wsgi [None req-0486c031-9b6e-4043-b225-c0242d122f1e tempest-DeleteServersAdminTestJSON-647081366 tempest-DeleteServersAdminTestJSON-647081366-project] Calling method '>' {{(pid=118374) _process_stack /opt/stack/nova/nova/api/openstack/wsgi.py:513}}
Mar 15 14:25:11.413699 n-d-832164-7 devstack@n-api.service[118374]: DEBUG nova.compute.api [None req-0486c031-9b6e-4043-b225-c0242d122f1e tempest-DeleteServersAdminTestJSON-647081366 tempest-DeleteServersAdminTestJSON-647081366-project] [instance: 6478b04d-ed07-4d85-80e1-c83b0c0f9a4e] Fetching instance by UUID {{(pid=118374) get /opt/stack/nova/nova/compute/api.py:2918}}
Mar 15 14:25:11.425281 n-d-832164-7 devstack@n-api.service[118374]: DEBUG oslo_concurrency.lockutils [None req-0486c031-9b6e-4043-b225-c0242d122f1e tempest-DeleteServersAdminTestJSON-647081366 tempest-DeleteServersAdminTestJSON-647081366-project] Lock "e88acfd6-201d-4e85-a963-38f49aff68d9" acquired by "nova.context.set_target_cell..get_or_set_cached_cell_and_set_connections" :: waited 0.000s {{(pid=118374) inner /usr/local/lib/python3.8/dist-packages/oslo_concurrency/lockutils.py:386}}
Mar 15 14:25:11.426052 n-d-832164-7 devstack@n-api.service[118374]: DEBUG oslo_concurrency.lockutils [None req-0486c031-9b6e-4043-b225-c0242d122f1e tempest-DeleteServersAdminTestJSON-647081366 tempest-DeleteServersAdminTestJSON-647081366-project] Lock "e88acfd6-201d-4e85-a963-38f49aff68d9" "released" by "nova.context.set_target_cell..get_or_set_cached_cell_and_set_connections" :: held 0.001s {{(pid=118374) inner /usr/local/lib/python3.8/dist-packages/oslo_concurrency/lockutils.py:400}}
Mar 15 14:25:11.427665 n-d-832164-7 devstack@n-api.service[118374]: DEBUG oslo_concurrency.lockutils [None req-0486c031-9b6e-4043-b225-c0242d122f1e tempest-DeleteServersAdminTestJSON-647081366 tempest-DeleteServersAdminTestJSON-647081366-project] Lock "e88acfd6-201d-4e85-a963-38f49aff68d9" acquired by "nova.context.set_target_cell..get_or_set_cached_cell_and_set_connections" :: waited 0.000s {{(pid=118374) inner /usr/local/lib/python3.8/dist-packages/oslo_concurrency/lockutils.py:386}}
Mar 15 14:25:11.428269 n-d-832164-7 devstack@n-api.service[118374]: DEBUG oslo_concurrency.lockutils [None req-0486c031-9b6e-4043-b225-c0242d122f1e tempest-DeleteServersAdminTestJSON-647081366 tempest-DeleteServersAdminTestJSON-647081366-project] Lock "e88acfd6-201d-4e85-a963-38f49aff68d9" "released" by "nova.context.set_target_cell..get_or_set_cached_cell_and_set_connections" :: held 0.001s {{(pid=118374) inner /usr/local/lib/python3.8/dist-packages/oslo_concurrency/lockutils.py:400}}
Mar 15 14:25:11.450376 n-d-832164-7 devstack@n-api.service[118373]: DEBUG nova.virt.hardware [None req-28325047-f6cc-4202-8cfa-6f29f5fd6600 tempest-ServerDiagnosticsNegativeTest-1370643886 tempest-ServerDiagnosticsNegativeTest-1370643886-project] Flavor limits 0:0:0 {{(pid=118373) get_cpu_topology_constraints /opt/stack/nova/nova/virt/hardware.py:343}}
Mar 15 14:25:11.450798 n-d-832164-7 devstack@n-api.service[118373]: DEBUG nova.virt.hardware [None req-28325047-f6cc-4202-8cfa-6f29f5fd6600 tempest-ServerDiagnosticsNegativeTest-1370643886 tempest-ServerDiagnosticsNegativeTest-1370643886-project] Image limits 0:0:0 {{(pid=118373) get_cpu_topology_constraints /opt/stack/nova/nova/virt/hardware.py:347}}
Mar 15 14:25:11.451903 n-d-832164-7 devstack@n-api.service[118373]: DEBUG nova.virt.hardware [None req-28325047-f6cc-4202-8cfa-6f29f5fd6600 tempest-ServerDiagnosticsNegativeTest-1370643886 tempest-ServerDiagnosticsNegativeTest-1370643886-project] Flavor pref 0:0:0 {{(pid=118373) get_cpu_topology_constraints /opt/stack/nova/nova/virt/hardware.py:383}}
Mar 15 14:25:11.452444 n-d-832164-7 devstack@n-api.service[118373]: DEBUG nova.virt.hardware [None req-28325047-f6cc-4202-8cfa-6f29f5fd6600 tempest-ServerDiagnosticsNegativeTest-1370643886 tempest-ServerDiagnosticsNegativeTest-1370643886-project] Image pref 0:0:0 {{(pid=118373) get_cpu_topology_constraints /opt/stack/nova/nova/virt/hardware.py:387}}
Mar 15 14:25:11.452876 n-d-832164-7 devstack@n-api.service[118373]: DEBUG nova.virt.hardware [None req-28325047-f6cc-4202-8cfa-6f29f5fd6600 tempest-ServerDiagnosticsNegativeTest-1370643886 tempest-ServerDiagnosticsNegativeTest-1370643886-project] Chose sockets=0, cores=0, threads=0; limits were sockets=65536, cores=65536, threads=65536 {{(pid=118373) get_cpu_topology_constraints /opt/stack/nova/nova/virt/hardware.py:425}}
Mar 15 14:25:11.468248 n-d-832164-7 devstack@n-api.service[118374]: DEBUG oslo_concurrency.lockutils [None req-0486c031-9b6e-4043-b225-c0242d122f1e tempest-DeleteServersAdminTestJSON-647081366 tempest-DeleteServersAdminTestJSON-647081366-project] Lock "e88acfd6-201d-4e85-a963-38f49aff68d9" acquired by "nova.context.set_target_cell..get_or_set_cached_cell_and_set_connections" :: waited 0.000s {{(pid=118374) inner /usr/local/lib/python3.8/dist-packages/oslo_concurrency/lockutils.py:386}}
Mar 15 14:25:11.469025 n-d-832164-7 devstack@n-api.service[118374]: DEBUG oslo_concurrency.lockutils [None req-0486c031-9b6e-4043-b225-c0242d122f1e tempest-DeleteServersAdminTestJSON-647081366 tempest-DeleteServersAdminTestJSON-647081366-project] Lock "e88acfd6-201d-4e85-a963-38f49aff68d9" "released" by "nova.context.set_target_cell..get_or_set_cached_cell_and_set_connections" :: held 0.001s {{(pid=118374) inner /usr/local/lib/python3.8/dist-packages/oslo_concurrency/lockutils.py:400}}
Mar 15 14:25:11.469821 n-d-832164-7 devstack@n-api.service[118374]: DEBUG nova.objects.instance [None req-0486c031-9b6e-4043-b225-c0242d122f1e tempest-DeleteServersAdminTestJSON-647081366 tempest-DeleteServersAdminTestJSON-647081366-project] Lazy-loading 'fault' on Instance uuid 6478b04d-ed07-4d85-80e1-c83b0c0f9a4e {{(pid=118374) obj_load_attr /opt/stack/nova/nova/objects/instance.py:1099}}
Mar 15 14:25:11.473035 n-d-832164-7 devstack@n-api.service[118373]: DEBUG oslo_concurrency.lockutils [None req-28325047-f6cc-4202-8cfa-6f29f5fd6600 tempest-ServerDiagnosticsNegativeTest-1370643886 tempest-ServerDiagnosticsNegativeTest-1370643886-project] Lock "00000000-0000-0000-0000-000000000000" acquired by "nova.context.set_target_cell..get_or_set_cached_cell_and_set_connections" :: waited 0.000s {{(pid=118373) inner /usr/local/lib/python3.8/dist-packages/oslo_concurrency/lockutils.py:386}}
Mar 15 14:25:11.474667 n-d-832164-7 devstack@n-api.service[118373]: DEBUG oslo_concurrency.lockutils [None req-28325047-f6cc-4202-8cfa-6f29f5fd6600 tempest-ServerDiagnosticsNegativeTest-1370643886 tempest-ServerDiagnosticsNegativeTest-1370643886-project] Lock "00000000-0000-0000-0000-000000000000" "released" by "nova.context.set_target_cell..get_or_set_cached_cell_and_set_connections" :: held 0.001s {{(pid=118373) inner /usr/local/lib/python3.8/dist-packages/oslo_concurrency/lockutils.py:400}}
Mar 15 14:25:11.477171 n-d-832164-7 devstack@n-api.service[118373]: DEBUG oslo_concurrency.lockutils [None req-28325047-f6cc-4202-8cfa-6f29f5fd6600 tempest-ServerDiagnosticsNegativeTest-1370643886 tempest-ServerDiagnosticsNegativeTest-1370643886-project] Lock "e88acfd6-201d-4e85-a963-38f49aff68d9" acquired by "nova.context.set_target_cell..get_or_set_cached_cell_and_set_connections" :: waited 0.000s {{(pid=118373) inner /usr/local/lib/python3.8/dist-packages/oslo_concurrency/lockutils.py:386}}
Mar 15 14:25:11.478146 n-d-832164-7 devstack@n-api.service[118373]: DEBUG oslo_concurrency.lockutils [None req-28325047-f6cc-4202-8cfa-6f29f5fd6600 tempest-ServerDiagnosticsNegativeTest-1370643886 tempest-ServerDiagnosticsNegativeTest-1370643886-project] Lock "e88acfd6-201d-4e85-a963-38f49aff68d9" "released" by "nova.context.set_target_cell..get_or_set_cached_cell_and_set_connections" :: held 0.002s {{(pid=118373) inner /usr/local/lib/python3.8/dist-packages/oslo_concurrency/lockutils.py:400}}
Mar 15 14:25:11.543996 n-d-832164-7 devstack@n-api.service[118373]: DEBUG nova.quota [None req-28325047-f6cc-4202-8cfa-6f29f5fd6600 tempest-ServerDiagnosticsNegativeTest-1370643886 tempest-ServerDiagnosticsNegativeTest-1370643886-project] Getting quotas for project f03742f5e95f4a2a90c0adab7baf9b6d. Resources: {'cores', 'instances', 'ram'} {{(pid=118373) _get_quotas /opt/stack/nova/nova/quota.py:393}}
Mar 15 14:25:11.551514 n-d-832164-7 devstack@n-api.service[118373]: DEBUG nova.quota [None req-28325047-f6cc-4202-8cfa-6f29f5fd6600 tempest-ServerDiagnosticsNegativeTest-1370643886 tempest-ServerDiagnosticsNegativeTest-1370643886-project] Getting quotas for user 0e78e833acaa4a9d855dfe63e94a5f15 and project f03742f5e95f4a2a90c0adab7baf9b6d. Resources: {'cores', 'instances', 'ram'} {{(pid=118373) _get_quotas /opt/stack/nova/nova/quota.py:383}}
Mar 15 14:25:11.569190 n-d-832164-7 devstack@n-api.service[118373]: DEBUG nova.compute.api [None req-28325047-f6cc-4202-8cfa-6f29f5fd6600 tempest-ServerDiagnosticsNegativeTest-1370643886 tempest-ServerDiagnosticsNegativeTest-1370643886-project] Going to run 1 instances... {{(pid=118373) _provision_instances /opt/stack/nova/nova/compute/api.py:1389}}
Mar 15 14:25:11.572072 n-d-832164-7 devstack@n-api.service[118373]: DEBUG nova.compute.api [None req-28325047-f6cc-4202-8cfa-6f29f5fd6600 tempest-ServerDiagnosticsNegativeTest-1370643886 tempest-ServerDiagnosticsNegativeTest-1370643886-project] [instance: 310acc29-e21c-4c83-8fe5-a363c028eb1f] block_device_mapping [BlockDeviceMapping(attachment_id=,boot_index=0,connection_info=None,created_at=,delete_on_termination=True,deleted=,deleted_at=,destination_type='local',device_name=None,device_type='disk',disk_bus=None,guest_format=None,id=,image_id='34bcdfee-3f3a-45c4-bf63-bd0247ff6e6f',instance=,instance_uuid=,no_device=False,snapshot_id=None,source_type='image',tag=None,updated_at=,uuid=,volume_id=None,volume_size=None,volume_type=None)] {{(pid=118373) _bdm_validate_set_size_and_instance /opt/stack/nova/nova/compute/api.py:1807}}
Mar 15 14:25:11.624507 n-d-832164-7 devstack@n-api.service[118374]: DEBUG nova.policy [None req-0486c031-9b6e-4043-b225-c0242d122f1e tempest-DeleteServersAdminTestJSON-647081366 tempest-DeleteServersAdminTestJSON-647081366-project] Policy check for os_compute_api:os-extended-server-attributes failed with credentials {'is_admin': False, 'user_id': '2d37fcca7ada48edbb486c9e00b458f3', 'user_domain_id': 'default', 'system_scope': None, 'domain_id': None, 'project_id': 'f0254272c3214f31afef31aaf13889dc', 'project_domain_id': 'default', 'roles': ['reader', 'member'], 'is_admin_project': True, 'service_user_id': None, 'service_user_domain_id': None, 'service_project_id': None, 'service_project_domain_id': None, 'service_roles': []} {{(pid=118374) authorize /opt/stack/nova/nova/policy.py:199}}
Mar 15 14:25:11.636639 n-d-832164-7 devstack@n-api.service[118374]: INFO nova.api.openstack.requestlog [None req-0486c031-9b6e-4043-b225-c0242d122f1e tempest-DeleteServersAdminTestJSON-647081366 tempest-DeleteServersAdminTestJSON-647081366-project] 10.222.0.31 "GET /compute/v2.1/servers/6478b04d-ed07-4d85-80e1-c83b0c0f9a4e" status: 200 len: 1330 microversion: 2.1 time: 0.239360
Mar 15 14:25:11.637541 n-d-832164-7 devstack@n-api.service[118374]: [pid: 118374|app: 0|req: 102/188] 10.222.0.31 () {58 vars in 1235 bytes} [Tue Mar 15 14:25:11 2022] GET /compute/v2.1/servers/6478b04d-ed07-4d85-80e1-c83b0c0f9a4e => generated 1330 bytes in 241 msecs (HTTP/1.1 200) 9 headers in 358 bytes (1 switches on core 0)
Mar 15 14:25:11.643203 n-d-832164-7 devstack@n-api.service[118373]: INFO nova.api.openstack.requestlog [None req-28325047-f6cc-4202-8cfa-6f29f5fd6600 tempest-ServerDiagnosticsNegativeTest-1370643886 tempest-ServerDiagnosticsNegativeTest-1370643886-project] 10.222.0.31 "POST /compute/v2.1/servers" status: 202 len: 380 microversion: 2.1 time: 0.951852
Mar 15 14:25:11.644403 n-d-832164-7 devstack@n-api.service[118374]: DEBUG nova.api.openstack.wsgi [None req-82533cd7-b024-40a4-be88-24961b95b4cd tempest-ServersWithSpecificFlavorTestJSON-1242093641 tempest-ServersWithSpecificFlavorTestJSON-1242093641-project] Calling method '>' {{(pid=118374) _process_stack /opt/stack/nova/nova/api/openstack/wsgi.py:513}}
Mar 15 14:25:11.645304 n-d-832164-7 devstack@n-api.service[118374]: DEBUG nova.compute.api [None req-82533cd7-b024-40a4-be88-24961b95b4cd tempest-ServersWithSpecificFlavorTestJSON-1242093641 tempest-ServersWithSpecificFlavorTestJSON-1242093641-project] [instance: f65b0aa7-c1eb-4263-92ff-2205f5f26ee9] Fetching instance by UUID {{(pid=118374) get /opt/stack/nova/nova/compute/api.py:2918}}
Mar 15 14:25:11.645810 n-d-832164-7 devstack@n-api.service[118373]: [pid: 118373|app: 0|req: 87/189] 10.222.0.31 () {60 vars in 1146 bytes} [Tue Mar 15 14:25:10 2022] POST /compute/v2.1/servers => generated 380 bytes in 955 msecs (HTTP/1.1 202) 10 headers in 451 bytes (1 switches on core 0)
Mar 15 14:25:11.665348 n-d-832164-7 devstack@n-api.service[118373]: DEBUG nova.api.openstack.wsgi [req-9a1f7929-46f1-4efa-ace6-183c4b9d17ce req-5246a045-fe6d-4de7-8841-9957c292dff7 service nova] Action: 'create', calling method: >, body: {"events": [{"server_uuid": "6478b04d-ed07-4d85-80e1-c83b0c0f9a4e", "name": "network-vif-deleted", "tag": "ea5e1d6c-bb72-444f-9ff2-c1f4dfe3926c"}]} {{(pid=118373) _process_stack /opt/stack/nova/nova/api/openstack/wsgi.py:511}}
Mar 15 14:25:11.670751 n-d-832164-7 devstack@n-api.service[118374]: DEBUG oslo_concurrency.lockutils [None req-82533cd7-b024-40a4-be88-24961b95b4cd tempest-ServersWithSpecificFlavorTestJSON-1242093641 tempest-ServersWithSpecificFlavorTestJSON-1242093641-project] Lock "e88acfd6-201d-4e85-a963-38f49aff68d9" acquired by "nova.context.set_target_cell..get_or_set_cached_cell_and_set_connections" :: waited 0.000s {{(pid=118374) inner /usr/local/lib/python3.8/dist-packages/oslo_concurrency/lockutils.py:386}}
Mar 15 14:25:11.671936 n-d-832164-7 devstack@n-api.service[118374]: DEBUG oslo_concurrency.lockutils [None req-82533cd7-b024-40a4-be88-24961b95b4cd tempest-ServersWithSpecificFlavorTestJSON-1242093641 tempest-ServersWithSpecificFlavorTestJSON-1242093641-project] Lock "e88acfd6-201d-4e85-a963-38f49aff68d9" "released" by "nova.context.set_target_cell..get_or_set_cached_cell_and_set_connections" :: held 0.004s {{(pid=118374) inner /usr/local/lib/python3.8/dist-packages/oslo_concurrency/lockutils.py:400}}
Mar 15 14:25:11.673450 n-d-832164-7 devstack@n-api.service[118374]: DEBUG oslo_concurrency.lockutils [None req-82533cd7-b024-40a4-be88-24961b95b4cd tempest-ServersWithSpecificFlavorTestJSON-1242093641 tempest-ServersWithSpecificFlavorTestJSON-1242093641-project] Lock "e88acfd6-201d-4e85-a963-38f49aff68d9" acquired by "nova.context.set_target_cell..get_or_set_cached_cell_and_set_connections" :: waited 0.000s {{(pid=118374) inner /usr/local/lib/python3.8/dist-packages/oslo_concurrency/lockutils.py:386}}
Mar 15 14:25:11.674143 n-d-832164-7 devstack@n-api.service[118374]: DEBUG oslo_concurrency.lockutils [None req-82533cd7-b024-40a4-be88-24961b95b4cd tempest-ServersWithSpecificFlavorTestJSON-1242093641 tempest-ServersWithSpecificFlavorTestJSON-1242093641-project] Lock "e88acfd6-201d-4e85-a963-38f49aff68d9" "released" by "nova.context.set_target_cell..get_or_set_cached_cell_and_set_connections" :: held 0.001s {{(pid=118374) inner /usr/local/lib/python3.8/dist-packages/oslo_concurrency/lockutils.py:400}}
Mar 15 14:25:11.703605 n-d-832164-7 devstack@n-api.service[118373]: DEBUG oslo_concurrency.lockutils [req-9a1f7929-46f1-4efa-ace6-183c4b9d17ce req-5246a045-fe6d-4de7-8841-9957c292dff7 service nova] Lock "e88acfd6-201d-4e85-a963-38f49aff68d9" acquired by "nova.context.set_target_cell..get_or_set_cached_cell_and_set_connections" :: waited 0.000s {{(pid=118373) inner /usr/local/lib/python3.8/dist-packages/oslo_concurrency/lockutils.py:386}}
Mar 15 14:25:11.704174 n-d-832164-7 devstack@n-api.service[118373]: DEBUG oslo_concurrency.lockutils [req-9a1f7929-46f1-4efa-ace6-183c4b9d17ce req-5246a045-fe6d-4de7-8841-9957c292dff7 service nova] Lock "e88acfd6-201d-4e85-a963-38f49aff68d9" "released" by "nova.context.set_target_cell..get_or_set_cached_cell_and_set_connections" :: held 0.001s {{(pid=118373) inner /usr/local/lib/python3.8/dist-packages/oslo_concurrency/lockutils.py:400}}
Mar 15 14:25:11.728214 n-d-832164-7 devstack@n-api.service[118373]: INFO nova.api.openstack.compute.server_external_events [req-9a1f7929-46f1-4efa-ace6-183c4b9d17ce req-5246a045-fe6d-4de7-8841-9957c292dff7 service nova] Creating event network-vif-deleted:ea5e1d6c-bb72-444f-9ff2-c1f4dfe3926c for instance 6478b04d-ed07-4d85-80e1-c83b0c0f9a4e on n-h2-832164-7
Mar 15 14:25:11.734194 n-d-832164-7 devstack@n-api.service[118373]: INFO nova.api.openstack.requestlog [req-9a1f7929-46f1-4efa-ace6-183c4b9d17ce req-5246a045-fe6d-4de7-8841-9957c292dff7 service nova] 10.222.0.31 "POST /compute/v2.1/os-server-external-events" status: 200 len: 183 microversion: 2.1 time: 0.081740
Mar 15 14:25:11.735634 n-d-832164-7 devstack@n-api.service[118373]: [pid: 118373|app: 0|req: 88/190] 10.222.0.31 () {64 vars in 1317 bytes} [Tue Mar 15 14:25:11 2022] POST /compute/v2.1/os-server-external-events => generated 183 bytes in 84 msecs (HTTP/1.1 200) 9 headers in 357 bytes (1 switches on core 0)
Mar 15 14:25:11.743726 n-d-832164-7 devstack@n-api.service[118373]: DEBUG nova.api.openstack.wsgi [None req-e5f3829c-04d5-4af0-8c66-3da45c2fe6f9 tempest-ServerDiagnosticsNegativeTest-1370643886 tempest-ServerDiagnosticsNegativeTest-1370643886-project] Calling method '>' {{(pid=118373) _process_stack /opt/stack/nova/nova/api/openstack/wsgi.py:513}}
Mar 15 14:25:11.745409 n-d-832164-7 devstack@n-api.service[118373]: DEBUG nova.compute.api [None req-e5f3829c-04d5-4af0-8c66-3da45c2fe6f9 tempest-ServerDiagnosticsNegativeTest-1370643886 tempest-ServerDiagnosticsNegativeTest-1370643886-project] [instance: 310acc29-e21c-4c83-8fe5-a363c028eb1f] Fetching instance by UUID {{(pid=118373) get /opt/stack/nova/nova/compute/api.py:2918}}
Mar 15 14:25:11.820663 n-d-832164-7 devstack@n-api.service[118374]: DEBUG nova.policy [None req-82533cd7-b024-40a4-be88-24961b95b4cd tempest-ServersWithSpecificFlavorTestJSON-1242093641 tempest-ServersWithSpecificFlavorTestJSON-1242093641-project] Policy check for os_compute_api:os-extended-server-attributes failed with credentials {'is_admin': False, 'user_id': '7a76bb4932a2484c80a8f95c3b1768a4', 'user_domain_id': 'default', 'system_scope': None, 'domain_id': None, 'project_id': '1f0539bc0c1f42e08b8101557dff8360', 'project_domain_id': 'default', 'roles': ['reader', 'member'], 'is_admin_project': True, 'service_user_id': None, 'service_user_domain_id': None, 'service_project_id': None, 'service_project_domain_id': None, 'service_roles': []} {{(pid=118374) authorize /opt/stack/nova/nova/policy.py:199}}
Mar 15 14:25:11.832595 n-d-832164-7 devstack@n-api.service[118374]: INFO nova.api.openstack.requestlog [None req-82533cd7-b024-40a4-be88-24961b95b4cd tempest-ServersWithSpecificFlavorTestJSON-1242093641 tempest-ServersWithSpecificFlavorTestJSON-1242093641-project] 10.222.0.31 "GET /compute/v2.1/servers/f65b0aa7-c1eb-4263-92ff-2205f5f26ee9" status: 200 len: 1343 microversion: 2.1 time: 0.190271
Mar 15 14:25:11.833245 n-d-832164-7 devstack@n-api.service[118374]: [pid: 118374|app: 0|req: 103/191] 10.222.0.31 () {58 vars in 1235 bytes} [Tue Mar 15 14:25:11 2022] GET /compute/v2.1/servers/f65b0aa7-c1eb-4263-92ff-2205f5f26ee9 => generated 1343 bytes in 195 msecs (HTTP/1.1 200) 9 headers in 358 bytes (1 switches on core 0)
Mar 15 14:25:11.838923 n-d-832164-7 devstack@n-api.service[118374]: DEBUG nova.api.openstack.wsgi [req-47d1a1da-e7b9-45b3-8ca4-f3b46ad7404f req-2ecd3dd5-3241-4ba4-ada5-2b481c4f9988 service nova] Action: 'create', calling method: >, body: {"events": [{"server_uuid": "566b07de-e68f-4c43-9c7e-065dd34aa0a6", "name": "network-vif-deleted", "tag": "a27a73ef-cb73-434d-b333-89bf6ce88f4d"}]} {{(pid=118374) _process_stack /opt/stack/nova/nova/api/openstack/wsgi.py:511}}
Mar 15 14:25:11.851465 n-d-832164-7 devstack@n-api.service[118374]: DEBUG oslo_concurrency.lockutils [req-47d1a1da-e7b9-45b3-8ca4-f3b46ad7404f req-2ecd3dd5-3241-4ba4-ada5-2b481c4f9988 service nova] Lock "e88acfd6-201d-4e85-a963-38f49aff68d9" acquired by "nova.context.set_target_cell..get_or_set_cached_cell_and_set_connections" :: waited 0.000s {{(pid=118374) inner /usr/local/lib/python3.8/dist-packages/oslo_concurrency/lockutils.py:386}}
Mar 15 14:25:11.852149 n-d-832164-7 devstack@n-api.service[118374]: DEBUG oslo_concurrency.lockutils [req-47d1a1da-e7b9-45b3-8ca4-f3b46ad7404f req-2ecd3dd5-3241-4ba4-ada5-2b481c4f9988 service nova] Lock "e88acfd6-201d-4e85-a963-38f49aff68d9" "released" by "nova.context.set_target_cell..get_or_set_cached_cell_and_set_connections" :: held 0.001s {{(pid=118374) inner /usr/local/lib/python3.8/dist-packages/oslo_concurrency/lockutils.py:400}}
Mar 15 14:25:11.882247 n-d-832164-7 devstack@n-api.service[118374]: INFO nova.api.openstack.compute.server_external_events [req-47d1a1da-e7b9-45b3-8ca4-f3b46ad7404f req-2ecd3dd5-3241-4ba4-ada5-2b481c4f9988 service nova] Creating event network-vif-deleted:a27a73ef-cb73-434d-b333-89bf6ce88f4d for instance 566b07de-e68f-4c43-9c7e-065dd34aa0a6 on n-h2-832164-7
Mar 15 14:25:11.902529 n-d-832164-7 devstack@n-api.service[118374]: INFO nova.api.openstack.requestlog [req-47d1a1da-e7b9-45b3-8ca4-f3b46ad7404f req-2ecd3dd5-3241-4ba4-ada5-2b481c4f9988 service nova] 10.222.0.31 "POST /compute/v2.1/os-server-external-events" status: 200 len: 183 microversion: 2.1 time: 0.061693
Mar 15 14:25:11.903692 n-d-832164-7 devstack@n-api.service[118374]: [pid: 118374|app: 0|req: 104/192] 10.222.0.31 () {64 vars in 1317 bytes} [Tue Mar 15 14:25:11 2022] POST /compute/v2.1/os-server-external-events => generated 183 bytes in 70 msecs (HTTP/1.1 200) 9 headers in 357 bytes (1 switches on core 0)
Mar 15 14:25:11.914416 n-d-832164-7 devstack@n-api.service[118374]: DEBUG nova.api.openstack.wsgi [None req-2f3e79e3-bd58-442d-b656-349073a91bbc tempest-AggregatesAdminTestJSON-1618633159 tempest-AggregatesAdminTestJSON-1618633159-project] Calling method '>' {{(pid=118374) _process_stack /opt/stack/nova/nova/api/openstack/wsgi.py:513}}
Mar 15 14:25:11.915272 n-d-832164-7 devstack@n-api.service[118374]: DEBUG nova.compute.api [None req-2f3e79e3-bd58-442d-b656-349073a91bbc tempest-AggregatesAdminTestJSON-1618633159 tempest-AggregatesAdminTestJSON-1618633159-project] [instance: 566b07de-e68f-4c43-9c7e-065dd34aa0a6] Fetching instance by UUID {{(pid=118374) get /opt/stack/nova/nova/compute/api.py:2918}}
Mar 15 14:25:11.924363 n-d-832164-7 devstack@n-api.service[118373]: DEBUG nova.policy [None req-e5f3829c-04d5-4af0-8c66-3da45c2fe6f9 tempest-ServerDiagnosticsNegativeTest-1370643886 tempest-ServerDiagnosticsNegativeTest-1370643886-project] Policy check for os_compute_api:os-extended-server-attributes failed with credentials {'is_admin': False, 'user_id': '0e78e833acaa4a9d855dfe63e94a5f15', 'user_domain_id': 'default', 'system_scope': None, 'domain_id': None, 'project_id': 'f03742f5e95f4a2a90c0adab7baf9b6d', 'project_domain_id': 'default', 'roles': ['reader', 'member'], 'is_admin_project': True, 'service_user_id': None, 'service_user_domain_id': None, 'service_project_id': None, 'service_project_domain_id': None, 'service_roles': []} {{(pid=118373) authorize /opt/stack/nova/nova/policy.py:199}}
Mar 15 14:25:11.924678 n-d-832164-7 devstack@n-api.service[118374]: DEBUG oslo_concurrency.lockutils [None req-2f3e79e3-bd58-442d-b656-349073a91bbc tempest-AggregatesAdminTestJSON-1618633159 tempest-AggregatesAdminTestJSON-1618633159-project] Lock "e88acfd6-201d-4e85-a963-38f49aff68d9" acquired by "nova.context.set_target_cell..get_or_set_cached_cell_and_set_connections" :: waited 0.000s {{(pid=118374) inner /usr/local/lib/python3.8/dist-packages/oslo_concurrency/lockutils.py:386}}
Mar 15 14:25:11.925362 n-d-832164-7 devstack@n-api.service[118374]: DEBUG oslo_concurrency.lockutils [None req-2f3e79e3-bd58-442d-b656-349073a91bbc tempest-AggregatesAdminTestJSON-1618633159 tempest-AggregatesAdminTestJSON-1618633159-project] Lock "e88acfd6-201d-4e85-a963-38f49aff68d9" "released" by "nova.context.set_target_cell..get_or_set_cached_cell_and_set_connections" :: held 0.001s {{(pid=118374) inner /usr/local/lib/python3.8/dist-packages/oslo_concurrency/lockutils.py:400}}
Mar 15 14:25:11.926364 n-d-832164-7 devstack@n-api.service[118374]: DEBUG oslo_concurrency.lockutils [None req-2f3e79e3-bd58-442d-b656-349073a91bbc tempest-AggregatesAdminTestJSON-1618633159 tempest-AggregatesAdminTestJSON-1618633159-project] Lock "e88acfd6-201d-4e85-a963-38f49aff68d9" acquired by "nova.context.set_target_cell..get_or_set_cached_cell_and_set_connections" :: waited 0.000s {{(pid=118374) inner /usr/local/lib/python3.8/dist-packages/oslo_concurrency/lockutils.py:386}}
Mar 15 14:25:11.926989 n-d-832164-7 devstack@n-api.service[118374]: DEBUG oslo_concurrency.lockutils [None req-2f3e79e3-bd58-442d-b656-349073a91bbc tempest-AggregatesAdminTestJSON-1618633159 tempest-AggregatesAdminTestJSON-1618633159-project] Lock "e88acfd6-201d-4e85-a963-38f49aff68d9" "released" by "nova.context.set_target_cell..get_or_set_cached_cell_and_set_connections" :: held 0.001s {{(pid=118374) inner /usr/local/lib/python3.8/dist-packages/oslo_concurrency/lockutils.py:400}}
Mar 15 14:25:11.939071 n-d-832164-7 devstack@n-api.service[118373]: INFO nova.api.openstack.requestlog [None req-e5f3829c-04d5-4af0-8c66-3da45c2fe6f9 tempest-ServerDiagnosticsNegativeTest-1370643886 tempest-ServerDiagnosticsNegativeTest-1370643886-project] 10.222.0.31 "GET /compute/v2.1/servers/310acc29-e21c-4c83-8fe5-a363c028eb1f" status: 200 len: 1222 microversion: 2.1 time: 0.200202
Mar 15 14:25:11.944986 n-d-832164-7 devstack@n-api.service[118373]: [pid: 118373|app: 0|req: 89/193] 10.222.0.31 () {58 vars in 1235 bytes} [Tue Mar 15 14:25:11 2022] GET /compute/v2.1/servers/310acc29-e21c-4c83-8fe5-a363c028eb1f => generated 1222 bytes in 209 msecs (HTTP/1.1 200) 9 headers in 358 bytes (1 switches on core 0)
Mar 15 14:25:11.960555 n-d-832164-7 devstack@n-api.service[118373]: DEBUG nova.api.openstack.wsgi [None req-bffbb27b-dba2-40a2-a3ea-ea98053423df tempest-TenantUsagesTestJSON-1663928332 tempest-TenantUsagesTestJSON-1663928332-project] Calling method '>' {{(pid=118373) _process_stack /opt/stack/nova/nova/api/openstack/wsgi.py:513}}
Mar 15 14:25:11.964550 n-d-832164-7 devstack@n-api.service[118373]: DEBUG nova.compute.api [None req-bffbb27b-dba2-40a2-a3ea-ea98053423df tempest-TenantUsagesTestJSON-1663928332 tempest-TenantUsagesTestJSON-1663928332-project] [instance: b1399694-a961-48e2-b5de-4893c0cee667] Fetching instance by UUID {{(pid=118373) get /opt/stack/nova/nova/compute/api.py:2918}}
Mar 15 14:25:11.966926 n-d-832164-7 devstack@n-api.service[118374]: DEBUG oslo_concurrency.lockutils [None req-2f3e79e3-bd58-442d-b656-349073a91bbc tempest-AggregatesAdminTestJSON-1618633159 tempest-AggregatesAdminTestJSON-1618633159-project] Lock "e88acfd6-201d-4e85-a963-38f49aff68d9" acquired by "nova.context.set_target_cell..get_or_set_cached_cell_and_set_connections" :: waited 0.000s {{(pid=118374) inner /usr/local/lib/python3.8/dist-packages/oslo_concurrency/lockutils.py:386}}
Mar 15 14:25:11.967744 n-d-832164-7 devstack@n-api.service[118374]: DEBUG oslo_concurrency.lockutils [None req-2f3e79e3-bd58-442d-b656-349073a91bbc tempest-AggregatesAdminTestJSON-1618633159 tempest-AggregatesAdminTestJSON-1618633159-project] Lock "e88acfd6-201d-4e85-a963-38f49aff68d9" "released" by "nova.context.set_target_cell..get_or_set_cached_cell_and_set_connections" :: held 0.001s {{(pid=118374) inner /usr/local/lib/python3.8/dist-packages/oslo_concurrency/lockutils.py:400}}
Mar 15 14:25:11.968277 n-d-832164-7 devstack@n-api.service[118374]: DEBUG nova.objects.instance [None req-2f3e79e3-bd58-442d-b656-349073a91bbc tempest-AggregatesAdminTestJSON-1618633159 tempest-AggregatesAdminTestJSON-1618633159-project] Lazy-loading 'fault' on Instance uuid 566b07de-e68f-4c43-9c7e-065dd34aa0a6 {{(pid=118374) obj_load_attr /opt/stack/nova/nova/objects/instance.py:1099}}
Mar 15 14:25:11.979438 n-d-832164-7 devstack@n-api.service[118373]: DEBUG oslo_concurrency.lockutils [None req-bffbb27b-dba2-40a2-a3ea-ea98053423df tempest-TenantUsagesTestJSON-1663928332 tempest-TenantUsagesTestJSON-1663928332-project] Lock "e88acfd6-201d-4e85-a963-38f49aff68d9" acquired by "nova.context.set_target_cell..get_or_set_cached_cell_and_set_connections" :: waited 0.000s {{(pid=118373) inner /usr/local/lib/python3.8/dist-packages/oslo_concurrency/lockutils.py:386}}
Mar 15 14:25:11.979894 n-d-832164-7 devstack@n-api.service[118373]: DEBUG oslo_concurrency.lockutils [None req-bffbb27b-dba2-40a2-a3ea-ea98053423df tempest-TenantUsagesTestJSON-1663928332 tempest-TenantUsagesTestJSON-1663928332-project] Lock "e88acfd6-201d-4e85-a963-38f49aff68d9" "released" by "nova.context.set_target_cell..get_or_set_cached_cell_and_set_connections" :: held 0.001s {{(pid=118373) inner /usr/local/lib/python3.8/dist-packages/oslo_concurrency/lockutils.py:400}}
Mar 15 14:25:11.980664 n-d-832164-7 devstack@n-api.service[118373]: DEBUG oslo_concurrency.lockutils [None req-bffbb27b-dba2-40a2-a3ea-ea98053423df tempest-TenantUsagesTestJSON-1663928332 tempest-TenantUsagesTestJSON-1663928332-project] Lock "e88acfd6-201d-4e85-a963-38f49aff68d9" acquired by "nova.context.set_target_cell..get_or_set_cached_cell_and_set_connections" :: waited 0.000s {{(pid=118373) inner /usr/local/lib/python3.8/dist-packages/oslo_concurrency/lockutils.py:386}}
Mar 15 14:25:11.984239 n-d-832164-7 devstack@n-api.service[118373]: DEBUG oslo_concurrency.lockutils [None req-bffbb27b-dba2-40a2-a3ea-ea98053423df tempest-TenantUsagesTestJSON-1663928332 tempest-TenantUsagesTestJSON-1663928332-project] Lock "e88acfd6-201d-4e85-a963-38f49aff68d9" "released" by "nova.context.set_target_cell..get_or_set_cached_cell_and_set_connections" :: held 0.000s {{(pid=118373) inner /usr/local/lib/python3.8/dist-packages/oslo_concurrency/lockutils.py:400}}
Mar 15 14:25:12.026374 n-d-832164-7 devstack@n-api.service[118374]: DEBUG nova.policy [None req-2f3e79e3-bd58-442d-b656-349073a91bbc tempest-AggregatesAdminTestJSON-1618633159 tempest-AggregatesAdminTestJSON-1618633159-project] Policy check for os_compute_api:os-extended-server-attributes failed with credentials {'is_admin': False, 'user_id': 'ccf34878178f49b7afd0794c01ebe80a', 'user_domain_id': 'default', 'system_scope': None, 'domain_id': None, 'project_id': 'f2a92623f60347df91a79254296352c3', 'project_domain_id': 'default', 'roles': ['reader', 'member'], 'is_admin_project': True, 'service_user_id': None, 'service_user_domain_id': None, 'service_project_id': None, 'service_project_domain_id': None, 'service_roles': []} {{(pid=118374) authorize /opt/stack/nova/nova/policy.py:199}}
Mar 15 14:25:12.035278 n-d-832164-7 devstack@n-api.service[118374]: INFO nova.api.openstack.requestlog [None req-2f3e79e3-bd58-442d-b656-349073a91bbc tempest-AggregatesAdminTestJSON-1618633159 tempest-AggregatesAdminTestJSON-1618633159-project] 10.222.0.31 "GET /compute/v2.1/servers/566b07de-e68f-4c43-9c7e-065dd34aa0a6" status: 200 len: 1327 microversion: 2.1 time: 0.130224
Mar 15 14:25:12.036602 n-d-832164-7 devstack@n-api.service[118374]: [pid: 118374|app: 0|req: 105/194] 10.222.0.31 () {58 vars in 1235 bytes} [Tue Mar 15 14:25:11 2022] GET /compute/v2.1/servers/566b07de-e68f-4c43-9c7e-065dd34aa0a6 => generated 1327 bytes in 132 msecs (HTTP/1.1 200) 9 headers in 358 bytes (1 switches on core 0)
Mar 15 14:25:12.235198 n-d-832164-7 devstack@n-api.service[118374]: DEBUG nova.api.openstack.wsgi [req-e413158c-c411-4078-b69d-0520dcdcc9ea req-7b13f9ae-e98e-4bf2-9bf4-6f595a0b1df6 service nova] Action: 'create', calling method: >, body: {"events": [{"server_uuid": "e2d9e450-9318-4680-a8f5-f4a4c2541b5f", "name": "network-vif-plugged", "status": "completed", "tag": "fb9522c8-316b-4d28-8e33-f62c6324b469"}]} {{(pid=118374) _process_stack /opt/stack/nova/nova/api/openstack/wsgi.py:511}}
Mar 15 14:25:12.246570 n-d-832164-7 devstack@n-api.service[118374]: DEBUG oslo_concurrency.lockutils [req-e413158c-c411-4078-b69d-0520dcdcc9ea req-7b13f9ae-e98e-4bf2-9bf4-6f595a0b1df6 service nova] Lock "e88acfd6-201d-4e85-a963-38f49aff68d9" acquired by "nova.context.set_target_cell..get_or_set_cached_cell_and_set_connections" :: waited 0.000s {{(pid=118374) inner /usr/local/lib/python3.8/dist-packages/oslo_concurrency/lockutils.py:386}}
Mar 15 14:25:12.247027 n-d-832164-7 devstack@n-api.service[118374]: DEBUG oslo_concurrency.lockutils [req-e413158c-c411-4078-b69d-0520dcdcc9ea req-7b13f9ae-e98e-4bf2-9bf4-6f595a0b1df6 service nova] Lock "e88acfd6-201d-4e85-a963-38f49aff68d9" "released" by "nova.context.set_target_cell..get_or_set_cached_cell_and_set_connections" :: held 0.001s {{(pid=118374) inner /usr/local/lib/python3.8/dist-packages/oslo_concurrency/lockutils.py:400}}
Mar 15 14:25:12.271895 n-d-832164-7 devstack@n-api.service[118374]: INFO nova.api.openstack.compute.server_external_events [req-e413158c-c411-4078-b69d-0520dcdcc9ea req-7b13f9ae-e98e-4bf2-9bf4-6f595a0b1df6 service nova] Creating event network-vif-plugged:fb9522c8-316b-4d28-8e33-f62c6324b469 for instance e2d9e450-9318-4680-a8f5-f4a4c2541b5f on n-h1-832164-7
Mar 15 14:25:12.278159 n-d-832164-7 devstack@n-api.service[118374]: INFO nova.api.openstack.requestlog [req-e413158c-c411-4078-b69d-0520dcdcc9ea req-7b13f9ae-e98e-4bf2-9bf4-6f595a0b1df6 service nova] 10.222.0.31 "POST /compute/v2.1/os-server-external-events" status: 200 len: 183 microversion: 2.1 time: 0.046971
Mar 15 14:25:12.280213 n-d-832164-7 devstack@n-api.service[118374]: [pid: 118374|app: 0|req: 106/195] 10.222.0.31 () {64 vars in 1317 bytes} [Tue Mar 15 14:25:12 2022] POST /compute/v2.1/os-server-external-events => generated 183 bytes in 50 msecs (HTTP/1.1 200) 9 headers in 357 bytes (1 switches on core 0)
Mar 15 14:25:12.281776 n-d-832164-7 devstack@n-api.service[118373]: DEBUG nova.policy [None req-bffbb27b-dba2-40a2-a3ea-ea98053423df tempest-TenantUsagesTestJSON-1663928332 tempest-TenantUsagesTestJSON-1663928332-project] Policy check for os_compute_api:os-extended-server-attributes failed with credentials {'is_admin': False, 'user_id': '693cfef9a4194a1f8a37a4e6f6aa4dc3', 'user_domain_id': 'default', 'system_scope': None, 'domain_id': None, 'project_id': '007d324fabaf4be18b0a57446788c64e', 'project_domain_id': 'default', 'roles': ['reader', 'member'], 'is_admin_project': True, 'service_user_id': None, 'service_user_domain_id': None, 'service_project_id': None, 'service_project_domain_id': None, 'service_roles': []} {{(pid=118373) authorize /opt/stack/nova/nova/policy.py:199}}
Mar 15 14:25:12.290968 n-d-832164-7 devstack@n-api.service[118373]: INFO nova.api.openstack.requestlog [None req-bffbb27b-dba2-40a2-a3ea-ea98053423df tempest-TenantUsagesTestJSON-1663928332 tempest-TenantUsagesTestJSON-1663928332-project] 10.222.0.31 "GET /compute/v2.1/servers/b1399694-a961-48e2-b5de-4893c0cee667" status: 200 len: 1464 microversion: 2.1 time: 0.342724
Mar 15 14:25:12.304063 n-d-832164-7 devstack@n-api.service[118373]: [pid: 118373|app: 0|req: 90/196] 10.222.0.31 () {58 vars in 1235 bytes} [Tue Mar 15 14:25:11 2022] GET /compute/v2.1/servers/b1399694-a961-48e2-b5de-4893c0cee667 => generated 1464 bytes in 358 msecs (HTTP/1.1 200) 9 headers in 358 bytes (1 switches on core 0)
Mar 15 14:25:12.412880 n-d-832164-7 devstack@n-api.service[118373]: DEBUG nova.api.openstack.wsgi [None req-088a9dca-3e9b-40ac-b115-6535ce378fa9 tempest-LiveMigrationNegativeTest-1254150720 tempest-LiveMigrationNegativeTest-1254150720-project] Calling method '>' {{(pid=118373) _process_stack /opt/stack/nova/nova/api/openstack/wsgi.py:513}}
Mar 15 14:25:12.413951 n-d-832164-7 devstack@n-api.service[118373]: DEBUG nova.compute.api [None req-088a9dca-3e9b-40ac-b115-6535ce378fa9 tempest-LiveMigrationNegativeTest-1254150720 tempest-LiveMigrationNegativeTest-1254150720-project] [instance: e2d9e450-9318-4680-a8f5-f4a4c2541b5f] Fetching instance by UUID {{(pid=118373) get /opt/stack/nova/nova/compute/api.py:2918}}
Mar 15 14:25:12.420559 n-d-832164-7 devstack@n-api.service[118373]: DEBUG oslo_concurrency.lockutils [None req-088a9dca-3e9b-40ac-b115-6535ce378fa9 tempest-LiveMigrationNegativeTest-1254150720 tempest-LiveMigrationNegativeTest-1254150720-project] Lock "e88acfd6-201d-4e85-a963-38f49aff68d9" acquired by "nova.context.set_target_cell..get_or_set_cached_cell_and_set_connections" :: waited 0.000s {{(pid=118373) inner /usr/local/lib/python3.8/dist-packages/oslo_concurrency/lockutils.py:386}}
Mar 15 14:25:12.427265 n-d-832164-7 devstack@n-api.service[118373]: DEBUG oslo_concurrency.lockutils [None req-088a9dca-3e9b-40ac-b115-6535ce378fa9 tempest-LiveMigrationNegativeTest-1254150720 tempest-LiveMigrationNegativeTest-1254150720-project] Lock "e88acfd6-201d-4e85-a963-38f49aff68d9" "released" by "nova.context.set_target_cell..get_or_set_cached_cell_and_set_connections" :: held 0.001s {{(pid=118373) inner /usr/local/lib/python3.8/dist-packages/oslo_concurrency/lockutils.py:400}}
Mar 15 14:25:12.428915 n-d-832164-7 devstack@n-api.service[118373]: DEBUG oslo_concurrency.lockutils [None req-088a9dca-3e9b-40ac-b115-6535ce378fa9 tempest-LiveMigrationNegativeTest-1254150720 tempest-LiveMigrationNegativeTest-1254150720-project] Lock "e88acfd6-201d-4e85-a963-38f49aff68d9" acquired by "nova.context.set_target_cell..get_or_set_cached_cell_and_set_connections" :: waited 0.000s {{(pid=118373) inner /usr/local/lib/python3.8/dist-packages/oslo_concurrency/lockutils.py:386}}
Mar 15 14:25:12.430771 n-d-832164-7 devstack@n-api.service[118373]: DEBUG oslo_concurrency.lockutils [None req-088a9dca-3e9b-40ac-b115-6535ce378fa9 tempest-LiveMigrationNegativeTest-1254150720 tempest-LiveMigrationNegativeTest-1254150720-project] Lock "e88acfd6-201d-4e85-a963-38f49aff68d9" "released" by "nova.context.set_target_cell..get_or_set_cached_cell_and_set_connections" :: held 0.002s {{(pid=118373) inner /usr/local/lib/python3.8/dist-packages/oslo_concurrency/lockutils.py:400}}
Mar 15 14:25:12.638311 n-d-832164-7 devstack@n-api.service[118374]: DEBUG nova.api.openstack.wsgi [None req-51c0bf13-f714-4217-93a6-9861bc3acdd2 tempest-TenantUsagesTestJSON-788516410 tempest-TenantUsagesTestJSON-788516410-project-admin] Calling method '.version_select at 0x7fe3ad32f430>' {{(pid=118374) _process_stack /opt/stack/nova/nova/api/openstack/wsgi.py:513}}
Mar 15 14:25:12.652580 n-d-832164-7 devstack@n-api.service[118374]: DEBUG oslo_concurrency.lockutils [None req-51c0bf13-f714-4217-93a6-9861bc3acdd2 tempest-TenantUsagesTestJSON-788516410 tempest-TenantUsagesTestJSON-788516410-project-admin] Lock "00000000-0000-0000-0000-000000000000" acquired by "nova.context.set_target_cell..get_or_set_cached_cell_and_set_connections" :: waited 0.000s {{(pid=118374) inner /usr/local/lib/python3.8/dist-packages/oslo_concurrency/lockutils.py:386}}
Mar 15 14:25:12.653586 n-d-832164-7 devstack@n-api.service[118374]: DEBUG oslo_concurrency.lockutils [None req-51c0bf13-f714-4217-93a6-9861bc3acdd2 tempest-TenantUsagesTestJSON-788516410 tempest-TenantUsagesTestJSON-788516410-project-admin] Lock "00000000-0000-0000-0000-000000000000" "released" by "nova.context.set_target_cell..get_or_set_cached_cell_and_set_connections" :: held 0.001s {{(pid=118374) inner /usr/local/lib/python3.8/dist-packages/oslo_concurrency/lockutils.py:400}}
Mar 15 14:25:12.678297 n-d-832164-7 devstack@n-api.service[118373]: DEBUG nova.policy [None req-088a9dca-3e9b-40ac-b115-6535ce378fa9 tempest-LiveMigrationNegativeTest-1254150720 tempest-LiveMigrationNegativeTest-1254150720-project] Policy check for os_compute_api:os-extended-server-attributes failed with credentials {'is_admin': False, 'user_id': 'f1f10e61ea7e493cb8b9f1cb7288a07d', 'user_domain_id': 'default', 'system_scope': None, 'domain_id': None, 'project_id': '7b757ced5f4c4b3b928284efbaacd536', 'project_domain_id': 'default', 'roles': ['reader', 'member'], 'is_admin_project': True, 'service_user_id': None, 'service_user_domain_id': None, 'service_project_id': None, 'service_project_domain_id': None, 'service_roles': []} {{(pid=118373) authorize /opt/stack/nova/nova/policy.py:199}}
Mar 15 14:25:12.688062 n-d-832164-7 devstack@n-api.service[118373]: INFO nova.api.openstack.requestlog [None req-088a9dca-3e9b-40ac-b115-6535ce378fa9 tempest-LiveMigrationNegativeTest-1254150720 tempest-LiveMigrationNegativeTest-1254150720-project] 10.222.0.31 "GET /compute/v2.1/servers/e2d9e450-9318-4680-a8f5-f4a4c2541b5f" status: 200 len: 1319 microversion: 2.1 time: 0.281132
Mar 15 14:25:12.688552 n-d-832164-7 devstack@n-api.service[118373]: [pid: 118373|app: 0|req: 91/197] 10.222.0.31 () {58 vars in 1235 bytes} [Tue Mar 15 14:25:12 2022] GET /compute/v2.1/servers/e2d9e450-9318-4680-a8f5-f4a4c2541b5f => generated 1319 bytes in 283 msecs (HTTP/1.1 200) 9 headers in 358 bytes (1 switches on core 0)
Mar 15 14:25:12.694089 n-d-832164-7 devstack@n-api.service[118373]: DEBUG nova.api.openstack.wsgi [None req-aecfeb28-ea57-46f1-af66-26d0502efccb tempest-DeleteServersAdminTestJSON-647081366 tempest-DeleteServersAdminTestJSON-647081366-project] Calling method '>' {{(pid=118373) _process_stack /opt/stack/nova/nova/api/openstack/wsgi.py:513}}
Mar 15 14:25:12.694954 n-d-832164-7 devstack@n-api.service[118373]: DEBUG nova.compute.api [None req-aecfeb28-ea57-46f1-af66-26d0502efccb tempest-DeleteServersAdminTestJSON-647081366 tempest-DeleteServersAdminTestJSON-647081366-project] [instance: 6478b04d-ed07-4d85-80e1-c83b0c0f9a4e] Fetching instance by UUID {{(pid=118373) get /opt/stack/nova/nova/compute/api.py:2918}}
Mar 15 14:25:12.701026 n-d-832164-7 devstack@n-api.service[118373]: DEBUG oslo_concurrency.lockutils [None req-aecfeb28-ea57-46f1-af66-26d0502efccb tempest-DeleteServersAdminTestJSON-647081366 tempest-DeleteServersAdminTestJSON-647081366-project] Lock "e88acfd6-201d-4e85-a963-38f49aff68d9" acquired by "nova.context.set_target_cell..get_or_set_cached_cell_and_set_connections" :: waited 0.000s {{(pid=118373) inner /usr/local/lib/python3.8/dist-packages/oslo_concurrency/lockutils.py:386}}
Mar 15 14:25:12.701760 n-d-832164-7 devstack@n-api.service[118373]: DEBUG oslo_concurrency.lockutils [None req-aecfeb28-ea57-46f1-af66-26d0502efccb tempest-DeleteServersAdminTestJSON-647081366 tempest-DeleteServersAdminTestJSON-647081366-project] Lock "e88acfd6-201d-4e85-a963-38f49aff68d9" "released" by "nova.context.set_target_cell..get_or_set_cached_cell_and_set_connections" :: held 0.001s {{(pid=118373) inner /usr/local/lib/python3.8/dist-packages/oslo_concurrency/lockutils.py:400}}
Mar 15 14:25:12.702602 n-d-832164-7 devstack@n-api.service[118374]: DEBUG oslo_concurrency.lockutils [None req-51c0bf13-f714-4217-93a6-9861bc3acdd2 tempest-TenantUsagesTestJSON-788516410 tempest-TenantUsagesTestJSON-788516410-project-admin] Lock "e88acfd6-201d-4e85-a963-38f49aff68d9" acquired by "nova.context.set_target_cell..get_or_set_cached_cell_and_set_connections" :: waited 0.000s {{(pid=118374) inner /usr/local/lib/python3.8/dist-packages/oslo_concurrency/lockutils.py:386}}
