Mar 15 14:24:58.556745 n-d-832164-7 devstack@n-api.service[118373]: DEBUG nova.compute.api [None req-9f4d7909-c087-4f4d-bda6-0fb8debb790f tempest-AggregatesAdminTestJSON-1618633159 tempest-AggregatesAdminTestJSON-1618633159-project] [instance: 566b07de-e68f-4c43-9c7e-065dd34aa0a6] Fetching instance by UUID {{(pid=118373) get /opt/stack/nova/nova/compute/api.py:2918}}
Mar 15 14:24:58.569665 n-d-832164-7 devstack@n-api.service[118373]: DEBUG oslo_concurrency.lockutils [None req-9f4d7909-c087-4f4d-bda6-0fb8debb790f tempest-AggregatesAdminTestJSON-1618633159 tempest-AggregatesAdminTestJSON-1618633159-project] Lock "e88acfd6-201d-4e85-a963-38f49aff68d9" acquired by "nova.context.set_target_cell..get_or_set_cached_cell_and_set_connections" :: waited 0.000s {{(pid=118373) inner /usr/local/lib/python3.8/dist-packages/oslo_concurrency/lockutils.py:386}}
Mar 15 14:24:58.570121 n-d-832164-7 devstack@n-api.service[118373]: DEBUG oslo_concurrency.lockutils [None req-9f4d7909-c087-4f4d-bda6-0fb8debb790f tempest-AggregatesAdminTestJSON-1618633159 tempest-AggregatesAdminTestJSON-1618633159-project] Lock "e88acfd6-201d-4e85-a963-38f49aff68d9" "released" by "nova.context.set_target_cell..get_or_set_cached_cell_and_set_connections" :: held 0.001s {{(pid=118373) inner /usr/local/lib/python3.8/dist-packages/oslo_concurrency/lockutils.py:400}}
Mar 15 14:24:58.570909 n-d-832164-7 devstack@n-api.service[118373]: DEBUG oslo_concurrency.lockutils [None req-9f4d7909-c087-4f4d-bda6-0fb8debb790f tempest-AggregatesAdminTestJSON-1618633159 tempest-AggregatesAdminTestJSON-1618633159-project] Lock "e88acfd6-201d-4e85-a963-38f49aff68d9" acquired by "nova.context.set_target_cell..get_or_set_cached_cell_and_set_connections" :: waited 0.000s {{(pid=118373) inner /usr/local/lib/python3.8/dist-packages/oslo_concurrency/lockutils.py:386}}
Mar 15 14:24:58.577612 n-d-832164-7 devstack@n-api.service[118373]: DEBUG oslo_concurrency.lockutils [None req-9f4d7909-c087-4f4d-bda6-0fb8debb790f tempest-AggregatesAdminTestJSON-1618633159 tempest-AggregatesAdminTestJSON-1618633159-project] Lock "e88acfd6-201d-4e85-a963-38f49aff68d9" "released" by "nova.context.set_target_cell..get_or_set_cached_cell_and_set_connections" :: held 0.006s {{(pid=118373) inner /usr/local/lib/python3.8/dist-packages/oslo_concurrency/lockutils.py:400}}
Mar 15 14:24:58.889316 n-d-832164-7 devstack@n-api.service[118374]: DEBUG nova.api.openstack.wsgi [None req-08cc2089-a4f2-4fc6-9295-abbde93838eb tempest-TenantUsagesTestJSON-1663928332 tempest-TenantUsagesTestJSON-1663928332-project] Calling method '>' {{(pid=118374) _process_stack /opt/stack/nova/nova/api/openstack/wsgi.py:513}}
Mar 15 14:24:58.889316 n-d-832164-7 devstack@n-api.service[118374]: DEBUG nova.compute.api [None req-08cc2089-a4f2-4fc6-9295-abbde93838eb tempest-TenantUsagesTestJSON-1663928332 tempest-TenantUsagesTestJSON-1663928332-project] [instance: b1399694-a961-48e2-b5de-4893c0cee667] Fetching instance by UUID {{(pid=118374) get /opt/stack/nova/nova/compute/api.py:2918}}
Mar 15 14:24:58.889864 n-d-832164-7 devstack@n-api.service[118373]: DEBUG nova.policy [None req-9f4d7909-c087-4f4d-bda6-0fb8debb790f tempest-AggregatesAdminTestJSON-1618633159 tempest-AggregatesAdminTestJSON-1618633159-project] Policy check for os_compute_api:os-extended-server-attributes failed with credentials {'is_admin': False, 'user_id': 'ccf34878178f49b7afd0794c01ebe80a', 'user_domain_id': 'default', 'system_scope': None, 'domain_id': None, 'project_id': 'f2a92623f60347df91a79254296352c3', 'project_domain_id': 'default', 'roles': ['reader', 'member'], 'is_admin_project': True, 'service_user_id': None, 'service_user_domain_id': None, 'service_project_id': None, 'service_project_domain_id': None, 'service_roles': []} {{(pid=118373) authorize /opt/stack/nova/nova/policy.py:199}}
Mar 15 14:24:58.900407 n-d-832164-7 devstack@n-api.service[118373]: INFO nova.api.openstack.requestlog [None req-9f4d7909-c087-4f4d-bda6-0fb8debb790f tempest-AggregatesAdminTestJSON-1618633159 tempest-AggregatesAdminTestJSON-1618633159-project] 10.222.0.31 "GET /compute/v2.1/servers/566b07de-e68f-4c43-9c7e-065dd34aa0a6" status: 200 len: 1337 microversion: 2.1 time: 0.349200
Mar 15 14:24:58.901465 n-d-832164-7 devstack@n-api.service[118373]: [pid: 118373|app: 0|req: 60/133] 10.222.0.31 () {58 vars in 1235 bytes} [Tue Mar 15 14:24:58 2022] GET /compute/v2.1/servers/566b07de-e68f-4c43-9c7e-065dd34aa0a6 => generated 1337 bytes in 351 msecs (HTTP/1.1 200) 9 headers in 358 bytes (1 switches on core 0)
Mar 15 14:24:58.905547 n-d-832164-7 devstack@n-api.service[118374]: DEBUG oslo_concurrency.lockutils [None req-08cc2089-a4f2-4fc6-9295-abbde93838eb tempest-TenantUsagesTestJSON-1663928332 tempest-TenantUsagesTestJSON-1663928332-project] Lock "e88acfd6-201d-4e85-a963-38f49aff68d9" acquired by "nova.context.set_target_cell..get_or_set_cached_cell_and_set_connections" :: waited 0.000s {{(pid=118374) inner /usr/local/lib/python3.8/dist-packages/oslo_concurrency/lockutils.py:386}}
Mar 15 14:24:58.906446 n-d-832164-7 devstack@n-api.service[118374]: DEBUG oslo_concurrency.lockutils [None req-08cc2089-a4f2-4fc6-9295-abbde93838eb tempest-TenantUsagesTestJSON-1663928332 tempest-TenantUsagesTestJSON-1663928332-project] Lock "e88acfd6-201d-4e85-a963-38f49aff68d9" "released" by "nova.context.set_target_cell..get_or_set_cached_cell_and_set_connections" :: held 0.006s {{(pid=118374) inner /usr/local/lib/python3.8/dist-packages/oslo_concurrency/lockutils.py:400}}
Mar 15 14:24:58.907433 n-d-832164-7 devstack@n-api.service[118374]: DEBUG oslo_concurrency.lockutils [None req-08cc2089-a4f2-4fc6-9295-abbde93838eb tempest-TenantUsagesTestJSON-1663928332 tempest-TenantUsagesTestJSON-1663928332-project] Lock "e88acfd6-201d-4e85-a963-38f49aff68d9" acquired by "nova.context.set_target_cell..get_or_set_cached_cell_and_set_connections" :: waited 0.000s {{(pid=118374) inner /usr/local/lib/python3.8/dist-packages/oslo_concurrency/lockutils.py:386}}
Mar 15 14:24:58.908062 n-d-832164-7 devstack@n-api.service[118374]: DEBUG oslo_concurrency.lockutils [None req-08cc2089-a4f2-4fc6-9295-abbde93838eb tempest-TenantUsagesTestJSON-1663928332 tempest-TenantUsagesTestJSON-1663928332-project] Lock "e88acfd6-201d-4e85-a963-38f49aff68d9" "released" by "nova.context.set_target_cell..get_or_set_cached_cell_and_set_connections" :: held 0.001s {{(pid=118374) inner /usr/local/lib/python3.8/dist-packages/oslo_concurrency/lockutils.py:400}}
Mar 15 14:24:59.115834 n-d-832164-7 devstack@n-api.service[118373]: DEBUG nova.api.openstack.wsgi [None req-bf76833e-ffe1-4b25-ad82-2bfbc61ac46e tempest-DeleteServersAdminTestJSON-647081366 tempest-DeleteServersAdminTestJSON-647081366-project] Calling method '>' {{(pid=118373) _process_stack /opt/stack/nova/nova/api/openstack/wsgi.py:513}}
Mar 15 14:24:59.116460 n-d-832164-7 devstack@n-api.service[118373]: DEBUG nova.compute.api [None req-bf76833e-ffe1-4b25-ad82-2bfbc61ac46e tempest-DeleteServersAdminTestJSON-647081366 tempest-DeleteServersAdminTestJSON-647081366-project] [instance: 6478b04d-ed07-4d85-80e1-c83b0c0f9a4e] Fetching instance by UUID {{(pid=118373) get /opt/stack/nova/nova/compute/api.py:2918}}
Mar 15 14:24:59.122475 n-d-832164-7 devstack@n-api.service[118373]: DEBUG oslo_concurrency.lockutils [None req-bf76833e-ffe1-4b25-ad82-2bfbc61ac46e tempest-DeleteServersAdminTestJSON-647081366 tempest-DeleteServersAdminTestJSON-647081366-project] Lock "e88acfd6-201d-4e85-a963-38f49aff68d9" acquired by "nova.context.set_target_cell..get_or_set_cached_cell_and_set_connections" :: waited 0.000s {{(pid=118373) inner /usr/local/lib/python3.8/dist-packages/oslo_concurrency/lockutils.py:386}}
Mar 15 14:24:59.122932 n-d-832164-7 devstack@n-api.service[118373]: DEBUG oslo_concurrency.lockutils [None req-bf76833e-ffe1-4b25-ad82-2bfbc61ac46e tempest-DeleteServersAdminTestJSON-647081366 tempest-DeleteServersAdminTestJSON-647081366-project] Lock "e88acfd6-201d-4e85-a963-38f49aff68d9" "released" by "nova.context.set_target_cell..get_or_set_cached_cell_and_set_connections" :: held 0.001s {{(pid=118373) inner /usr/local/lib/python3.8/dist-packages/oslo_concurrency/lockutils.py:400}}
Mar 15 14:24:59.123711 n-d-832164-7 devstack@n-api.service[118373]: DEBUG oslo_concurrency.lockutils [None req-bf76833e-ffe1-4b25-ad82-2bfbc61ac46e tempest-DeleteServersAdminTestJSON-647081366 tempest-DeleteServersAdminTestJSON-647081366-project] Lock "e88acfd6-201d-4e85-a963-38f49aff68d9" acquired by "nova.context.set_target_cell..get_or_set_cached_cell_and_set_connections" :: waited 0.000s {{(pid=118373) inner /usr/local/lib/python3.8/dist-packages/oslo_concurrency/lockutils.py:386}}
Mar 15 14:24:59.124154 n-d-832164-7 devstack@n-api.service[118373]: DEBUG oslo_concurrency.lockutils [None req-bf76833e-ffe1-4b25-ad82-2bfbc61ac46e tempest-DeleteServersAdminTestJSON-647081366 tempest-DeleteServersAdminTestJSON-647081366-project] Lock "e88acfd6-201d-4e85-a963-38f49aff68d9" "released" by "nova.context.set_target_cell..get_or_set_cached_cell_and_set_connections" :: held 0.000s {{(pid=118373) inner /usr/local/lib/python3.8/dist-packages/oslo_concurrency/lockutils.py:400}}
Mar 15 14:24:59.376727 n-d-832164-7 devstack@n-api.service[118374]: DEBUG nova.policy [None req-08cc2089-a4f2-4fc6-9295-abbde93838eb tempest-TenantUsagesTestJSON-1663928332 tempest-TenantUsagesTestJSON-1663928332-project] Policy check for os_compute_api:os-extended-server-attributes failed with credentials {'is_admin': False, 'user_id': '693cfef9a4194a1f8a37a4e6f6aa4dc3', 'user_domain_id': 'default', 'system_scope': None, 'domain_id': None, 'project_id': '007d324fabaf4be18b0a57446788c64e', 'project_domain_id': 'default', 'roles': ['reader', 'member'], 'is_admin_project': True, 'service_user_id': None, 'service_user_domain_id': None, 'service_project_id': None, 'service_project_domain_id': None, 'service_roles': []} {{(pid=118374) authorize /opt/stack/nova/nova/policy.py:199}}
Mar 15 14:24:59.424214 n-d-832164-7 devstack@n-api.service[118374]: INFO nova.api.openstack.requestlog [None req-08cc2089-a4f2-4fc6-9295-abbde93838eb tempest-TenantUsagesTestJSON-1663928332 tempest-TenantUsagesTestJSON-1663928332-project] 10.222.0.31 "GET /compute/v2.1/servers/b1399694-a961-48e2-b5de-4893c0cee667" status: 200 len: 1314 microversion: 2.1 time: 0.539337
Mar 15 14:24:59.426427 n-d-832164-7 devstack@n-api.service[118374]: [pid: 118374|app: 0|req: 74/134] 10.222.0.31 () {58 vars in 1235 bytes} [Tue Mar 15 14:24:58 2022] GET /compute/v2.1/servers/b1399694-a961-48e2-b5de-4893c0cee667 => generated 1314 bytes in 543 msecs (HTTP/1.1 200) 9 headers in 358 bytes (1 switches on core 0)
Mar 15 14:24:59.659777 n-d-832164-7 devstack@n-api.service[118373]: DEBUG nova.policy [None req-bf76833e-ffe1-4b25-ad82-2bfbc61ac46e tempest-DeleteServersAdminTestJSON-647081366 tempest-DeleteServersAdminTestJSON-647081366-project] Policy check for os_compute_api:os-extended-server-attributes failed with credentials {'is_admin': False, 'user_id': '2d37fcca7ada48edbb486c9e00b458f3', 'user_domain_id': 'default', 'system_scope': None, 'domain_id': None, 'project_id': 'f0254272c3214f31afef31aaf13889dc', 'project_domain_id': 'default', 'roles': ['reader', 'member'], 'is_admin_project': True, 'service_user_id': None, 'service_user_domain_id': None, 'service_project_id': None, 'service_project_domain_id': None, 'service_roles': []} {{(pid=118373) authorize /opt/stack/nova/nova/policy.py:199}}
Mar 15 14:24:59.671821 n-d-832164-7 devstack@n-api.service[118373]: INFO nova.api.openstack.requestlog [None req-bf76833e-ffe1-4b25-ad82-2bfbc61ac46e tempest-DeleteServersAdminTestJSON-647081366 tempest-DeleteServersAdminTestJSON-647081366-project] 10.222.0.31 "GET /compute/v2.1/servers/6478b04d-ed07-4d85-80e1-c83b0c0f9a4e" status: 200 len: 1340 microversion: 2.1 time: 0.562687
Mar 15 14:24:59.673087 n-d-832164-7 devstack@n-api.service[118373]: [pid: 118373|app: 0|req: 61/135] 10.222.0.31 () {58 vars in 1235 bytes} [Tue Mar 15 14:24:59 2022] GET /compute/v2.1/servers/6478b04d-ed07-4d85-80e1-c83b0c0f9a4e => generated 1340 bytes in 565 msecs (HTTP/1.1 200) 9 headers in 358 bytes (1 switches on core 0)
Mar 15 14:24:59.920511 n-d-832164-7 devstack@n-api.service[118374]: DEBUG nova.api.openstack.wsgi [None req-49a03efb-1092-482b-806f-bc8cff70f9f4 tempest-AggregatesAdminTestJSON-1618633159 tempest-AggregatesAdminTestJSON-1618633159-project] Calling method '>' {{(pid=118374) _process_stack /opt/stack/nova/nova/api/openstack/wsgi.py:513}}
Mar 15 14:24:59.921245 n-d-832164-7 devstack@n-api.service[118374]: DEBUG nova.compute.api [None req-49a03efb-1092-482b-806f-bc8cff70f9f4 tempest-AggregatesAdminTestJSON-1618633159 tempest-AggregatesAdminTestJSON-1618633159-project] [instance: 566b07de-e68f-4c43-9c7e-065dd34aa0a6] Fetching instance by UUID {{(pid=118374) get /opt/stack/nova/nova/compute/api.py:2918}}
Mar 15 14:24:59.932514 n-d-832164-7 devstack@n-api.service[118374]: DEBUG oslo_concurrency.lockutils [None req-49a03efb-1092-482b-806f-bc8cff70f9f4 tempest-AggregatesAdminTestJSON-1618633159 tempest-AggregatesAdminTestJSON-1618633159-project] Lock "e88acfd6-201d-4e85-a963-38f49aff68d9" acquired by "nova.context.set_target_cell..get_or_set_cached_cell_and_set_connections" :: waited 0.000s {{(pid=118374) inner /usr/local/lib/python3.8/dist-packages/oslo_concurrency/lockutils.py:386}}
Mar 15 14:24:59.932996 n-d-832164-7 devstack@n-api.service[118374]: DEBUG oslo_concurrency.lockutils [None req-49a03efb-1092-482b-806f-bc8cff70f9f4 tempest-AggregatesAdminTestJSON-1618633159 tempest-AggregatesAdminTestJSON-1618633159-project] Lock "e88acfd6-201d-4e85-a963-38f49aff68d9" "released" by "nova.context.set_target_cell..get_or_set_cached_cell_and_set_connections" :: held 0.001s {{(pid=118374) inner /usr/local/lib/python3.8/dist-packages/oslo_concurrency/lockutils.py:400}}
Mar 15 14:24:59.934037 n-d-832164-7 devstack@n-api.service[118374]: DEBUG oslo_concurrency.lockutils [None req-49a03efb-1092-482b-806f-bc8cff70f9f4 tempest-AggregatesAdminTestJSON-1618633159 tempest-AggregatesAdminTestJSON-1618633159-project] Lock "e88acfd6-201d-4e85-a963-38f49aff68d9" acquired by "nova.context.set_target_cell..get_or_set_cached_cell_and_set_connections" :: waited 0.000s {{(pid=118374) inner /usr/local/lib/python3.8/dist-packages/oslo_concurrency/lockutils.py:386}}
Mar 15 14:24:59.934476 n-d-832164-7 devstack@n-api.service[118374]: DEBUG oslo_concurrency.lockutils [None req-49a03efb-1092-482b-806f-bc8cff70f9f4 tempest-AggregatesAdminTestJSON-1618633159 tempest-AggregatesAdminTestJSON-1618633159-project] Lock "e88acfd6-201d-4e85-a963-38f49aff68d9" "released" by "nova.context.set_target_cell..get_or_set_cached_cell_and_set_connections" :: held 0.001s {{(pid=118374) inner /usr/local/lib/python3.8/dist-packages/oslo_concurrency/lockutils.py:400}}
Mar 15 14:25:00.290836 n-d-832164-7 devstack@n-api.service[118374]: DEBUG nova.policy [None req-49a03efb-1092-482b-806f-bc8cff70f9f4 tempest-AggregatesAdminTestJSON-1618633159 tempest-AggregatesAdminTestJSON-1618633159-project] Policy check for os_compute_api:os-extended-server-attributes failed with credentials {'is_admin': False, 'user_id': 'ccf34878178f49b7afd0794c01ebe80a', 'user_domain_id': 'default', 'system_scope': None, 'domain_id': None, 'project_id': 'f2a92623f60347df91a79254296352c3', 'project_domain_id': 'default', 'roles': ['reader', 'member'], 'is_admin_project': True, 'service_user_id': None, 'service_user_domain_id': None, 'service_project_id': None, 'service_project_domain_id': None, 'service_roles': []} {{(pid=118374) authorize /opt/stack/nova/nova/policy.py:199}}
Mar 15 14:25:00.304350 n-d-832164-7 devstack@n-api.service[118374]: INFO nova.api.openstack.requestlog [None req-49a03efb-1092-482b-806f-bc8cff70f9f4 tempest-AggregatesAdminTestJSON-1618633159 tempest-AggregatesAdminTestJSON-1618633159-project] 10.222.0.31 "GET /compute/v2.1/servers/566b07de-e68f-4c43-9c7e-065dd34aa0a6" status: 200 len: 1337 microversion: 2.1 time: 0.387151
Mar 15 14:25:00.316767 n-d-832164-7 devstack@n-api.service[118374]: [pid: 118374|app: 0|req: 75/136] 10.222.0.31 () {58 vars in 1235 bytes} [Tue Mar 15 14:24:59 2022] GET /compute/v2.1/servers/566b07de-e68f-4c43-9c7e-065dd34aa0a6 => generated 1337 bytes in 402 msecs (HTTP/1.1 200) 9 headers in 358 bytes (1 switches on core 0)
Mar 15 14:25:00.441995 n-d-832164-7 devstack@n-api.service[118374]: DEBUG nova.api.openstack.wsgi [None req-a916a826-dbdc-4d0f-952e-c148d1d54e8f tempest-TenantUsagesTestJSON-1663928332 tempest-TenantUsagesTestJSON-1663928332-project] Calling method '>' {{(pid=118374) _process_stack /opt/stack/nova/nova/api/openstack/wsgi.py:513}}
Mar 15 14:25:00.443592 n-d-832164-7 devstack@n-api.service[118374]: DEBUG nova.compute.api [None req-a916a826-dbdc-4d0f-952e-c148d1d54e8f tempest-TenantUsagesTestJSON-1663928332 tempest-TenantUsagesTestJSON-1663928332-project] [instance: b1399694-a961-48e2-b5de-4893c0cee667] Fetching instance by UUID {{(pid=118374) get /opt/stack/nova/nova/compute/api.py:2918}}
Mar 15 14:25:00.468191 n-d-832164-7 devstack@n-api.service[118374]: DEBUG oslo_concurrency.lockutils [None req-a916a826-dbdc-4d0f-952e-c148d1d54e8f tempest-TenantUsagesTestJSON-1663928332 tempest-TenantUsagesTestJSON-1663928332-project] Lock "e88acfd6-201d-4e85-a963-38f49aff68d9" acquired by "nova.context.set_target_cell..get_or_set_cached_cell_and_set_connections" :: waited 0.000s {{(pid=118374) inner /usr/local/lib/python3.8/dist-packages/oslo_concurrency/lockutils.py:386}}
Mar 15 14:25:00.468648 n-d-832164-7 devstack@n-api.service[118374]: DEBUG oslo_concurrency.lockutils [None req-a916a826-dbdc-4d0f-952e-c148d1d54e8f tempest-TenantUsagesTestJSON-1663928332 tempest-TenantUsagesTestJSON-1663928332-project] Lock "e88acfd6-201d-4e85-a963-38f49aff68d9" "released" by "nova.context.set_target_cell..get_or_set_cached_cell_and_set_connections" :: held 0.001s {{(pid=118374) inner /usr/local/lib/python3.8/dist-packages/oslo_concurrency/lockutils.py:400}}
Mar 15 14:25:00.469472 n-d-832164-7 devstack@n-api.service[118374]: DEBUG oslo_concurrency.lockutils [None req-a916a826-dbdc-4d0f-952e-c148d1d54e8f tempest-TenantUsagesTestJSON-1663928332 tempest-TenantUsagesTestJSON-1663928332-project] Lock "e88acfd6-201d-4e85-a963-38f49aff68d9" acquired by "nova.context.set_target_cell..get_or_set_cached_cell_and_set_connections" :: waited 0.000s {{(pid=118374) inner /usr/local/lib/python3.8/dist-packages/oslo_concurrency/lockutils.py:386}}
Mar 15 14:25:00.469919 n-d-832164-7 devstack@n-api.service[118374]: DEBUG oslo_concurrency.lockutils [None req-a916a826-dbdc-4d0f-952e-c148d1d54e8f tempest-TenantUsagesTestJSON-1663928332 tempest-TenantUsagesTestJSON-1663928332-project] Lock "e88acfd6-201d-4e85-a963-38f49aff68d9" "released" by "nova.context.set_target_cell..get_or_set_cached_cell_and_set_connections" :: held 0.000s {{(pid=118374) inner /usr/local/lib/python3.8/dist-packages/oslo_concurrency/lockutils.py:400}}
Mar 15 14:25:00.749253 n-d-832164-7 devstack@n-api.service[118373]: DEBUG nova.api.openstack.wsgi [None req-deaa8a94-c163-4070-81ee-db77725fd53c tempest-LiveMigrationNegativeTest-1254150720 tempest-LiveMigrationNegativeTest-1254150720-project] Action: 'create', calling method: >, body: {"server": {"name": "tempest-LiveMigrationNegativeTest-server-2127126580", "imageRef": "34bcdfee-3f3a-45c4-bf63-bd0247ff6e6f", "flavorRef": "452"}} {{(pid=118373) _process_stack /opt/stack/nova/nova/api/openstack/wsgi.py:511}}
Mar 15 14:25:00.837866 n-d-832164-7 devstack@n-api.service[118374]: DEBUG nova.policy [None req-a916a826-dbdc-4d0f-952e-c148d1d54e8f tempest-TenantUsagesTestJSON-1663928332 tempest-TenantUsagesTestJSON-1663928332-project] Policy check for os_compute_api:os-extended-server-attributes failed with credentials {'is_admin': False, 'user_id': '693cfef9a4194a1f8a37a4e6f6aa4dc3', 'user_domain_id': 'default', 'system_scope': None, 'domain_id': None, 'project_id': '007d324fabaf4be18b0a57446788c64e', 'project_domain_id': 'default', 'roles': ['reader', 'member'], 'is_admin_project': True, 'service_user_id': None, 'service_user_domain_id': None, 'service_project_id': None, 'service_project_domain_id': None, 'service_roles': []} {{(pid=118374) authorize /opt/stack/nova/nova/policy.py:199}}
Mar 15 14:25:00.847773 n-d-832164-7 devstack@n-api.service[118374]: INFO nova.api.openstack.requestlog [None req-a916a826-dbdc-4d0f-952e-c148d1d54e8f tempest-TenantUsagesTestJSON-1663928332 tempest-TenantUsagesTestJSON-1663928332-project] 10.222.0.31 "GET /compute/v2.1/servers/b1399694-a961-48e2-b5de-4893c0cee667" status: 200 len: 1314 microversion: 2.1 time: 0.408341
Mar 15 14:25:00.851023 n-d-832164-7 devstack@n-api.service[118374]: [pid: 118374|app: 0|req: 76/137] 10.222.0.31 () {58 vars in 1235 bytes} [Tue Mar 15 14:25:00 2022] GET /compute/v2.1/servers/b1399694-a961-48e2-b5de-4893c0cee667 => generated 1314 bytes in 414 msecs (HTTP/1.1 200) 9 headers in 358 bytes (2 switches on core 0)
Mar 15 14:25:00.858733 n-d-832164-7 devstack@n-api.service[118374]: DEBUG nova.api.openstack.wsgi [None req-373eace8-4bdd-465e-bb8e-330badb3de09 tempest-DeleteServersAdminTestJSON-647081366 tempest-DeleteServersAdminTestJSON-647081366-project] Calling method '>' {{(pid=118374) _process_stack /opt/stack/nova/nova/api/openstack/wsgi.py:513}}
Mar 15 14:25:00.859606 n-d-832164-7 devstack@n-api.service[118374]: DEBUG nova.compute.api [None req-373eace8-4bdd-465e-bb8e-330badb3de09 tempest-DeleteServersAdminTestJSON-647081366 tempest-DeleteServersAdminTestJSON-647081366-project] [instance: 6478b04d-ed07-4d85-80e1-c83b0c0f9a4e] Fetching instance by UUID {{(pid=118374) get /opt/stack/nova/nova/compute/api.py:2918}}
Mar 15 14:25:00.872667 n-d-832164-7 devstack@n-api.service[118374]: DEBUG oslo_concurrency.lockutils [None req-373eace8-4bdd-465e-bb8e-330badb3de09 tempest-DeleteServersAdminTestJSON-647081366 tempest-DeleteServersAdminTestJSON-647081366-project] Lock "e88acfd6-201d-4e85-a963-38f49aff68d9" acquired by "nova.context.set_target_cell..get_or_set_cached_cell_and_set_connections" :: waited 0.000s {{(pid=118374) inner /usr/local/lib/python3.8/dist-packages/oslo_concurrency/lockutils.py:386}}
Mar 15 14:25:00.873352 n-d-832164-7 devstack@n-api.service[118374]: DEBUG oslo_concurrency.lockutils [None req-373eace8-4bdd-465e-bb8e-330badb3de09 tempest-DeleteServersAdminTestJSON-647081366 tempest-DeleteServersAdminTestJSON-647081366-project] Lock "e88acfd6-201d-4e85-a963-38f49aff68d9" "released" by "nova.context.set_target_cell..get_or_set_cached_cell_and_set_connections" :: held 0.002s {{(pid=118374) inner /usr/local/lib/python3.8/dist-packages/oslo_concurrency/lockutils.py:400}}
Mar 15 14:25:00.874678 n-d-832164-7 devstack@n-api.service[118374]: DEBUG oslo_concurrency.lockutils [None req-373eace8-4bdd-465e-bb8e-330badb3de09 tempest-DeleteServersAdminTestJSON-647081366 tempest-DeleteServersAdminTestJSON-647081366-project] Lock "e88acfd6-201d-4e85-a963-38f49aff68d9" acquired by "nova.context.set_target_cell..get_or_set_cached_cell_and_set_connections" :: waited 0.000s {{(pid=118374) inner /usr/local/lib/python3.8/dist-packages/oslo_concurrency/lockutils.py:386}}
Mar 15 14:25:00.875343 n-d-832164-7 devstack@n-api.service[118374]: DEBUG oslo_concurrency.lockutils [None req-373eace8-4bdd-465e-bb8e-330badb3de09 tempest-DeleteServersAdminTestJSON-647081366 tempest-DeleteServersAdminTestJSON-647081366-project] Lock "e88acfd6-201d-4e85-a963-38f49aff68d9" "released" by "nova.context.set_target_cell..get_or_set_cached_cell_and_set_connections" :: held 0.001s {{(pid=118374) inner /usr/local/lib/python3.8/dist-packages/oslo_concurrency/lockutils.py:400}}
Mar 15 14:25:00.884962 n-d-832164-7 devstack@n-api.service[118373]: DEBUG nova.network.neutron [None req-deaa8a94-c163-4070-81ee-db77725fd53c tempest-LiveMigrationNegativeTest-1254150720 tempest-LiveMigrationNegativeTest-1254150720-project] validate_networks() for None {{(pid=118373) validate_networks /opt/stack/nova/nova/network/neutron.py:2632}}
Mar 15 14:25:01.369336 n-d-832164-7 devstack@n-api.service[118373]: DEBUG nova.virt.hardware [None req-deaa8a94-c163-4070-81ee-db77725fd53c tempest-LiveMigrationNegativeTest-1254150720 tempest-LiveMigrationNegativeTest-1254150720-project] Flavor limits 0:0:0 {{(pid=118373) get_cpu_topology_constraints /opt/stack/nova/nova/virt/hardware.py:343}}
Mar 15 14:25:01.369952 n-d-832164-7 devstack@n-api.service[118373]: DEBUG nova.virt.hardware [None req-deaa8a94-c163-4070-81ee-db77725fd53c tempest-LiveMigrationNegativeTest-1254150720 tempest-LiveMigrationNegativeTest-1254150720-project] Image limits 0:0:0 {{(pid=118373) get_cpu_topology_constraints /opt/stack/nova/nova/virt/hardware.py:347}}
Mar 15 14:25:01.370448 n-d-832164-7 devstack@n-api.service[118373]: DEBUG nova.virt.hardware [None req-deaa8a94-c163-4070-81ee-db77725fd53c tempest-LiveMigrationNegativeTest-1254150720 tempest-LiveMigrationNegativeTest-1254150720-project] Flavor pref 0:0:0 {{(pid=118373) get_cpu_topology_constraints /opt/stack/nova/nova/virt/hardware.py:383}}
Mar 15 14:25:01.370857 n-d-832164-7 devstack@n-api.service[118373]: DEBUG nova.virt.hardware [None req-deaa8a94-c163-4070-81ee-db77725fd53c tempest-LiveMigrationNegativeTest-1254150720 tempest-LiveMigrationNegativeTest-1254150720-project] Image pref 0:0:0 {{(pid=118373) get_cpu_topology_constraints /opt/stack/nova/nova/virt/hardware.py:387}}
Mar 15 14:25:01.371277 n-d-832164-7 devstack@n-api.service[118373]: DEBUG nova.virt.hardware [None req-deaa8a94-c163-4070-81ee-db77725fd53c tempest-LiveMigrationNegativeTest-1254150720 tempest-LiveMigrationNegativeTest-1254150720-project] Chose sockets=0, cores=0, threads=0; limits were sockets=65536, cores=65536, threads=65536 {{(pid=118373) get_cpu_topology_constraints /opt/stack/nova/nova/virt/hardware.py:425}}
Mar 15 14:25:01.389849 n-d-832164-7 devstack@n-api.service[118374]: DEBUG nova.policy [None req-373eace8-4bdd-465e-bb8e-330badb3de09 tempest-DeleteServersAdminTestJSON-647081366 tempest-DeleteServersAdminTestJSON-647081366-project] Policy check for os_compute_api:os-extended-server-attributes failed with credentials {'is_admin': False, 'user_id': '2d37fcca7ada48edbb486c9e00b458f3', 'user_domain_id': 'default', 'system_scope': None, 'domain_id': None, 'project_id': 'f0254272c3214f31afef31aaf13889dc', 'project_domain_id': 'default', 'roles': ['reader', 'member'], 'is_admin_project': True, 'service_user_id': None, 'service_user_domain_id': None, 'service_project_id': None, 'service_project_domain_id': None, 'service_roles': []} {{(pid=118374) authorize /opt/stack/nova/nova/policy.py:199}}
Mar 15 14:25:01.391507 n-d-832164-7 devstack@n-api.service[118373]: DEBUG oslo_concurrency.lockutils [None req-deaa8a94-c163-4070-81ee-db77725fd53c tempest-LiveMigrationNegativeTest-1254150720 tempest-LiveMigrationNegativeTest-1254150720-project] Lock "00000000-0000-0000-0000-000000000000" acquired by "nova.context.set_target_cell..get_or_set_cached_cell_and_set_connections" :: waited 0.000s {{(pid=118373) inner /usr/local/lib/python3.8/dist-packages/oslo_concurrency/lockutils.py:386}}
Mar 15 14:25:01.392321 n-d-832164-7 devstack@n-api.service[118373]: DEBUG oslo_concurrency.lockutils [None req-deaa8a94-c163-4070-81ee-db77725fd53c tempest-LiveMigrationNegativeTest-1254150720 tempest-LiveMigrationNegativeTest-1254150720-project] Lock "00000000-0000-0000-0000-000000000000" "released" by "nova.context.set_target_cell..get_or_set_cached_cell_and_set_connections" :: held 0.005s {{(pid=118373) inner /usr/local/lib/python3.8/dist-packages/oslo_concurrency/lockutils.py:400}}
Mar 15 14:25:01.393104 n-d-832164-7 devstack@n-api.service[118373]: DEBUG oslo_concurrency.lockutils [None req-deaa8a94-c163-4070-81ee-db77725fd53c tempest-LiveMigrationNegativeTest-1254150720 tempest-LiveMigrationNegativeTest-1254150720-project] Lock "e88acfd6-201d-4e85-a963-38f49aff68d9" acquired by "nova.context.set_target_cell..get_or_set_cached_cell_and_set_connections" :: waited 0.000s {{(pid=118373) inner /usr/local/lib/python3.8/dist-packages/oslo_concurrency/lockutils.py:386}}
Mar 15 14:25:01.393552 n-d-832164-7 devstack@n-api.service[118373]: DEBUG oslo_concurrency.lockutils [None req-deaa8a94-c163-4070-81ee-db77725fd53c tempest-LiveMigrationNegativeTest-1254150720 tempest-LiveMigrationNegativeTest-1254150720-project] Lock "e88acfd6-201d-4e85-a963-38f49aff68d9" "released" by "nova.context.set_target_cell..get_or_set_cached_cell_and_set_connections" :: held 0.000s {{(pid=118373) inner /usr/local/lib/python3.8/dist-packages/oslo_concurrency/lockutils.py:400}}
Mar 15 14:25:01.402663 n-d-832164-7 devstack@n-api.service[118374]: INFO nova.api.openstack.requestlog [None req-373eace8-4bdd-465e-bb8e-330badb3de09 tempest-DeleteServersAdminTestJSON-647081366 tempest-DeleteServersAdminTestJSON-647081366-project] 10.222.0.31 "GET /compute/v2.1/servers/6478b04d-ed07-4d85-80e1-c83b0c0f9a4e" status: 200 len: 1340 microversion: 2.1 time: 0.549136
Mar 15 14:25:01.415544 n-d-832164-7 devstack@n-api.service[118374]: [pid: 118374|app: 0|req: 77/138] 10.222.0.31 () {58 vars in 1235 bytes} [Tue Mar 15 14:25:00 2022] GET /compute/v2.1/servers/6478b04d-ed07-4d85-80e1-c83b0c0f9a4e => generated 1340 bytes in 562 msecs (HTTP/1.1 200) 9 headers in 358 bytes (1 switches on core 0)
Mar 15 14:25:01.422500 n-d-832164-7 devstack@n-api.service[118374]: DEBUG nova.api.openstack.wsgi [req-96e60e65-d20c-48ca-8ce7-2032e3a2d7b5 req-0e239fb8-5bb4-4651-aae4-7e108a7e1602 service nova] Action: 'create', calling method: >, body: {"events": [{"name": "network-changed", "server_uuid": "b1399694-a961-48e2-b5de-4893c0cee667", "tag": "6432d092-df58-49bf-9f2d-181e6872a919"}]} {{(pid=118374) _process_stack /opt/stack/nova/nova/api/openstack/wsgi.py:511}}
Mar 15 14:25:01.443738 n-d-832164-7 devstack@n-api.service[118373]: DEBUG nova.quota [None req-deaa8a94-c163-4070-81ee-db77725fd53c tempest-LiveMigrationNegativeTest-1254150720 tempest-LiveMigrationNegativeTest-1254150720-project] Getting quotas for project 7b757ced5f4c4b3b928284efbaacd536. Resources: {'cores', 'instances', 'ram'} {{(pid=118373) _get_quotas /opt/stack/nova/nova/quota.py:393}}
Mar 15 14:25:01.453025 n-d-832164-7 devstack@n-api.service[118373]: DEBUG nova.quota [None req-deaa8a94-c163-4070-81ee-db77725fd53c tempest-LiveMigrationNegativeTest-1254150720 tempest-LiveMigrationNegativeTest-1254150720-project] Getting quotas for user f1f10e61ea7e493cb8b9f1cb7288a07d and project 7b757ced5f4c4b3b928284efbaacd536. Resources: {'cores', 'instances', 'ram'} {{(pid=118373) _get_quotas /opt/stack/nova/nova/quota.py:383}}
Mar 15 14:25:01.460231 n-d-832164-7 devstack@n-api.service[118374]: DEBUG oslo_concurrency.lockutils [req-96e60e65-d20c-48ca-8ce7-2032e3a2d7b5 req-0e239fb8-5bb4-4651-aae4-7e108a7e1602 service nova] Lock "e88acfd6-201d-4e85-a963-38f49aff68d9" acquired by "nova.context.set_target_cell..get_or_set_cached_cell_and_set_connections" :: waited 0.000s {{(pid=118374) inner /usr/local/lib/python3.8/dist-packages/oslo_concurrency/lockutils.py:386}}
Mar 15 14:25:01.460945 n-d-832164-7 devstack@n-api.service[118374]: DEBUG oslo_concurrency.lockutils [req-96e60e65-d20c-48ca-8ce7-2032e3a2d7b5 req-0e239fb8-5bb4-4651-aae4-7e108a7e1602 service nova] Lock "e88acfd6-201d-4e85-a963-38f49aff68d9" "released" by "nova.context.set_target_cell..get_or_set_cached_cell_and_set_connections" :: held 0.001s {{(pid=118374) inner /usr/local/lib/python3.8/dist-packages/oslo_concurrency/lockutils.py:400}}
Mar 15 14:25:01.479854 n-d-832164-7 devstack@n-api.service[118373]: DEBUG nova.compute.api [None req-deaa8a94-c163-4070-81ee-db77725fd53c tempest-LiveMigrationNegativeTest-1254150720 tempest-LiveMigrationNegativeTest-1254150720-project] Going to run 1 instances... {{(pid=118373) _provision_instances /opt/stack/nova/nova/compute/api.py:1389}}
Mar 15 14:25:01.482225 n-d-832164-7 devstack@n-api.service[118373]: DEBUG nova.compute.api [None req-deaa8a94-c163-4070-81ee-db77725fd53c tempest-LiveMigrationNegativeTest-1254150720 tempest-LiveMigrationNegativeTest-1254150720-project] [instance: e2d9e450-9318-4680-a8f5-f4a4c2541b5f] block_device_mapping [BlockDeviceMapping(attachment_id=,boot_index=0,connection_info=None,created_at=,delete_on_termination=True,deleted=,deleted_at=,destination_type='local',device_name=None,device_type='disk',disk_bus=None,guest_format=None,id=,image_id='34bcdfee-3f3a-45c4-bf63-bd0247ff6e6f',instance=,instance_uuid=,no_device=False,snapshot_id=None,source_type='image',tag=None,updated_at=,uuid=,volume_id=None,volume_size=None,volume_type=None)] {{(pid=118373) _bdm_validate_set_size_and_instance /opt/stack/nova/nova/compute/api.py:1807}}
Mar 15 14:25:01.483747 n-d-832164-7 devstack@n-api.service[118374]: INFO nova.api.openstack.compute.server_external_events [req-96e60e65-d20c-48ca-8ce7-2032e3a2d7b5 req-0e239fb8-5bb4-4651-aae4-7e108a7e1602 service nova] Creating event network-changed:6432d092-df58-49bf-9f2d-181e6872a919 for instance b1399694-a961-48e2-b5de-4893c0cee667 on n-h1-832164-7
Mar 15 14:25:01.497111 n-d-832164-7 devstack@n-api.service[118374]: INFO nova.api.openstack.requestlog [req-96e60e65-d20c-48ca-8ce7-2032e3a2d7b5 req-0e239fb8-5bb4-4651-aae4-7e108a7e1602 service nova] 10.222.0.31 "POST /compute/v2.1/os-server-external-events" status: 200 len: 179 microversion: 2.1 time: 0.079781
Mar 15 14:25:01.498553 n-d-832164-7 devstack@n-api.service[118374]: [pid: 118374|app: 0|req: 78/139] 10.222.0.31 () {64 vars in 1317 bytes} [Tue Mar 15 14:25:01 2022] POST /compute/v2.1/os-server-external-events => generated 179 bytes in 82 msecs (HTTP/1.1 200) 9 headers in 357 bytes (1 switches on core 0)
Mar 15 14:25:01.588669 n-d-832164-7 devstack@n-api.service[118373]: INFO nova.api.openstack.requestlog [None req-deaa8a94-c163-4070-81ee-db77725fd53c tempest-LiveMigrationNegativeTest-1254150720 tempest-LiveMigrationNegativeTest-1254150720-project] 10.222.0.31 "POST /compute/v2.1/servers" status: 202 len: 380 microversion: 2.1 time: 1.332447
Mar 15 14:25:01.589351 n-d-832164-7 devstack@n-api.service[118373]: [pid: 118373|app: 0|req: 62/140] 10.222.0.31 () {60 vars in 1146 bytes} [Tue Mar 15 14:25:00 2022] POST /compute/v2.1/servers => generated 380 bytes in 1336 msecs (HTTP/1.1 202) 10 headers in 451 bytes (2 switches on core 0)
Mar 15 14:25:01.778532 n-d-832164-7 devstack@n-api.service[118374]: DEBUG nova.api.openstack.wsgi [None req-1b16cdbd-241c-4e08-bdd3-50da928c580a tempest-ServersWithSpecificFlavorTestJSON-1242093641 tempest-ServersWithSpecificFlavorTestJSON-1242093641-project] Calling method '>' {{(pid=118374) _process_stack /opt/stack/nova/nova/api/openstack/wsgi.py:513}}
Mar 15 14:25:01.798273 n-d-832164-7 devstack@n-api.service[118374]: INFO nova.api.openstack.requestlog [None req-1b16cdbd-241c-4e08-bdd3-50da928c580a tempest-ServersWithSpecificFlavorTestJSON-1242093641 tempest-ServersWithSpecificFlavorTestJSON-1242093641-project] 10.222.0.31 "GET /compute/v2.1/flavors/452" status: 200 len: 370 microversion: 2.1 time: 0.295679
Mar 15 14:25:01.798900 n-d-832164-7 devstack@n-api.service[118374]: [pid: 118374|app: 0|req: 79/141] 10.222.0.31 () {58 vars in 1136 bytes} [Tue Mar 15 14:25:01 2022] GET /compute/v2.1/flavors/452 => generated 370 bytes in 300 msecs (HTTP/1.1 200) 9 headers in 357 bytes (1 switches on core 0)
Mar 15 14:25:01.806442 n-d-832164-7 devstack@n-api.service[118374]: DEBUG nova.api.openstack.wsgi [None req-5dc1d040-4392-4048-93fd-3756cf6976dd tempest-AggregatesAdminTestJSON-1618633159 tempest-AggregatesAdminTestJSON-1618633159-project] Calling method '>' {{(pid=118374) _process_stack /opt/stack/nova/nova/api/openstack/wsgi.py:513}}
Mar 15 14:25:01.812017 n-d-832164-7 devstack@n-api.service[118374]: DEBUG nova.compute.api [None req-5dc1d040-4392-4048-93fd-3756cf6976dd tempest-AggregatesAdminTestJSON-1618633159 tempest-AggregatesAdminTestJSON-1618633159-project] [instance: 566b07de-e68f-4c43-9c7e-065dd34aa0a6] Fetching instance by UUID {{(pid=118374) get /opt/stack/nova/nova/compute/api.py:2918}}
Mar 15 14:25:01.832164 n-d-832164-7 devstack@n-api.service[118374]: DEBUG oslo_concurrency.lockutils [None req-5dc1d040-4392-4048-93fd-3756cf6976dd tempest-AggregatesAdminTestJSON-1618633159 tempest-AggregatesAdminTestJSON-1618633159-project] Lock "e88acfd6-201d-4e85-a963-38f49aff68d9" acquired by "nova.context.set_target_cell..get_or_set_cached_cell_and_set_connections" :: waited 0.000s {{(pid=118374) inner /usr/local/lib/python3.8/dist-packages/oslo_concurrency/lockutils.py:386}}
Mar 15 14:25:01.832577 n-d-832164-7 devstack@n-api.service[118374]: DEBUG oslo_concurrency.lockutils [None req-5dc1d040-4392-4048-93fd-3756cf6976dd tempest-AggregatesAdminTestJSON-1618633159 tempest-AggregatesAdminTestJSON-1618633159-project] Lock "e88acfd6-201d-4e85-a963-38f49aff68d9" "released" by "nova.context.set_target_cell..get_or_set_cached_cell_and_set_connections" :: held 0.001s {{(pid=118374) inner /usr/local/lib/python3.8/dist-packages/oslo_concurrency/lockutils.py:400}}
Mar 15 14:25:01.837164 n-d-832164-7 devstack@n-api.service[118374]: DEBUG oslo_concurrency.lockutils [None req-5dc1d040-4392-4048-93fd-3756cf6976dd tempest-AggregatesAdminTestJSON-1618633159 tempest-AggregatesAdminTestJSON-1618633159-project] Lock "e88acfd6-201d-4e85-a963-38f49aff68d9" acquired by "nova.context.set_target_cell..get_or_set_cached_cell_and_set_connections" :: waited 0.000s {{(pid=118374) inner /usr/local/lib/python3.8/dist-packages/oslo_concurrency/lockutils.py:386}}
Mar 15 14:25:01.837635 n-d-832164-7 devstack@n-api.service[118374]: DEBUG oslo_concurrency.lockutils [None req-5dc1d040-4392-4048-93fd-3756cf6976dd tempest-AggregatesAdminTestJSON-1618633159 tempest-AggregatesAdminTestJSON-1618633159-project] Lock "e88acfd6-201d-4e85-a963-38f49aff68d9" "released" by "nova.context.set_target_cell..get_or_set_cached_cell_and_set_connections" :: held 0.004s {{(pid=118374) inner /usr/local/lib/python3.8/dist-packages/oslo_concurrency/lockutils.py:400}}
Mar 15 14:25:01.860620 n-d-832164-7 devstack@n-api.service[118373]: DEBUG nova.api.openstack.wsgi [None req-242a525e-6430-407d-b1e4-fa427ddf06a8 tempest-HypervisorAdminV228Test-771605576 tempest-HypervisorAdminV228Test-771605576-project-admin] Calling method '.version_select at 0x7fe3adc9c310>' {{(pid=118373) _process_stack /opt/stack/nova/nova/api/openstack/wsgi.py:513}}
Mar 15 14:25:01.862654 n-d-832164-7 devstack@n-api.service[118373]: /usr/local/lib/python3.8/dist-packages/oslo_policy/policy.py:1119: UserWarning: Policy "os_compute_api:os-hypervisors:list": "rule:context_is_admin" failed scope check. The token used to make the request was project scoped but the policy requires ['system'] scope. This behavior may change in the future where using the intended scope is required
Mar 15 14:25:01.862654 n-d-832164-7 devstack@n-api.service[118373]: warnings.warn(msg)
Mar 15 14:25:01.862780 n-d-832164-7 devstack@n-api.service[118373]: DEBUG oslo_concurrency.lockutils [None req-242a525e-6430-407d-b1e4-fa427ddf06a8 tempest-HypervisorAdminV228Test-771605576 tempest-HypervisorAdminV228Test-771605576-project-admin] Lock "e88acfd6-201d-4e85-a963-38f49aff68d9" acquired by "nova.context.set_target_cell..get_or_set_cached_cell_and_set_connections" :: waited 0.000s {{(pid=118373) inner /usr/local/lib/python3.8/dist-packages/oslo_concurrency/lockutils.py:386}}
Mar 15 14:25:01.863130 n-d-832164-7 devstack@n-api.service[118373]: DEBUG oslo_concurrency.lockutils [None req-242a525e-6430-407d-b1e4-fa427ddf06a8 tempest-HypervisorAdminV228Test-771605576 tempest-HypervisorAdminV228Test-771605576-project-admin] Lock "e88acfd6-201d-4e85-a963-38f49aff68d9" "released" by "nova.context.set_target_cell..get_or_set_cached_cell_and_set_connections" :: held 0.001s {{(pid=118373) inner /usr/local/lib/python3.8/dist-packages/oslo_concurrency/lockutils.py:400}}
Mar 15 14:25:01.893145 n-d-832164-7 devstack@n-api.service[118373]: DEBUG oslo_concurrency.lockutils [None req-242a525e-6430-407d-b1e4-fa427ddf06a8 tempest-HypervisorAdminV228Test-771605576 tempest-HypervisorAdminV228Test-771605576-project-admin] Lock "e88acfd6-201d-4e85-a963-38f49aff68d9" acquired by "nova.context.set_target_cell..get_or_set_cached_cell_and_set_connections" :: waited 0.000s {{(pid=118373) inner /usr/local/lib/python3.8/dist-packages/oslo_concurrency/lockutils.py:386}}
Mar 15 14:25:01.893638 n-d-832164-7 devstack@n-api.service[118373]: DEBUG oslo_concurrency.lockutils [None req-242a525e-6430-407d-b1e4-fa427ddf06a8 tempest-HypervisorAdminV228Test-771605576 tempest-HypervisorAdminV228Test-771605576-project-admin] Lock "e88acfd6-201d-4e85-a963-38f49aff68d9" "released" by "nova.context.set_target_cell..get_or_set_cached_cell_and_set_connections" :: held 0.001s {{(pid=118373) inner /usr/local/lib/python3.8/dist-packages/oslo_concurrency/lockutils.py:400}}
Mar 15 14:25:01.914464 n-d-832164-7 devstack@n-api.service[118373]: DEBUG oslo_concurrency.lockutils [None req-242a525e-6430-407d-b1e4-fa427ddf06a8 tempest-HypervisorAdminV228Test-771605576 tempest-HypervisorAdminV228Test-771605576-project-admin] Lock "e88acfd6-201d-4e85-a963-38f49aff68d9" acquired by "nova.context.set_target_cell..get_or_set_cached_cell_and_set_connections" :: waited 0.000s {{(pid=118373) inner /usr/local/lib/python3.8/dist-packages/oslo_concurrency/lockutils.py:386}}
Mar 15 14:25:01.914908 n-d-832164-7 devstack@n-api.service[118373]: DEBUG oslo_concurrency.lockutils [None req-242a525e-6430-407d-b1e4-fa427ddf06a8 tempest-HypervisorAdminV228Test-771605576 tempest-HypervisorAdminV228Test-771605576-project-admin] Lock "e88acfd6-201d-4e85-a963-38f49aff68d9" "released" by "nova.context.set_target_cell..get_or_set_cached_cell_and_set_connections" :: held 0.001s {{(pid=118373) inner /usr/local/lib/python3.8/dist-packages/oslo_concurrency/lockutils.py:400}}
Mar 15 14:25:01.930211 n-d-832164-7 devstack@n-api.service[118373]: INFO nova.api.openstack.requestlog [None req-242a525e-6430-407d-b1e4-fa427ddf06a8 tempest-HypervisorAdminV228Test-771605576 tempest-HypervisorAdminV228Test-771605576-project-admin] 10.222.0.31 "GET /compute/v2.1/os-hypervisors" status: 200 len: 191 microversion: 2.28 time: 0.339796
Mar 15 14:25:01.938409 n-d-832164-7 devstack@n-api.service[118373]: [pid: 118373|app: 0|req: 63/142] 10.222.0.31 () {60 vars in 1186 bytes} [Tue Mar 15 14:25:01 2022] GET /compute/v2.1/os-hypervisors => generated 191 bytes in 345 msecs (HTTP/1.1 200) 9 headers in 359 bytes (1 switches on core 0)
Mar 15 14:25:02.054741 n-d-832164-7 devstack@n-api.service[118374]: DEBUG nova.policy [None req-5dc1d040-4392-4048-93fd-3756cf6976dd tempest-AggregatesAdminTestJSON-1618633159 tempest-AggregatesAdminTestJSON-1618633159-project] Policy check for os_compute_api:os-extended-server-attributes failed with credentials {'is_admin': False, 'user_id': 'ccf34878178f49b7afd0794c01ebe80a', 'user_domain_id': 'default', 'system_scope': None, 'domain_id': None, 'project_id': 'f2a92623f60347df91a79254296352c3', 'project_domain_id': 'default', 'roles': ['reader', 'member'], 'is_admin_project': True, 'service_user_id': None, 'service_user_domain_id': None, 'service_project_id': None, 'service_project_domain_id': None, 'service_roles': []} {{(pid=118374) authorize /opt/stack/nova/nova/policy.py:199}}
Mar 15 14:25:02.063510 n-d-832164-7 devstack@n-api.service[118374]: INFO nova.api.openstack.requestlog [None req-5dc1d040-4392-4048-93fd-3756cf6976dd tempest-AggregatesAdminTestJSON-1618633159 tempest-AggregatesAdminTestJSON-1618633159-project] 10.222.0.31 "GET /compute/v2.1/servers/566b07de-e68f-4c43-9c7e-065dd34aa0a6" status: 200 len: 1337 microversion: 2.1 time: 0.263569
Mar 15 14:25:02.066002 n-d-832164-7 devstack@n-api.service[118374]: [pid: 118374|app: 0|req: 80/143] 10.222.0.31 () {58 vars in 1235 bytes} [Tue Mar 15 14:25:01 2022] GET /compute/v2.1/servers/566b07de-e68f-4c43-9c7e-065dd34aa0a6 => generated 1337 bytes in 266 msecs (HTTP/1.1 200) 9 headers in 358 bytes (1 switches on core 0)
Mar 15 14:25:02.072123 n-d-832164-7 devstack@n-api.service[118374]: DEBUG nova.api.openstack.wsgi [None req-0b789ee7-0331-4462-9417-73c491929b5d tempest-LiveMigrationNegativeTest-1254150720 tempest-LiveMigrationNegativeTest-1254150720-project] Calling method '>' {{(pid=118374) _process_stack /opt/stack/nova/nova/api/openstack/wsgi.py:513}}
Mar 15 14:25:02.073057 n-d-832164-7 devstack@n-api.service[118374]: DEBUG nova.compute.api [None req-0b789ee7-0331-4462-9417-73c491929b5d tempest-LiveMigrationNegativeTest-1254150720 tempest-LiveMigrationNegativeTest-1254150720-project] [instance: e2d9e450-9318-4680-a8f5-f4a4c2541b5f] Fetching instance by UUID {{(pid=118374) get /opt/stack/nova/nova/compute/api.py:2918}}
Mar 15 14:25:02.191383 n-d-832164-7 devstack@n-api.service[118373]: DEBUG nova.api.openstack.wsgi [req-53cdaa10-cc73-4a15-b264-caa36f573a45 req-09a4a183-3169-4a42-8610-9772d32d4879 service nova] Action: 'create', calling method: >, body: {"events": [{"server_uuid": "566b07de-e68f-4c43-9c7e-065dd34aa0a6", "name": "network-vif-plugged", "status": "completed", "tag": "a27a73ef-cb73-434d-b333-89bf6ce88f4d"}]} {{(pid=118373) _process_stack /opt/stack/nova/nova/api/openstack/wsgi.py:511}}
Mar 15 14:25:02.200034 n-d-832164-7 devstack@n-api.service[118374]: DEBUG nova.policy [None req-0b789ee7-0331-4462-9417-73c491929b5d tempest-LiveMigrationNegativeTest-1254150720 tempest-LiveMigrationNegativeTest-1254150720-project] Policy check for os_compute_api:os-extended-server-attributes failed with credentials {'is_admin': False, 'user_id': 'f1f10e61ea7e493cb8b9f1cb7288a07d', 'user_domain_id': 'default', 'system_scope': None, 'domain_id': None, 'project_id': '7b757ced5f4c4b3b928284efbaacd536', 'project_domain_id': 'default', 'roles': ['reader', 'member'], 'is_admin_project': True, 'service_user_id': None, 'service_user_domain_id': None, 'service_project_id': None, 'service_project_domain_id': None, 'service_roles': []} {{(pid=118374) authorize /opt/stack/nova/nova/policy.py:199}}
Mar 15 14:25:02.206602 n-d-832164-7 devstack@n-api.service[118374]: INFO nova.api.openstack.requestlog [None req-0b789ee7-0331-4462-9417-73c491929b5d tempest-LiveMigrationNegativeTest-1254150720 tempest-LiveMigrationNegativeTest-1254150720-project] 10.222.0.31 "GET /compute/v2.1/servers/e2d9e450-9318-4680-a8f5-f4a4c2541b5f" status: 200 len: 1219 microversion: 2.1 time: 0.139384
Mar 15 14:25:02.215028 n-d-832164-7 devstack@n-api.service[118374]: [pid: 118374|app: 0|req: 81/144] 10.222.0.31 () {58 vars in 1235 bytes} [Tue Mar 15 14:25:02 2022] GET /compute/v2.1/servers/e2d9e450-9318-4680-a8f5-f4a4c2541b5f => generated 1219 bytes in 141 msecs (HTTP/1.1 200) 9 headers in 358 bytes (1 switches on core 0)
Mar 15 14:25:02.215170 n-d-832164-7 devstack@n-api.service[118373]: DEBUG oslo_concurrency.lockutils [req-53cdaa10-cc73-4a15-b264-caa36f573a45 req-09a4a183-3169-4a42-8610-9772d32d4879 service nova] Lock "e88acfd6-201d-4e85-a963-38f49aff68d9" acquired by "nova.context.set_target_cell..get_or_set_cached_cell_and_set_connections" :: waited 0.000s {{(pid=118373) inner /usr/local/lib/python3.8/dist-packages/oslo_concurrency/lockutils.py:386}}
Mar 15 14:25:02.215170 n-d-832164-7 devstack@n-api.service[118373]: DEBUG oslo_concurrency.lockutils [req-53cdaa10-cc73-4a15-b264-caa36f573a45 req-09a4a183-3169-4a42-8610-9772d32d4879 service nova] Lock "e88acfd6-201d-4e85-a963-38f49aff68d9" "released" by "nova.context.set_target_cell..get_or_set_cached_cell_and_set_connections" :: held 0.001s {{(pid=118373) inner /usr/local/lib/python3.8/dist-packages/oslo_concurrency/lockutils.py:400}}
Mar 15 14:25:02.227951 n-d-832164-7 devstack@n-api.service[118373]: INFO nova.api.openstack.compute.server_external_events [req-53cdaa10-cc73-4a15-b264-caa36f573a45 req-09a4a183-3169-4a42-8610-9772d32d4879 service nova] Creating event network-vif-plugged:a27a73ef-cb73-434d-b333-89bf6ce88f4d for instance 566b07de-e68f-4c43-9c7e-065dd34aa0a6 on n-h2-832164-7
Mar 15 14:25:02.235064 n-d-832164-7 devstack@n-api.service[118373]: INFO nova.api.openstack.requestlog [req-53cdaa10-cc73-4a15-b264-caa36f573a45 req-09a4a183-3169-4a42-8610-9772d32d4879 service nova] 10.222.0.31 "POST /compute/v2.1/os-server-external-events" status: 200 len: 183 microversion: 2.1 time: 0.297579
Mar 15 14:25:02.235958 n-d-832164-7 devstack@n-api.service[118373]: [pid: 118373|app: 0|req: 64/145] 10.222.0.31 () {64 vars in 1317 bytes} [Tue Mar 15 14:25:01 2022] POST /compute/v2.1/os-server-external-events => generated 183 bytes in 300 msecs (HTTP/1.1 200) 9 headers in 357 bytes (1 switches on core 0)
Mar 15 14:25:02.243476 n-d-832164-7 devstack@n-api.service[118373]: DEBUG nova.api.openstack.wsgi [None req-4d44c231-0292-4b93-ba9b-26bb28b24fe4 tempest-TenantUsagesTestJSON-1663928332 tempest-TenantUsagesTestJSON-1663928332-project] Calling method '>' {{(pid=118373) _process_stack /opt/stack/nova/nova/api/openstack/wsgi.py:513}}
Mar 15 14:25:02.244396 n-d-832164-7 devstack@n-api.service[118373]: DEBUG nova.compute.api [None req-4d44c231-0292-4b93-ba9b-26bb28b24fe4 tempest-TenantUsagesTestJSON-1663928332 tempest-TenantUsagesTestJSON-1663928332-project] [instance: b1399694-a961-48e2-b5de-4893c0cee667] Fetching instance by UUID {{(pid=118373) get /opt/stack/nova/nova/compute/api.py:2918}}
Mar 15 14:25:02.252114 n-d-832164-7 devstack@n-api.service[118373]: DEBUG oslo_concurrency.lockutils [None req-4d44c231-0292-4b93-ba9b-26bb28b24fe4 tempest-TenantUsagesTestJSON-1663928332 tempest-TenantUsagesTestJSON-1663928332-project] Lock "e88acfd6-201d-4e85-a963-38f49aff68d9" acquired by "nova.context.set_target_cell..get_or_set_cached_cell_and_set_connections" :: waited 0.000s {{(pid=118373) inner /usr/local/lib/python3.8/dist-packages/oslo_concurrency/lockutils.py:386}}
