Mar 07 11:10:31.581768 n-d-832164-4 devstack@placement-api.service[104283]: INFO placement.requestlog [req-b32caab2-42cf-4825-bc85-01c0dc5c338c req-9903e919-49af-4a88-947c-35db14a68b02 service placement] 10.222.0.11 "GET /placement/allocation_candidates?limit=1000&resources=MEMORY_MB%3A1024%2CVCPU%3A1&root_required=%21COMPUTE_STATUS_DISABLED" status: 200 len: 1281 microversion: 1.36
Mar 07 11:10:31.583011 n-d-832164-4 devstack@placement-api.service[104283]: [pid: 104283|app: 0|req: 537/1075] 10.222.0.11 () {60 vars in 1478 bytes} [Mon Mar 7 11:10:31 2022] GET /placement/allocation_candidates?limit=1000&resources=MEMORY_MB%3A1024%2CVCPU%3A1&root_required=%21COMPUTE_STATUS_DISABLED => generated 1281 bytes in 350 msecs (HTTP/1.1 200) 8 headers in 297 bytes (1 switches on core 0)
Mar 07 11:10:31.713791 n-d-832164-4 devstack@placement-api.service[104282]: DEBUG placement.requestlog [req-b32caab2-42cf-4825-bc85-01c0dc5c338c req-de705fa7-841f-4fc0-b08c-67b0963fcb84 None None] Starting request: 10.222.0.11 "GET /placement/allocations/2ef0d22a-ef3b-43eb-b79d-08dc7d29721d" {{(pid=104282) __call__ /opt/stack/placement/placement/requestlog.py:55}}
Mar 07 11:10:31.727237 n-d-832164-4 devstack@placement-api.service[104282]: INFO placement.requestlog [req-b32caab2-42cf-4825-bc85-01c0dc5c338c req-de705fa7-841f-4fc0-b08c-67b0963fcb84 service placement] 10.222.0.11 "GET /placement/allocations/2ef0d22a-ef3b-43eb-b79d-08dc7d29721d" status: 200 len: 19 microversion: 1.28
Mar 07 11:10:31.734146 n-d-832164-4 devstack@placement-api.service[104283]: DEBUG placement.requestlog [req-b32caab2-42cf-4825-bc85-01c0dc5c338c req-07464105-91c3-4bbc-9477-f7ab1a43035f None None] Starting request: 10.222.0.11 "PUT /placement/allocations/2ef0d22a-ef3b-43eb-b79d-08dc7d29721d" {{(pid=104283) __call__ /opt/stack/placement/placement/requestlog.py:55}}
Mar 07 11:10:31.743553 n-d-832164-4 devstack@placement-api.service[104282]: [pid: 104282|app: 0|req: 539/1076] 10.222.0.11 () {60 vars in 1380 bytes} [Mon Mar 7 11:10:31 2022] GET /placement/allocations/2ef0d22a-ef3b-43eb-b79d-08dc7d29721d => generated 19 bytes in 21 msecs (HTTP/1.1 200) 8 headers in 295 bytes (1 switches on core 0)
Mar 07 11:10:31.787666 n-d-832164-4 devstack@placement-api.service[104283]: DEBUG placement.handlers.allocation [req-b32caab2-42cf-4825-bc85-01c0dc5c338c req-07464105-91c3-4bbc-9477-f7ab1a43035f service placement] Successfully wrote allocations [, ] {{(pid=104283) _update_consumers_and_create_allocations /opt/stack/placement/placement/handlers/allocation.py:462}}
Mar 07 11:10:31.795814 n-d-832164-4 devstack@placement-api.service[104283]: INFO placement.requestlog [req-b32caab2-42cf-4825-bc85-01c0dc5c338c req-07464105-91c3-4bbc-9477-f7ab1a43035f service placement] 10.222.0.11 "PUT /placement/allocations/2ef0d22a-ef3b-43eb-b79d-08dc7d29721d" status: 204 len: 0 microversion: 1.36
Mar 07 11:10:31.797162 n-d-832164-4 devstack@placement-api.service[104283]: [pid: 104283|app: 0|req: 538/1077] 10.222.0.11 () {64 vars in 1433 bytes} [Mon Mar 7 11:10:31 2022] PUT /placement/allocations/2ef0d22a-ef3b-43eb-b79d-08dc7d29721d => generated 0 bytes in 63 msecs (HTTP/1.1 204) 5 headers in 199 bytes (2 switches on core 0)
Mar 07 11:10:31.890280 n-d-832164-4 devstack@placement-api.service[104282]: DEBUG placement.requestlog [req-c5e37414-cef9-4229-830d-c4ffd948ecea req-4634b6ff-a8df-4b4f-93c2-dc0748f4a789 None None] Starting request: 10.222.0.21 "GET /placement/resource_providers/27da3fbd-df6f-4825-9d92-5b877fd49216/allocations" {{(pid=104282) __call__ /opt/stack/placement/placement/requestlog.py:55}}
Mar 07 11:10:31.916578 n-d-832164-4 devstack@placement-api.service[104282]: INFO placement.requestlog [req-c5e37414-cef9-4229-830d-c4ffd948ecea req-4634b6ff-a8df-4b4f-93c2-dc0748f4a789 service placement] 10.222.0.21 "GET /placement/resource_providers/27da3fbd-df6f-4825-9d92-5b877fd49216/allocations" status: 200 len: 141 microversion: 1.0
Mar 07 11:10:31.919356 n-d-832164-4 devstack@placement-api.service[104282]: [pid: 104282|app: 0|req: 540/1078] 10.222.0.21 () {58 vars in 1390 bytes} [Mon Mar 7 11:10:31 2022] GET /placement/resource_providers/27da3fbd-df6f-4825-9d92-5b877fd49216/allocations => generated 141 bytes in 29 msecs (HTTP/1.1 200) 6 headers in 224 bytes (2 switches on core 0)
Mar 07 11:10:32.190657 n-d-832164-4 devstack@placement-api.service[104283]: DEBUG placement.requestlog [req-b32caab2-42cf-4825-bc85-01c0dc5c338c req-887d0865-941f-42d4-b226-cc0663fdc89e None None] Starting request: 10.222.0.31 "GET /placement/allocations/2ef0d22a-ef3b-43eb-b79d-08dc7d29721d" {{(pid=104283) __call__ /opt/stack/placement/placement/requestlog.py:55}}
Mar 07 11:10:32.207552 n-d-832164-4 devstack@placement-api.service[104283]: INFO placement.requestlog [req-b32caab2-42cf-4825-bc85-01c0dc5c338c req-887d0865-941f-42d4-b226-cc0663fdc89e service placement] 10.222.0.31 "GET /placement/allocations/2ef0d22a-ef3b-43eb-b79d-08dc7d29721d" status: 200 len: 245 microversion: 1.28
Mar 07 11:10:32.208600 n-d-832164-4 devstack@placement-api.service[104283]: [pid: 104283|app: 0|req: 539/1079] 10.222.0.31 () {60 vars in 1377 bytes} [Mon Mar 7 11:10:32 2022] GET /placement/allocations/2ef0d22a-ef3b-43eb-b79d-08dc7d29721d => generated 245 bytes in 18 msecs (HTTP/1.1 200) 8 headers in 296 bytes (1 switches on core 0)
Mar 07 11:10:48.051439 n-d-832164-4 devstack@placement-api.service[104282]: DEBUG placement.requestlog [req-bc19928c-80f9-4694-9be9-d95145431782 req-34bed4c3-0c4c-484d-bd28-2c995860226c None None] Starting request: 10.222.0.11 "GET /placement/allocation_candidates?limit=1000&resources=DISK_GB%3A1%2CMEMORY_MB%3A1024%2CVCPU%3A1&root_required=%21COMPUTE_STATUS_DISABLED" {{(pid=104282) __call__ /opt/stack/placement/placement/requestlog.py:55}}
Mar 07 11:10:48.086766 n-d-832164-4 devstack@placement-api.service[104282]: DEBUG placement.objects.research_context [req-bc19928c-80f9-4694-9be9-d95145431782 req-34bed4c3-0c4c-484d-bd28-2c995860226c service placement] getting providers with 1 DISK_GB {{(pid=104282) __init__ /opt/stack/placement/placement/objects/research_context.py:136}}
Mar 07 11:10:48.094282 n-d-832164-4 devstack@placement-api.service[104282]: DEBUG placement.objects.research_context [req-bc19928c-80f9-4694-9be9-d95145431782 req-34bed4c3-0c4c-484d-bd28-2c995860226c service placement] getting providers with 1024 MEMORY_MB {{(pid=104282) __init__ /opt/stack/placement/placement/objects/research_context.py:136}}
Mar 07 11:10:48.100721 n-d-832164-4 devstack@placement-api.service[104282]: DEBUG placement.objects.research_context [req-bc19928c-80f9-4694-9be9-d95145431782 req-34bed4c3-0c4c-484d-bd28-2c995860226c service placement] getting providers with 1 VCPU {{(pid=104282) __init__ /opt/stack/placement/placement/objects/research_context.py:136}}
Mar 07 11:10:48.107338 n-d-832164-4 devstack@placement-api.service[104282]: DEBUG placement.objects.research_context [req-bc19928c-80f9-4694-9be9-d95145431782 req-34bed4c3-0c4c-484d-bd28-2c995860226c service placement] found 2 providers with available 1 DISK_GB {{(pid=104282) get_provider_ids_matching /opt/stack/placement/placement/objects/research_context.py:559}}
Mar 07 11:10:48.107675 n-d-832164-4 devstack@placement-api.service[104282]: DEBUG placement.objects.research_context [req-bc19928c-80f9-4694-9be9-d95145431782 req-34bed4c3-0c4c-484d-bd28-2c995860226c service placement] found 2 providers with available 1024 MEMORY_MB {{(pid=104282) get_provider_ids_matching /opt/stack/placement/placement/objects/research_context.py:559}}
Mar 07 11:10:48.108008 n-d-832164-4 devstack@placement-api.service[104282]: DEBUG placement.objects.research_context [req-bc19928c-80f9-4694-9be9-d95145431782 req-34bed4c3-0c4c-484d-bd28-2c995860226c service placement] found 2 providers after filtering by previous result {{(pid=104282) get_provider_ids_matching /opt/stack/placement/placement/objects/research_context.py:590}}
Mar 07 11:10:48.108343 n-d-832164-4 devstack@placement-api.service[104282]: DEBUG placement.objects.research_context [req-bc19928c-80f9-4694-9be9-d95145431782 req-34bed4c3-0c4c-484d-bd28-2c995860226c service placement] found 2 providers with available 1 VCPU {{(pid=104282) get_provider_ids_matching /opt/stack/placement/placement/objects/research_context.py:559}}
Mar 07 11:10:48.108670 n-d-832164-4 devstack@placement-api.service[104282]: DEBUG placement.objects.research_context [req-bc19928c-80f9-4694-9be9-d95145431782 req-34bed4c3-0c4c-484d-bd28-2c995860226c service placement] found 2 providers after filtering by previous result {{(pid=104282) get_provider_ids_matching /opt/stack/placement/placement/objects/research_context.py:590}}
Mar 07 11:10:48.119730 n-d-832164-4 devstack@placement-api.service[104282]: DEBUG placement.objects.allocation_candidate [req-bc19928c-80f9-4694-9be9-d95145431782 req-34bed4c3-0c4c-484d-bd28-2c995860226c service placement] RequestGroup(use_same_provider=False, resources={DISK_GB:1, MEMORY_MB:1024, VCPU:1}, traits=(), aggregates=[]) (suffix '') returned 2 matches {{(pid=104282) _get_by_requests /opt/stack/placement/placement/objects/allocation_candidate.py:156}}
Mar 07 11:10:48.120218 n-d-832164-4 devstack@placement-api.service[104282]: DEBUG placement.objects.allocation_candidate [req-bc19928c-80f9-4694-9be9-d95145431782 req-34bed4c3-0c4c-484d-bd28-2c995860226c service placement] Merging candidates yields 2 allocation requests and 2 provider summaries {{(pid=104282) _merge_candidates /opt/stack/placement/placement/objects/allocation_candidate.py:809}}
Mar 07 11:10:48.121847 n-d-832164-4 devstack@placement-api.service[104282]: INFO placement.requestlog [req-bc19928c-80f9-4694-9be9-d95145431782 req-34bed4c3-0c4c-484d-bd28-2c995860226c service placement] 10.222.0.11 "GET /placement/allocation_candidates?limit=1000&resources=DISK_GB%3A1%2CMEMORY_MB%3A1024%2CVCPU%3A1&root_required=%21COMPUTE_STATUS_DISABLED" status: 200 len: 1309 microversion: 1.36
Mar 07 11:10:48.122290 n-d-832164-4 devstack@placement-api.service[104282]: [pid: 104282|app: 0|req: 541/1080] 10.222.0.11 () {60 vars in 1506 bytes} [Mon Mar 7 11:10:48 2022] GET /placement/allocation_candidates?limit=1000&resources=DISK_GB%3A1%2CMEMORY_MB%3A1024%2CVCPU%3A1&root_required=%21COMPUTE_STATUS_DISABLED => generated 1309 bytes in 71 msecs (HTTP/1.1 200) 8 headers in 297 bytes (1 switches on core 0)
Mar 07 11:10:48.180206 n-d-832164-4 devstack@placement-api.service[104283]: DEBUG placement.requestlog [req-bc19928c-80f9-4694-9be9-d95145431782 req-74dff3ee-49f4-43e1-9076-dc51fe1f8bd0 None None] Starting request: 10.222.0.11 "GET /placement/allocations/8b5e77c3-5f94-4832-9a20-58b0d895023d" {{(pid=104283) __call__ /opt/stack/placement/placement/requestlog.py:55}}
Mar 07 11:10:48.191229 n-d-832164-4 devstack@placement-api.service[104283]: INFO placement.requestlog [req-bc19928c-80f9-4694-9be9-d95145431782 req-74dff3ee-49f4-43e1-9076-dc51fe1f8bd0 service placement] 10.222.0.11 "GET /placement/allocations/8b5e77c3-5f94-4832-9a20-58b0d895023d" status: 200 len: 19 microversion: 1.28
Mar 07 11:10:48.193298 n-d-832164-4 devstack@placement-api.service[104283]: [pid: 104283|app: 0|req: 540/1081] 10.222.0.11 () {60 vars in 1380 bytes} [Mon Mar 7 11:10:48 2022] GET /placement/allocations/8b5e77c3-5f94-4832-9a20-58b0d895023d => generated 19 bytes in 13 msecs (HTTP/1.1 200) 8 headers in 295 bytes (1 switches on core 0)
Mar 07 11:10:48.201961 n-d-832164-4 devstack@placement-api.service[104282]: DEBUG placement.requestlog [req-bc19928c-80f9-4694-9be9-d95145431782 req-6bb6e894-0a5f-48af-b080-2bb4f14e15d5 None None] Starting request: 10.222.0.11 "PUT /placement/allocations/8b5e77c3-5f94-4832-9a20-58b0d895023d" {{(pid=104282) __call__ /opt/stack/placement/placement/requestlog.py:55}}
Mar 07 11:10:48.269622 n-d-832164-4 devstack@placement-api.service[104282]: DEBUG placement.handlers.allocation [req-bc19928c-80f9-4694-9be9-d95145431782 req-6bb6e894-0a5f-48af-b080-2bb4f14e15d5 service placement] Successfully wrote allocations [, , ] {{(pid=104282) _update_consumers_and_create_allocations /opt/stack/placement/placement/handlers/allocation.py:462}}
Mar 07 11:10:48.273367 n-d-832164-4 devstack@placement-api.service[104282]: INFO placement.requestlog [req-bc19928c-80f9-4694-9be9-d95145431782 req-6bb6e894-0a5f-48af-b080-2bb4f14e15d5 service placement] 10.222.0.11 "PUT /placement/allocations/8b5e77c3-5f94-4832-9a20-58b0d895023d" status: 204 len: 0 microversion: 1.36
Mar 07 11:10:48.274060 n-d-832164-4 devstack@placement-api.service[104282]: [pid: 104282|app: 0|req: 542/1082] 10.222.0.11 () {64 vars in 1433 bytes} [Mon Mar 7 11:10:48 2022] PUT /placement/allocations/8b5e77c3-5f94-4832-9a20-58b0d895023d => generated 0 bytes in 72 msecs (HTTP/1.1 204) 5 headers in 199 bytes (1 switches on core 0)
Mar 07 11:10:48.566581 n-d-832164-4 devstack@placement-api.service[104283]: DEBUG placement.requestlog [req-bc19928c-80f9-4694-9be9-d95145431782 req-b8527186-271e-4495-80ea-41645917f4f8 None None] Starting request: 10.222.0.21 "GET /placement/allocations/8b5e77c3-5f94-4832-9a20-58b0d895023d" {{(pid=104283) __call__ /opt/stack/placement/placement/requestlog.py:55}}
Mar 07 11:10:48.582724 n-d-832164-4 devstack@placement-api.service[104283]: INFO placement.requestlog [req-bc19928c-80f9-4694-9be9-d95145431782 req-b8527186-271e-4495-80ea-41645917f4f8 service placement] 10.222.0.21 "GET /placement/allocations/8b5e77c3-5f94-4832-9a20-58b0d895023d" status: 200 len: 260 microversion: 1.28
Mar 07 11:10:48.583434 n-d-832164-4 devstack@placement-api.service[104283]: [pid: 104283|app: 0|req: 541/1083] 10.222.0.21 () {60 vars in 1377 bytes} [Mon Mar 7 11:10:48 2022] GET /placement/allocations/8b5e77c3-5f94-4832-9a20-58b0d895023d => generated 260 bytes in 17 msecs (HTTP/1.1 200) 8 headers in 296 bytes (1 switches on core 0)
Mar 07 11:11:02.166067 n-d-832164-4 devstack@placement-api.service[104282]: DEBUG placement.requestlog [req-f7e63db7-716e-405c-b825-1c1ba95a291a req-0cb335a1-1743-4b5f-99ef-f38ecddb85e1 None None] Starting request: 10.222.0.11 "GET /placement/allocation_candidates?limit=1000&resources=MEMORY_MB%3A1024%2CVCPU%3A1&root_required=%21COMPUTE_STATUS_DISABLED" {{(pid=104282) __call__ /opt/stack/placement/placement/requestlog.py:55}}
Mar 07 11:11:02.203533 n-d-832164-4 devstack@placement-api.service[104282]: DEBUG placement.objects.research_context [req-f7e63db7-716e-405c-b825-1c1ba95a291a req-0cb335a1-1743-4b5f-99ef-f38ecddb85e1 service placement] getting providers with 1024 MEMORY_MB {{(pid=104282) __init__ /opt/stack/placement/placement/objects/research_context.py:136}}
Mar 07 11:11:02.209096 n-d-832164-4 devstack@placement-api.service[104282]: DEBUG placement.objects.research_context [req-f7e63db7-716e-405c-b825-1c1ba95a291a req-0cb335a1-1743-4b5f-99ef-f38ecddb85e1 service placement] getting providers with 1 VCPU {{(pid=104282) __init__ /opt/stack/placement/placement/objects/research_context.py:136}}
Mar 07 11:11:02.215215 n-d-832164-4 devstack@placement-api.service[104282]: DEBUG placement.objects.research_context [req-f7e63db7-716e-405c-b825-1c1ba95a291a req-0cb335a1-1743-4b5f-99ef-f38ecddb85e1 service placement] found 2 providers with available 1024 MEMORY_MB {{(pid=104282) get_provider_ids_matching /opt/stack/placement/placement/objects/research_context.py:559}}
Mar 07 11:11:02.215998 n-d-832164-4 devstack@placement-api.service[104282]: DEBUG placement.objects.research_context [req-f7e63db7-716e-405c-b825-1c1ba95a291a req-0cb335a1-1743-4b5f-99ef-f38ecddb85e1 service placement] found 2 providers with available 1 VCPU {{(pid=104282) get_provider_ids_matching /opt/stack/placement/placement/objects/research_context.py:559}}
Mar 07 11:11:02.216295 n-d-832164-4 devstack@placement-api.service[104282]: DEBUG placement.objects.research_context [req-f7e63db7-716e-405c-b825-1c1ba95a291a req-0cb335a1-1743-4b5f-99ef-f38ecddb85e1 service placement] found 2 providers after filtering by previous result {{(pid=104282) get_provider_ids_matching /opt/stack/placement/placement/objects/research_context.py:590}}
Mar 07 11:11:02.226796 n-d-832164-4 devstack@placement-api.service[104282]: DEBUG placement.objects.allocation_candidate [req-f7e63db7-716e-405c-b825-1c1ba95a291a req-0cb335a1-1743-4b5f-99ef-f38ecddb85e1 service placement] RequestGroup(use_same_provider=False, resources={MEMORY_MB:1024, VCPU:1}, traits=(), aggregates=[]) (suffix '') returned 2 matches {{(pid=104282) _get_by_requests /opt/stack/placement/placement/objects/allocation_candidate.py:156}}
Mar 07 11:11:02.227097 n-d-832164-4 devstack@placement-api.service[104282]: DEBUG placement.objects.allocation_candidate [req-f7e63db7-716e-405c-b825-1c1ba95a291a req-0cb335a1-1743-4b5f-99ef-f38ecddb85e1 service placement] Merging candidates yields 2 allocation requests and 2 provider summaries {{(pid=104282) _merge_candidates /opt/stack/placement/placement/objects/allocation_candidate.py:809}}
Mar 07 11:11:02.228652 n-d-832164-4 devstack@placement-api.service[104282]: INFO placement.requestlog [req-f7e63db7-716e-405c-b825-1c1ba95a291a req-0cb335a1-1743-4b5f-99ef-f38ecddb85e1 service placement] 10.222.0.11 "GET /placement/allocation_candidates?limit=1000&resources=MEMORY_MB%3A1024%2CVCPU%3A1&root_required=%21COMPUTE_STATUS_DISABLED" status: 200 len: 1281 microversion: 1.36
Mar 07 11:11:02.229051 n-d-832164-4 devstack@placement-api.service[104282]: [pid: 104282|app: 0|req: 543/1084] 10.222.0.11 () {60 vars in 1478 bytes} [Mon Mar 7 11:11:02 2022] GET /placement/allocation_candidates?limit=1000&resources=MEMORY_MB%3A1024%2CVCPU%3A1&root_required=%21COMPUTE_STATUS_DISABLED => generated 1281 bytes in 64 msecs (HTTP/1.1 200) 8 headers in 297 bytes (1 switches on core 0)
Mar 07 11:11:02.284647 n-d-832164-4 devstack@placement-api.service[104283]: DEBUG placement.requestlog [req-f7e63db7-716e-405c-b825-1c1ba95a291a req-3f406b36-d16f-4329-b030-bffb84956952 None None] Starting request: 10.222.0.11 "GET /placement/allocations/d84802aa-ac19-43dc-93d6-116f2fe10496" {{(pid=104283) __call__ /opt/stack/placement/placement/requestlog.py:55}}
Mar 07 11:11:02.296312 n-d-832164-4 devstack@placement-api.service[104283]: INFO placement.requestlog [req-f7e63db7-716e-405c-b825-1c1ba95a291a req-3f406b36-d16f-4329-b030-bffb84956952 service placement] 10.222.0.11 "GET /placement/allocations/d84802aa-ac19-43dc-93d6-116f2fe10496" status: 200 len: 19 microversion: 1.28
Mar 07 11:11:02.296657 n-d-832164-4 devstack@placement-api.service[104283]: [pid: 104283|app: 0|req: 542/1085] 10.222.0.11 () {60 vars in 1380 bytes} [Mon Mar 7 11:11:02 2022] GET /placement/allocations/d84802aa-ac19-43dc-93d6-116f2fe10496 => generated 19 bytes in 12 msecs (HTTP/1.1 200) 8 headers in 295 bytes (1 switches on core 0)
Mar 07 11:11:02.302685 n-d-832164-4 devstack@placement-api.service[104282]: DEBUG placement.requestlog [req-f7e63db7-716e-405c-b825-1c1ba95a291a req-e5573125-7242-4361-b0df-866e2b5d3c90 None None] Starting request: 10.222.0.11 "PUT /placement/allocations/d84802aa-ac19-43dc-93d6-116f2fe10496" {{(pid=104282) __call__ /opt/stack/placement/placement/requestlog.py:55}}
Mar 07 11:11:02.347870 n-d-832164-4 devstack@placement-api.service[104282]: DEBUG placement.handlers.allocation [req-f7e63db7-716e-405c-b825-1c1ba95a291a req-e5573125-7242-4361-b0df-866e2b5d3c90 service placement] Successfully wrote allocations [, ] {{(pid=104282) _update_consumers_and_create_allocations /opt/stack/placement/placement/handlers/allocation.py:462}}
Mar 07 11:11:02.350882 n-d-832164-4 devstack@placement-api.service[104282]: INFO placement.requestlog [req-f7e63db7-716e-405c-b825-1c1ba95a291a req-e5573125-7242-4361-b0df-866e2b5d3c90 service placement] 10.222.0.11 "PUT /placement/allocations/d84802aa-ac19-43dc-93d6-116f2fe10496" status: 204 len: 0 microversion: 1.36
Mar 07 11:11:02.351408 n-d-832164-4 devstack@placement-api.service[104282]: [pid: 104282|app: 0|req: 544/1086] 10.222.0.11 () {64 vars in 1433 bytes} [Mon Mar 7 11:11:02 2022] PUT /placement/allocations/d84802aa-ac19-43dc-93d6-116f2fe10496 => generated 0 bytes in 49 msecs (HTTP/1.1 204) 5 headers in 199 bytes (1 switches on core 0)
Mar 07 11:11:02.398630 n-d-832164-4 devstack@placement-api.service[104283]: DEBUG placement.requestlog [req-fc8fb199-3dc6-4f3c-9b08-740e560c6979 req-0b7469f1-4ce6-4fa8-82a3-effd3ddc985f None None] Starting request: 10.222.0.21 "DELETE /placement/allocations/8b5e77c3-5f94-4832-9a20-58b0d895023d" {{(pid=104283) __call__ /opt/stack/placement/placement/requestlog.py:55}}
Mar 07 11:11:02.429432 n-d-832164-4 devstack@placement-api.service[104283]: DEBUG placement.handlers.allocation [req-fc8fb199-3dc6-4f3c-9b08-740e560c6979 req-0b7469f1-4ce6-4fa8-82a3-effd3ddc985f service placement] Successfully deleted allocations [, , ] {{(pid=104283) delete_allocations /opt/stack/placement/placement/handlers/allocation.py:627}}
Mar 07 11:11:02.430192 n-d-832164-4 devstack@placement-api.service[104283]: INFO placement.requestlog [req-fc8fb199-3dc6-4f3c-9b08-740e560c6979 req-0b7469f1-4ce6-4fa8-82a3-effd3ddc985f service placement] 10.222.0.21 "DELETE /placement/allocations/8b5e77c3-5f94-4832-9a20-58b0d895023d" status: 204 len: 0 microversion: 1.0
Mar 07 11:11:02.430896 n-d-832164-4 devstack@placement-api.service[104283]: [pid: 104283|app: 0|req: 543/1087] 10.222.0.21 () {60 vars in 1355 bytes} [Mon Mar 7 11:11:02 2022] DELETE /placement/allocations/8b5e77c3-5f94-4832-9a20-58b0d895023d => generated 0 bytes in 33 msecs (HTTP/1.1 204) 5 headers in 198 bytes (1 switches on core 0)
Mar 07 11:11:02.640628 n-d-832164-4 devstack@placement-api.service[104282]: DEBUG placement.requestlog [req-f7e63db7-716e-405c-b825-1c1ba95a291a req-00d7a9a6-b7d9-4f45-bce3-30ea42e83f5d None None] Starting request: 10.222.0.21 "GET /placement/allocations/d84802aa-ac19-43dc-93d6-116f2fe10496" {{(pid=104282) __call__ /opt/stack/placement/placement/requestlog.py:55}}
Mar 07 11:11:02.656243 n-d-832164-4 devstack@placement-api.service[104282]: INFO placement.requestlog [req-f7e63db7-716e-405c-b825-1c1ba95a291a req-00d7a9a6-b7d9-4f45-bce3-30ea42e83f5d service placement] 10.222.0.21 "GET /placement/allocations/d84802aa-ac19-43dc-93d6-116f2fe10496" status: 200 len: 246 microversion: 1.28
Mar 07 11:11:02.656603 n-d-832164-4 devstack@placement-api.service[104282]: [pid: 104282|app: 0|req: 545/1088] 10.222.0.21 () {60 vars in 1377 bytes} [Mon Mar 7 11:11:02 2022] GET /placement/allocations/d84802aa-ac19-43dc-93d6-116f2fe10496 => generated 246 bytes in 16 msecs (HTTP/1.1 200) 8 headers in 296 bytes (1 switches on core 0)
Mar 07 11:11:07.390383 n-d-832164-4 devstack@placement-api.service[104283]: DEBUG placement.requestlog [req-dc249e37-1d36-463f-8bc6-98e4d576e350 req-02213c8d-e42e-4ee4-812c-cf4aef1755c2 None None] Starting request: 10.222.0.11 "GET /placement/resource_providers/614e8d20-2877-4b61-87f1-786cedc431ad/traits" {{(pid=104283) __call__ /opt/stack/placement/placement/requestlog.py:55}}
Mar 07 11:11:07.424230 n-d-832164-4 devstack@placement-api.service[104283]: INFO placement.requestlog [req-dc249e37-1d36-463f-8bc6-98e4d576e350 req-02213c8d-e42e-4ee4-812c-cf4aef1755c2 service placement] 10.222.0.11 "GET /placement/resource_providers/614e8d20-2877-4b61-87f1-786cedc431ad/traits" status: 200 len: 212 microversion: 1.6
Mar 07 11:11:07.451656 n-d-832164-4 devstack@placement-api.service[104283]: [pid: 104283|app: 0|req: 544/1089] 10.222.0.11 () {60 vars in 1412 bytes} [Mon Mar 7 11:11:07 2022] GET /placement/resource_providers/614e8d20-2877-4b61-87f1-786cedc431ad/traits => generated 212 bytes in 42 msecs (HTTP/1.1 200) 6 headers in 224 bytes (1 switches on core 0)
Mar 07 11:11:08.414286 n-d-832164-4 devstack@placement-api.service[104282]: DEBUG placement.requestlog [None req-e9c5981c-6a9f-4b46-9d42-860d6db87e9c None None] Starting request: 10.222.0.11 "GET /placement/" {{(pid=104282) __call__ /opt/stack/placement/placement/requestlog.py:55}}
Mar 07 11:11:08.415433 n-d-832164-4 devstack@placement-api.service[104282]: INFO placement.requestlog [None req-e9c5981c-6a9f-4b46-9d42-860d6db87e9c None None] 10.222.0.11 "GET /placement/" status: 200 len: 136 microversion: 1.0
Mar 07 11:11:08.416040 n-d-832164-4 devstack@placement-api.service[104282]: [pid: 104282|app: 0|req: 546/1090] 10.222.0.11 () {54 vars in 916 bytes} [Mon Mar 7 11:11:08 2022] GET /placement => generated 136 bytes in 2 msecs (HTTP/1.1 200) 6 headers in 224 bytes (1 switches on core 0)
Mar 07 11:11:08.443442 n-d-832164-4 devstack@placement-api.service[104283]: DEBUG placement.requestlog [req-dc249e37-1d36-463f-8bc6-98e4d576e350 req-83e942e7-f28f-4483-a6e7-3b3c81ec170b None None] Starting request: 10.222.0.11 "GET /placement/allocations/58f94309-914f-4d67-b368-e6bd640bccaa" {{(pid=104283) __call__ /opt/stack/placement/placement/requestlog.py:55}}
Mar 07 11:11:08.642641 n-d-832164-4 devstack@placement-api.service[104283]: INFO placement.requestlog [req-dc249e37-1d36-463f-8bc6-98e4d576e350 req-83e942e7-f28f-4483-a6e7-3b3c81ec170b service placement] 10.222.0.11 "GET /placement/allocations/58f94309-914f-4d67-b368-e6bd640bccaa" status: 200 len: 259 microversion: 1.28
Mar 07 11:11:08.643568 n-d-832164-4 devstack@placement-api.service[104283]: [pid: 104283|app: 0|req: 545/1091] 10.222.0.11 () {60 vars in 1380 bytes} [Mon Mar 7 11:11:08 2022] GET /placement/allocations/58f94309-914f-4d67-b368-e6bd640bccaa => generated 259 bytes in 200 msecs (HTTP/1.1 200) 8 headers in 296 bytes (1 switches on core 0)
Mar 07 11:11:08.650130 n-d-832164-4 devstack@placement-api.service[104282]: DEBUG placement.requestlog [req-dc249e37-1d36-463f-8bc6-98e4d576e350 req-840db545-aa7e-44a7-bd31-da6beb8cfa1a None None] Starting request: 10.222.0.11 "GET /placement/allocations/58f94309-914f-4d67-b368-e6bd640bccaa" {{(pid=104282) __call__ /opt/stack/placement/placement/requestlog.py:55}}
Mar 07 11:11:08.673299 n-d-832164-4 devstack@placement-api.service[104282]: INFO placement.requestlog [req-dc249e37-1d36-463f-8bc6-98e4d576e350 req-840db545-aa7e-44a7-bd31-da6beb8cfa1a service placement] 10.222.0.11 "GET /placement/allocations/58f94309-914f-4d67-b368-e6bd640bccaa" status: 200 len: 259 microversion: 1.28
Mar 07 11:11:08.681480 n-d-832164-4 devstack@placement-api.service[104282]: [pid: 104282|app: 0|req: 547/1092] 10.222.0.11 () {60 vars in 1380 bytes} [Mon Mar 7 11:11:08 2022] GET /placement/allocations/58f94309-914f-4d67-b368-e6bd640bccaa => generated 259 bytes in 32 msecs (HTTP/1.1 200) 8 headers in 296 bytes (1 switches on core 0)
Mar 07 11:11:08.682192 n-d-832164-4 devstack@placement-api.service[104283]: DEBUG placement.requestlog [req-dc249e37-1d36-463f-8bc6-98e4d576e350 req-3954a87d-bbcb-4560-83d6-5d1d08061c83 None None] Starting request: 10.222.0.11 "GET /placement/allocations/c9bae157-5e29-4f5d-8b8a-90cae9200d94" {{(pid=104283) __call__ /opt/stack/placement/placement/requestlog.py:55}}
Mar 07 11:11:08.695720 n-d-832164-4 devstack@placement-api.service[104283]: INFO placement.requestlog [req-dc249e37-1d36-463f-8bc6-98e4d576e350 req-3954a87d-bbcb-4560-83d6-5d1d08061c83 service placement] 10.222.0.11 "GET /placement/allocations/c9bae157-5e29-4f5d-8b8a-90cae9200d94" status: 200 len: 19 microversion: 1.28
Mar 07 11:11:08.696664 n-d-832164-4 devstack@placement-api.service[104283]: [pid: 104283|app: 0|req: 546/1093] 10.222.0.11 () {60 vars in 1380 bytes} [Mon Mar 7 11:11:08 2022] GET /placement/allocations/c9bae157-5e29-4f5d-8b8a-90cae9200d94 => generated 19 bytes in 14 msecs (HTTP/1.1 200) 8 headers in 295 bytes (1 switches on core 0)
Mar 07 11:11:08.713300 n-d-832164-4 devstack@placement-api.service[104282]: DEBUG placement.requestlog [req-dc249e37-1d36-463f-8bc6-98e4d576e350 req-65bf447e-31f8-46f7-90e0-ef7c3470e4fd None None] Starting request: 10.222.0.11 "POST /placement/allocations" {{(pid=104282) __call__ /opt/stack/placement/placement/requestlog.py:55}}
Mar 07 11:11:08.870698 n-d-832164-4 devstack@placement-api.service[104282]: DEBUG placement.handlers.allocation [req-dc249e37-1d36-463f-8bc6-98e4d576e350 req-65bf447e-31f8-46f7-90e0-ef7c3470e4fd service placement] Successfully wrote allocations [, , , , , ] {{(pid=104282) _update_consumers_and_create_allocations /opt/stack/placement/placement/handlers/allocation.py:572}}
Mar 07 11:11:08.879539 n-d-832164-4 devstack@placement-api.service[104282]: INFO placement.requestlog [req-dc249e37-1d36-463f-8bc6-98e4d576e350 req-65bf447e-31f8-46f7-90e0-ef7c3470e4fd service placement] 10.222.0.11 "POST /placement/allocations" status: 204 len: 0 microversion: 1.28
Mar 07 11:11:08.881254 n-d-832164-4 devstack@placement-api.service[104282]: [pid: 104282|app: 0|req: 548/1094] 10.222.0.11 () {64 vars in 1323 bytes} [Mon Mar 7 11:11:08 2022] POST /placement/allocations => generated 0 bytes in 168 msecs (HTTP/1.1 204) 5 headers in 199 bytes (1 switches on core 0)
Mar 07 11:11:09.146860 n-d-832164-4 devstack@placement-api.service[104283]: DEBUG placement.requestlog [req-dc249e37-1d36-463f-8bc6-98e4d576e350 req-bdfc5d12-44dc-4fed-a846-60995b964591 None None] Starting request: 10.222.0.11 "GET /placement/allocation_candidates?limit=1000&resources=DISK_GB%3A1%2CMEMORY_MB%3A1024%2CVCPU%3A1&root_required=%21COMPUTE_STATUS_DISABLED" {{(pid=104283) __call__ /opt/stack/placement/placement/requestlog.py:55}}
Mar 07 11:11:09.212907 n-d-832164-4 devstack@placement-api.service[104283]: DEBUG placement.objects.research_context [req-dc249e37-1d36-463f-8bc6-98e4d576e350 req-bdfc5d12-44dc-4fed-a846-60995b964591 service placement] getting providers with 1 DISK_GB {{(pid=104283) __init__ /opt/stack/placement/placement/objects/research_context.py:136}}
Mar 07 11:11:09.244920 n-d-832164-4 devstack@placement-api.service[104283]: DEBUG placement.objects.research_context [req-dc249e37-1d36-463f-8bc6-98e4d576e350 req-bdfc5d12-44dc-4fed-a846-60995b964591 service placement] getting providers with 1024 MEMORY_MB {{(pid=104283) __init__ /opt/stack/placement/placement/objects/research_context.py:136}}
Mar 07 11:11:09.252703 n-d-832164-4 devstack@placement-api.service[104283]: DEBUG placement.objects.research_context [req-dc249e37-1d36-463f-8bc6-98e4d576e350 req-bdfc5d12-44dc-4fed-a846-60995b964591 service placement] getting providers with 1 VCPU {{(pid=104283) __init__ /opt/stack/placement/placement/objects/research_context.py:136}}
Mar 07 11:11:09.258791 n-d-832164-4 devstack@placement-api.service[104283]: DEBUG placement.objects.research_context [req-dc249e37-1d36-463f-8bc6-98e4d576e350 req-bdfc5d12-44dc-4fed-a846-60995b964591 service placement] found 2 providers with available 1 DISK_GB {{(pid=104283) get_provider_ids_matching /opt/stack/placement/placement/objects/research_context.py:559}}
Mar 07 11:11:09.259331 n-d-832164-4 devstack@placement-api.service[104283]: DEBUG placement.objects.research_context [req-dc249e37-1d36-463f-8bc6-98e4d576e350 req-bdfc5d12-44dc-4fed-a846-60995b964591 service placement] found 2 providers with available 1024 MEMORY_MB {{(pid=104283) get_provider_ids_matching /opt/stack/placement/placement/objects/research_context.py:559}}
Mar 07 11:11:09.259761 n-d-832164-4 devstack@placement-api.service[104283]: DEBUG placement.objects.research_context [req-dc249e37-1d36-463f-8bc6-98e4d576e350 req-bdfc5d12-44dc-4fed-a846-60995b964591 service placement] found 2 providers after filtering by previous result {{(pid=104283) get_provider_ids_matching /opt/stack/placement/placement/objects/research_context.py:590}}
Mar 07 11:11:09.260197 n-d-832164-4 devstack@placement-api.service[104283]: DEBUG placement.objects.research_context [req-dc249e37-1d36-463f-8bc6-98e4d576e350 req-bdfc5d12-44dc-4fed-a846-60995b964591 service placement] found 2 providers with available 1 VCPU {{(pid=104283) get_provider_ids_matching /opt/stack/placement/placement/objects/research_context.py:559}}
Mar 07 11:11:09.260633 n-d-832164-4 devstack@placement-api.service[104283]: DEBUG placement.objects.research_context [req-dc249e37-1d36-463f-8bc6-98e4d576e350 req-bdfc5d12-44dc-4fed-a846-60995b964591 service placement] found 2 providers after filtering by previous result {{(pid=104283) get_provider_ids_matching /opt/stack/placement/placement/objects/research_context.py:590}}
Mar 07 11:11:09.274410 n-d-832164-4 devstack@placement-api.service[104283]: DEBUG placement.objects.allocation_candidate [req-dc249e37-1d36-463f-8bc6-98e4d576e350 req-bdfc5d12-44dc-4fed-a846-60995b964591 service placement] RequestGroup(use_same_provider=False, resources={DISK_GB:1, MEMORY_MB:1024, VCPU:1}, traits=(), aggregates=[]) (suffix '') returned 2 matches {{(pid=104283) _get_by_requests /opt/stack/placement/placement/objects/allocation_candidate.py:156}}
Mar 07 11:11:09.275094 n-d-832164-4 devstack@placement-api.service[104283]: DEBUG placement.objects.allocation_candidate [req-dc249e37-1d36-463f-8bc6-98e4d576e350 req-bdfc5d12-44dc-4fed-a846-60995b964591 service placement] Merging candidates yields 2 allocation requests and 2 provider summaries {{(pid=104283) _merge_candidates /opt/stack/placement/placement/objects/allocation_candidate.py:809}}
Mar 07 11:11:09.276865 n-d-832164-4 devstack@placement-api.service[104283]: INFO placement.requestlog [req-dc249e37-1d36-463f-8bc6-98e4d576e350 req-bdfc5d12-44dc-4fed-a846-60995b964591 service placement] 10.222.0.11 "GET /placement/allocation_candidates?limit=1000&resources=DISK_GB%3A1%2CMEMORY_MB%3A1024%2CVCPU%3A1&root_required=%21COMPUTE_STATUS_DISABLED" status: 200 len: 1309 microversion: 1.36
Mar 07 11:11:09.278483 n-d-832164-4 devstack@placement-api.service[104283]: [pid: 104283|app: 0|req: 547/1095] 10.222.0.11 () {60 vars in 1506 bytes} [Mon Mar 7 11:11:09 2022] GET /placement/allocation_candidates?limit=1000&resources=DISK_GB%3A1%2CMEMORY_MB%3A1024%2CVCPU%3A1&root_required=%21COMPUTE_STATUS_DISABLED => generated 1309 bytes in 131 msecs (HTTP/1.1 200) 8 headers in 297 bytes (1 switches on core 0)
Mar 07 11:11:09.373908 n-d-832164-4 devstack@placement-api.service[104282]: DEBUG placement.requestlog [req-dc249e37-1d36-463f-8bc6-98e4d576e350 req-29d320e2-9f11-46af-937c-1e8b52b3784d None None] Starting request: 10.222.0.11 "GET /placement/allocations/58f94309-914f-4d67-b368-e6bd640bccaa" {{(pid=104282) __call__ /opt/stack/placement/placement/requestlog.py:55}}
Mar 07 11:11:09.387302 n-d-832164-4 devstack@placement-api.service[104282]: INFO placement.requestlog [req-dc249e37-1d36-463f-8bc6-98e4d576e350 req-29d320e2-9f11-46af-937c-1e8b52b3784d service placement] 10.222.0.11 "GET /placement/allocations/58f94309-914f-4d67-b368-e6bd640bccaa" status: 200 len: 19 microversion: 1.28
Mar 07 11:11:09.392172 n-d-832164-4 devstack@placement-api.service[104282]: [pid: 104282|app: 0|req: 549/1096] 10.222.0.11 () {60 vars in 1380 bytes} [Mon Mar 7 11:11:09 2022] GET /placement/allocations/58f94309-914f-4d67-b368-e6bd640bccaa => generated 19 bytes in 19 msecs (HTTP/1.1 200) 8 headers in 295 bytes (1 switches on core 0)
Mar 07 11:11:09.398364 n-d-832164-4 devstack@placement-api.service[104283]: DEBUG placement.requestlog [req-dc249e37-1d36-463f-8bc6-98e4d576e350 req-623efa53-6d8c-4a4f-9b42-384477d87e10 None None] Starting request: 10.222.0.11 "PUT /placement/allocations/58f94309-914f-4d67-b368-e6bd640bccaa" {{(pid=104283) __call__ /opt/stack/placement/placement/requestlog.py:55}}
Mar 07 11:11:09.509714 n-d-832164-4 devstack@placement-api.service[104283]: DEBUG placement.handlers.allocation [req-dc249e37-1d36-463f-8bc6-98e4d576e350 req-623efa53-6d8c-4a4f-9b42-384477d87e10 service placement] Successfully wrote allocations [, , ] {{(pid=104283) _update_consumers_and_create_allocations /opt/stack/placement/placement/handlers/allocation.py:462}}
Mar 07 11:11:09.518416 n-d-832164-4 devstack@placement-api.service[104283]: INFO placement.requestlog [req-dc249e37-1d36-463f-8bc6-98e4d576e350 req-623efa53-6d8c-4a4f-9b42-384477d87e10 service placement] 10.222.0.11 "PUT /placement/allocations/58f94309-914f-4d67-b368-e6bd640bccaa" status: 204 len: 0 microversion: 1.36
Mar 07 11:11:09.528606 n-d-832164-4 devstack@placement-api.service[104283]: [pid: 104283|app: 0|req: 548/1097] 10.222.0.11 () {64 vars in 1433 bytes} [Mon Mar 7 11:11:09 2022] PUT /placement/allocations/58f94309-914f-4d67-b368-e6bd640bccaa => generated 0 bytes in 122 msecs (HTTP/1.1 204) 5 headers in 199 bytes (1 switches on core 0)
Mar 07 11:11:09.716796 n-d-832164-4 devstack@placement-api.service[104282]: DEBUG placement.requestlog [req-dc249e37-1d36-463f-8bc6-98e4d576e350 req-2b724975-ea85-4fc1-83f1-665653e71818 None None] Starting request: 10.222.0.21 "GET /placement/allocations/58f94309-914f-4d67-b368-e6bd640bccaa" {{(pid=104282) __call__ /opt/stack/placement/placement/requestlog.py:55}}
Mar 07 11:11:09.737180 n-d-832164-4 devstack@placement-api.service[104282]: INFO placement.requestlog [req-dc249e37-1d36-463f-8bc6-98e4d576e350 req-2b724975-ea85-4fc1-83f1-665653e71818 service placement] 10.222.0.21 "GET /placement/allocations/58f94309-914f-4d67-b368-e6bd640bccaa" status: 200 len: 260 microversion: 1.28
Mar 07 11:11:09.737841 n-d-832164-4 devstack@placement-api.service[104282]: [pid: 104282|app: 0|req: 550/1098] 10.222.0.21 () {60 vars in 1377 bytes} [Mon Mar 7 11:11:09 2022] GET /placement/allocations/58f94309-914f-4d67-b368-e6bd640bccaa => generated 260 bytes in 22 msecs (HTTP/1.1 200) 8 headers in 296 bytes (1 switches on core 0)
Mar 07 11:11:23.322746 n-d-832164-4 devstack@placement-api.service[104283]: DEBUG placement.requestlog [req-2b064370-bb25-451b-8d04-d5e0fa35d84a req-f2c2b340-78e7-4499-bc8e-99848cebd52e None None] Starting request: 10.222.0.21 "DELETE /placement/allocations/58cf4b00-f4dc-4a2d-aef3-de9ebe43c1f7" {{(pid=104283) __call__ /opt/stack/placement/placement/requestlog.py:55}}
Mar 07 11:11:23.374266 n-d-832164-4 devstack@placement-api.service[104283]: DEBUG placement.handlers.allocation [req-2b064370-bb25-451b-8d04-d5e0fa35d84a req-f2c2b340-78e7-4499-bc8e-99848cebd52e service placement] Successfully deleted allocations [, ] {{(pid=104283) delete_allocations /opt/stack/placement/placement/handlers/allocation.py:627}}
Mar 07 11:11:23.374900 n-d-832164-4 devstack@placement-api.service[104283]: INFO placement.requestlog [req-2b064370-bb25-451b-8d04-d5e0fa35d84a req-f2c2b340-78e7-4499-bc8e-99848cebd52e service placement] 10.222.0.21 "DELETE /placement/allocations/58cf4b00-f4dc-4a2d-aef3-de9ebe43c1f7" status: 204 len: 0 microversion: 1.0
Mar 07 11:11:23.375682 n-d-832164-4 devstack@placement-api.service[104283]: [pid: 104283|app: 0|req: 549/1099] 10.222.0.21 () {60 vars in 1355 bytes} [Mon Mar 7 11:11:23 2022] DELETE /placement/allocations/58cf4b00-f4dc-4a2d-aef3-de9ebe43c1f7 => generated 0 bytes in 53 msecs (HTTP/1.1 204) 5 headers in 198 bytes (1 switches on core 0)
Mar 07 11:11:26.732469 n-d-832164-4 devstack@placement-api.service[104282]: DEBUG placement.requestlog [req-dc249e37-1d36-463f-8bc6-98e4d576e350 req-71d5ec19-7ebd-4690-9888-deffbe910c12 None None] Starting request: 10.222.0.21 "GET /placement/allocations/58f94309-914f-4d67-b368-e6bd640bccaa" {{(pid=104282) __call__ /opt/stack/placement/placement/requestlog.py:55}}
Mar 07 11:11:26.752420 n-d-832164-4 devstack@placement-api.service[104282]: INFO placement.requestlog [req-dc249e37-1d36-463f-8bc6-98e4d576e350 req-71d5ec19-7ebd-4690-9888-deffbe910c12 service placement] 10.222.0.21 "GET /placement/allocations/58f94309-914f-4d67-b368-e6bd640bccaa" status: 200 len: 260 microversion: 1.28
Mar 07 11:11:26.753299 n-d-832164-4 devstack@placement-api.service[104282]: [pid: 104282|app: 0|req: 551/1100] 10.222.0.21 () {60 vars in 1377 bytes} [Mon Mar 7 11:11:26 2022] GET /placement/allocations/58f94309-914f-4d67-b368-e6bd640bccaa => generated 260 bytes in 21 msecs (HTTP/1.1 200) 8 headers in 296 bytes (2 switches on core 0)
Mar 07 11:11:28.014996 n-d-832164-4 devstack@placement-api.service[104283]: DEBUG placement.requestlog [req-c5f9b0fa-3929-4835-ac9b-765237502a18 req-75225007-f2a1-47d2-a41b-37857065b2b3 None None] Starting request: 10.222.0.31 "GET /placement/resource_providers/614e8d20-2877-4b61-87f1-786cedc431ad/allocations" {{(pid=104283) __call__ /opt/stack/placement/placement/requestlog.py:55}}
Mar 07 11:11:28.088738 n-d-832164-4 devstack@placement-api.service[104283]: INFO placement.requestlog [req-c5f9b0fa-3929-4835-ac9b-765237502a18 req-75225007-f2a1-47d2-a41b-37857065b2b3 service placement] 10.222.0.31 "GET /placement/resource_providers/614e8d20-2877-4b61-87f1-786cedc431ad/allocations" status: 200 len: 241 microversion: 1.0
Mar 07 11:11:28.089240 n-d-832164-4 devstack@placement-api.service[104283]: [pid: 104283|app: 0|req: 550/1101] 10.222.0.31 () {58 vars in 1390 bytes} [Mon Mar 7 11:11:28 2022] GET /placement/resource_providers/614e8d20-2877-4b61-87f1-786cedc431ad/allocations => generated 241 bytes in 75 msecs (HTTP/1.1 200) 6 headers in 224 bytes (1 switches on core 0)
Mar 07 11:11:28.785867 n-d-832164-4 devstack@placement-api.service[104282]: DEBUG placement.requestlog [req-b478522b-8928-43ce-8aa9-f16e6848cdcb req-a04477cb-da96-4259-ad9b-fbbf7443dece None None] Starting request: 10.222.0.11 "GET /placement/allocation_candidates?limit=1000&resources=DISK_GB%3A1%2CMEMORY_MB%3A1024%2CVCPU%3A1&root_required=%21COMPUTE_STATUS_DISABLED" {{(pid=104282) __call__ /opt/stack/placement/placement/requestlog.py:55}}
Mar 07 11:11:28.863100 n-d-832164-4 devstack@placement-api.service[104282]: DEBUG placement.objects.research_context [req-b478522b-8928-43ce-8aa9-f16e6848cdcb req-a04477cb-da96-4259-ad9b-fbbf7443dece service placement] getting providers with 1 DISK_GB {{(pid=104282) __init__ /opt/stack/placement/placement/objects/research_context.py:136}}
Mar 07 11:11:28.878568 n-d-832164-4 devstack@placement-api.service[104282]: DEBUG placement.objects.research_context [req-b478522b-8928-43ce-8aa9-f16e6848cdcb req-a04477cb-da96-4259-ad9b-fbbf7443dece service placement] getting providers with 1024 MEMORY_MB {{(pid=104282) __init__ /opt/stack/placement/placement/objects/research_context.py:136}}
Mar 07 11:11:28.885034 n-d-832164-4 devstack@placement-api.service[104282]: DEBUG placement.objects.research_context [req-b478522b-8928-43ce-8aa9-f16e6848cdcb req-a04477cb-da96-4259-ad9b-fbbf7443dece service placement] getting providers with 1 VCPU {{(pid=104282) __init__ /opt/stack/placement/placement/objects/research_context.py:136}}
Mar 07 11:11:28.894214 n-d-832164-4 devstack@placement-api.service[104282]: DEBUG placement.objects.research_context [req-b478522b-8928-43ce-8aa9-f16e6848cdcb req-a04477cb-da96-4259-ad9b-fbbf7443dece service placement] found 2 providers with available 1 DISK_GB {{(pid=104282) get_provider_ids_matching /opt/stack/placement/placement/objects/research_context.py:559}}
Mar 07 11:11:28.894651 n-d-832164-4 devstack@placement-api.service[104282]: DEBUG placement.objects.research_context [req-b478522b-8928-43ce-8aa9-f16e6848cdcb req-a04477cb-da96-4259-ad9b-fbbf7443dece service placement] found 2 providers with available 1024 MEMORY_MB {{(pid=104282) get_provider_ids_matching /opt/stack/placement/placement/objects/research_context.py:559}}
Mar 07 11:11:28.895065 n-d-832164-4 devstack@placement-api.service[104282]: DEBUG placement.objects.research_context [req-b478522b-8928-43ce-8aa9-f16e6848cdcb req-a04477cb-da96-4259-ad9b-fbbf7443dece service placement] found 2 providers after filtering by previous result {{(pid=104282) get_provider_ids_matching /opt/stack/placement/placement/objects/research_context.py:590}}
Mar 07 11:11:28.895489 n-d-832164-4 devstack@placement-api.service[104282]: DEBUG placement.objects.research_context [req-b478522b-8928-43ce-8aa9-f16e6848cdcb req-a04477cb-da96-4259-ad9b-fbbf7443dece service placement] found 2 providers with available 1 VCPU {{(pid=104282) get_provider_ids_matching /opt/stack/placement/placement/objects/research_context.py:559}}
Mar 07 11:11:28.896513 n-d-832164-4 devstack@placement-api.service[104282]: DEBUG placement.objects.research_context [req-b478522b-8928-43ce-8aa9-f16e6848cdcb req-a04477cb-da96-4259-ad9b-fbbf7443dece service placement] found 2 providers after filtering by previous result {{(pid=104282) get_provider_ids_matching /opt/stack/placement/placement/objects/research_context.py:590}}
Mar 07 11:11:28.912631 n-d-832164-4 devstack@placement-api.service[104282]: DEBUG placement.objects.allocation_candidate [req-b478522b-8928-43ce-8aa9-f16e6848cdcb req-a04477cb-da96-4259-ad9b-fbbf7443dece service placement] RequestGroup(use_same_provider=False, resources={DISK_GB:1, MEMORY_MB:1024, VCPU:1}, traits=(), aggregates=[]) (suffix '') returned 2 matches {{(pid=104282) _get_by_requests /opt/stack/placement/placement/objects/allocation_candidate.py:156}}
Mar 07 11:11:28.913010 n-d-832164-4 devstack@placement-api.service[104282]: DEBUG placement.objects.allocation_candidate [req-b478522b-8928-43ce-8aa9-f16e6848cdcb req-a04477cb-da96-4259-ad9b-fbbf7443dece service placement] Merging candidates yields 2 allocation requests and 2 provider summaries {{(pid=104282) _merge_candidates /opt/stack/placement/placement/objects/allocation_candidate.py:809}}
Mar 07 11:11:28.914752 n-d-832164-4 devstack@placement-api.service[104282]: INFO placement.requestlog [req-b478522b-8928-43ce-8aa9-f16e6848cdcb req-a04477cb-da96-4259-ad9b-fbbf7443dece service placement] 10.222.0.11 "GET /placement/allocation_candidates?limit=1000&resources=DISK_GB%3A1%2CMEMORY_MB%3A1024%2CVCPU%3A1&root_required=%21COMPUTE_STATUS_DISABLED" status: 200 len: 1309 microversion: 1.36
Mar 07 11:11:28.915293 n-d-832164-4 devstack@placement-api.service[104282]: [pid: 104282|app: 0|req: 552/1102] 10.222.0.11 () {60 vars in 1506 bytes} [Mon Mar 7 11:11:28 2022] GET /placement/allocation_candidates?limit=1000&resources=DISK_GB%3A1%2CMEMORY_MB%3A1024%2CVCPU%3A1&root_required=%21COMPUTE_STATUS_DISABLED => generated 1309 bytes in 130 msecs (HTTP/1.1 200) 8 headers in 297 bytes (1 switches on core 0)
Mar 07 11:11:29.050665 n-d-832164-4 devstack@placement-api.service[104283]: DEBUG placement.requestlog [req-b478522b-8928-43ce-8aa9-f16e6848cdcb req-7a0871a8-352d-4108-9fc3-f824b8853417 None None] Starting request: 10.222.0.11 "GET /placement/allocations/014331c5-5877-4815-9b1b-ae25b99ab1e4" {{(pid=104283) __call__ /opt/stack/placement/placement/requestlog.py:55}}
Mar 07 11:11:29.062139 n-d-832164-4 devstack@placement-api.service[104283]: INFO placement.requestlog [req-b478522b-8928-43ce-8aa9-f16e6848cdcb req-7a0871a8-352d-4108-9fc3-f824b8853417 service placement] 10.222.0.11 "GET /placement/allocations/014331c5-5877-4815-9b1b-ae25b99ab1e4" status: 200 len: 19 microversion: 1.28
Mar 07 11:11:29.062826 n-d-832164-4 devstack@placement-api.service[104283]: [pid: 104283|app: 0|req: 551/1103] 10.222.0.11 () {60 vars in 1380 bytes} [Mon Mar 7 11:11:29 2022] GET /placement/allocations/014331c5-5877-4815-9b1b-ae25b99ab1e4 => generated 19 bytes in 12 msecs (HTTP/1.1 200) 8 headers in 295 bytes (1 switches on core 0)
Mar 07 11:11:29.069838 n-d-832164-4 devstack@placement-api.service[104282]: DEBUG placement.requestlog [req-b478522b-8928-43ce-8aa9-f16e6848cdcb req-c93ef59d-fc71-4033-bf8c-6a994ee76113 None None] Starting request: 10.222.0.11 "PUT /placement/allocations/014331c5-5877-4815-9b1b-ae25b99ab1e4" {{(pid=104282) __call__ /opt/stack/placement/placement/requestlog.py:55}}
Mar 07 11:11:29.169005 n-d-832164-4 devstack@placement-api.service[104282]: DEBUG placement.handlers.allocation [req-b478522b-8928-43ce-8aa9-f16e6848cdcb req-c93ef59d-fc71-4033-bf8c-6a994ee76113 service placement] Successfully wrote allocations [, , ] {{(pid=104282) _update_consumers_and_create_allocations /opt/stack/placement/placement/handlers/allocation.py:462}}
Mar 07 11:11:29.180356 n-d-832164-4 devstack@placement-api.service[104282]: INFO placement.requestlog [req-b478522b-8928-43ce-8aa9-f16e6848cdcb req-c93ef59d-fc71-4033-bf8c-6a994ee76113 service placement] 10.222.0.11 "PUT /placement/allocations/014331c5-5877-4815-9b1b-ae25b99ab1e4" status: 204 len: 0 microversion: 1.36
Mar 07 11:11:29.183959 n-d-832164-4 devstack@placement-api.service[104282]: [pid: 104282|app: 0|req: 553/1104] 10.222.0.11 () {64 vars in 1433 bytes} [Mon Mar 7 11:11:29 2022] PUT /placement/allocations/014331c5-5877-4815-9b1b-ae25b99ab1e4 => generated 0 bytes in 112 msecs (HTTP/1.1 204) 5 headers in 199 bytes (1 switches on core 0)
Mar 07 11:11:29.675067 n-d-832164-4 devstack@placement-api.service[104283]: DEBUG placement.requestlog [req-b478522b-8928-43ce-8aa9-f16e6848cdcb req-013b168d-6eea-4067-b970-d1948b83e71b None None] Starting request: 10.222.0.31 "GET /placement/allocations/014331c5-5877-4815-9b1b-ae25b99ab1e4" {{(pid=104283) __call__ /opt/stack/placement/placement/requestlog.py:55}}
Mar 07 11:11:29.904075 n-d-832164-4 devstack@placement-api.service[104283]: INFO placement.requestlog [req-b478522b-8928-43ce-8aa9-f16e6848cdcb req-013b168d-6eea-4067-b970-d1948b83e71b service placement] 10.222.0.31 "GET /placement/allocations/014331c5-5877-4815-9b1b-ae25b99ab1e4" status: 200 len: 259 microversion: 1.28
Mar 07 11:11:29.909445 n-d-832164-4 devstack@placement-api.service[104283]: [pid: 104283|app: 0|req: 552/1105] 10.222.0.31 () {60 vars in 1377 bytes} [Mon Mar 7 11:11:29 2022] GET /placement/allocations/014331c5-5877-4815-9b1b-ae25b99ab1e4 => generated 259 bytes in 230 msecs (HTTP/1.1 200) 8 headers in 296 bytes (1 switches on core 0)
Mar 07 11:11:30.059522 n-d-832164-4 devstack@placement-api.service[104282]: DEBUG placement.requestlog [req-b478522b-8928-43ce-8aa9-f16e6848cdcb req-99212443-055e-437b-8992-6a400abbe2b5 None None] Starting request: 10.222.0.31 "GET /placement/resource_providers?in_tree=614e8d20-2877-4b61-87f1-786cedc431ad" {{(pid=104282) __call__ /opt/stack/placement/placement/requestlog.py:55}}
Mar 07 11:11:30.077604 n-d-832164-4 devstack@placement-api.service[104282]: INFO placement.requestlog [req-b478522b-8928-43ce-8aa9-f16e6848cdcb req-99212443-055e-437b-8992-6a400abbe2b5 service placement] 10.222.0.31 "GET /placement/resource_providers?in_tree=614e8d20-2877-4b61-87f1-786cedc431ad" status: 200 len: 863 microversion: 1.14
