Mar 07 10:43:23.269518 n-d-832164-4 devstack@placement-api.service[104282]: [pid: 104282|app: 0|req: 319/637] 10.222.0.11 () {60 vars in 1506 bytes} [Mon Mar 7 10:43:23 2022] GET /placement/allocation_candidates?limit=1000&resources=DISK_GB%3A1%2CMEMORY_MB%3A1024%2CVCPU%3A1&root_required=%21COMPUTE_STATUS_DISABLED => generated 1309 bytes in 134 msecs (HTTP/1.1 200) 8 headers in 297 bytes (1 switches on core 0)
Mar 07 10:43:23.351679 n-d-832164-4 devstack@placement-api.service[104283]: DEBUG placement.requestlog [req-72e17336-e6be-4fa0-ae6c-20b242ea0498 req-1d5295ee-5092-4039-9e35-cf2f944546e6 None None] Starting request: 10.222.0.11 "GET /placement/allocations/bdd004ed-a3c5-4190-80d7-32451bff8167" {{(pid=104283) __call__ /opt/stack/placement/placement/requestlog.py:55}}
Mar 07 10:43:23.364292 n-d-832164-4 devstack@placement-api.service[104283]: INFO placement.requestlog [req-72e17336-e6be-4fa0-ae6c-20b242ea0498 req-1d5295ee-5092-4039-9e35-cf2f944546e6 service placement] 10.222.0.11 "GET /placement/allocations/bdd004ed-a3c5-4190-80d7-32451bff8167" status: 200 len: 19 microversion: 1.28
Mar 07 10:43:23.365473 n-d-832164-4 devstack@placement-api.service[104283]: [pid: 104283|app: 0|req: 319/638] 10.222.0.11 () {60 vars in 1380 bytes} [Mon Mar 7 10:43:23 2022] GET /placement/allocations/bdd004ed-a3c5-4190-80d7-32451bff8167 => generated 19 bytes in 14 msecs (HTTP/1.1 200) 8 headers in 295 bytes (2 switches on core 0)
Mar 07 10:43:23.385549 n-d-832164-4 devstack@placement-api.service[104282]: DEBUG placement.requestlog [req-72e17336-e6be-4fa0-ae6c-20b242ea0498 req-6f96cd30-d9ec-4512-9fc6-ad67a639bb12 None None] Starting request: 10.222.0.11 "PUT /placement/allocations/bdd004ed-a3c5-4190-80d7-32451bff8167" {{(pid=104282) __call__ /opt/stack/placement/placement/requestlog.py:55}}
Mar 07 10:43:23.452573 n-d-832164-4 devstack@placement-api.service[104282]: DEBUG placement.handlers.allocation [req-72e17336-e6be-4fa0-ae6c-20b242ea0498 req-6f96cd30-d9ec-4512-9fc6-ad67a639bb12 service placement] Successfully wrote allocations [, , ] {{(pid=104282) _update_consumers_and_create_allocations /opt/stack/placement/placement/handlers/allocation.py:462}}
Mar 07 10:43:23.458913 n-d-832164-4 devstack@placement-api.service[104282]: INFO placement.requestlog [req-72e17336-e6be-4fa0-ae6c-20b242ea0498 req-6f96cd30-d9ec-4512-9fc6-ad67a639bb12 service placement] 10.222.0.11 "PUT /placement/allocations/bdd004ed-a3c5-4190-80d7-32451bff8167" status: 204 len: 0 microversion: 1.36
Mar 07 10:43:23.461363 n-d-832164-4 devstack@placement-api.service[104282]: [pid: 104282|app: 0|req: 320/639] 10.222.0.11 () {64 vars in 1433 bytes} [Mon Mar 7 10:43:23 2022] PUT /placement/allocations/bdd004ed-a3c5-4190-80d7-32451bff8167 => generated 0 bytes in 76 msecs (HTTP/1.1 204) 5 headers in 199 bytes (1 switches on core 0)
Mar 07 10:43:23.940433 n-d-832164-4 devstack@placement-api.service[104283]: DEBUG placement.requestlog [req-72e17336-e6be-4fa0-ae6c-20b242ea0498 req-48f70ca1-1319-41dd-b8b9-ae6bd0bddea9 None None] Starting request: 10.222.0.21 "GET /placement/allocations/bdd004ed-a3c5-4190-80d7-32451bff8167" {{(pid=104283) __call__ /opt/stack/placement/placement/requestlog.py:55}}
Mar 07 10:43:23.962813 n-d-832164-4 devstack@placement-api.service[104283]: INFO placement.requestlog [req-72e17336-e6be-4fa0-ae6c-20b242ea0498 req-48f70ca1-1319-41dd-b8b9-ae6bd0bddea9 service placement] 10.222.0.21 "GET /placement/allocations/bdd004ed-a3c5-4190-80d7-32451bff8167" status: 200 len: 259 microversion: 1.28
Mar 07 10:43:23.964878 n-d-832164-4 devstack@placement-api.service[104283]: [pid: 104283|app: 0|req: 320/640] 10.222.0.21 () {60 vars in 1377 bytes} [Mon Mar 7 10:43:23 2022] GET /placement/allocations/bdd004ed-a3c5-4190-80d7-32451bff8167 => generated 259 bytes in 24 msecs (HTTP/1.1 200) 8 headers in 296 bytes (1 switches on core 0)
Mar 07 10:43:25.012959 n-d-832164-4 devstack@placement-api.service[104282]: DEBUG placement.requestlog [req-1bf214f7-520d-4274-825f-f4b75758eb07 req-384f101f-55ff-4788-a010-259437b4d916 None None] Starting request: 10.222.0.31 "DELETE /placement/allocations/52e0d3ad-9f0e-4185-bd70-079d6643364e" {{(pid=104282) __call__ /opt/stack/placement/placement/requestlog.py:55}}
Mar 07 10:43:25.084710 n-d-832164-4 devstack@placement-api.service[104282]: DEBUG placement.handlers.allocation [req-1bf214f7-520d-4274-825f-f4b75758eb07 req-384f101f-55ff-4788-a010-259437b4d916 service placement] Successfully deleted allocations [, , ] {{(pid=104282) delete_allocations /opt/stack/placement/placement/handlers/allocation.py:627}}
Mar 07 10:43:25.085954 n-d-832164-4 devstack@placement-api.service[104282]: INFO placement.requestlog [req-1bf214f7-520d-4274-825f-f4b75758eb07 req-384f101f-55ff-4788-a010-259437b4d916 service placement] 10.222.0.31 "DELETE /placement/allocations/52e0d3ad-9f0e-4185-bd70-079d6643364e" status: 204 len: 0 microversion: 1.0
Mar 07 10:43:25.086466 n-d-832164-4 devstack@placement-api.service[104282]: [pid: 104282|app: 0|req: 321/641] 10.222.0.31 () {60 vars in 1355 bytes} [Mon Mar 7 10:43:25 2022] DELETE /placement/allocations/52e0d3ad-9f0e-4185-bd70-079d6643364e => generated 0 bytes in 74 msecs (HTTP/1.1 204) 5 headers in 198 bytes (1 switches on core 0)
Mar 07 10:43:34.075299 n-d-832164-4 devstack@placement-api.service[104283]: DEBUG placement.requestlog [req-6e5a9884-8566-4d3a-bd98-5b6bb2224cc3 req-1ba3620d-5988-40f0-8e52-22b7f1f23042 None None] Starting request: 10.222.0.21 "DELETE /placement/allocations/c999d996-c502-4e0e-8e02-c25e566eb39c" {{(pid=104283) __call__ /opt/stack/placement/placement/requestlog.py:55}}
Mar 07 10:43:34.126107 n-d-832164-4 devstack@placement-api.service[104283]: DEBUG placement.handlers.allocation [req-6e5a9884-8566-4d3a-bd98-5b6bb2224cc3 req-1ba3620d-5988-40f0-8e52-22b7f1f23042 service placement] Successfully deleted allocations [, , ] {{(pid=104283) delete_allocations /opt/stack/placement/placement/handlers/allocation.py:627}}
Mar 07 10:43:34.132972 n-d-832164-4 devstack@placement-api.service[104283]: INFO placement.requestlog [req-6e5a9884-8566-4d3a-bd98-5b6bb2224cc3 req-1ba3620d-5988-40f0-8e52-22b7f1f23042 service placement] 10.222.0.21 "DELETE /placement/allocations/c999d996-c502-4e0e-8e02-c25e566eb39c" status: 204 len: 0 microversion: 1.0
Mar 07 10:43:34.133796 n-d-832164-4 devstack@placement-api.service[104283]: [pid: 104283|app: 0|req: 321/642] 10.222.0.21 () {60 vars in 1355 bytes} [Mon Mar 7 10:43:34 2022] DELETE /placement/allocations/c999d996-c502-4e0e-8e02-c25e566eb39c => generated 0 bytes in 59 msecs (HTTP/1.1 204) 5 headers in 198 bytes (1 switches on core 0)
Mar 07 10:43:39.597409 n-d-832164-4 devstack@placement-api.service[104282]: DEBUG placement.requestlog [req-55d8ee5f-ec6f-4a4e-a50a-0aee0a19565b req-1dd14b38-eeca-4844-bc5a-a86f50fb5984 None None] Starting request: 10.222.0.31 "DELETE /placement/allocations/fa097523-c999-4386-b286-a4ef729572c8" {{(pid=104282) __call__ /opt/stack/placement/placement/requestlog.py:55}}
Mar 07 10:43:39.644382 n-d-832164-4 devstack@placement-api.service[104282]: DEBUG placement.handlers.allocation [req-55d8ee5f-ec6f-4a4e-a50a-0aee0a19565b req-1dd14b38-eeca-4844-bc5a-a86f50fb5984 service placement] Successfully deleted allocations [, , ] {{(pid=104282) delete_allocations /opt/stack/placement/placement/handlers/allocation.py:627}}
Mar 07 10:43:39.645177 n-d-832164-4 devstack@placement-api.service[104282]: INFO placement.requestlog [req-55d8ee5f-ec6f-4a4e-a50a-0aee0a19565b req-1dd14b38-eeca-4844-bc5a-a86f50fb5984 service placement] 10.222.0.31 "DELETE /placement/allocations/fa097523-c999-4386-b286-a4ef729572c8" status: 204 len: 0 microversion: 1.0
Mar 07 10:43:39.645731 n-d-832164-4 devstack@placement-api.service[104282]: [pid: 104282|app: 0|req: 322/643] 10.222.0.31 () {60 vars in 1355 bytes} [Mon Mar 7 10:43:39 2022] DELETE /placement/allocations/fa097523-c999-4386-b286-a4ef729572c8 => generated 0 bytes in 50 msecs (HTTP/1.1 204) 5 headers in 198 bytes (1 switches on core 0)
Mar 07 10:43:53.096767 n-d-832164-4 devstack@placement-api.service[104283]: DEBUG placement.requestlog [req-ca6d776e-d570-4842-9251-c944f3b44817 req-5fc49340-6dc4-4f66-b9ab-37ef4cebdb47 None None] Starting request: 10.222.0.11 "GET /placement/allocation_candidates?limit=1000&resources=DISK_GB%3A1%2CMEMORY_MB%3A1024%2CVCPU%3A1&root_required=%21COMPUTE_STATUS_DISABLED" {{(pid=104283) __call__ /opt/stack/placement/placement/requestlog.py:55}}
Mar 07 10:43:53.467364 n-d-832164-4 devstack@placement-api.service[104283]: DEBUG placement.objects.research_context [req-ca6d776e-d570-4842-9251-c944f3b44817 req-5fc49340-6dc4-4f66-b9ab-37ef4cebdb47 service placement] getting providers with 1 DISK_GB {{(pid=104283) __init__ /opt/stack/placement/placement/objects/research_context.py:136}}
Mar 07 10:43:53.474118 n-d-832164-4 devstack@placement-api.service[104283]: DEBUG placement.objects.research_context [req-ca6d776e-d570-4842-9251-c944f3b44817 req-5fc49340-6dc4-4f66-b9ab-37ef4cebdb47 service placement] getting providers with 1024 MEMORY_MB {{(pid=104283) __init__ /opt/stack/placement/placement/objects/research_context.py:136}}
Mar 07 10:43:53.479640 n-d-832164-4 devstack@placement-api.service[104283]: DEBUG placement.objects.research_context [req-ca6d776e-d570-4842-9251-c944f3b44817 req-5fc49340-6dc4-4f66-b9ab-37ef4cebdb47 service placement] getting providers with 1 VCPU {{(pid=104283) __init__ /opt/stack/placement/placement/objects/research_context.py:136}}
Mar 07 10:43:53.489349 n-d-832164-4 devstack@placement-api.service[104283]: DEBUG placement.objects.research_context [req-ca6d776e-d570-4842-9251-c944f3b44817 req-5fc49340-6dc4-4f66-b9ab-37ef4cebdb47 service placement] found 2 providers with available 1 DISK_GB {{(pid=104283) get_provider_ids_matching /opt/stack/placement/placement/objects/research_context.py:559}}
Mar 07 10:43:53.489615 n-d-832164-4 devstack@placement-api.service[104283]: DEBUG placement.objects.research_context [req-ca6d776e-d570-4842-9251-c944f3b44817 req-5fc49340-6dc4-4f66-b9ab-37ef4cebdb47 service placement] found 2 providers with available 1024 MEMORY_MB {{(pid=104283) get_provider_ids_matching /opt/stack/placement/placement/objects/research_context.py:559}}
Mar 07 10:43:53.492091 n-d-832164-4 devstack@placement-api.service[104283]: DEBUG placement.objects.research_context [req-ca6d776e-d570-4842-9251-c944f3b44817 req-5fc49340-6dc4-4f66-b9ab-37ef4cebdb47 service placement] found 2 providers after filtering by previous result {{(pid=104283) get_provider_ids_matching /opt/stack/placement/placement/objects/research_context.py:590}}
Mar 07 10:43:53.493084 n-d-832164-4 devstack@placement-api.service[104283]: DEBUG placement.objects.research_context [req-ca6d776e-d570-4842-9251-c944f3b44817 req-5fc49340-6dc4-4f66-b9ab-37ef4cebdb47 service placement] found 2 providers with available 1 VCPU {{(pid=104283) get_provider_ids_matching /opt/stack/placement/placement/objects/research_context.py:559}}
Mar 07 10:43:53.494048 n-d-832164-4 devstack@placement-api.service[104283]: DEBUG placement.objects.research_context [req-ca6d776e-d570-4842-9251-c944f3b44817 req-5fc49340-6dc4-4f66-b9ab-37ef4cebdb47 service placement] found 2 providers after filtering by previous result {{(pid=104283) get_provider_ids_matching /opt/stack/placement/placement/objects/research_context.py:590}}
Mar 07 10:43:53.505719 n-d-832164-4 devstack@placement-api.service[104283]: DEBUG placement.objects.allocation_candidate [req-ca6d776e-d570-4842-9251-c944f3b44817 req-5fc49340-6dc4-4f66-b9ab-37ef4cebdb47 service placement] RequestGroup(use_same_provider=False, resources={DISK_GB:1, MEMORY_MB:1024, VCPU:1}, traits=(), aggregates=[]) (suffix '') returned 2 matches {{(pid=104283) _get_by_requests /opt/stack/placement/placement/objects/allocation_candidate.py:156}}
Mar 07 10:43:53.506249 n-d-832164-4 devstack@placement-api.service[104283]: DEBUG placement.objects.allocation_candidate [req-ca6d776e-d570-4842-9251-c944f3b44817 req-5fc49340-6dc4-4f66-b9ab-37ef4cebdb47 service placement] Merging candidates yields 2 allocation requests and 2 provider summaries {{(pid=104283) _merge_candidates /opt/stack/placement/placement/objects/allocation_candidate.py:809}}
Mar 07 10:43:53.508003 n-d-832164-4 devstack@placement-api.service[104283]: INFO placement.requestlog [req-ca6d776e-d570-4842-9251-c944f3b44817 req-5fc49340-6dc4-4f66-b9ab-37ef4cebdb47 service placement] 10.222.0.11 "GET /placement/allocation_candidates?limit=1000&resources=DISK_GB%3A1%2CMEMORY_MB%3A1024%2CVCPU%3A1&root_required=%21COMPUTE_STATUS_DISABLED" status: 200 len: 1309 microversion: 1.36
Mar 07 10:43:53.508902 n-d-832164-4 devstack@placement-api.service[104283]: [pid: 104283|app: 0|req: 322/644] 10.222.0.11 () {60 vars in 1506 bytes} [Mon Mar 7 10:43:53 2022] GET /placement/allocation_candidates?limit=1000&resources=DISK_GB%3A1%2CMEMORY_MB%3A1024%2CVCPU%3A1&root_required=%21COMPUTE_STATUS_DISABLED => generated 1309 bytes in 412 msecs (HTTP/1.1 200) 8 headers in 297 bytes (1 switches on core 0)
Mar 07 10:43:53.643494 n-d-832164-4 devstack@placement-api.service[104282]: DEBUG placement.requestlog [req-66450b09-1dc8-4019-993d-3bae2746dc47 req-0d19afae-d6fa-4f87-b512-7316af4ad2f8 None None] Starting request: 10.222.0.11 "GET /placement/allocation_candidates?limit=1000&resources=DISK_GB%3A1%2CMEMORY_MB%3A1024%2CVCPU%3A1&root_required=%21COMPUTE_STATUS_DISABLED" {{(pid=104282) __call__ /opt/stack/placement/placement/requestlog.py:55}}
Mar 07 10:43:53.660939 n-d-832164-4 devstack@placement-api.service[104283]: DEBUG placement.requestlog [req-ca6d776e-d570-4842-9251-c944f3b44817 req-3dee9b4a-0285-494c-8bb7-dd387fb19ad0 None None] Starting request: 10.222.0.11 "GET /placement/allocations/a525ed98-2f3d-4bab-ab58-b2196ed0cf83" {{(pid=104283) __call__ /opt/stack/placement/placement/requestlog.py:55}}
Mar 07 10:43:53.677467 n-d-832164-4 devstack@placement-api.service[104283]: INFO placement.requestlog [req-ca6d776e-d570-4842-9251-c944f3b44817 req-3dee9b4a-0285-494c-8bb7-dd387fb19ad0 service placement] 10.222.0.11 "GET /placement/allocations/a525ed98-2f3d-4bab-ab58-b2196ed0cf83" status: 200 len: 19 microversion: 1.28
Mar 07 10:43:53.678813 n-d-832164-4 devstack@placement-api.service[104283]: [pid: 104283|app: 0|req: 323/645] 10.222.0.11 () {60 vars in 1380 bytes} [Mon Mar 7 10:43:53 2022] GET /placement/allocations/a525ed98-2f3d-4bab-ab58-b2196ed0cf83 => generated 19 bytes in 18 msecs (HTTP/1.1 200) 8 headers in 295 bytes (2 switches on core 0)
Mar 07 10:43:53.687242 n-d-832164-4 devstack@placement-api.service[104283]: DEBUG placement.requestlog [req-ca6d776e-d570-4842-9251-c944f3b44817 req-573ad236-301c-4ae0-ab2d-46b1f8e8702c None None] Starting request: 10.222.0.11 "PUT /placement/allocations/a525ed98-2f3d-4bab-ab58-b2196ed0cf83" {{(pid=104283) __call__ /opt/stack/placement/placement/requestlog.py:55}}
Mar 07 10:43:53.717742 n-d-832164-4 devstack@placement-api.service[104282]: DEBUG placement.objects.research_context [req-66450b09-1dc8-4019-993d-3bae2746dc47 req-0d19afae-d6fa-4f87-b512-7316af4ad2f8 service placement] getting providers with 1 DISK_GB {{(pid=104282) __init__ /opt/stack/placement/placement/objects/research_context.py:136}}
Mar 07 10:43:53.733239 n-d-832164-4 devstack@placement-api.service[104282]: DEBUG placement.objects.research_context [req-66450b09-1dc8-4019-993d-3bae2746dc47 req-0d19afae-d6fa-4f87-b512-7316af4ad2f8 service placement] getting providers with 1024 MEMORY_MB {{(pid=104282) __init__ /opt/stack/placement/placement/objects/research_context.py:136}}
Mar 07 10:43:53.755214 n-d-832164-4 devstack@placement-api.service[104282]: DEBUG placement.objects.research_context [req-66450b09-1dc8-4019-993d-3bae2746dc47 req-0d19afae-d6fa-4f87-b512-7316af4ad2f8 service placement] getting providers with 1 VCPU {{(pid=104282) __init__ /opt/stack/placement/placement/objects/research_context.py:136}}
Mar 07 10:43:53.763513 n-d-832164-4 devstack@placement-api.service[104282]: DEBUG placement.objects.research_context [req-66450b09-1dc8-4019-993d-3bae2746dc47 req-0d19afae-d6fa-4f87-b512-7316af4ad2f8 service placement] found 2 providers with available 1 DISK_GB {{(pid=104282) get_provider_ids_matching /opt/stack/placement/placement/objects/research_context.py:559}}
Mar 07 10:43:53.763939 n-d-832164-4 devstack@placement-api.service[104282]: DEBUG placement.objects.research_context [req-66450b09-1dc8-4019-993d-3bae2746dc47 req-0d19afae-d6fa-4f87-b512-7316af4ad2f8 service placement] found 2 providers with available 1024 MEMORY_MB {{(pid=104282) get_provider_ids_matching /opt/stack/placement/placement/objects/research_context.py:559}}
Mar 07 10:43:53.764352 n-d-832164-4 devstack@placement-api.service[104282]: DEBUG placement.objects.research_context [req-66450b09-1dc8-4019-993d-3bae2746dc47 req-0d19afae-d6fa-4f87-b512-7316af4ad2f8 service placement] found 2 providers after filtering by previous result {{(pid=104282) get_provider_ids_matching /opt/stack/placement/placement/objects/research_context.py:590}}
Mar 07 10:43:53.765043 n-d-832164-4 devstack@placement-api.service[104282]: DEBUG placement.objects.research_context [req-66450b09-1dc8-4019-993d-3bae2746dc47 req-0d19afae-d6fa-4f87-b512-7316af4ad2f8 service placement] found 2 providers with available 1 VCPU {{(pid=104282) get_provider_ids_matching /opt/stack/placement/placement/objects/research_context.py:559}}
Mar 07 10:43:53.765479 n-d-832164-4 devstack@placement-api.service[104282]: DEBUG placement.objects.research_context [req-66450b09-1dc8-4019-993d-3bae2746dc47 req-0d19afae-d6fa-4f87-b512-7316af4ad2f8 service placement] found 2 providers after filtering by previous result {{(pid=104282) get_provider_ids_matching /opt/stack/placement/placement/objects/research_context.py:590}}
Mar 07 10:43:53.785511 n-d-832164-4 devstack@placement-api.service[104282]: DEBUG placement.objects.allocation_candidate [req-66450b09-1dc8-4019-993d-3bae2746dc47 req-0d19afae-d6fa-4f87-b512-7316af4ad2f8 service placement] RequestGroup(use_same_provider=False, resources={DISK_GB:1, MEMORY_MB:1024, VCPU:1}, traits=(), aggregates=[]) (suffix '') returned 2 matches {{(pid=104282) _get_by_requests /opt/stack/placement/placement/objects/allocation_candidate.py:156}}
Mar 07 10:43:53.785999 n-d-832164-4 devstack@placement-api.service[104282]: DEBUG placement.objects.allocation_candidate [req-66450b09-1dc8-4019-993d-3bae2746dc47 req-0d19afae-d6fa-4f87-b512-7316af4ad2f8 service placement] Merging candidates yields 2 allocation requests and 2 provider summaries {{(pid=104282) _merge_candidates /opt/stack/placement/placement/objects/allocation_candidate.py:809}}
Mar 07 10:43:53.789237 n-d-832164-4 devstack@placement-api.service[104282]: INFO placement.requestlog [req-66450b09-1dc8-4019-993d-3bae2746dc47 req-0d19afae-d6fa-4f87-b512-7316af4ad2f8 service placement] 10.222.0.11 "GET /placement/allocation_candidates?limit=1000&resources=DISK_GB%3A1%2CMEMORY_MB%3A1024%2CVCPU%3A1&root_required=%21COMPUTE_STATUS_DISABLED" status: 200 len: 1309 microversion: 1.36
Mar 07 10:43:53.789441 n-d-832164-4 devstack@placement-api.service[104283]: DEBUG placement.handlers.allocation [req-ca6d776e-d570-4842-9251-c944f3b44817 req-573ad236-301c-4ae0-ab2d-46b1f8e8702c service placement] Successfully wrote allocations [, , ] {{(pid=104283) _update_consumers_and_create_allocations /opt/stack/placement/placement/handlers/allocation.py:462}}
Mar 07 10:43:53.789814 n-d-832164-4 devstack@placement-api.service[104282]: [pid: 104282|app: 0|req: 323/646] 10.222.0.11 () {60 vars in 1506 bytes} [Mon Mar 7 10:43:53 2022] GET /placement/allocation_candidates?limit=1000&resources=DISK_GB%3A1%2CMEMORY_MB%3A1024%2CVCPU%3A1&root_required=%21COMPUTE_STATUS_DISABLED => generated 1309 bytes in 147 msecs (HTTP/1.1 200) 8 headers in 297 bytes (1 switches on core 0)
Mar 07 10:43:53.795788 n-d-832164-4 devstack@placement-api.service[104283]: INFO placement.requestlog [req-ca6d776e-d570-4842-9251-c944f3b44817 req-573ad236-301c-4ae0-ab2d-46b1f8e8702c service placement] 10.222.0.11 "PUT /placement/allocations/a525ed98-2f3d-4bab-ab58-b2196ed0cf83" status: 204 len: 0 microversion: 1.36
Mar 07 10:43:53.796213 n-d-832164-4 devstack@placement-api.service[104283]: [pid: 104283|app: 0|req: 324/647] 10.222.0.11 () {64 vars in 1433 bytes} [Mon Mar 7 10:43:53 2022] PUT /placement/allocations/a525ed98-2f3d-4bab-ab58-b2196ed0cf83 => generated 0 bytes in 109 msecs (HTTP/1.1 204) 5 headers in 199 bytes (2 switches on core 0)
Mar 07 10:43:53.899548 n-d-832164-4 devstack@placement-api.service[104282]: DEBUG placement.requestlog [req-66450b09-1dc8-4019-993d-3bae2746dc47 req-c81d82c9-72cc-41ae-a382-67e710a68e44 None None] Starting request: 10.222.0.11 "GET /placement/allocations/14948c00-0201-4b68-a0db-cb3274224a64" {{(pid=104282) __call__ /opt/stack/placement/placement/requestlog.py:55}}
Mar 07 10:43:53.927315 n-d-832164-4 devstack@placement-api.service[104282]: INFO placement.requestlog [req-66450b09-1dc8-4019-993d-3bae2746dc47 req-c81d82c9-72cc-41ae-a382-67e710a68e44 service placement] 10.222.0.11 "GET /placement/allocations/14948c00-0201-4b68-a0db-cb3274224a64" status: 200 len: 19 microversion: 1.28
Mar 07 10:43:53.928410 n-d-832164-4 devstack@placement-api.service[104282]: [pid: 104282|app: 0|req: 324/648] 10.222.0.11 () {60 vars in 1380 bytes} [Mon Mar 7 10:43:53 2022] GET /placement/allocations/14948c00-0201-4b68-a0db-cb3274224a64 => generated 19 bytes in 32 msecs (HTTP/1.1 200) 8 headers in 295 bytes (1 switches on core 0)
Mar 07 10:43:53.938257 n-d-832164-4 devstack@placement-api.service[104283]: DEBUG placement.requestlog [req-66450b09-1dc8-4019-993d-3bae2746dc47 req-4e4ec1ba-4e07-4565-8751-48b6a28d9889 None None] Starting request: 10.222.0.11 "PUT /placement/allocations/14948c00-0201-4b68-a0db-cb3274224a64" {{(pid=104283) __call__ /opt/stack/placement/placement/requestlog.py:55}}
Mar 07 10:43:54.025376 n-d-832164-4 devstack@placement-api.service[104283]: DEBUG placement.handlers.allocation [req-66450b09-1dc8-4019-993d-3bae2746dc47 req-4e4ec1ba-4e07-4565-8751-48b6a28d9889 service placement] Successfully wrote allocations [, , ] {{(pid=104283) _update_consumers_and_create_allocations /opt/stack/placement/placement/handlers/allocation.py:462}}
Mar 07 10:43:54.030949 n-d-832164-4 devstack@placement-api.service[104283]: INFO placement.requestlog [req-66450b09-1dc8-4019-993d-3bae2746dc47 req-4e4ec1ba-4e07-4565-8751-48b6a28d9889 service placement] 10.222.0.11 "PUT /placement/allocations/14948c00-0201-4b68-a0db-cb3274224a64" status: 204 len: 0 microversion: 1.36
Mar 07 10:43:54.043036 n-d-832164-4 devstack@placement-api.service[104283]: [pid: 104283|app: 0|req: 325/649] 10.222.0.11 () {64 vars in 1433 bytes} [Mon Mar 7 10:43:53 2022] PUT /placement/allocations/14948c00-0201-4b68-a0db-cb3274224a64 => generated 0 bytes in 94 msecs (HTTP/1.1 204) 5 headers in 199 bytes (2 switches on core 0)
Mar 07 10:43:54.189558 n-d-832164-4 devstack@placement-api.service[104282]: DEBUG placement.requestlog [req-ca6d776e-d570-4842-9251-c944f3b44817 req-bbbd1590-6550-4260-87ef-dd6f4f18a7d2 None None] Starting request: 10.222.0.31 "GET /placement/allocations/a525ed98-2f3d-4bab-ab58-b2196ed0cf83" {{(pid=104282) __call__ /opt/stack/placement/placement/requestlog.py:55}}
Mar 07 10:43:54.233456 n-d-832164-4 devstack@placement-api.service[104282]: INFO placement.requestlog [req-ca6d776e-d570-4842-9251-c944f3b44817 req-bbbd1590-6550-4260-87ef-dd6f4f18a7d2 service placement] 10.222.0.31 "GET /placement/allocations/a525ed98-2f3d-4bab-ab58-b2196ed0cf83" status: 200 len: 259 microversion: 1.28
Mar 07 10:43:54.233780 n-d-832164-4 devstack@placement-api.service[104282]: [pid: 104282|app: 0|req: 325/650] 10.222.0.31 () {60 vars in 1377 bytes} [Mon Mar 7 10:43:54 2022] GET /placement/allocations/a525ed98-2f3d-4bab-ab58-b2196ed0cf83 => generated 259 bytes in 45 msecs (HTTP/1.1 200) 8 headers in 296 bytes (1 switches on core 0)
Mar 07 10:43:54.477574 n-d-832164-4 devstack@placement-api.service[104283]: DEBUG placement.requestlog [req-66450b09-1dc8-4019-993d-3bae2746dc47 req-df04f0cd-752c-47fa-a934-41796842cccf None None] Starting request: 10.222.0.31 "GET /placement/allocations/14948c00-0201-4b68-a0db-cb3274224a64" {{(pid=104283) __call__ /opt/stack/placement/placement/requestlog.py:55}}
Mar 07 10:43:54.498418 n-d-832164-4 devstack@placement-api.service[104283]: INFO placement.requestlog [req-66450b09-1dc8-4019-993d-3bae2746dc47 req-df04f0cd-752c-47fa-a934-41796842cccf service placement] 10.222.0.31 "GET /placement/allocations/14948c00-0201-4b68-a0db-cb3274224a64" status: 200 len: 259 microversion: 1.28
Mar 07 10:43:54.499482 n-d-832164-4 devstack@placement-api.service[104283]: [pid: 104283|app: 0|req: 326/651] 10.222.0.31 () {60 vars in 1377 bytes} [Mon Mar 7 10:43:54 2022] GET /placement/allocations/14948c00-0201-4b68-a0db-cb3274224a64 => generated 259 bytes in 22 msecs (HTTP/1.1 200) 8 headers in 296 bytes (1 switches on core 0)
Mar 07 10:43:56.487005 n-d-832164-4 devstack@placement-api.service[104282]: DEBUG placement.requestlog [req-279b9168-81c7-443f-a8b6-ec854f32bbd4 req-d5d1d231-4f65-48de-beb3-9d07657dc277 None None] Starting request: 10.222.0.11 "GET /placement/allocation_candidates?limit=1000&resources=DISK_GB%3A1%2CMEMORY_MB%3A1024%2CVCPU%3A1&root_required=%21COMPUTE_STATUS_DISABLED" {{(pid=104282) __call__ /opt/stack/placement/placement/requestlog.py:55}}
Mar 07 10:43:56.519918 n-d-832164-4 devstack@placement-api.service[104282]: DEBUG placement.objects.research_context [req-279b9168-81c7-443f-a8b6-ec854f32bbd4 req-d5d1d231-4f65-48de-beb3-9d07657dc277 service placement] getting providers with 1 DISK_GB {{(pid=104282) __init__ /opt/stack/placement/placement/objects/research_context.py:136}}
Mar 07 10:43:56.526721 n-d-832164-4 devstack@placement-api.service[104282]: DEBUG placement.objects.research_context [req-279b9168-81c7-443f-a8b6-ec854f32bbd4 req-d5d1d231-4f65-48de-beb3-9d07657dc277 service placement] getting providers with 1024 MEMORY_MB {{(pid=104282) __init__ /opt/stack/placement/placement/objects/research_context.py:136}}
Mar 07 10:43:56.533457 n-d-832164-4 devstack@placement-api.service[104282]: DEBUG placement.objects.research_context [req-279b9168-81c7-443f-a8b6-ec854f32bbd4 req-d5d1d231-4f65-48de-beb3-9d07657dc277 service placement] getting providers with 1 VCPU {{(pid=104282) __init__ /opt/stack/placement/placement/objects/research_context.py:136}}
Mar 07 10:43:56.540173 n-d-832164-4 devstack@placement-api.service[104282]: DEBUG placement.objects.research_context [req-279b9168-81c7-443f-a8b6-ec854f32bbd4 req-d5d1d231-4f65-48de-beb3-9d07657dc277 service placement] found 2 providers with available 1 DISK_GB {{(pid=104282) get_provider_ids_matching /opt/stack/placement/placement/objects/research_context.py:559}}
Mar 07 10:43:56.540690 n-d-832164-4 devstack@placement-api.service[104282]: DEBUG placement.objects.research_context [req-279b9168-81c7-443f-a8b6-ec854f32bbd4 req-d5d1d231-4f65-48de-beb3-9d07657dc277 service placement] found 2 providers with available 1024 MEMORY_MB {{(pid=104282) get_provider_ids_matching /opt/stack/placement/placement/objects/research_context.py:559}}
Mar 07 10:43:56.541220 n-d-832164-4 devstack@placement-api.service[104282]: DEBUG placement.objects.research_context [req-279b9168-81c7-443f-a8b6-ec854f32bbd4 req-d5d1d231-4f65-48de-beb3-9d07657dc277 service placement] found 2 providers after filtering by previous result {{(pid=104282) get_provider_ids_matching /opt/stack/placement/placement/objects/research_context.py:590}}
Mar 07 10:43:56.541687 n-d-832164-4 devstack@placement-api.service[104282]: DEBUG placement.objects.research_context [req-279b9168-81c7-443f-a8b6-ec854f32bbd4 req-d5d1d231-4f65-48de-beb3-9d07657dc277 service placement] found 2 providers with available 1 VCPU {{(pid=104282) get_provider_ids_matching /opt/stack/placement/placement/objects/research_context.py:559}}
Mar 07 10:43:56.542173 n-d-832164-4 devstack@placement-api.service[104282]: DEBUG placement.objects.research_context [req-279b9168-81c7-443f-a8b6-ec854f32bbd4 req-d5d1d231-4f65-48de-beb3-9d07657dc277 service placement] found 2 providers after filtering by previous result {{(pid=104282) get_provider_ids_matching /opt/stack/placement/placement/objects/research_context.py:590}}
Mar 07 10:43:56.554123 n-d-832164-4 devstack@placement-api.service[104282]: DEBUG placement.objects.allocation_candidate [req-279b9168-81c7-443f-a8b6-ec854f32bbd4 req-d5d1d231-4f65-48de-beb3-9d07657dc277 service placement] RequestGroup(use_same_provider=False, resources={DISK_GB:1, MEMORY_MB:1024, VCPU:1}, traits=(), aggregates=[]) (suffix '') returned 2 matches {{(pid=104282) _get_by_requests /opt/stack/placement/placement/objects/allocation_candidate.py:156}}
Mar 07 10:43:56.554836 n-d-832164-4 devstack@placement-api.service[104282]: DEBUG placement.objects.allocation_candidate [req-279b9168-81c7-443f-a8b6-ec854f32bbd4 req-d5d1d231-4f65-48de-beb3-9d07657dc277 service placement] Merging candidates yields 2 allocation requests and 2 provider summaries {{(pid=104282) _merge_candidates /opt/stack/placement/placement/objects/allocation_candidate.py:809}}
Mar 07 10:43:56.557141 n-d-832164-4 devstack@placement-api.service[104282]: INFO placement.requestlog [req-279b9168-81c7-443f-a8b6-ec854f32bbd4 req-d5d1d231-4f65-48de-beb3-9d07657dc277 service placement] 10.222.0.11 "GET /placement/allocation_candidates?limit=1000&resources=DISK_GB%3A1%2CMEMORY_MB%3A1024%2CVCPU%3A1&root_required=%21COMPUTE_STATUS_DISABLED" status: 200 len: 1309 microversion: 1.36
Mar 07 10:43:56.557574 n-d-832164-4 devstack@placement-api.service[104282]: [pid: 104282|app: 0|req: 326/652] 10.222.0.11 () {60 vars in 1506 bytes} [Mon Mar 7 10:43:56 2022] GET /placement/allocation_candidates?limit=1000&resources=DISK_GB%3A1%2CMEMORY_MB%3A1024%2CVCPU%3A1&root_required=%21COMPUTE_STATUS_DISABLED => generated 1309 bytes in 71 msecs (HTTP/1.1 200) 8 headers in 297 bytes (1 switches on core 0)
Mar 07 10:43:56.633891 n-d-832164-4 devstack@placement-api.service[104283]: DEBUG placement.requestlog [req-279b9168-81c7-443f-a8b6-ec854f32bbd4 req-651e56ee-28db-48c1-8924-301b4b1b0c49 None None] Starting request: 10.222.0.11 "GET /placement/allocations/8b04aab4-d3a3-45b8-9f9c-1434192ee498" {{(pid=104283) __call__ /opt/stack/placement/placement/requestlog.py:55}}
Mar 07 10:43:56.653980 n-d-832164-4 devstack@placement-api.service[104283]: INFO placement.requestlog [req-279b9168-81c7-443f-a8b6-ec854f32bbd4 req-651e56ee-28db-48c1-8924-301b4b1b0c49 service placement] 10.222.0.11 "GET /placement/allocations/8b04aab4-d3a3-45b8-9f9c-1434192ee498" status: 200 len: 19 microversion: 1.28
Mar 07 10:43:56.655752 n-d-832164-4 devstack@placement-api.service[104283]: [pid: 104283|app: 0|req: 327/653] 10.222.0.11 () {60 vars in 1380 bytes} [Mon Mar 7 10:43:56 2022] GET /placement/allocations/8b04aab4-d3a3-45b8-9f9c-1434192ee498 => generated 19 bytes in 22 msecs (HTTP/1.1 200) 8 headers in 295 bytes (1 switches on core 0)
Mar 07 10:43:56.663329 n-d-832164-4 devstack@placement-api.service[104282]: DEBUG placement.requestlog [req-279b9168-81c7-443f-a8b6-ec854f32bbd4 req-f997fbbe-0026-44bd-a34d-16caf92f8bbc None None] Starting request: 10.222.0.11 "PUT /placement/allocations/8b04aab4-d3a3-45b8-9f9c-1434192ee498" {{(pid=104282) __call__ /opt/stack/placement/placement/requestlog.py:55}}
Mar 07 10:43:56.756473 n-d-832164-4 devstack@placement-api.service[104282]: DEBUG placement.handlers.allocation [req-279b9168-81c7-443f-a8b6-ec854f32bbd4 req-f997fbbe-0026-44bd-a34d-16caf92f8bbc service placement] Successfully wrote allocations [, , ] {{(pid=104282) _update_consumers_and_create_allocations /opt/stack/placement/placement/handlers/allocation.py:462}}
Mar 07 10:43:56.761293 n-d-832164-4 devstack@placement-api.service[104282]: INFO placement.requestlog [req-279b9168-81c7-443f-a8b6-ec854f32bbd4 req-f997fbbe-0026-44bd-a34d-16caf92f8bbc service placement] 10.222.0.11 "PUT /placement/allocations/8b04aab4-d3a3-45b8-9f9c-1434192ee498" status: 204 len: 0 microversion: 1.36
Mar 07 10:43:56.774085 n-d-832164-4 devstack@placement-api.service[104282]: [pid: 104282|app: 0|req: 327/654] 10.222.0.11 () {64 vars in 1433 bytes} [Mon Mar 7 10:43:56 2022] PUT /placement/allocations/8b04aab4-d3a3-45b8-9f9c-1434192ee498 => generated 0 bytes in 99 msecs (HTTP/1.1 204) 5 headers in 199 bytes (1 switches on core 0)
Mar 07 10:43:56.788419 n-d-832164-4 devstack@placement-api.service[104283]: DEBUG placement.requestlog [req-279b9168-81c7-443f-a8b6-ec854f32bbd4 req-6028e313-a10a-4ee4-a8d2-e92c2d88ceec None None] Starting request: 10.222.0.11 "GET /placement/allocations/d5b600d0-d07c-49d8-b6b5-247f675239e3" {{(pid=104283) __call__ /opt/stack/placement/placement/requestlog.py:55}}
Mar 07 10:43:56.799810 n-d-832164-4 devstack@placement-api.service[104283]: INFO placement.requestlog [req-279b9168-81c7-443f-a8b6-ec854f32bbd4 req-6028e313-a10a-4ee4-a8d2-e92c2d88ceec service placement] 10.222.0.11 "GET /placement/allocations/d5b600d0-d07c-49d8-b6b5-247f675239e3" status: 200 len: 19 microversion: 1.28
Mar 07 10:43:56.805500 n-d-832164-4 devstack@placement-api.service[104283]: [pid: 104283|app: 0|req: 328/655] 10.222.0.11 () {60 vars in 1380 bytes} [Mon Mar 7 10:43:56 2022] GET /placement/allocations/d5b600d0-d07c-49d8-b6b5-247f675239e3 => generated 19 bytes in 17 msecs (HTTP/1.1 200) 8 headers in 295 bytes (1 switches on core 0)
Mar 07 10:43:56.806891 n-d-832164-4 devstack@placement-api.service[104282]: DEBUG placement.requestlog [req-279b9168-81c7-443f-a8b6-ec854f32bbd4 req-5b6881fa-9f24-4d22-b7d7-f08c7d4ae3e1 None None] Starting request: 10.222.0.11 "PUT /placement/allocations/d5b600d0-d07c-49d8-b6b5-247f675239e3" {{(pid=104282) __call__ /opt/stack/placement/placement/requestlog.py:55}}
Mar 07 10:43:56.877008 n-d-832164-4 devstack@placement-api.service[104282]: DEBUG placement.handlers.allocation [req-279b9168-81c7-443f-a8b6-ec854f32bbd4 req-5b6881fa-9f24-4d22-b7d7-f08c7d4ae3e1 service placement] Successfully wrote allocations [, , ] {{(pid=104282) _update_consumers_and_create_allocations /opt/stack/placement/placement/handlers/allocation.py:462}}
Mar 07 10:43:56.882096 n-d-832164-4 devstack@placement-api.service[104282]: INFO placement.requestlog [req-279b9168-81c7-443f-a8b6-ec854f32bbd4 req-5b6881fa-9f24-4d22-b7d7-f08c7d4ae3e1 service placement] 10.222.0.11 "PUT /placement/allocations/d5b600d0-d07c-49d8-b6b5-247f675239e3" status: 204 len: 0 microversion: 1.36
Mar 07 10:43:56.882762 n-d-832164-4 devstack@placement-api.service[104282]: [pid: 104282|app: 0|req: 328/656] 10.222.0.11 () {64 vars in 1433 bytes} [Mon Mar 7 10:43:56 2022] PUT /placement/allocations/d5b600d0-d07c-49d8-b6b5-247f675239e3 => generated 0 bytes in 76 msecs (HTTP/1.1 204) 5 headers in 199 bytes (1 switches on core 0)
Mar 07 10:43:57.475129 n-d-832164-4 devstack@placement-api.service[104283]: DEBUG placement.requestlog [req-279b9168-81c7-443f-a8b6-ec854f32bbd4 req-8eef185d-b0ba-402d-80da-0c79111ed9e5 None None] Starting request: 10.222.0.21 "GET /placement/allocations/8b04aab4-d3a3-45b8-9f9c-1434192ee498" {{(pid=104283) __call__ /opt/stack/placement/placement/requestlog.py:55}}
Mar 07 10:43:57.494541 n-d-832164-4 devstack@placement-api.service[104283]: INFO placement.requestlog [req-279b9168-81c7-443f-a8b6-ec854f32bbd4 req-8eef185d-b0ba-402d-80da-0c79111ed9e5 service placement] 10.222.0.21 "GET /placement/allocations/8b04aab4-d3a3-45b8-9f9c-1434192ee498" status: 200 len: 259 microversion: 1.28
Mar 07 10:43:57.495303 n-d-832164-4 devstack@placement-api.service[104283]: [pid: 104283|app: 0|req: 329/657] 10.222.0.21 () {60 vars in 1377 bytes} [Mon Mar 7 10:43:57 2022] GET /placement/allocations/8b04aab4-d3a3-45b8-9f9c-1434192ee498 => generated 259 bytes in 21 msecs (HTTP/1.1 200) 8 headers in 296 bytes (1 switches on core 0)
Mar 07 10:43:57.514397 n-d-832164-4 devstack@placement-api.service[104282]: DEBUG placement.requestlog [req-279b9168-81c7-443f-a8b6-ec854f32bbd4 req-005ff0d9-137a-4994-beda-41ee3886355a None None] Starting request: 10.222.0.21 "GET /placement/allocations/d5b600d0-d07c-49d8-b6b5-247f675239e3" {{(pid=104282) __call__ /opt/stack/placement/placement/requestlog.py:55}}
Mar 07 10:43:57.532424 n-d-832164-4 devstack@placement-api.service[104282]: INFO placement.requestlog [req-279b9168-81c7-443f-a8b6-ec854f32bbd4 req-005ff0d9-137a-4994-beda-41ee3886355a service placement] 10.222.0.21 "GET /placement/allocations/d5b600d0-d07c-49d8-b6b5-247f675239e3" status: 200 len: 259 microversion: 1.28
Mar 07 10:43:57.533361 n-d-832164-4 devstack@placement-api.service[104282]: [pid: 104282|app: 0|req: 329/658] 10.222.0.21 () {60 vars in 1377 bytes} [Mon Mar 7 10:43:57 2022] GET /placement/allocations/d5b600d0-d07c-49d8-b6b5-247f675239e3 => generated 259 bytes in 19 msecs (HTTP/1.1 200) 8 headers in 296 bytes (1 switches on core 0)
Mar 07 10:44:00.472885 n-d-832164-4 devstack@placement-api.service[104283]: DEBUG placement.requestlog [req-724f0930-1500-4f7f-be95-7b1ba20ab670 req-1b40d90c-adbe-4937-b916-7e830641c132 None None] Starting request: 10.222.0.31 "GET /placement/allocations/14948c00-0201-4b68-a0db-cb3274224a64" {{(pid=104283) __call__ /opt/stack/placement/placement/requestlog.py:55}}
Mar 07 10:44:00.497836 n-d-832164-4 devstack@placement-api.service[104283]: INFO placement.requestlog [req-724f0930-1500-4f7f-be95-7b1ba20ab670 req-1b40d90c-adbe-4937-b916-7e830641c132 service placement] 10.222.0.31 "GET /placement/allocations/14948c00-0201-4b68-a0db-cb3274224a64" status: 200 len: 259 microversion: 1.28
Mar 07 10:44:00.498433 n-d-832164-4 devstack@placement-api.service[104283]: [pid: 104283|app: 0|req: 330/659] 10.222.0.31 () {60 vars in 1377 bytes} [Mon Mar 7 10:44:00 2022] GET /placement/allocations/14948c00-0201-4b68-a0db-cb3274224a64 => generated 259 bytes in 26 msecs (HTTP/1.1 200) 8 headers in 296 bytes (1 switches on core 0)
Mar 07 10:44:04.101276 n-d-832164-4 devstack@placement-api.service[104282]: DEBUG placement.requestlog [req-405feef4-f600-4eb3-907a-d6067f5bf2f9 req-76098b65-cecd-4346-beac-c00cec4ec590 None None] Starting request: 10.222.0.21 "GET /placement/resource_providers/27da3fbd-df6f-4825-9d92-5b877fd49216/allocations" {{(pid=104282) __call__ /opt/stack/placement/placement/requestlog.py:55}}
Mar 07 10:44:04.140354 n-d-832164-4 devstack@placement-api.service[104282]: INFO placement.requestlog [req-405feef4-f600-4eb3-907a-d6067f5bf2f9 req-76098b65-cecd-4346-beac-c00cec4ec590 service placement] 10.222.0.21 "GET /placement/resource_providers/27da3fbd-df6f-4825-9d92-5b877fd49216/allocations" status: 200 len: 544 microversion: 1.0
Mar 07 10:44:04.141267 n-d-832164-4 devstack@placement-api.service[104282]: [pid: 104282|app: 0|req: 330/660] 10.222.0.21 () {58 vars in 1390 bytes} [Mon Mar 7 10:44:04 2022] GET /placement/resource_providers/27da3fbd-df6f-4825-9d92-5b877fd49216/allocations => generated 544 bytes in 43 msecs (HTTP/1.1 200) 6 headers in 224 bytes (1 switches on core 0)
Mar 07 10:44:09.381673 n-d-832164-4 devstack@placement-api.service[104283]: DEBUG placement.requestlog [req-d3de2888-8c1a-4b9d-81ed-fe753a1a28d8 req-af24f0ca-2973-4c07-b84d-1837e9ae22b2 None None] Starting request: 10.222.0.31 "DELETE /placement/allocations/a525ed98-2f3d-4bab-ab58-b2196ed0cf83" {{(pid=104283) __call__ /opt/stack/placement/placement/requestlog.py:55}}
Mar 07 10:44:09.422809 n-d-832164-4 devstack@placement-api.service[104283]: DEBUG placement.handlers.allocation [req-d3de2888-8c1a-4b9d-81ed-fe753a1a28d8 req-af24f0ca-2973-4c07-b84d-1837e9ae22b2 service placement] Successfully deleted allocations [, , ] {{(pid=104283) delete_allocations /opt/stack/placement/placement/handlers/allocation.py:627}}
Mar 07 10:44:09.423871 n-d-832164-4 devstack@placement-api.service[104283]: INFO placement.requestlog [req-d3de2888-8c1a-4b9d-81ed-fe753a1a28d8 req-af24f0ca-2973-4c07-b84d-1837e9ae22b2 service placement] 10.222.0.31 "DELETE /placement/allocations/a525ed98-2f3d-4bab-ab58-b2196ed0cf83" status: 204 len: 0 microversion: 1.0
Mar 07 10:44:09.425035 n-d-832164-4 devstack@placement-api.service[104283]: [pid: 104283|app: 0|req: 331/661] 10.222.0.31 () {60 vars in 1355 bytes} [Mon Mar 7 10:44:09 2022] DELETE /placement/allocations/a525ed98-2f3d-4bab-ab58-b2196ed0cf83 => generated 0 bytes in 43 msecs (HTTP/1.1 204) 5 headers in 198 bytes (1 switches on core 0)
Mar 07 10:44:09.467850 n-d-832164-4 devstack@placement-api.service[104282]: DEBUG placement.requestlog [req-bc8c2253-d94d-4cf5-90f9-827910903f22 req-b42da31c-031d-4109-9d70-8301e38851bd None None] Starting request: 10.222.0.31 "GET /placement/resource_providers/614e8d20-2877-4b61-87f1-786cedc431ad/allocations" {{(pid=104282) __call__ /opt/stack/placement/placement/requestlog.py:55}}
Mar 07 10:44:09.493467 n-d-832164-4 devstack@placement-api.service[104282]: INFO placement.requestlog [req-bc8c2253-d94d-4cf5-90f9-827910903f22 req-b42da31c-031d-4109-9d70-8301e38851bd service placement] 10.222.0.31 "GET /placement/resource_providers/614e8d20-2877-4b61-87f1-786cedc431ad/allocations" status: 200 len: 457 microversion: 1.0
Mar 07 10:44:09.494088 n-d-832164-4 devstack@placement-api.service[104282]: [pid: 104282|app: 0|req: 331/662] 10.222.0.31 () {58 vars in 1390 bytes} [Mon Mar 7 10:44:09 2022] GET /placement/resource_providers/614e8d20-2877-4b61-87f1-786cedc431ad/allocations => generated 457 bytes in 26 msecs (HTTP/1.1 200) 6 headers in 224 bytes (1 switches on core 0)
Mar 07 10:44:11.001853 n-d-832164-4 devstack@placement-api.service[104283]: DEBUG placement.requestlog [req-b37d6872-fb1a-4a20-a024-933f761db601 req-5c01a54a-cd0b-4d2e-8e00-857b93f659fb None None] Starting request: 10.222.0.11 "GET /placement/allocation_candidates?limit=1000&resources=DISK_GB%3A1%2CMEMORY_MB%3A1024%2CVCPU%3A1&root_required=%21COMPUTE_STATUS_DISABLED" {{(pid=104283) __call__ /opt/stack/placement/placement/requestlog.py:55}}
Mar 07 10:44:11.048904 n-d-832164-4 devstack@placement-api.service[104283]: DEBUG placement.objects.research_context [req-b37d6872-fb1a-4a20-a024-933f761db601 req-5c01a54a-cd0b-4d2e-8e00-857b93f659fb service placement] getting providers with 1 DISK_GB {{(pid=104283) __init__ /opt/stack/placement/placement/objects/research_context.py:136}}
Mar 07 10:44:11.058366 n-d-832164-4 devstack@placement-api.service[104283]: DEBUG placement.objects.research_context [req-b37d6872-fb1a-4a20-a024-933f761db601 req-5c01a54a-cd0b-4d2e-8e00-857b93f659fb service placement] getting providers with 1024 MEMORY_MB {{(pid=104283) __init__ /opt/stack/placement/placement/objects/research_context.py:136}}
Mar 07 10:44:11.065210 n-d-832164-4 devstack@placement-api.service[104283]: DEBUG placement.objects.research_context [req-b37d6872-fb1a-4a20-a024-933f761db601 req-5c01a54a-cd0b-4d2e-8e00-857b93f659fb service placement] getting providers with 1 VCPU {{(pid=104283) __init__ /opt/stack/placement/placement/objects/research_context.py:136}}
Mar 07 10:44:11.072132 n-d-832164-4 devstack@placement-api.service[104283]: DEBUG placement.objects.research_context [req-b37d6872-fb1a-4a20-a024-933f761db601 req-5c01a54a-cd0b-4d2e-8e00-857b93f659fb service placement] found 2 providers with available 1 DISK_GB {{(pid=104283) get_provider_ids_matching /opt/stack/placement/placement/objects/research_context.py:559}}
Mar 07 10:44:11.072407 n-d-832164-4 devstack@placement-api.service[104283]: DEBUG placement.objects.research_context [req-b37d6872-fb1a-4a20-a024-933f761db601 req-5c01a54a-cd0b-4d2e-8e00-857b93f659fb service placement] found 2 providers with available 1024 MEMORY_MB {{(pid=104283) get_provider_ids_matching /opt/stack/placement/placement/objects/research_context.py:559}}
Mar 07 10:44:11.072677 n-d-832164-4 devstack@placement-api.service[104283]: DEBUG placement.objects.research_context [req-b37d6872-fb1a-4a20-a024-933f761db601 req-5c01a54a-cd0b-4d2e-8e00-857b93f659fb service placement] found 2 providers after filtering by previous result {{(pid=104283) get_provider_ids_matching /opt/stack/placement/placement/objects/research_context.py:590}}
Mar 07 10:44:11.072929 n-d-832164-4 devstack@placement-api.service[104283]: DEBUG placement.objects.research_context [req-b37d6872-fb1a-4a20-a024-933f761db601 req-5c01a54a-cd0b-4d2e-8e00-857b93f659fb service placement] found 2 providers with available 1 VCPU {{(pid=104283) get_provider_ids_matching /opt/stack/placement/placement/objects/research_context.py:559}}
Mar 07 10:44:11.073586 n-d-832164-4 devstack@placement-api.service[104283]: DEBUG placement.objects.research_context [req-b37d6872-fb1a-4a20-a024-933f761db601 req-5c01a54a-cd0b-4d2e-8e00-857b93f659fb service placement] found 2 providers after filtering by previous result {{(pid=104283) get_provider_ids_matching /opt/stack/placement/placement/objects/research_context.py:590}}
Mar 07 10:44:11.086219 n-d-832164-4 devstack@placement-api.service[104283]: DEBUG placement.objects.allocation_candidate [req-b37d6872-fb1a-4a20-a024-933f761db601 req-5c01a54a-cd0b-4d2e-8e00-857b93f659fb service placement] RequestGroup(use_same_provider=False, resources={DISK_GB:1, MEMORY_MB:1024, VCPU:1}, traits=(), aggregates=[]) (suffix '') returned 2 matches {{(pid=104283) _get_by_requests /opt/stack/placement/placement/objects/allocation_candidate.py:156}}
Mar 07 10:44:11.086696 n-d-832164-4 devstack@placement-api.service[104283]: DEBUG placement.objects.allocation_candidate [req-b37d6872-fb1a-4a20-a024-933f761db601 req-5c01a54a-cd0b-4d2e-8e00-857b93f659fb service placement] Merging candidates yields 2 allocation requests and 2 provider summaries {{(pid=104283) _merge_candidates /opt/stack/placement/placement/objects/allocation_candidate.py:809}}
Mar 07 10:44:11.088490 n-d-832164-4 devstack@placement-api.service[104283]: INFO placement.requestlog [req-b37d6872-fb1a-4a20-a024-933f761db601 req-5c01a54a-cd0b-4d2e-8e00-857b93f659fb service placement] 10.222.0.11 "GET /placement/allocation_candidates?limit=1000&resources=DISK_GB%3A1%2CMEMORY_MB%3A1024%2CVCPU%3A1&root_required=%21COMPUTE_STATUS_DISABLED" status: 200 len: 1309 microversion: 1.36
Mar 07 10:44:11.088939 n-d-832164-4 devstack@placement-api.service[104283]: [pid: 104283|app: 0|req: 332/663] 10.222.0.11 () {60 vars in 1506 bytes} [Mon Mar 7 10:44:11 2022] GET /placement/allocation_candidates?limit=1000&resources=DISK_GB%3A1%2CMEMORY_MB%3A1024%2CVCPU%3A1&root_required=%21COMPUTE_STATUS_DISABLED => generated 1309 bytes in 87 msecs (HTTP/1.1 200) 8 headers in 297 bytes (1 switches on core 0)
Mar 07 10:44:11.162717 n-d-832164-4 devstack@placement-api.service[104282]: DEBUG placement.requestlog [req-b37d6872-fb1a-4a20-a024-933f761db601 req-2093944c-649d-4c62-a981-c2eb44a6944c None None] Starting request: 10.222.0.11 "GET /placement/allocations/18c1a8dc-4a78-499e-8884-7f923ed8acbd" {{(pid=104282) __call__ /opt/stack/placement/placement/requestlog.py:55}}
Mar 07 10:44:11.173243 n-d-832164-4 devstack@placement-api.service[104282]: INFO placement.requestlog [req-b37d6872-fb1a-4a20-a024-933f761db601 req-2093944c-649d-4c62-a981-c2eb44a6944c service placement] 10.222.0.11 "GET /placement/allocations/18c1a8dc-4a78-499e-8884-7f923ed8acbd" status: 200 len: 19 microversion: 1.28
Mar 07 10:44:11.177218 n-d-832164-4 devstack@placement-api.service[104282]: [pid: 104282|app: 0|req: 332/664] 10.222.0.11 () {60 vars in 1380 bytes} [Mon Mar 7 10:44:11 2022] GET /placement/allocations/18c1a8dc-4a78-499e-8884-7f923ed8acbd => generated 19 bytes in 15 msecs (HTTP/1.1 200) 8 headers in 295 bytes (1 switches on core 0)
Mar 07 10:44:11.181281 n-d-832164-4 devstack@placement-api.service[104283]: DEBUG placement.requestlog [req-b37d6872-fb1a-4a20-a024-933f761db601 req-45e668c2-9055-4069-ac09-06c770d224c6 None None] Starting request: 10.222.0.11 "PUT /placement/allocations/18c1a8dc-4a78-499e-8884-7f923ed8acbd" {{(pid=104283) __call__ /opt/stack/placement/placement/requestlog.py:55}}
Mar 07 10:44:11.250888 n-d-832164-4 devstack@placement-api.service[104283]: DEBUG placement.handlers.allocation [req-b37d6872-fb1a-4a20-a024-933f761db601 req-45e668c2-9055-4069-ac09-06c770d224c6 service placement] Successfully wrote allocations [, , ] {{(pid=104283) _update_consumers_and_create_allocations /opt/stack/placement/placement/handlers/allocation.py:462}}
Mar 07 10:44:11.256373 n-d-832164-4 devstack@placement-api.service[104283]: INFO placement.requestlog [req-b37d6872-fb1a-4a20-a024-933f761db601 req-45e668c2-9055-4069-ac09-06c770d224c6 service placement] 10.222.0.11 "PUT /placement/allocations/18c1a8dc-4a78-499e-8884-7f923ed8acbd" status: 204 len: 0 microversion: 1.36
Mar 07 10:44:11.256921 n-d-832164-4 devstack@placement-api.service[104283]: [pid: 104283|app: 0|req: 333/665] 10.222.0.11 () {64 vars in 1433 bytes} [Mon Mar 7 10:44:11 2022] PUT /placement/allocations/18c1a8dc-4a78-499e-8884-7f923ed8acbd => generated 0 bytes in 76 msecs (HTTP/1.1 204) 5 headers in 199 bytes (1 switches on core 0)
Mar 07 10:44:11.667037 n-d-832164-4 devstack@placement-api.service[104282]: DEBUG placement.requestlog [req-b37d6872-fb1a-4a20-a024-933f761db601 req-af5cb275-84b8-4a69-89e1-3d4d9834e591 None None] Starting request: 10.222.0.31 "GET /placement/allocations/18c1a8dc-4a78-499e-8884-7f923ed8acbd" {{(pid=104282) __call__ /opt/stack/placement/placement/requestlog.py:55}}
Mar 07 10:44:11.695504 n-d-832164-4 devstack@placement-api.service[104282]: INFO placement.requestlog [req-b37d6872-fb1a-4a20-a024-933f761db601 req-af5cb275-84b8-4a69-89e1-3d4d9834e591 service placement] 10.222.0.31 "GET /placement/allocations/18c1a8dc-4a78-499e-8884-7f923ed8acbd" status: 200 len: 259 microversion: 1.28
Mar 07 10:44:11.696577 n-d-832164-4 devstack@placement-api.service[104282]: [pid: 104282|app: 0|req: 333/666] 10.222.0.31 () {60 vars in 1377 bytes} [Mon Mar 7 10:44:11 2022] GET /placement/allocations/18c1a8dc-4a78-499e-8884-7f923ed8acbd => generated 259 bytes in 30 msecs (HTTP/1.1 200) 8 headers in 296 bytes (1 switches on core 0)
