Mar 05 15:19:59.710784 n-d-832156-3 devstack@placement-api.service[104820]: DEBUG placement.objects.research_context [req-3096cfad-8a7d-48cf-baac-cb7101ac9d78 req-41c27751-84fe-404c-91ae-ca4d2098a7d1 service placement] found 2 providers with available 1 VCPU {{(pid=104820) get_provider_ids_matching /opt/stack/placement/placement/objects/research_context.py:559}}
Mar 05 15:19:59.711722 n-d-832156-3 devstack@placement-api.service[104820]: DEBUG placement.objects.research_context [req-3096cfad-8a7d-48cf-baac-cb7101ac9d78 req-41c27751-84fe-404c-91ae-ca4d2098a7d1 service placement] found 2 providers after filtering by previous result {{(pid=104820) get_provider_ids_matching /opt/stack/placement/placement/objects/research_context.py:590}}
Mar 05 15:19:59.731389 n-d-832156-3 devstack@placement-api.service[104820]: DEBUG placement.objects.allocation_candidate [req-3096cfad-8a7d-48cf-baac-cb7101ac9d78 req-41c27751-84fe-404c-91ae-ca4d2098a7d1 service placement] RequestGroup(use_same_provider=False, resources={DISK_GB:1, MEMORY_MB:1024, VCPU:1}, traits=(), aggregates=[]) (suffix '') returned 2 matches {{(pid=104820) _get_by_requests /opt/stack/placement/placement/objects/allocation_candidate.py:156}}
Mar 05 15:19:59.731942 n-d-832156-3 devstack@placement-api.service[104820]: DEBUG placement.objects.allocation_candidate [req-3096cfad-8a7d-48cf-baac-cb7101ac9d78 req-41c27751-84fe-404c-91ae-ca4d2098a7d1 service placement] Merging candidates yields 2 allocation requests and 2 provider summaries {{(pid=104820) _merge_candidates /opt/stack/placement/placement/objects/allocation_candidate.py:809}}
Mar 05 15:19:59.733568 n-d-832156-3 devstack@placement-api.service[104820]: INFO placement.requestlog [req-3096cfad-8a7d-48cf-baac-cb7101ac9d78 req-41c27751-84fe-404c-91ae-ca4d2098a7d1 service placement] 10.222.0.45 "GET /placement/allocation_candidates?limit=1000&resources=DISK_GB%3A1%2CMEMORY_MB%3A1024%2CVCPU%3A1&root_required=%21COMPUTE_STATUS_DISABLED" status: 200 len: 1309 microversion: 1.36
Mar 05 15:19:59.739861 n-d-832156-3 devstack@placement-api.service[104820]: [pid: 104820|app: 0|req: 182/366] 10.222.0.45 () {60 vars in 1506 bytes} [Sat Mar 5 15:19:59 2022] GET /placement/allocation_candidates?limit=1000&resources=DISK_GB%3A1%2CMEMORY_MB%3A1024%2CVCPU%3A1&root_required=%21COMPUTE_STATUS_DISABLED => generated 1309 bytes in 119 msecs (HTTP/1.1 200) 8 headers in 297 bytes (1 switches on core 0)
Mar 05 15:19:59.824570 n-d-832156-3 devstack@placement-api.service[104821]: DEBUG placement.requestlog [req-3096cfad-8a7d-48cf-baac-cb7101ac9d78 req-bd6b7967-84d9-4392-8ea9-b5a32ea01cfd None None] Starting request: 10.222.0.45 "GET /placement/allocations/329fe489-1a29-4b34-9159-071446d3bf41" {{(pid=104821) __call__ /opt/stack/placement/placement/requestlog.py:55}}
Mar 05 15:19:59.837458 n-d-832156-3 devstack@placement-api.service[104821]: INFO placement.requestlog [req-3096cfad-8a7d-48cf-baac-cb7101ac9d78 req-bd6b7967-84d9-4392-8ea9-b5a32ea01cfd service placement] 10.222.0.45 "GET /placement/allocations/329fe489-1a29-4b34-9159-071446d3bf41" status: 200 len: 19 microversion: 1.28
Mar 05 15:19:59.837826 n-d-832156-3 devstack@placement-api.service[104821]: [pid: 104821|app: 0|req: 185/367] 10.222.0.45 () {60 vars in 1380 bytes} [Sat Mar 5 15:19:59 2022] GET /placement/allocations/329fe489-1a29-4b34-9159-071446d3bf41 => generated 19 bytes in 14 msecs (HTTP/1.1 200) 8 headers in 295 bytes (1 switches on core 0)
Mar 05 15:19:59.845115 n-d-832156-3 devstack@placement-api.service[104820]: DEBUG placement.requestlog [req-3096cfad-8a7d-48cf-baac-cb7101ac9d78 req-f19757a5-3c60-46d0-a0b3-00096d1e8135 None None] Starting request: 10.222.0.45 "PUT /placement/allocations/329fe489-1a29-4b34-9159-071446d3bf41" {{(pid=104820) __call__ /opt/stack/placement/placement/requestlog.py:55}}
Mar 05 15:20:00.135643 n-d-832156-3 devstack@placement-api.service[104820]: DEBUG placement.handlers.allocation [req-3096cfad-8a7d-48cf-baac-cb7101ac9d78 req-f19757a5-3c60-46d0-a0b3-00096d1e8135 service placement] Successfully wrote allocations [, , ] {{(pid=104820) _update_consumers_and_create_allocations /opt/stack/placement/placement/handlers/allocation.py:462}}
Mar 05 15:20:00.219544 n-d-832156-3 devstack@placement-api.service[104820]: INFO placement.requestlog [req-3096cfad-8a7d-48cf-baac-cb7101ac9d78 req-f19757a5-3c60-46d0-a0b3-00096d1e8135 service placement] 10.222.0.45 "PUT /placement/allocations/329fe489-1a29-4b34-9159-071446d3bf41" status: 204 len: 0 microversion: 1.36
Mar 05 15:20:00.220292 n-d-832156-3 devstack@placement-api.service[104820]: [pid: 104820|app: 0|req: 183/368] 10.222.0.45 () {64 vars in 1433 bytes} [Sat Mar 5 15:19:59 2022] PUT /placement/allocations/329fe489-1a29-4b34-9159-071446d3bf41 => generated 0 bytes in 375 msecs (HTTP/1.1 204) 5 headers in 199 bytes (1 switches on core 0)
Mar 05 15:20:01.061510 n-d-832156-3 devstack@placement-api.service[104821]: DEBUG placement.requestlog [req-3917d7a4-e496-4c45-a0d9-051e85e9dbcb req-1424aa16-9558-4752-bad0-7e65fe07092e None None] Starting request: 10.222.0.44 "GET /placement/allocations/e17a42ed-b16b-442c-9b43-0935c375a062" {{(pid=104821) __call__ /opt/stack/placement/placement/requestlog.py:55}}
Mar 05 15:20:01.098176 n-d-832156-3 devstack@placement-api.service[104821]: INFO placement.requestlog [req-3917d7a4-e496-4c45-a0d9-051e85e9dbcb req-1424aa16-9558-4752-bad0-7e65fe07092e service placement] 10.222.0.44 "GET /placement/allocations/e17a42ed-b16b-442c-9b43-0935c375a062" status: 200 len: 259 microversion: 1.28
Mar 05 15:20:01.098843 n-d-832156-3 devstack@placement-api.service[104821]: [pid: 104821|app: 0|req: 186/369] 10.222.0.44 () {60 vars in 1377 bytes} [Sat Mar 5 15:20:01 2022] GET /placement/allocations/e17a42ed-b16b-442c-9b43-0935c375a062 => generated 259 bytes in 38 msecs (HTTP/1.1 200) 8 headers in 296 bytes (2 switches on core 0)
Mar 05 15:20:01.554949 n-d-832156-3 devstack@placement-api.service[104820]: DEBUG placement.requestlog [req-3096cfad-8a7d-48cf-baac-cb7101ac9d78 req-af81db0d-5098-42d4-b00b-6383e718371b None None] Starting request: 10.222.0.44 "GET /placement/allocations/329fe489-1a29-4b34-9159-071446d3bf41" {{(pid=104820) __call__ /opt/stack/placement/placement/requestlog.py:55}}
Mar 05 15:20:01.571332 n-d-832156-3 devstack@placement-api.service[104820]: INFO placement.requestlog [req-3096cfad-8a7d-48cf-baac-cb7101ac9d78 req-af81db0d-5098-42d4-b00b-6383e718371b service placement] 10.222.0.44 "GET /placement/allocations/329fe489-1a29-4b34-9159-071446d3bf41" status: 200 len: 259 microversion: 1.28
Mar 05 15:20:01.578165 n-d-832156-3 devstack@placement-api.service[104820]: [pid: 104820|app: 0|req: 184/370] 10.222.0.44 () {60 vars in 1377 bytes} [Sat Mar 5 15:20:01 2022] GET /placement/allocations/329fe489-1a29-4b34-9159-071446d3bf41 => generated 259 bytes in 17 msecs (HTTP/1.1 200) 8 headers in 296 bytes (1 switches on core 0)
Mar 05 15:20:01.674651 n-d-832156-3 devstack@placement-api.service[104821]: DEBUG placement.requestlog [req-e343c1bf-ff96-4236-a537-f1fe7f1b7ee1 req-207262a5-5d8d-4632-bca3-6f612736a27b None None] Starting request: 10.222.0.47 "GET /placement/resource_providers/bae655a7-c976-4171-a1f6-10f4be330511/allocations" {{(pid=104821) __call__ /opt/stack/placement/placement/requestlog.py:55}}
Mar 05 15:20:01.701307 n-d-832156-3 devstack@placement-api.service[104821]: INFO placement.requestlog [req-e343c1bf-ff96-4236-a537-f1fe7f1b7ee1 req-207262a5-5d8d-4632-bca3-6f612736a27b service placement] 10.222.0.47 "GET /placement/resource_providers/bae655a7-c976-4171-a1f6-10f4be330511/allocations" status: 200 len: 759 microversion: 1.0
Mar 05 15:20:01.701993 n-d-832156-3 devstack@placement-api.service[104821]: [pid: 104821|app: 0|req: 187/371] 10.222.0.47 () {58 vars in 1390 bytes} [Sat Mar 5 15:20:01 2022] GET /placement/resource_providers/bae655a7-c976-4171-a1f6-10f4be330511/allocations => generated 759 bytes in 28 msecs (HTTP/1.1 200) 6 headers in 224 bytes (2 switches on core 0)
Mar 05 15:20:01.752226 n-d-832156-3 devstack@placement-api.service[104820]: DEBUG placement.requestlog [req-f2347a31-4cd7-4f15-954a-9d46b7b89546 req-3786c79e-1bc7-46a4-a873-1d633b586f87 None None] Starting request: 10.222.0.44 "DELETE /placement/allocations/865dea7c-8ad6-4f5b-b36b-9254d6b0d369" {{(pid=104820) __call__ /opt/stack/placement/placement/requestlog.py:55}}
Mar 05 15:20:01.993868 n-d-832156-3 devstack@placement-api.service[104820]: DEBUG placement.handlers.allocation [req-f2347a31-4cd7-4f15-954a-9d46b7b89546 req-3786c79e-1bc7-46a4-a873-1d633b586f87 service placement] Successfully deleted allocations [, , ] {{(pid=104820) delete_allocations /opt/stack/placement/placement/handlers/allocation.py:627}}
Mar 05 15:20:01.994631 n-d-832156-3 devstack@placement-api.service[104820]: INFO placement.requestlog [req-f2347a31-4cd7-4f15-954a-9d46b7b89546 req-3786c79e-1bc7-46a4-a873-1d633b586f87 service placement] 10.222.0.44 "DELETE /placement/allocations/865dea7c-8ad6-4f5b-b36b-9254d6b0d369" status: 204 len: 0 microversion: 1.0
Mar 05 15:20:01.997296 n-d-832156-3 devstack@placement-api.service[104820]: [pid: 104820|app: 0|req: 185/372] 10.222.0.44 () {60 vars in 1355 bytes} [Sat Mar 5 15:20:01 2022] DELETE /placement/allocations/865dea7c-8ad6-4f5b-b36b-9254d6b0d369 => generated 0 bytes in 245 msecs (HTTP/1.1 204) 5 headers in 198 bytes (1 switches on core 0)
Mar 05 15:20:07.773373 n-d-832156-3 devstack@placement-api.service[104821]: DEBUG placement.requestlog [None req-5b0cf24e-fce3-435d-8726-383774b82f02 None None] Starting request: 10.222.0.45 "GET /placement/" {{(pid=104821) __call__ /opt/stack/placement/placement/requestlog.py:55}}
Mar 05 15:20:07.774334 n-d-832156-3 devstack@placement-api.service[104821]: INFO placement.requestlog [None req-5b0cf24e-fce3-435d-8726-383774b82f02 None None] 10.222.0.45 "GET /placement/" status: 200 len: 136 microversion: 1.0
Mar 05 15:20:07.774655 n-d-832156-3 devstack@placement-api.service[104821]: [pid: 104821|app: 0|req: 188/373] 10.222.0.45 () {54 vars in 916 bytes} [Sat Mar 5 15:20:07 2022] GET /placement => generated 136 bytes in 2 msecs (HTTP/1.1 200) 6 headers in 224 bytes (1 switches on core 0)
Mar 05 15:20:07.803149 n-d-832156-3 devstack@placement-api.service[104820]: DEBUG placement.requestlog [req-9928d0b4-6835-4133-a31b-da5864a40504 req-1c09db17-5bb9-4eba-aea8-4ca5bf7063fb None None] Starting request: 10.222.0.45 "GET /placement/allocations/69354a12-4d1e-4b4e-8fcb-0352840f6b2a" {{(pid=104820) __call__ /opt/stack/placement/placement/requestlog.py:55}}
Mar 05 15:20:07.920846 n-d-832156-3 devstack@placement-api.service[104820]: INFO placement.requestlog [req-9928d0b4-6835-4133-a31b-da5864a40504 req-1c09db17-5bb9-4eba-aea8-4ca5bf7063fb service placement] 10.222.0.45 "GET /placement/allocations/69354a12-4d1e-4b4e-8fcb-0352840f6b2a" status: 200 len: 259 microversion: 1.28
Mar 05 15:20:07.927874 n-d-832156-3 devstack@placement-api.service[104821]: DEBUG placement.requestlog [req-9928d0b4-6835-4133-a31b-da5864a40504 req-2b259d9e-5266-49f9-a1e4-e4871a5d051d None None] Starting request: 10.222.0.45 "GET /placement/allocations/69354a12-4d1e-4b4e-8fcb-0352840f6b2a" {{(pid=104821) __call__ /opt/stack/placement/placement/requestlog.py:55}}
Mar 05 15:20:07.941179 n-d-832156-3 devstack@placement-api.service[104820]: [pid: 104820|app: 0|req: 186/374] 10.222.0.45 () {60 vars in 1380 bytes} [Sat Mar 5 15:20:07 2022] GET /placement/allocations/69354a12-4d1e-4b4e-8fcb-0352840f6b2a => generated 259 bytes in 142 msecs (HTTP/1.1 200) 8 headers in 296 bytes (1 switches on core 0)
Mar 05 15:20:07.975740 n-d-832156-3 devstack@placement-api.service[104821]: INFO placement.requestlog [req-9928d0b4-6835-4133-a31b-da5864a40504 req-2b259d9e-5266-49f9-a1e4-e4871a5d051d service placement] 10.222.0.45 "GET /placement/allocations/69354a12-4d1e-4b4e-8fcb-0352840f6b2a" status: 200 len: 259 microversion: 1.28
Mar 05 15:20:07.976134 n-d-832156-3 devstack@placement-api.service[104821]: [pid: 104821|app: 0|req: 189/375] 10.222.0.45 () {60 vars in 1380 bytes} [Sat Mar 5 15:20:07 2022] GET /placement/allocations/69354a12-4d1e-4b4e-8fcb-0352840f6b2a => generated 259 bytes in 49 msecs (HTTP/1.1 200) 8 headers in 296 bytes (2 switches on core 0)
Mar 05 15:20:07.984476 n-d-832156-3 devstack@placement-api.service[104820]: DEBUG placement.requestlog [req-9928d0b4-6835-4133-a31b-da5864a40504 req-46215332-80b0-4202-a0dd-16e2b9e6fb77 None None] Starting request: 10.222.0.45 "GET /placement/allocations/1d17f081-036c-482d-8306-217cba14eda4" {{(pid=104820) __call__ /opt/stack/placement/placement/requestlog.py:55}}
Mar 05 15:20:08.007051 n-d-832156-3 devstack@placement-api.service[104820]: INFO placement.requestlog [req-9928d0b4-6835-4133-a31b-da5864a40504 req-46215332-80b0-4202-a0dd-16e2b9e6fb77 service placement] 10.222.0.45 "GET /placement/allocations/1d17f081-036c-482d-8306-217cba14eda4" status: 200 len: 19 microversion: 1.28
Mar 05 15:20:08.014836 n-d-832156-3 devstack@placement-api.service[104821]: DEBUG placement.requestlog [req-9928d0b4-6835-4133-a31b-da5864a40504 req-c78fbe47-5166-42a2-9d28-4af25e01216e None None] Starting request: 10.222.0.45 "POST /placement/allocations" {{(pid=104821) __call__ /opt/stack/placement/placement/requestlog.py:55}}
Mar 05 15:20:08.023055 n-d-832156-3 devstack@placement-api.service[104820]: [pid: 104820|app: 0|req: 187/376] 10.222.0.45 () {60 vars in 1380 bytes} [Sat Mar 5 15:20:07 2022] GET /placement/allocations/1d17f081-036c-482d-8306-217cba14eda4 => generated 19 bytes in 39 msecs (HTTP/1.1 200) 8 headers in 295 bytes (1 switches on core 0)
Mar 05 15:20:08.257636 n-d-832156-3 devstack@placement-api.service[104821]: DEBUG placement.handlers.allocation [req-9928d0b4-6835-4133-a31b-da5864a40504 req-c78fbe47-5166-42a2-9d28-4af25e01216e service placement] Successfully wrote allocations [, , , , , ] {{(pid=104821) _update_consumers_and_create_allocations /opt/stack/placement/placement/handlers/allocation.py:572}}
Mar 05 15:20:08.325447 n-d-832156-3 devstack@placement-api.service[104821]: INFO placement.requestlog [req-9928d0b4-6835-4133-a31b-da5864a40504 req-c78fbe47-5166-42a2-9d28-4af25e01216e service placement] 10.222.0.45 "POST /placement/allocations" status: 204 len: 0 microversion: 1.28
Mar 05 15:20:08.331559 n-d-832156-3 devstack@placement-api.service[104821]: [pid: 104821|app: 0|req: 190/377] 10.222.0.45 () {64 vars in 1323 bytes} [Sat Mar 5 15:20:08 2022] POST /placement/allocations => generated 0 bytes in 312 msecs (HTTP/1.1 204) 5 headers in 199 bytes (2 switches on core 0)
Mar 05 15:20:08.373250 n-d-832156-3 devstack@placement-api.service[104820]: DEBUG placement.requestlog [req-9928d0b4-6835-4133-a31b-da5864a40504 req-2c6aef65-5942-4e5c-b630-3b53e3c39efc None None] Starting request: 10.222.0.45 "GET /placement/allocations/69354a12-4d1e-4b4e-8fcb-0352840f6b2a" {{(pid=104820) __call__ /opt/stack/placement/placement/requestlog.py:55}}
Mar 05 15:20:08.389592 n-d-832156-3 devstack@placement-api.service[104820]: INFO placement.requestlog [req-9928d0b4-6835-4133-a31b-da5864a40504 req-2c6aef65-5942-4e5c-b630-3b53e3c39efc service placement] 10.222.0.45 "GET /placement/allocations/69354a12-4d1e-4b4e-8fcb-0352840f6b2a" status: 200 len: 19 microversion: 1.28
Mar 05 15:20:08.395561 n-d-832156-3 devstack@placement-api.service[104820]: [pid: 104820|app: 0|req: 188/378] 10.222.0.45 () {60 vars in 1380 bytes} [Sat Mar 5 15:20:08 2022] GET /placement/allocations/69354a12-4d1e-4b4e-8fcb-0352840f6b2a => generated 19 bytes in 24 msecs (HTTP/1.1 200) 8 headers in 295 bytes (1 switches on core 0)
Mar 05 15:20:08.398755 n-d-832156-3 devstack@placement-api.service[104821]: DEBUG placement.requestlog [req-9928d0b4-6835-4133-a31b-da5864a40504 req-be30b528-7494-492f-b4ba-4ffe64498270 None None] Starting request: 10.222.0.45 "PUT /placement/allocations/69354a12-4d1e-4b4e-8fcb-0352840f6b2a" {{(pid=104821) __call__ /opt/stack/placement/placement/requestlog.py:55}}
Mar 05 15:20:08.531347 n-d-832156-3 devstack@placement-api.service[104820]: DEBUG placement.requestlog [req-8ad41168-0e0a-4351-8eec-c8a68fe7a624 req-c36aceaa-21f5-4d39-bfe8-ded5fae76a0b None None] Starting request: 10.222.0.47 "DELETE /placement/allocations/43cda32e-2d91-486c-ad5f-76260b819a3a" {{(pid=104820) __call__ /opt/stack/placement/placement/requestlog.py:55}}
Mar 05 15:20:08.539560 n-d-832156-3 devstack@placement-api.service[104821]: DEBUG placement.handlers.allocation [req-9928d0b4-6835-4133-a31b-da5864a40504 req-be30b528-7494-492f-b4ba-4ffe64498270 service placement] Successfully wrote allocations [, , ] {{(pid=104821) _update_consumers_and_create_allocations /opt/stack/placement/placement/handlers/allocation.py:462}}
Mar 05 15:20:08.622418 n-d-832156-3 devstack@placement-api.service[104821]: INFO placement.requestlog [req-9928d0b4-6835-4133-a31b-da5864a40504 req-be30b528-7494-492f-b4ba-4ffe64498270 service placement] 10.222.0.45 "PUT /placement/allocations/69354a12-4d1e-4b4e-8fcb-0352840f6b2a" status: 204 len: 0 microversion: 1.28
Mar 05 15:20:08.624036 n-d-832156-3 devstack@placement-api.service[104821]: [pid: 104821|app: 0|req: 191/379] 10.222.0.45 () {64 vars in 1433 bytes} [Sat Mar 5 15:20:08 2022] PUT /placement/allocations/69354a12-4d1e-4b4e-8fcb-0352840f6b2a => generated 0 bytes in 226 msecs (HTTP/1.1 204) 5 headers in 199 bytes (1 switches on core 0)
Mar 05 15:20:08.730828 n-d-832156-3 devstack@placement-api.service[104820]: DEBUG placement.handlers.allocation [req-8ad41168-0e0a-4351-8eec-c8a68fe7a624 req-c36aceaa-21f5-4d39-bfe8-ded5fae76a0b service placement] Successfully deleted allocations [, , ] {{(pid=104820) delete_allocations /opt/stack/placement/placement/handlers/allocation.py:627}}
Mar 05 15:20:08.732207 n-d-832156-3 devstack@placement-api.service[104820]: INFO placement.requestlog [req-8ad41168-0e0a-4351-8eec-c8a68fe7a624 req-c36aceaa-21f5-4d39-bfe8-ded5fae76a0b service placement] 10.222.0.47 "DELETE /placement/allocations/43cda32e-2d91-486c-ad5f-76260b819a3a" status: 204 len: 0 microversion: 1.0
Mar 05 15:20:08.732856 n-d-832156-3 devstack@placement-api.service[104820]: [pid: 104820|app: 0|req: 189/380] 10.222.0.47 () {60 vars in 1355 bytes} [Sat Mar 5 15:20:08 2022] DELETE /placement/allocations/43cda32e-2d91-486c-ad5f-76260b819a3a => generated 0 bytes in 202 msecs (HTTP/1.1 204) 5 headers in 198 bytes (1 switches on core 0)
Mar 05 15:20:08.881931 n-d-832156-3 devstack@placement-api.service[104821]: DEBUG placement.requestlog [req-9928d0b4-6835-4133-a31b-da5864a40504 req-bcd613bc-24ca-471d-a099-fcb86f1a155f None None] Starting request: 10.222.0.47 "GET /placement/allocations/69354a12-4d1e-4b4e-8fcb-0352840f6b2a" {{(pid=104821) __call__ /opt/stack/placement/placement/requestlog.py:55}}
Mar 05 15:20:08.903642 n-d-832156-3 devstack@placement-api.service[104821]: INFO placement.requestlog [req-9928d0b4-6835-4133-a31b-da5864a40504 req-bcd613bc-24ca-471d-a099-fcb86f1a155f service placement] 10.222.0.47 "GET /placement/allocations/69354a12-4d1e-4b4e-8fcb-0352840f6b2a" status: 200 len: 259 microversion: 1.28
Mar 05 15:20:08.904578 n-d-832156-3 devstack@placement-api.service[104821]: [pid: 104821|app: 0|req: 192/381] 10.222.0.47 () {60 vars in 1377 bytes} [Sat Mar 5 15:20:08 2022] GET /placement/allocations/69354a12-4d1e-4b4e-8fcb-0352840f6b2a => generated 259 bytes in 23 msecs (HTTP/1.1 200) 8 headers in 296 bytes (1 switches on core 0)
Mar 05 15:20:22.346546 n-d-832156-3 devstack@placement-api.service[104820]: DEBUG placement.requestlog [req-9928d0b4-6835-4133-a31b-da5864a40504 req-e666538c-4904-417e-aa19-60ba75574e62 None None] Starting request: 10.222.0.44 "GET /placement/resource_providers/7ea35603-b072-4a14-9b74-0072b3135c00/allocations" {{(pid=104820) __call__ /opt/stack/placement/placement/requestlog.py:55}}
Mar 05 15:20:22.374435 n-d-832156-3 devstack@placement-api.service[104820]: INFO placement.requestlog [req-9928d0b4-6835-4133-a31b-da5864a40504 req-e666538c-4904-417e-aa19-60ba75574e62 service placement] 10.222.0.44 "GET /placement/resource_providers/7ea35603-b072-4a14-9b74-0072b3135c00/allocations" status: 200 len: 659 microversion: 1.0
Mar 05 15:20:22.376145 n-d-832156-3 devstack@placement-api.service[104820]: [pid: 104820|app: 0|req: 190/382] 10.222.0.44 () {58 vars in 1390 bytes} [Sat Mar 5 15:20:22 2022] GET /placement/resource_providers/7ea35603-b072-4a14-9b74-0072b3135c00/allocations => generated 659 bytes in 29 msecs (HTTP/1.1 200) 6 headers in 224 bytes (1 switches on core 0)
Mar 05 15:20:22.996355 n-d-832156-3 devstack@placement-api.service[104821]: DEBUG placement.requestlog [req-9928d0b4-6835-4133-a31b-da5864a40504 req-d7e9d770-db28-449c-a630-bb24c1b35d29 None None] Starting request: 10.222.0.44 "GET /placement/allocations/1d17f081-036c-482d-8306-217cba14eda4" {{(pid=104821) __call__ /opt/stack/placement/placement/requestlog.py:55}}
Mar 05 15:20:23.012473 n-d-832156-3 devstack@placement-api.service[104821]: INFO placement.requestlog [req-9928d0b4-6835-4133-a31b-da5864a40504 req-d7e9d770-db28-449c-a630-bb24c1b35d29 service placement] 10.222.0.44 "GET /placement/allocations/1d17f081-036c-482d-8306-217cba14eda4" status: 200 len: 259 microversion: 1.28
Mar 05 15:20:23.013455 n-d-832156-3 devstack@placement-api.service[104821]: [pid: 104821|app: 0|req: 193/383] 10.222.0.44 () {60 vars in 1377 bytes} [Sat Mar 5 15:20:22 2022] GET /placement/allocations/1d17f081-036c-482d-8306-217cba14eda4 => generated 259 bytes in 17 msecs (HTTP/1.1 200) 8 headers in 296 bytes (1 switches on core 0)
Mar 05 15:20:23.026784 n-d-832156-3 devstack@placement-api.service[104820]: DEBUG placement.requestlog [req-9928d0b4-6835-4133-a31b-da5864a40504 req-f575c8b9-e8b9-4770-8d72-6350da32e02c None None] Starting request: 10.222.0.44 "PUT /placement/allocations/1d17f081-036c-482d-8306-217cba14eda4" {{(pid=104820) __call__ /opt/stack/placement/placement/requestlog.py:55}}
Mar 05 15:20:23.080632 n-d-832156-3 devstack@placement-api.service[104820]: DEBUG placement.handlers.allocation [req-9928d0b4-6835-4133-a31b-da5864a40504 req-f575c8b9-e8b9-4770-8d72-6350da32e02c service placement] Successfully wrote allocations [, , ] {{(pid=104820) _update_consumers_and_create_allocations /opt/stack/placement/placement/handlers/allocation.py:462}}
Mar 05 15:20:23.088262 n-d-832156-3 devstack@placement-api.service[104821]: DEBUG placement.requestlog [req-3102d21b-ca85-4c64-90b1-f8d4fc5a9da1 req-2abfdd13-8911-490a-90e0-b65372a4508c None None] Starting request: 10.222.0.44 "DELETE /placement/allocations/ecd8f0fc-ab52-4c67-8d37-7e61d12ee3b2" {{(pid=104821) __call__ /opt/stack/placement/placement/requestlog.py:55}}
Mar 05 15:20:23.164892 n-d-832156-3 devstack@placement-api.service[104820]: INFO placement.requestlog [req-9928d0b4-6835-4133-a31b-da5864a40504 req-f575c8b9-e8b9-4770-8d72-6350da32e02c service placement] 10.222.0.44 "PUT /placement/allocations/1d17f081-036c-482d-8306-217cba14eda4" status: 204 len: 0 microversion: 1.28
Mar 05 15:20:23.166957 n-d-832156-3 devstack@placement-api.service[104820]: [pid: 104820|app: 0|req: 191/384] 10.222.0.44 () {64 vars in 1430 bytes} [Sat Mar 5 15:20:23 2022] PUT /placement/allocations/1d17f081-036c-482d-8306-217cba14eda4 => generated 0 bytes in 141 msecs (HTTP/1.1 204) 5 headers in 199 bytes (2 switches on core 0)
Mar 05 15:20:23.290832 n-d-832156-3 devstack@placement-api.service[104821]: DEBUG placement.handlers.allocation [req-3102d21b-ca85-4c64-90b1-f8d4fc5a9da1 req-2abfdd13-8911-490a-90e0-b65372a4508c service placement] Successfully deleted allocations [, , ] {{(pid=104821) delete_allocations /opt/stack/placement/placement/handlers/allocation.py:627}}
Mar 05 15:20:23.292187 n-d-832156-3 devstack@placement-api.service[104821]: INFO placement.requestlog [req-3102d21b-ca85-4c64-90b1-f8d4fc5a9da1 req-2abfdd13-8911-490a-90e0-b65372a4508c service placement] 10.222.0.44 "DELETE /placement/allocations/ecd8f0fc-ab52-4c67-8d37-7e61d12ee3b2" status: 204 len: 0 microversion: 1.0
Mar 05 15:20:23.293523 n-d-832156-3 devstack@placement-api.service[104821]: [pid: 104821|app: 0|req: 194/385] 10.222.0.44 () {60 vars in 1355 bytes} [Sat Mar 5 15:20:23 2022] DELETE /placement/allocations/ecd8f0fc-ab52-4c67-8d37-7e61d12ee3b2 => generated 0 bytes in 205 msecs (HTTP/1.1 204) 5 headers in 198 bytes (2 switches on core 0)
Mar 05 15:20:24.004369 n-d-832156-3 devstack@placement-api.service[104820]: DEBUG placement.requestlog [req-f0156b35-34a9-4748-8a14-2a64496f99b7 req-5d69e620-fa1a-4f9c-96e9-2ac3986f0a55 None None] Starting request: 10.222.0.45 "GET /placement/allocation_candidates?limit=1000&resources=DISK_GB%3A1%2CMEMORY_MB%3A1024%2CVCPU%3A1&root_required=%21COMPUTE_STATUS_DISABLED" {{(pid=104820) __call__ /opt/stack/placement/placement/requestlog.py:55}}
Mar 05 15:20:24.055545 n-d-832156-3 devstack@placement-api.service[104820]: DEBUG placement.objects.research_context [req-f0156b35-34a9-4748-8a14-2a64496f99b7 req-5d69e620-fa1a-4f9c-96e9-2ac3986f0a55 service placement] getting providers with 1 DISK_GB {{(pid=104820) __init__ /opt/stack/placement/placement/objects/research_context.py:136}}
Mar 05 15:20:24.062165 n-d-832156-3 devstack@placement-api.service[104820]: DEBUG placement.objects.research_context [req-f0156b35-34a9-4748-8a14-2a64496f99b7 req-5d69e620-fa1a-4f9c-96e9-2ac3986f0a55 service placement] getting providers with 1024 MEMORY_MB {{(pid=104820) __init__ /opt/stack/placement/placement/objects/research_context.py:136}}
Mar 05 15:20:24.069846 n-d-832156-3 devstack@placement-api.service[104820]: DEBUG placement.objects.research_context [req-f0156b35-34a9-4748-8a14-2a64496f99b7 req-5d69e620-fa1a-4f9c-96e9-2ac3986f0a55 service placement] getting providers with 1 VCPU {{(pid=104820) __init__ /opt/stack/placement/placement/objects/research_context.py:136}}
Mar 05 15:20:24.078283 n-d-832156-3 devstack@placement-api.service[104820]: DEBUG placement.objects.research_context [req-f0156b35-34a9-4748-8a14-2a64496f99b7 req-5d69e620-fa1a-4f9c-96e9-2ac3986f0a55 service placement] found 2 providers with available 1 DISK_GB {{(pid=104820) get_provider_ids_matching /opt/stack/placement/placement/objects/research_context.py:559}}
Mar 05 15:20:24.078566 n-d-832156-3 devstack@placement-api.service[104820]: DEBUG placement.objects.research_context [req-f0156b35-34a9-4748-8a14-2a64496f99b7 req-5d69e620-fa1a-4f9c-96e9-2ac3986f0a55 service placement] found 2 providers with available 1024 MEMORY_MB {{(pid=104820) get_provider_ids_matching /opt/stack/placement/placement/objects/research_context.py:559}}
Mar 05 15:20:24.078853 n-d-832156-3 devstack@placement-api.service[104820]: DEBUG placement.objects.research_context [req-f0156b35-34a9-4748-8a14-2a64496f99b7 req-5d69e620-fa1a-4f9c-96e9-2ac3986f0a55 service placement] found 2 providers after filtering by previous result {{(pid=104820) get_provider_ids_matching /opt/stack/placement/placement/objects/research_context.py:590}}
Mar 05 15:20:24.079108 n-d-832156-3 devstack@placement-api.service[104820]: DEBUG placement.objects.research_context [req-f0156b35-34a9-4748-8a14-2a64496f99b7 req-5d69e620-fa1a-4f9c-96e9-2ac3986f0a55 service placement] found 2 providers with available 1 VCPU {{(pid=104820) get_provider_ids_matching /opt/stack/placement/placement/objects/research_context.py:559}}
Mar 05 15:20:24.079379 n-d-832156-3 devstack@placement-api.service[104820]: DEBUG placement.objects.research_context [req-f0156b35-34a9-4748-8a14-2a64496f99b7 req-5d69e620-fa1a-4f9c-96e9-2ac3986f0a55 service placement] found 2 providers after filtering by previous result {{(pid=104820) get_provider_ids_matching /opt/stack/placement/placement/objects/research_context.py:590}}
Mar 05 15:20:24.095831 n-d-832156-3 devstack@placement-api.service[104820]: DEBUG placement.objects.allocation_candidate [req-f0156b35-34a9-4748-8a14-2a64496f99b7 req-5d69e620-fa1a-4f9c-96e9-2ac3986f0a55 service placement] RequestGroup(use_same_provider=False, resources={DISK_GB:1, MEMORY_MB:1024, VCPU:1}, traits=(), aggregates=[]) (suffix '') returned 2 matches {{(pid=104820) _get_by_requests /opt/stack/placement/placement/objects/allocation_candidate.py:156}}
Mar 05 15:20:24.096457 n-d-832156-3 devstack@placement-api.service[104820]: DEBUG placement.objects.allocation_candidate [req-f0156b35-34a9-4748-8a14-2a64496f99b7 req-5d69e620-fa1a-4f9c-96e9-2ac3986f0a55 service placement] Merging candidates yields 2 allocation requests and 2 provider summaries {{(pid=104820) _merge_candidates /opt/stack/placement/placement/objects/allocation_candidate.py:809}}
Mar 05 15:20:24.098542 n-d-832156-3 devstack@placement-api.service[104820]: INFO placement.requestlog [req-f0156b35-34a9-4748-8a14-2a64496f99b7 req-5d69e620-fa1a-4f9c-96e9-2ac3986f0a55 service placement] 10.222.0.45 "GET /placement/allocation_candidates?limit=1000&resources=DISK_GB%3A1%2CMEMORY_MB%3A1024%2CVCPU%3A1&root_required=%21COMPUTE_STATUS_DISABLED" status: 200 len: 1309 microversion: 1.36
Mar 05 15:20:24.099463 n-d-832156-3 devstack@placement-api.service[104820]: [pid: 104820|app: 0|req: 192/386] 10.222.0.45 () {60 vars in 1506 bytes} [Sat Mar 5 15:20:24 2022] GET /placement/allocation_candidates?limit=1000&resources=DISK_GB%3A1%2CMEMORY_MB%3A1024%2CVCPU%3A1&root_required=%21COMPUTE_STATUS_DISABLED => generated 1309 bytes in 95 msecs (HTTP/1.1 200) 8 headers in 297 bytes (1 switches on core 0)
Mar 05 15:20:24.200312 n-d-832156-3 devstack@placement-api.service[104821]: DEBUG placement.requestlog [req-f0156b35-34a9-4748-8a14-2a64496f99b7 req-8eb96195-94f7-4c99-ad62-46767b6079ab None None] Starting request: 10.222.0.45 "GET /placement/allocations/4a9da1d0-90fc-455c-a5ac-b3253646b2c8" {{(pid=104821) __call__ /opt/stack/placement/placement/requestlog.py:55}}
Mar 05 15:20:24.225176 n-d-832156-3 devstack@placement-api.service[104821]: INFO placement.requestlog [req-f0156b35-34a9-4748-8a14-2a64496f99b7 req-8eb96195-94f7-4c99-ad62-46767b6079ab service placement] 10.222.0.45 "GET /placement/allocations/4a9da1d0-90fc-455c-a5ac-b3253646b2c8" status: 200 len: 19 microversion: 1.28
Mar 05 15:20:24.225176 n-d-832156-3 devstack@placement-api.service[104821]: [pid: 104821|app: 0|req: 195/387] 10.222.0.45 () {60 vars in 1380 bytes} [Sat Mar 5 15:20:24 2022] GET /placement/allocations/4a9da1d0-90fc-455c-a5ac-b3253646b2c8 => generated 19 bytes in 20 msecs (HTTP/1.1 200) 8 headers in 295 bytes (1 switches on core 0)
Mar 05 15:20:24.234216 n-d-832156-3 devstack@placement-api.service[104820]: DEBUG placement.requestlog [req-f0156b35-34a9-4748-8a14-2a64496f99b7 req-0290d532-e661-4b64-969b-9fd3039365a6 None None] Starting request: 10.222.0.45 "PUT /placement/allocations/4a9da1d0-90fc-455c-a5ac-b3253646b2c8" {{(pid=104820) __call__ /opt/stack/placement/placement/requestlog.py:55}}
Mar 05 15:20:24.428042 n-d-832156-3 devstack@placement-api.service[104820]: DEBUG placement.handlers.allocation [req-f0156b35-34a9-4748-8a14-2a64496f99b7 req-0290d532-e661-4b64-969b-9fd3039365a6 service placement] Successfully wrote allocations [, , ] {{(pid=104820) _update_consumers_and_create_allocations /opt/stack/placement/placement/handlers/allocation.py:462}}
Mar 05 15:20:24.535852 n-d-832156-3 devstack@placement-api.service[104820]: INFO placement.requestlog [req-f0156b35-34a9-4748-8a14-2a64496f99b7 req-0290d532-e661-4b64-969b-9fd3039365a6 service placement] 10.222.0.45 "PUT /placement/allocations/4a9da1d0-90fc-455c-a5ac-b3253646b2c8" status: 204 len: 0 microversion: 1.36
Mar 05 15:20:24.536863 n-d-832156-3 devstack@placement-api.service[104820]: [pid: 104820|app: 0|req: 193/388] 10.222.0.45 () {64 vars in 1433 bytes} [Sat Mar 5 15:20:24 2022] PUT /placement/allocations/4a9da1d0-90fc-455c-a5ac-b3253646b2c8 => generated 0 bytes in 303 msecs (HTTP/1.1 204) 5 headers in 199 bytes (2 switches on core 0)
Mar 05 15:20:26.118412 n-d-832156-3 devstack@placement-api.service[104821]: DEBUG placement.requestlog [req-f0156b35-34a9-4748-8a14-2a64496f99b7 req-55795b81-60ae-473e-83e2-bdf88088df1a None None] Starting request: 10.222.0.47 "GET /placement/allocations/4a9da1d0-90fc-455c-a5ac-b3253646b2c8" {{(pid=104821) __call__ /opt/stack/placement/placement/requestlog.py:55}}
Mar 05 15:20:26.141606 n-d-832156-3 devstack@placement-api.service[104821]: INFO placement.requestlog [req-f0156b35-34a9-4748-8a14-2a64496f99b7 req-55795b81-60ae-473e-83e2-bdf88088df1a service placement] 10.222.0.47 "GET /placement/allocations/4a9da1d0-90fc-455c-a5ac-b3253646b2c8" status: 200 len: 259 microversion: 1.28
Mar 05 15:20:26.142270 n-d-832156-3 devstack@placement-api.service[104821]: [pid: 104821|app: 0|req: 196/389] 10.222.0.47 () {60 vars in 1377 bytes} [Sat Mar 5 15:20:26 2022] GET /placement/allocations/4a9da1d0-90fc-455c-a5ac-b3253646b2c8 => generated 259 bytes in 24 msecs (HTTP/1.1 200) 8 headers in 296 bytes (1 switches on core 0)
Mar 05 15:20:26.502097 n-d-832156-3 devstack@placement-api.service[104820]: DEBUG placement.requestlog [req-418e1862-d0bd-4445-9108-7717e9d6f4f4 req-fdd63a89-9661-4b3c-aa5a-b6fce8dfe258 None None] Starting request: 10.222.0.47 "DELETE /placement/allocations/389527e1-9702-4885-8f38-7424aa6d4666" {{(pid=104820) __call__ /opt/stack/placement/placement/requestlog.py:55}}
Mar 05 15:20:26.832625 n-d-832156-3 devstack@placement-api.service[104820]: DEBUG placement.handlers.allocation [req-418e1862-d0bd-4445-9108-7717e9d6f4f4 req-fdd63a89-9661-4b3c-aa5a-b6fce8dfe258 service placement] Successfully deleted allocations [, , ] {{(pid=104820) delete_allocations /opt/stack/placement/placement/handlers/allocation.py:627}}
Mar 05 15:20:26.838244 n-d-832156-3 devstack@placement-api.service[104820]: INFO placement.requestlog [req-418e1862-d0bd-4445-9108-7717e9d6f4f4 req-fdd63a89-9661-4b3c-aa5a-b6fce8dfe258 service placement] 10.222.0.47 "DELETE /placement/allocations/389527e1-9702-4885-8f38-7424aa6d4666" status: 204 len: 0 microversion: 1.0
Mar 05 15:20:26.838244 n-d-832156-3 devstack@placement-api.service[104820]: [pid: 104820|app: 0|req: 194/390] 10.222.0.47 () {60 vars in 1355 bytes} [Sat Mar 5 15:20:26 2022] DELETE /placement/allocations/389527e1-9702-4885-8f38-7424aa6d4666 => generated 0 bytes in 332 msecs (HTTP/1.1 204) 5 headers in 198 bytes (1 switches on core 0)
Mar 05 15:20:27.577831 n-d-832156-3 devstack@placement-api.service[104821]: DEBUG placement.requestlog [req-d48fed2f-8ef3-454d-9d7d-61bdca418ae3 req-b531d390-ec68-48a5-a172-038209c9ee22 None None] Starting request: 10.222.0.45 "GET /placement/allocation_candidates?limit=1000&resources=DISK_GB%3A1%2CMEMORY_MB%3A1024%2CVCPU%3A1&root_required=%21COMPUTE_STATUS_DISABLED" {{(pid=104821) __call__ /opt/stack/placement/placement/requestlog.py:55}}
Mar 05 15:20:27.636320 n-d-832156-3 devstack@placement-api.service[104821]: DEBUG placement.objects.research_context [req-d48fed2f-8ef3-454d-9d7d-61bdca418ae3 req-b531d390-ec68-48a5-a172-038209c9ee22 service placement] getting providers with 1 DISK_GB {{(pid=104821) __init__ /opt/stack/placement/placement/objects/research_context.py:136}}
Mar 05 15:20:27.643067 n-d-832156-3 devstack@placement-api.service[104821]: DEBUG placement.objects.research_context [req-d48fed2f-8ef3-454d-9d7d-61bdca418ae3 req-b531d390-ec68-48a5-a172-038209c9ee22 service placement] getting providers with 1024 MEMORY_MB {{(pid=104821) __init__ /opt/stack/placement/placement/objects/research_context.py:136}}
Mar 05 15:20:27.652500 n-d-832156-3 devstack@placement-api.service[104821]: DEBUG placement.objects.research_context [req-d48fed2f-8ef3-454d-9d7d-61bdca418ae3 req-b531d390-ec68-48a5-a172-038209c9ee22 service placement] getting providers with 1 VCPU {{(pid=104821) __init__ /opt/stack/placement/placement/objects/research_context.py:136}}
Mar 05 15:20:27.659212 n-d-832156-3 devstack@placement-api.service[104821]: DEBUG placement.objects.research_context [req-d48fed2f-8ef3-454d-9d7d-61bdca418ae3 req-b531d390-ec68-48a5-a172-038209c9ee22 service placement] found 2 providers with available 1 DISK_GB {{(pid=104821) get_provider_ids_matching /opt/stack/placement/placement/objects/research_context.py:559}}
Mar 05 15:20:27.659844 n-d-832156-3 devstack@placement-api.service[104821]: DEBUG placement.objects.research_context [req-d48fed2f-8ef3-454d-9d7d-61bdca418ae3 req-b531d390-ec68-48a5-a172-038209c9ee22 service placement] found 2 providers with available 1024 MEMORY_MB {{(pid=104821) get_provider_ids_matching /opt/stack/placement/placement/objects/research_context.py:559}}
Mar 05 15:20:27.660481 n-d-832156-3 devstack@placement-api.service[104821]: DEBUG placement.objects.research_context [req-d48fed2f-8ef3-454d-9d7d-61bdca418ae3 req-b531d390-ec68-48a5-a172-038209c9ee22 service placement] found 2 providers after filtering by previous result {{(pid=104821) get_provider_ids_matching /opt/stack/placement/placement/objects/research_context.py:590}}
Mar 05 15:20:27.660894 n-d-832156-3 devstack@placement-api.service[104821]: DEBUG placement.objects.research_context [req-d48fed2f-8ef3-454d-9d7d-61bdca418ae3 req-b531d390-ec68-48a5-a172-038209c9ee22 service placement] found 2 providers with available 1 VCPU {{(pid=104821) get_provider_ids_matching /opt/stack/placement/placement/objects/research_context.py:559}}
Mar 05 15:20:27.661308 n-d-832156-3 devstack@placement-api.service[104821]: DEBUG placement.objects.research_context [req-d48fed2f-8ef3-454d-9d7d-61bdca418ae3 req-b531d390-ec68-48a5-a172-038209c9ee22 service placement] found 2 providers after filtering by previous result {{(pid=104821) get_provider_ids_matching /opt/stack/placement/placement/objects/research_context.py:590}}
Mar 05 15:20:27.674205 n-d-832156-3 devstack@placement-api.service[104821]: DEBUG placement.objects.allocation_candidate [req-d48fed2f-8ef3-454d-9d7d-61bdca418ae3 req-b531d390-ec68-48a5-a172-038209c9ee22 service placement] RequestGroup(use_same_provider=False, resources={DISK_GB:1, MEMORY_MB:1024, VCPU:1}, traits=(), aggregates=[]) (suffix '') returned 2 matches {{(pid=104821) _get_by_requests /opt/stack/placement/placement/objects/allocation_candidate.py:156}}
Mar 05 15:20:27.674897 n-d-832156-3 devstack@placement-api.service[104821]: DEBUG placement.objects.allocation_candidate [req-d48fed2f-8ef3-454d-9d7d-61bdca418ae3 req-b531d390-ec68-48a5-a172-038209c9ee22 service placement] Merging candidates yields 2 allocation requests and 2 provider summaries {{(pid=104821) _merge_candidates /opt/stack/placement/placement/objects/allocation_candidate.py:809}}
Mar 05 15:20:27.676695 n-d-832156-3 devstack@placement-api.service[104821]: INFO placement.requestlog [req-d48fed2f-8ef3-454d-9d7d-61bdca418ae3 req-b531d390-ec68-48a5-a172-038209c9ee22 service placement] 10.222.0.45 "GET /placement/allocation_candidates?limit=1000&resources=DISK_GB%3A1%2CMEMORY_MB%3A1024%2CVCPU%3A1&root_required=%21COMPUTE_STATUS_DISABLED" status: 200 len: 1309 microversion: 1.36
Mar 05 15:20:27.677832 n-d-832156-3 devstack@placement-api.service[104821]: [pid: 104821|app: 0|req: 197/391] 10.222.0.45 () {60 vars in 1506 bytes} [Sat Mar 5 15:20:27 2022] GET /placement/allocation_candidates?limit=1000&resources=DISK_GB%3A1%2CMEMORY_MB%3A1024%2CVCPU%3A1&root_required=%21COMPUTE_STATUS_DISABLED => generated 1309 bytes in 100 msecs (HTTP/1.1 200) 8 headers in 297 bytes (1 switches on core 0)
Mar 05 15:20:27.883066 n-d-832156-3 devstack@placement-api.service[104820]: DEBUG placement.requestlog [req-d48fed2f-8ef3-454d-9d7d-61bdca418ae3 req-0ea6d4b3-6458-4bbf-9f47-5d2a7473c7ba None None] Starting request: 10.222.0.45 "GET /placement/allocations/b31ce2a5-5ffb-4c46-887b-3eb61b40498b" {{(pid=104820) __call__ /opt/stack/placement/placement/requestlog.py:55}}
Mar 05 15:20:27.922444 n-d-832156-3 devstack@placement-api.service[104820]: INFO placement.requestlog [req-d48fed2f-8ef3-454d-9d7d-61bdca418ae3 req-0ea6d4b3-6458-4bbf-9f47-5d2a7473c7ba service placement] 10.222.0.45 "GET /placement/allocations/b31ce2a5-5ffb-4c46-887b-3eb61b40498b" status: 200 len: 19 microversion: 1.28
Mar 05 15:20:27.923522 n-d-832156-3 devstack@placement-api.service[104820]: [pid: 104820|app: 0|req: 195/392] 10.222.0.45 () {60 vars in 1380 bytes} [Sat Mar 5 15:20:27 2022] GET /placement/allocations/b31ce2a5-5ffb-4c46-887b-3eb61b40498b => generated 19 bytes in 41 msecs (HTTP/1.1 200) 8 headers in 295 bytes (1 switches on core 0)
Mar 05 15:20:27.929576 n-d-832156-3 devstack@placement-api.service[104821]: DEBUG placement.requestlog [req-d48fed2f-8ef3-454d-9d7d-61bdca418ae3 req-77d8c538-d2f5-4bb3-97ba-ff5d27c31c04 None None] Starting request: 10.222.0.45 "PUT /placement/allocations/b31ce2a5-5ffb-4c46-887b-3eb61b40498b" {{(pid=104821) __call__ /opt/stack/placement/placement/requestlog.py:55}}
Mar 05 15:20:28.233452 n-d-832156-3 devstack@placement-api.service[104821]: DEBUG placement.handlers.allocation [req-d48fed2f-8ef3-454d-9d7d-61bdca418ae3 req-77d8c538-d2f5-4bb3-97ba-ff5d27c31c04 service placement] Successfully wrote allocations [, , ] {{(pid=104821) _update_consumers_and_create_allocations /opt/stack/placement/placement/handlers/allocation.py:462}}
Mar 05 15:20:28.318753 n-d-832156-3 devstack@placement-api.service[104821]: INFO placement.requestlog [req-d48fed2f-8ef3-454d-9d7d-61bdca418ae3 req-77d8c538-d2f5-4bb3-97ba-ff5d27c31c04 service placement] 10.222.0.45 "PUT /placement/allocations/b31ce2a5-5ffb-4c46-887b-3eb61b40498b" status: 204 len: 0 microversion: 1.36
Mar 05 15:20:28.319079 n-d-832156-3 devstack@placement-api.service[104821]: [pid: 104821|app: 0|req: 198/393] 10.222.0.45 () {64 vars in 1433 bytes} [Sat Mar 5 15:20:27 2022] PUT /placement/allocations/b31ce2a5-5ffb-4c46-887b-3eb61b40498b => generated 0 bytes in 390 msecs (HTTP/1.1 204) 5 headers in 199 bytes (1 switches on core 0)
Mar 05 15:20:29.348058 n-d-832156-3 devstack@placement-api.service[104820]: DEBUG placement.requestlog [req-dbd1b4f8-86bf-42da-b8bf-03d6c440d269 req-acf63852-b01b-4307-a8b3-211d107cef82 None None] Starting request: 10.222.0.44 "DELETE /placement/allocations/e17a42ed-b16b-442c-9b43-0935c375a062" {{(pid=104820) __call__ /opt/stack/placement/placement/requestlog.py:55}}
Mar 05 15:20:29.552634 n-d-832156-3 devstack@placement-api.service[104820]: DEBUG placement.handlers.allocation [req-dbd1b4f8-86bf-42da-b8bf-03d6c440d269 req-acf63852-b01b-4307-a8b3-211d107cef82 service placement] Successfully deleted allocations [, , ] {{(pid=104820) delete_allocations /opt/stack/placement/placement/handlers/allocation.py:627}}
Mar 05 15:20:29.553150 n-d-832156-3 devstack@placement-api.service[104820]: INFO placement.requestlog [req-dbd1b4f8-86bf-42da-b8bf-03d6c440d269 req-acf63852-b01b-4307-a8b3-211d107cef82 service placement] 10.222.0.44 "DELETE /placement/allocations/e17a42ed-b16b-442c-9b43-0935c375a062" status: 204 len: 0 microversion: 1.0
Mar 05 15:20:29.553802 n-d-832156-3 devstack@placement-api.service[104820]: [pid: 104820|app: 0|req: 196/394] 10.222.0.44 () {60 vars in 1355 bytes} [Sat Mar 5 15:20:29 2022] DELETE /placement/allocations/e17a42ed-b16b-442c-9b43-0935c375a062 => generated 0 bytes in 206 msecs (HTTP/1.1 204) 5 headers in 198 bytes (1 switches on core 0)
Mar 05 15:20:29.631110 n-d-832156-3 devstack@placement-api.service[104821]: DEBUG placement.requestlog [req-d48fed2f-8ef3-454d-9d7d-61bdca418ae3 req-7788b0c1-c55d-45ed-8f5c-0665f4460443 None None] Starting request: 10.222.0.44 "GET /placement/allocations/b31ce2a5-5ffb-4c46-887b-3eb61b40498b" {{(pid=104821) __call__ /opt/stack/placement/placement/requestlog.py:55}}
Mar 05 15:20:29.657571 n-d-832156-3 devstack@placement-api.service[104821]: INFO placement.requestlog [req-d48fed2f-8ef3-454d-9d7d-61bdca418ae3 req-7788b0c1-c55d-45ed-8f5c-0665f4460443 service placement] 10.222.0.44 "GET /placement/allocations/b31ce2a5-5ffb-4c46-887b-3eb61b40498b" status: 200 len: 259 microversion: 1.28
Mar 05 15:20:29.658416 n-d-832156-3 devstack@placement-api.service[104821]: [pid: 104821|app: 0|req: 199/395] 10.222.0.44 () {60 vars in 1377 bytes} [Sat Mar 5 15:20:29 2022] GET /placement/allocations/b31ce2a5-5ffb-4c46-887b-3eb61b40498b => generated 259 bytes in 28 msecs (HTTP/1.1 200) 8 headers in 296 bytes (1 switches on core 0)
Mar 05 15:20:30.660211 n-d-832156-3 devstack@placement-api.service[104820]: DEBUG placement.requestlog [req-e20f729e-711a-47c1-9cea-859be4161671 req-cf94e39d-85c2-418a-af47-380cac8d4f68 None None] Starting request: 10.222.0.44 "DELETE /placement/allocations/193072ca-1d58-4bed-92bb-e58456ec7274" {{(pid=104820) __call__ /opt/stack/placement/placement/requestlog.py:55}}
Mar 05 15:20:30.872926 n-d-832156-3 devstack@placement-api.service[104820]: DEBUG placement.handlers.allocation [req-e20f729e-711a-47c1-9cea-859be4161671 req-cf94e39d-85c2-418a-af47-380cac8d4f68 service placement] Successfully deleted allocations [, , ] {{(pid=104820) delete_allocations /opt/stack/placement/placement/handlers/allocation.py:627}}
Mar 05 15:20:30.877810 n-d-832156-3 devstack@placement-api.service[104820]: INFO placement.requestlog [req-e20f729e-711a-47c1-9cea-859be4161671 req-cf94e39d-85c2-418a-af47-380cac8d4f68 service placement] 10.222.0.44 "DELETE /placement/allocations/193072ca-1d58-4bed-92bb-e58456ec7274" status: 204 len: 0 microversion: 1.0
Mar 05 15:20:30.877810 n-d-832156-3 devstack@placement-api.service[104820]: [pid: 104820|app: 0|req: 197/396] 10.222.0.44 () {60 vars in 1355 bytes} [Sat Mar 5 15:20:30 2022] DELETE /placement/allocations/193072ca-1d58-4bed-92bb-e58456ec7274 => generated 0 bytes in 214 msecs (HTTP/1.1 204) 5 headers in 198 bytes (1 switches on core 0)
Mar 05 15:20:31.884835 n-d-832156-3 devstack@placement-api.service[104821]: DEBUG placement.requestlog [req-813fab88-b5bc-4ad7-82b8-8aaa494569c3 req-a6e43451-bbee-41d7-afe1-ddeb86d2db96 None None] Starting request: 10.222.0.45 "GET /placement/allocation_candidates?limit=1000&resources=MEMORY_MB%3A1024%2CVCPU%3A1&root_required=%21COMPUTE_STATUS_DISABLED" {{(pid=104821) __call__ /opt/stack/placement/placement/requestlog.py:55}}
Mar 05 15:20:31.923906 n-d-832156-3 devstack@placement-api.service[104821]: DEBUG placement.objects.research_context [req-813fab88-b5bc-4ad7-82b8-8aaa494569c3 req-a6e43451-bbee-41d7-afe1-ddeb86d2db96 service placement] getting providers with 1024 MEMORY_MB {{(pid=104821) __init__ /opt/stack/placement/placement/objects/research_context.py:136}}
Mar 05 15:20:31.930630 n-d-832156-3 devstack@placement-api.service[104821]: DEBUG placement.objects.research_context [req-813fab88-b5bc-4ad7-82b8-8aaa494569c3 req-a6e43451-bbee-41d7-afe1-ddeb86d2db96 service placement] getting providers with 1 VCPU {{(pid=104821) __init__ /opt/stack/placement/placement/objects/research_context.py:136}}
Mar 05 15:20:31.937597 n-d-832156-3 devstack@placement-api.service[104821]: DEBUG placement.objects.research_context [req-813fab88-b5bc-4ad7-82b8-8aaa494569c3 req-a6e43451-bbee-41d7-afe1-ddeb86d2db96 service placement] found 2 providers with available 1024 MEMORY_MB {{(pid=104821) get_provider_ids_matching /opt/stack/placement/placement/objects/research_context.py:559}}
Mar 05 15:20:31.938184 n-d-832156-3 devstack@placement-api.service[104821]: DEBUG placement.objects.research_context [req-813fab88-b5bc-4ad7-82b8-8aaa494569c3 req-a6e43451-bbee-41d7-afe1-ddeb86d2db96 service placement] found 2 providers with available 1 VCPU {{(pid=104821) get_provider_ids_matching /opt/stack/placement/placement/objects/research_context.py:559}}
Mar 05 15:20:31.938723 n-d-832156-3 devstack@placement-api.service[104821]: DEBUG placement.objects.research_context [req-813fab88-b5bc-4ad7-82b8-8aaa494569c3 req-a6e43451-bbee-41d7-afe1-ddeb86d2db96 service placement] found 2 providers after filtering by previous result {{(pid=104821) get_provider_ids_matching /opt/stack/placement/placement/objects/research_context.py:590}}
Mar 05 15:20:31.952333 n-d-832156-3 devstack@placement-api.service[104821]: DEBUG placement.objects.allocation_candidate [req-813fab88-b5bc-4ad7-82b8-8aaa494569c3 req-a6e43451-bbee-41d7-afe1-ddeb86d2db96 service placement] RequestGroup(use_same_provider=False, resources={MEMORY_MB:1024, VCPU:1}, traits=(), aggregates=[]) (suffix '') returned 2 matches {{(pid=104821) _get_by_requests /opt/stack/placement/placement/objects/allocation_candidate.py:156}}
Mar 05 15:20:31.953005 n-d-832156-3 devstack@placement-api.service[104821]: DEBUG placement.objects.allocation_candidate [req-813fab88-b5bc-4ad7-82b8-8aaa494569c3 req-a6e43451-bbee-41d7-afe1-ddeb86d2db96 service placement] Merging candidates yields 2 allocation requests and 2 provider summaries {{(pid=104821) _merge_candidates /opt/stack/placement/placement/objects/allocation_candidate.py:809}}
Mar 05 15:20:31.955048 n-d-832156-3 devstack@placement-api.service[104821]: INFO placement.requestlog [req-813fab88-b5bc-4ad7-82b8-8aaa494569c3 req-a6e43451-bbee-41d7-afe1-ddeb86d2db96 service placement] 10.222.0.45 "GET /placement/allocation_candidates?limit=1000&resources=MEMORY_MB%3A1024%2CVCPU%3A1&root_required=%21COMPUTE_STATUS_DISABLED" status: 200 len: 1281 microversion: 1.36
Mar 05 15:20:31.956125 n-d-832156-3 devstack@placement-api.service[104821]: [pid: 104821|app: 0|req: 200/397] 10.222.0.45 () {60 vars in 1478 bytes} [Sat Mar 5 15:20:31 2022] GET /placement/allocation_candidates?limit=1000&resources=MEMORY_MB%3A1024%2CVCPU%3A1&root_required=%21COMPUTE_STATUS_DISABLED => generated 1281 bytes in 72 msecs (HTTP/1.1 200) 8 headers in 297 bytes (1 switches on core 0)
Mar 05 15:20:32.000034 n-d-832156-3 devstack@placement-api.service[104820]: DEBUG placement.requestlog [req-76e9425b-2419-490e-9996-7859d6f2f898 req-4927dae5-360c-4628-84bc-346f947d6ff1 None None] Starting request: 10.222.0.45 "GET /placement/allocation_candidates?limit=1000&resources=DISK_GB%3A1%2CMEMORY_MB%3A1024%2CVCPU%3A1&root_required=%21COMPUTE_STATUS_DISABLED" {{(pid=104820) __call__ /opt/stack/placement/placement/requestlog.py:55}}
Mar 05 15:20:32.037734 n-d-832156-3 devstack@placement-api.service[104821]: DEBUG placement.requestlog [req-813fab88-b5bc-4ad7-82b8-8aaa494569c3 req-0d8c3582-32cc-4339-9767-3a16951f6a5e None None] Starting request: 10.222.0.45 "GET /placement/allocations/94678620-0fb8-46ea-abdc-d5862f32babf" {{(pid=104821) __call__ /opt/stack/placement/placement/requestlog.py:55}}
