Mar 05 11:09:54.462563 n-d-832156-2 devstack@placement-api.service[104461]: [pid: 104461|app: 0|req: 119/242] 10.222.0.35 () {64 vars in 1433 bytes} [Sat Mar 5 11:09:54 2022] PUT /placement/allocations/dfdcf24b-455a-4f06-a3d7-d5187f7f0762 => generated 0 bytes in 151 msecs (HTTP/1.1 204) 5 headers in 199 bytes (1 switches on core 0)
Mar 05 11:09:54.951273 n-d-832156-2 devstack@placement-api.service[104462]: DEBUG placement.requestlog [req-c16c5d4a-5f68-44c6-8342-9a6736c2bc07 req-20914f03-fece-4dd4-b998-22ffd9176b0b None None] Starting request: 10.222.0.31 "GET /placement/allocations/dfdcf24b-455a-4f06-a3d7-d5187f7f0762" {{(pid=104462) __call__ /opt/stack/placement/placement/requestlog.py:55}}
Mar 05 11:09:55.175133 n-d-832156-2 devstack@placement-api.service[104462]: INFO placement.requestlog [req-c16c5d4a-5f68-44c6-8342-9a6736c2bc07 req-20914f03-fece-4dd4-b998-22ffd9176b0b service placement] 10.222.0.31 "GET /placement/allocations/dfdcf24b-455a-4f06-a3d7-d5187f7f0762" status: 200 len: 259 microversion: 1.28
Mar 05 11:09:55.175775 n-d-832156-2 devstack@placement-api.service[104462]: [pid: 104462|app: 0|req: 124/243] 10.222.0.31 () {60 vars in 1377 bytes} [Sat Mar 5 11:09:54 2022] GET /placement/allocations/dfdcf24b-455a-4f06-a3d7-d5187f7f0762 => generated 259 bytes in 225 msecs (HTTP/1.1 200) 8 headers in 296 bytes (1 switches on core 0)
Mar 05 11:09:55.267797 n-d-832156-2 devstack@placement-api.service[104461]: DEBUG placement.requestlog [req-dbe61a65-284c-4dda-b802-3def1d81898d req-02cb6944-97f2-493d-8ed6-60caa4d9c7d1 None None] Starting request: 10.222.0.35 "GET /placement/allocation_candidates?limit=1000&resources=DISK_GB%3A1%2CMEMORY_MB%3A512%2CVCPU%3A1&root_required=%21COMPUTE_STATUS_DISABLED" {{(pid=104461) __call__ /opt/stack/placement/placement/requestlog.py:55}}
Mar 05 11:09:55.327501 n-d-832156-2 devstack@placement-api.service[104461]: DEBUG placement.objects.research_context [req-dbe61a65-284c-4dda-b802-3def1d81898d req-02cb6944-97f2-493d-8ed6-60caa4d9c7d1 service placement] getting providers with 1 DISK_GB {{(pid=104461) __init__ /opt/stack/placement/placement/objects/research_context.py:136}}
Mar 05 11:09:55.340342 n-d-832156-2 devstack@placement-api.service[104461]: DEBUG placement.objects.research_context [req-dbe61a65-284c-4dda-b802-3def1d81898d req-02cb6944-97f2-493d-8ed6-60caa4d9c7d1 service placement] getting providers with 512 MEMORY_MB {{(pid=104461) __init__ /opt/stack/placement/placement/objects/research_context.py:136}}
Mar 05 11:09:55.351074 n-d-832156-2 devstack@placement-api.service[104461]: DEBUG placement.objects.research_context [req-dbe61a65-284c-4dda-b802-3def1d81898d req-02cb6944-97f2-493d-8ed6-60caa4d9c7d1 service placement] getting providers with 1 VCPU {{(pid=104461) __init__ /opt/stack/placement/placement/objects/research_context.py:136}}
Mar 05 11:09:55.368295 n-d-832156-2 devstack@placement-api.service[104461]: DEBUG placement.objects.research_context [req-dbe61a65-284c-4dda-b802-3def1d81898d req-02cb6944-97f2-493d-8ed6-60caa4d9c7d1 service placement] found 2 providers with available 1 DISK_GB {{(pid=104461) get_provider_ids_matching /opt/stack/placement/placement/objects/research_context.py:559}}
Mar 05 11:09:55.368574 n-d-832156-2 devstack@placement-api.service[104461]: DEBUG placement.objects.research_context [req-dbe61a65-284c-4dda-b802-3def1d81898d req-02cb6944-97f2-493d-8ed6-60caa4d9c7d1 service placement] found 2 providers with available 512 MEMORY_MB {{(pid=104461) get_provider_ids_matching /opt/stack/placement/placement/objects/research_context.py:559}}
Mar 05 11:09:55.368857 n-d-832156-2 devstack@placement-api.service[104461]: DEBUG placement.objects.research_context [req-dbe61a65-284c-4dda-b802-3def1d81898d req-02cb6944-97f2-493d-8ed6-60caa4d9c7d1 service placement] found 2 providers after filtering by previous result {{(pid=104461) get_provider_ids_matching /opt/stack/placement/placement/objects/research_context.py:590}}
Mar 05 11:09:55.369110 n-d-832156-2 devstack@placement-api.service[104461]: DEBUG placement.objects.research_context [req-dbe61a65-284c-4dda-b802-3def1d81898d req-02cb6944-97f2-493d-8ed6-60caa4d9c7d1 service placement] found 2 providers with available 1 VCPU {{(pid=104461) get_provider_ids_matching /opt/stack/placement/placement/objects/research_context.py:559}}
Mar 05 11:09:55.369379 n-d-832156-2 devstack@placement-api.service[104461]: DEBUG placement.objects.research_context [req-dbe61a65-284c-4dda-b802-3def1d81898d req-02cb6944-97f2-493d-8ed6-60caa4d9c7d1 service placement] found 2 providers after filtering by previous result {{(pid=104461) get_provider_ids_matching /opt/stack/placement/placement/objects/research_context.py:590}}
Mar 05 11:09:55.392863 n-d-832156-2 devstack@placement-api.service[104461]: DEBUG placement.objects.allocation_candidate [req-dbe61a65-284c-4dda-b802-3def1d81898d req-02cb6944-97f2-493d-8ed6-60caa4d9c7d1 service placement] RequestGroup(use_same_provider=False, resources={DISK_GB:1, MEMORY_MB:512, VCPU:1}, traits=(), aggregates=[]) (suffix '') returned 2 matches {{(pid=104461) _get_by_requests /opt/stack/placement/placement/objects/allocation_candidate.py:156}}
Mar 05 11:09:55.393240 n-d-832156-2 devstack@placement-api.service[104461]: DEBUG placement.objects.allocation_candidate [req-dbe61a65-284c-4dda-b802-3def1d81898d req-02cb6944-97f2-493d-8ed6-60caa4d9c7d1 service placement] Merging candidates yields 2 allocation requests and 2 provider summaries {{(pid=104461) _merge_candidates /opt/stack/placement/placement/objects/allocation_candidate.py:809}}
Mar 05 11:09:55.395220 n-d-832156-2 devstack@placement-api.service[104461]: INFO placement.requestlog [req-dbe61a65-284c-4dda-b802-3def1d81898d req-02cb6944-97f2-493d-8ed6-60caa4d9c7d1 service placement] 10.222.0.35 "GET /placement/allocation_candidates?limit=1000&resources=DISK_GB%3A1%2CMEMORY_MB%3A512%2CVCPU%3A1&root_required=%21COMPUTE_STATUS_DISABLED" status: 200 len: 1307 microversion: 1.36
Mar 05 11:09:55.395941 n-d-832156-2 devstack@placement-api.service[104461]: [pid: 104461|app: 0|req: 120/244] 10.222.0.35 () {60 vars in 1504 bytes} [Sat Mar 5 11:09:55 2022] GET /placement/allocation_candidates?limit=1000&resources=DISK_GB%3A1%2CMEMORY_MB%3A512%2CVCPU%3A1&root_required=%21COMPUTE_STATUS_DISABLED => generated 1307 bytes in 128 msecs (HTTP/1.1 200) 8 headers in 297 bytes (1 switches on core 0)
Mar 05 11:09:55.461551 n-d-832156-2 devstack@placement-api.service[104462]: DEBUG placement.requestlog [req-c16c5d4a-5f68-44c6-8342-9a6736c2bc07 req-67d50321-9774-418d-898e-fb7c41ccec67 None None] Starting request: 10.222.0.31 "GET /placement/resource_providers?in_tree=aca32dd7-6329-415d-a3bb-3d0406e0620a" {{(pid=104462) __call__ /opt/stack/placement/placement/requestlog.py:55}}
Mar 05 11:09:55.492900 n-d-832156-2 devstack@placement-api.service[104462]: INFO placement.requestlog [req-c16c5d4a-5f68-44c6-8342-9a6736c2bc07 req-67d50321-9774-418d-898e-fb7c41ccec67 service placement] 10.222.0.31 "GET /placement/resource_providers?in_tree=aca32dd7-6329-415d-a3bb-3d0406e0620a" status: 200 len: 863 microversion: 1.14
Mar 05 11:09:55.493404 n-d-832156-2 devstack@placement-api.service[104462]: [pid: 104462|app: 0|req: 125/245] 10.222.0.31 () {60 vars in 1376 bytes} [Sat Mar 5 11:09:55 2022] GET /placement/resource_providers?in_tree=aca32dd7-6329-415d-a3bb-3d0406e0620a => generated 863 bytes in 32 msecs (HTTP/1.1 200) 6 headers in 225 bytes (1 switches on core 0)
Mar 05 11:09:55.507615 n-d-832156-2 devstack@placement-api.service[104461]: DEBUG placement.requestlog [req-c16c5d4a-5f68-44c6-8342-9a6736c2bc07 req-63c1295e-cf1d-4615-97b9-9269a2a8f51e None None] Starting request: 10.222.0.31 "GET /placement/resource_providers/aca32dd7-6329-415d-a3bb-3d0406e0620a/inventories" {{(pid=104461) __call__ /opt/stack/placement/placement/requestlog.py:55}}
Mar 05 11:09:55.542077 n-d-832156-2 devstack@placement-api.service[104461]: INFO placement.requestlog [req-c16c5d4a-5f68-44c6-8342-9a6736c2bc07 req-63c1295e-cf1d-4615-97b9-9269a2a8f51e service placement] 10.222.0.31 "GET /placement/resource_providers/aca32dd7-6329-415d-a3bb-3d0406e0620a/inventories" status: 200 len: 398 microversion: 1.0
Mar 05 11:09:55.542760 n-d-832156-2 devstack@placement-api.service[104461]: [pid: 104461|app: 0|req: 121/246] 10.222.0.31 () {58 vars in 1390 bytes} [Sat Mar 5 11:09:55 2022] GET /placement/resource_providers/aca32dd7-6329-415d-a3bb-3d0406e0620a/inventories => generated 398 bytes in 35 msecs (HTTP/1.1 200) 6 headers in 224 bytes (1 switches on core 0)
Mar 05 11:09:55.554563 n-d-832156-2 devstack@placement-api.service[104462]: DEBUG placement.requestlog [req-c16c5d4a-5f68-44c6-8342-9a6736c2bc07 req-d6998d5d-a25d-49b4-a946-8453bce63324 None None] Starting request: 10.222.0.31 "GET /placement/resource_providers/aca32dd7-6329-415d-a3bb-3d0406e0620a/aggregates" {{(pid=104462) __call__ /opt/stack/placement/placement/requestlog.py:55}}
Mar 05 11:09:55.566885 n-d-832156-2 devstack@placement-api.service[104461]: DEBUG placement.requestlog [req-dbe61a65-284c-4dda-b802-3def1d81898d req-910f572e-bde5-42d6-807e-a2cc54a156a2 None None] Starting request: 10.222.0.35 "GET /placement/allocations/536c1920-3952-4490-ad8d-b28568e16b6c" {{(pid=104461) __call__ /opt/stack/placement/placement/requestlog.py:55}}
Mar 05 11:09:55.580189 n-d-832156-2 devstack@placement-api.service[104462]: INFO placement.requestlog [req-c16c5d4a-5f68-44c6-8342-9a6736c2bc07 req-d6998d5d-a25d-49b4-a946-8453bce63324 service placement] 10.222.0.31 "GET /placement/resource_providers/aca32dd7-6329-415d-a3bb-3d0406e0620a/aggregates" status: 200 len: 54 microversion: 1.19
Mar 05 11:09:55.581794 n-d-832156-2 devstack@placement-api.service[104462]: [pid: 104462|app: 0|req: 126/247] 10.222.0.31 () {60 vars in 1431 bytes} [Sat Mar 5 11:09:55 2022] GET /placement/resource_providers/aca32dd7-6329-415d-a3bb-3d0406e0620a/aggregates => generated 54 bytes in 27 msecs (HTTP/1.1 200) 8 headers in 295 bytes (1 switches on core 0)
Mar 05 11:09:55.586740 n-d-832156-2 devstack@placement-api.service[104461]: INFO placement.requestlog [req-dbe61a65-284c-4dda-b802-3def1d81898d req-910f572e-bde5-42d6-807e-a2cc54a156a2 service placement] 10.222.0.35 "GET /placement/allocations/536c1920-3952-4490-ad8d-b28568e16b6c" status: 200 len: 19 microversion: 1.28
Mar 05 11:09:55.587109 n-d-832156-2 devstack@placement-api.service[104461]: [pid: 104461|app: 0|req: 122/248] 10.222.0.35 () {60 vars in 1380 bytes} [Sat Mar 5 11:09:55 2022] GET /placement/allocations/536c1920-3952-4490-ad8d-b28568e16b6c => generated 19 bytes in 21 msecs (HTTP/1.1 200) 8 headers in 295 bytes (2 switches on core 0)
Mar 05 11:09:55.595205 n-d-832156-2 devstack@placement-api.service[104461]: DEBUG placement.requestlog [req-dbe61a65-284c-4dda-b802-3def1d81898d req-7b8d56be-c757-4a5a-9012-274d12182a9c None None] Starting request: 10.222.0.35 "PUT /placement/allocations/536c1920-3952-4490-ad8d-b28568e16b6c" {{(pid=104461) __call__ /opt/stack/placement/placement/requestlog.py:55}}
Mar 05 11:09:55.602315 n-d-832156-2 devstack@placement-api.service[104462]: DEBUG placement.requestlog [req-c16c5d4a-5f68-44c6-8342-9a6736c2bc07 req-065ddc2e-5bb7-44d4-9859-d9c1a55a6f95 None None] Starting request: 10.222.0.31 "GET /placement/resource_providers/aca32dd7-6329-415d-a3bb-3d0406e0620a/traits" {{(pid=104462) __call__ /opt/stack/placement/placement/requestlog.py:55}}
Mar 05 11:09:55.696276 n-d-832156-2 devstack@placement-api.service[104462]: INFO placement.requestlog [req-c16c5d4a-5f68-44c6-8342-9a6736c2bc07 req-065ddc2e-5bb7-44d4-9859-d9c1a55a6f95 service placement] 10.222.0.31 "GET /placement/resource_providers/aca32dd7-6329-415d-a3bb-3d0406e0620a/traits" status: 200 len: 212 microversion: 1.6
Mar 05 11:09:55.697459 n-d-832156-2 devstack@placement-api.service[104462]: [pid: 104462|app: 0|req: 127/249] 10.222.0.31 () {60 vars in 1418 bytes} [Sat Mar 5 11:09:55 2022] GET /placement/resource_providers/aca32dd7-6329-415d-a3bb-3d0406e0620a/traits => generated 212 bytes in 101 msecs (HTTP/1.1 200) 6 headers in 224 bytes (1 switches on core 0)
Mar 05 11:09:55.713941 n-d-832156-2 devstack@placement-api.service[104461]: DEBUG placement.handlers.allocation [req-dbe61a65-284c-4dda-b802-3def1d81898d req-7b8d56be-c757-4a5a-9012-274d12182a9c service placement] Successfully wrote allocations [, , ] {{(pid=104461) _update_consumers_and_create_allocations /opt/stack/placement/placement/handlers/allocation.py:462}}
Mar 05 11:09:55.719423 n-d-832156-2 devstack@placement-api.service[104461]: INFO placement.requestlog [req-dbe61a65-284c-4dda-b802-3def1d81898d req-7b8d56be-c757-4a5a-9012-274d12182a9c service placement] 10.222.0.35 "PUT /placement/allocations/536c1920-3952-4490-ad8d-b28568e16b6c" status: 204 len: 0 microversion: 1.36
Mar 05 11:09:55.721448 n-d-832156-2 devstack@placement-api.service[104461]: [pid: 104461|app: 0|req: 123/250] 10.222.0.35 () {64 vars in 1433 bytes} [Sat Mar 5 11:09:55 2022] PUT /placement/allocations/536c1920-3952-4490-ad8d-b28568e16b6c => generated 0 bytes in 127 msecs (HTTP/1.1 204) 5 headers in 199 bytes (1 switches on core 0)
Mar 05 11:09:56.148144 n-d-832156-2 devstack@placement-api.service[104462]: DEBUG placement.requestlog [req-f6e99019-e634-4e10-ad8e-7e59fee3d256 req-1c767495-c48c-4ec6-a31d-f7d183d34a2f None None] Starting request: 10.222.0.31 "DELETE /placement/allocations/cea32240-091c-4fa9-886a-f6347c209b7b" {{(pid=104462) __call__ /opt/stack/placement/placement/requestlog.py:55}}
Mar 05 11:09:56.184913 n-d-832156-2 devstack@placement-api.service[104462]: DEBUG placement.handlers.allocation [req-f6e99019-e634-4e10-ad8e-7e59fee3d256 req-1c767495-c48c-4ec6-a31d-f7d183d34a2f service placement] Successfully deleted allocations [, , ] {{(pid=104462) delete_allocations /opt/stack/placement/placement/handlers/allocation.py:627}}
Mar 05 11:09:56.187819 n-d-832156-2 devstack@placement-api.service[104462]: INFO placement.requestlog [req-f6e99019-e634-4e10-ad8e-7e59fee3d256 req-1c767495-c48c-4ec6-a31d-f7d183d34a2f service placement] 10.222.0.31 "DELETE /placement/allocations/cea32240-091c-4fa9-886a-f6347c209b7b" status: 204 len: 0 microversion: 1.0
Mar 05 11:09:56.190134 n-d-832156-2 devstack@placement-api.service[104462]: [pid: 104462|app: 0|req: 128/251] 10.222.0.31 () {60 vars in 1355 bytes} [Sat Mar 5 11:09:56 2022] DELETE /placement/allocations/cea32240-091c-4fa9-886a-f6347c209b7b => generated 0 bytes in 42 msecs (HTTP/1.1 204) 5 headers in 198 bytes (1 switches on core 0)
Mar 05 11:09:56.278606 n-d-832156-2 devstack@placement-api.service[104461]: DEBUG placement.requestlog [req-dbe61a65-284c-4dda-b802-3def1d81898d req-21c90e16-ee92-4cc3-98fe-7b57fcac1ed0 None None] Starting request: 10.222.0.37 "GET /placement/allocations/536c1920-3952-4490-ad8d-b28568e16b6c" {{(pid=104461) __call__ /opt/stack/placement/placement/requestlog.py:55}}
Mar 05 11:09:56.309188 n-d-832156-2 devstack@placement-api.service[104461]: INFO placement.requestlog [req-dbe61a65-284c-4dda-b802-3def1d81898d req-21c90e16-ee92-4cc3-98fe-7b57fcac1ed0 service placement] 10.222.0.37 "GET /placement/allocations/536c1920-3952-4490-ad8d-b28568e16b6c" status: 200 len: 258 microversion: 1.28
Mar 05 11:09:56.309888 n-d-832156-2 devstack@placement-api.service[104461]: [pid: 104461|app: 0|req: 124/252] 10.222.0.37 () {60 vars in 1377 bytes} [Sat Mar 5 11:09:56 2022] GET /placement/allocations/536c1920-3952-4490-ad8d-b28568e16b6c => generated 258 bytes in 32 msecs (HTTP/1.1 200) 8 headers in 296 bytes (2 switches on core 0)
Mar 05 11:09:56.920259 n-d-832156-2 devstack@placement-api.service[104462]: DEBUG placement.requestlog [req-30c8b5c4-0b95-4e5e-b545-2c6dea18fa1b req-324cbc0a-a35c-47d8-91dc-2c63d2b450fa None None] Starting request: 10.222.0.31 "GET /placement/allocations/67e78dd3-70f4-479a-90a2-02c862a6cb00" {{(pid=104462) __call__ /opt/stack/placement/placement/requestlog.py:55}}
Mar 05 11:09:56.946825 n-d-832156-2 devstack@placement-api.service[104462]: INFO placement.requestlog [req-30c8b5c4-0b95-4e5e-b545-2c6dea18fa1b req-324cbc0a-a35c-47d8-91dc-2c63d2b450fa service placement] 10.222.0.31 "GET /placement/allocations/67e78dd3-70f4-479a-90a2-02c862a6cb00" status: 200 len: 259 microversion: 1.28
Mar 05 11:09:56.947351 n-d-832156-2 devstack@placement-api.service[104462]: [pid: 104462|app: 0|req: 129/253] 10.222.0.31 () {60 vars in 1377 bytes} [Sat Mar 5 11:09:56 2022] GET /placement/allocations/67e78dd3-70f4-479a-90a2-02c862a6cb00 => generated 259 bytes in 27 msecs (HTTP/1.1 200) 8 headers in 296 bytes (2 switches on core 0)
Mar 05 11:09:57.753652 n-d-832156-2 devstack@placement-api.service[104461]: DEBUG placement.requestlog [req-53141a2b-1980-4206-b3ef-ba0b44a36507 req-a955633c-094d-4421-bb2b-34f009c6843f None None] Starting request: 10.222.0.35 "GET /placement/allocation_candidates?limit=1000&resources=DISK_GB%3A1%2CMEMORY_MB%3A1024%2CVCPU%3A1&root_required=%21COMPUTE_STATUS_DISABLED" {{(pid=104461) __call__ /opt/stack/placement/placement/requestlog.py:55}}
Mar 05 11:09:57.792598 n-d-832156-2 devstack@placement-api.service[104461]: DEBUG placement.objects.research_context [req-53141a2b-1980-4206-b3ef-ba0b44a36507 req-a955633c-094d-4421-bb2b-34f009c6843f service placement] getting providers with 1 DISK_GB {{(pid=104461) __init__ /opt/stack/placement/placement/objects/research_context.py:136}}
Mar 05 11:09:57.800707 n-d-832156-2 devstack@placement-api.service[104461]: DEBUG placement.objects.research_context [req-53141a2b-1980-4206-b3ef-ba0b44a36507 req-a955633c-094d-4421-bb2b-34f009c6843f service placement] getting providers with 1024 MEMORY_MB {{(pid=104461) __init__ /opt/stack/placement/placement/objects/research_context.py:136}}
Mar 05 11:09:57.807677 n-d-832156-2 devstack@placement-api.service[104461]: DEBUG placement.objects.research_context [req-53141a2b-1980-4206-b3ef-ba0b44a36507 req-a955633c-094d-4421-bb2b-34f009c6843f service placement] getting providers with 1 VCPU {{(pid=104461) __init__ /opt/stack/placement/placement/objects/research_context.py:136}}
Mar 05 11:09:57.815540 n-d-832156-2 devstack@placement-api.service[104461]: DEBUG placement.objects.research_context [req-53141a2b-1980-4206-b3ef-ba0b44a36507 req-a955633c-094d-4421-bb2b-34f009c6843f service placement] found 2 providers with available 1 DISK_GB {{(pid=104461) get_provider_ids_matching /opt/stack/placement/placement/objects/research_context.py:559}}
Mar 05 11:09:57.815778 n-d-832156-2 devstack@placement-api.service[104461]: DEBUG placement.objects.research_context [req-53141a2b-1980-4206-b3ef-ba0b44a36507 req-a955633c-094d-4421-bb2b-34f009c6843f service placement] found 2 providers with available 1024 MEMORY_MB {{(pid=104461) get_provider_ids_matching /opt/stack/placement/placement/objects/research_context.py:559}}
Mar 05 11:09:57.816223 n-d-832156-2 devstack@placement-api.service[104461]: DEBUG placement.objects.research_context [req-53141a2b-1980-4206-b3ef-ba0b44a36507 req-a955633c-094d-4421-bb2b-34f009c6843f service placement] found 2 providers after filtering by previous result {{(pid=104461) get_provider_ids_matching /opt/stack/placement/placement/objects/research_context.py:590}}
Mar 05 11:09:57.816762 n-d-832156-2 devstack@placement-api.service[104461]: DEBUG placement.objects.research_context [req-53141a2b-1980-4206-b3ef-ba0b44a36507 req-a955633c-094d-4421-bb2b-34f009c6843f service placement] found 2 providers with available 1 VCPU {{(pid=104461) get_provider_ids_matching /opt/stack/placement/placement/objects/research_context.py:559}}
Mar 05 11:09:57.817034 n-d-832156-2 devstack@placement-api.service[104461]: DEBUG placement.objects.research_context [req-53141a2b-1980-4206-b3ef-ba0b44a36507 req-a955633c-094d-4421-bb2b-34f009c6843f service placement] found 2 providers after filtering by previous result {{(pid=104461) get_provider_ids_matching /opt/stack/placement/placement/objects/research_context.py:590}}
Mar 05 11:09:57.831970 n-d-832156-2 devstack@placement-api.service[104461]: DEBUG placement.objects.allocation_candidate [req-53141a2b-1980-4206-b3ef-ba0b44a36507 req-a955633c-094d-4421-bb2b-34f009c6843f service placement] RequestGroup(use_same_provider=False, resources={DISK_GB:1, MEMORY_MB:1024, VCPU:1}, traits=(), aggregates=[]) (suffix '') returned 2 matches {{(pid=104461) _get_by_requests /opt/stack/placement/placement/objects/allocation_candidate.py:156}}
Mar 05 11:09:57.832421 n-d-832156-2 devstack@placement-api.service[104461]: DEBUG placement.objects.allocation_candidate [req-53141a2b-1980-4206-b3ef-ba0b44a36507 req-a955633c-094d-4421-bb2b-34f009c6843f service placement] Merging candidates yields 2 allocation requests and 2 provider summaries {{(pid=104461) _merge_candidates /opt/stack/placement/placement/objects/allocation_candidate.py:809}}
Mar 05 11:09:57.834972 n-d-832156-2 devstack@placement-api.service[104461]: INFO placement.requestlog [req-53141a2b-1980-4206-b3ef-ba0b44a36507 req-a955633c-094d-4421-bb2b-34f009c6843f service placement] 10.222.0.35 "GET /placement/allocation_candidates?limit=1000&resources=DISK_GB%3A1%2CMEMORY_MB%3A1024%2CVCPU%3A1&root_required=%21COMPUTE_STATUS_DISABLED" status: 200 len: 1310 microversion: 1.36
Mar 05 11:09:57.835690 n-d-832156-2 devstack@placement-api.service[104461]: [pid: 104461|app: 0|req: 125/254] 10.222.0.35 () {60 vars in 1506 bytes} [Sat Mar 5 11:09:57 2022] GET /placement/allocation_candidates?limit=1000&resources=DISK_GB%3A1%2CMEMORY_MB%3A1024%2CVCPU%3A1&root_required=%21COMPUTE_STATUS_DISABLED => generated 1310 bytes in 82 msecs (HTTP/1.1 200) 8 headers in 297 bytes (2 switches on core 0)
Mar 05 11:09:57.906687 n-d-832156-2 devstack@placement-api.service[104462]: DEBUG placement.requestlog [req-53141a2b-1980-4206-b3ef-ba0b44a36507 req-419f0e3f-b6ee-490a-9e51-9913e8656db5 None None] Starting request: 10.222.0.35 "GET /placement/allocations/da1f877c-72ba-4067-9115-727b78e6041e" {{(pid=104462) __call__ /opt/stack/placement/placement/requestlog.py:55}}
Mar 05 11:09:57.920264 n-d-832156-2 devstack@placement-api.service[104462]: INFO placement.requestlog [req-53141a2b-1980-4206-b3ef-ba0b44a36507 req-419f0e3f-b6ee-490a-9e51-9913e8656db5 service placement] 10.222.0.35 "GET /placement/allocations/da1f877c-72ba-4067-9115-727b78e6041e" status: 200 len: 19 microversion: 1.28
Mar 05 11:09:57.925037 n-d-832156-2 devstack@placement-api.service[104462]: [pid: 104462|app: 0|req: 130/255] 10.222.0.35 () {60 vars in 1380 bytes} [Sat Mar 5 11:09:57 2022] GET /placement/allocations/da1f877c-72ba-4067-9115-727b78e6041e => generated 19 bytes in 18 msecs (HTTP/1.1 200) 8 headers in 295 bytes (1 switches on core 0)
Mar 05 11:09:57.926958 n-d-832156-2 devstack@placement-api.service[104461]: DEBUG placement.requestlog [req-53141a2b-1980-4206-b3ef-ba0b44a36507 req-8b469b60-48f7-490c-aa5d-66a078c67f31 None None] Starting request: 10.222.0.35 "PUT /placement/allocations/da1f877c-72ba-4067-9115-727b78e6041e" {{(pid=104461) __call__ /opt/stack/placement/placement/requestlog.py:55}}
Mar 05 11:09:58.004083 n-d-832156-2 devstack@placement-api.service[104461]: DEBUG placement.handlers.allocation [req-53141a2b-1980-4206-b3ef-ba0b44a36507 req-8b469b60-48f7-490c-aa5d-66a078c67f31 service placement] Successfully wrote allocations [, , ] {{(pid=104461) _update_consumers_and_create_allocations /opt/stack/placement/placement/handlers/allocation.py:462}}
Mar 05 11:09:58.010931 n-d-832156-2 devstack@placement-api.service[104461]: INFO placement.requestlog [req-53141a2b-1980-4206-b3ef-ba0b44a36507 req-8b469b60-48f7-490c-aa5d-66a078c67f31 service placement] 10.222.0.35 "PUT /placement/allocations/da1f877c-72ba-4067-9115-727b78e6041e" status: 204 len: 0 microversion: 1.36
Mar 05 11:09:58.019444 n-d-832156-2 devstack@placement-api.service[104461]: [pid: 104461|app: 0|req: 126/256] 10.222.0.35 () {64 vars in 1433 bytes} [Sat Mar 5 11:09:57 2022] PUT /placement/allocations/da1f877c-72ba-4067-9115-727b78e6041e => generated 0 bytes in 85 msecs (HTTP/1.1 204) 5 headers in 199 bytes (1 switches on core 0)
Mar 05 11:09:58.418550 n-d-832156-2 devstack@placement-api.service[104462]: DEBUG placement.requestlog [req-53141a2b-1980-4206-b3ef-ba0b44a36507 req-46e479e1-dbb3-45f6-9587-d7e790847c94 None None] Starting request: 10.222.0.31 "GET /placement/allocations/da1f877c-72ba-4067-9115-727b78e6041e" {{(pid=104462) __call__ /opt/stack/placement/placement/requestlog.py:55}}
Mar 05 11:09:58.434539 n-d-832156-2 devstack@placement-api.service[104462]: INFO placement.requestlog [req-53141a2b-1980-4206-b3ef-ba0b44a36507 req-46e479e1-dbb3-45f6-9587-d7e790847c94 service placement] 10.222.0.31 "GET /placement/allocations/da1f877c-72ba-4067-9115-727b78e6041e" status: 200 len: 259 microversion: 1.28
Mar 05 11:09:58.434994 n-d-832156-2 devstack@placement-api.service[104462]: [pid: 104462|app: 0|req: 131/257] 10.222.0.31 () {60 vars in 1377 bytes} [Sat Mar 5 11:09:58 2022] GET /placement/allocations/da1f877c-72ba-4067-9115-727b78e6041e => generated 259 bytes in 17 msecs (HTTP/1.1 200) 8 headers in 296 bytes (1 switches on core 0)
Mar 05 11:10:02.213713 n-d-832156-2 devstack@placement-api.service[104461]: DEBUG placement.requestlog [None req-49bed164-cb2e-4064-95ee-c67162bd9d12 None None] Starting request: 10.222.0.35 "GET /placement/" {{(pid=104461) __call__ /opt/stack/placement/placement/requestlog.py:55}}
Mar 05 11:10:02.214751 n-d-832156-2 devstack@placement-api.service[104461]: INFO placement.requestlog [None req-49bed164-cb2e-4064-95ee-c67162bd9d12 None None] 10.222.0.35 "GET /placement/" status: 200 len: 136 microversion: 1.0
Mar 05 11:10:02.215073 n-d-832156-2 devstack@placement-api.service[104461]: [pid: 104461|app: 0|req: 127/258] 10.222.0.35 () {54 vars in 916 bytes} [Sat Mar 5 11:10:02 2022] GET /placement => generated 136 bytes in 2 msecs (HTTP/1.1 200) 6 headers in 224 bytes (1 switches on core 0)
Mar 05 11:10:02.223615 n-d-832156-2 devstack@placement-api.service[104462]: DEBUG placement.requestlog [req-7b55618f-9dd9-4c2b-8c29-9daac673e385 req-51c7bb18-ea6f-431b-90ef-2e9c2bd5a98b None None] Starting request: 10.222.0.35 "GET /placement/allocations/fac757c2-07d3-44f5-ba79-24662a97afa6" {{(pid=104462) __call__ /opt/stack/placement/placement/requestlog.py:55}}
Mar 05 11:10:02.298505 n-d-832156-2 devstack@placement-api.service[104462]: INFO placement.requestlog [req-7b55618f-9dd9-4c2b-8c29-9daac673e385 req-51c7bb18-ea6f-431b-90ef-2e9c2bd5a98b service placement] 10.222.0.35 "GET /placement/allocations/fac757c2-07d3-44f5-ba79-24662a97afa6" status: 200 len: 259 microversion: 1.28
Mar 05 11:10:02.301588 n-d-832156-2 devstack@placement-api.service[104462]: [pid: 104462|app: 0|req: 132/259] 10.222.0.35 () {60 vars in 1380 bytes} [Sat Mar 5 11:10:02 2022] GET /placement/allocations/fac757c2-07d3-44f5-ba79-24662a97afa6 => generated 259 bytes in 78 msecs (HTTP/1.1 200) 8 headers in 296 bytes (1 switches on core 0)
Mar 05 11:10:02.308189 n-d-832156-2 devstack@placement-api.service[104461]: DEBUG placement.requestlog [req-7b55618f-9dd9-4c2b-8c29-9daac673e385 req-d1bcfe97-4d71-4e57-84a0-12a5d467e5c8 None None] Starting request: 10.222.0.35 "GET /placement/allocations/fac757c2-07d3-44f5-ba79-24662a97afa6" {{(pid=104461) __call__ /opt/stack/placement/placement/requestlog.py:55}}
Mar 05 11:10:02.332856 n-d-832156-2 devstack@placement-api.service[104461]: INFO placement.requestlog [req-7b55618f-9dd9-4c2b-8c29-9daac673e385 req-d1bcfe97-4d71-4e57-84a0-12a5d467e5c8 service placement] 10.222.0.35 "GET /placement/allocations/fac757c2-07d3-44f5-ba79-24662a97afa6" status: 200 len: 259 microversion: 1.28
Mar 05 11:10:02.335745 n-d-832156-2 devstack@placement-api.service[104461]: [pid: 104461|app: 0|req: 128/260] 10.222.0.35 () {60 vars in 1380 bytes} [Sat Mar 5 11:10:02 2022] GET /placement/allocations/fac757c2-07d3-44f5-ba79-24662a97afa6 => generated 259 bytes in 28 msecs (HTTP/1.1 200) 8 headers in 296 bytes (1 switches on core 0)
Mar 05 11:10:02.344999 n-d-832156-2 devstack@placement-api.service[104462]: DEBUG placement.requestlog [req-7b55618f-9dd9-4c2b-8c29-9daac673e385 req-54f1b853-e86c-4d20-b7cc-bc4d0551197a None None] Starting request: 10.222.0.35 "GET /placement/allocations/d2b81880-9b6b-4400-a269-4f80847261cd" {{(pid=104462) __call__ /opt/stack/placement/placement/requestlog.py:55}}
Mar 05 11:10:02.378716 n-d-832156-2 devstack@placement-api.service[104462]: INFO placement.requestlog [req-7b55618f-9dd9-4c2b-8c29-9daac673e385 req-54f1b853-e86c-4d20-b7cc-bc4d0551197a service placement] 10.222.0.35 "GET /placement/allocations/d2b81880-9b6b-4400-a269-4f80847261cd" status: 200 len: 19 microversion: 1.28
Mar 05 11:10:02.380532 n-d-832156-2 devstack@placement-api.service[104462]: [pid: 104462|app: 0|req: 133/261] 10.222.0.35 () {60 vars in 1380 bytes} [Sat Mar 5 11:10:02 2022] GET /placement/allocations/d2b81880-9b6b-4400-a269-4f80847261cd => generated 19 bytes in 38 msecs (HTTP/1.1 200) 8 headers in 295 bytes (1 switches on core 0)
Mar 05 11:10:02.386435 n-d-832156-2 devstack@placement-api.service[104461]: DEBUG placement.requestlog [req-7b55618f-9dd9-4c2b-8c29-9daac673e385 req-43b203f8-e701-458d-aed8-ed70747c9691 None None] Starting request: 10.222.0.35 "POST /placement/allocations" {{(pid=104461) __call__ /opt/stack/placement/placement/requestlog.py:55}}
Mar 05 11:10:02.532240 n-d-832156-2 devstack@placement-api.service[104461]: DEBUG placement.handlers.allocation [req-7b55618f-9dd9-4c2b-8c29-9daac673e385 req-43b203f8-e701-458d-aed8-ed70747c9691 service placement] Successfully wrote allocations [, , , , , ] {{(pid=104461) _update_consumers_and_create_allocations /opt/stack/placement/placement/handlers/allocation.py:572}}
Mar 05 11:10:02.537162 n-d-832156-2 devstack@placement-api.service[104461]: INFO placement.requestlog [req-7b55618f-9dd9-4c2b-8c29-9daac673e385 req-43b203f8-e701-458d-aed8-ed70747c9691 service placement] 10.222.0.35 "POST /placement/allocations" status: 204 len: 0 microversion: 1.28
Mar 05 11:10:02.538685 n-d-832156-2 devstack@placement-api.service[104461]: [pid: 104461|app: 0|req: 129/262] 10.222.0.35 () {64 vars in 1323 bytes} [Sat Mar 5 11:10:02 2022] POST /placement/allocations => generated 0 bytes in 153 msecs (HTTP/1.1 204) 5 headers in 199 bytes (2 switches on core 0)
Mar 05 11:10:02.885598 n-d-832156-2 devstack@placement-api.service[104462]: DEBUG placement.requestlog [req-7b55618f-9dd9-4c2b-8c29-9daac673e385 req-10ca9c2e-0cc4-4443-870f-cb88698482cc None None] Starting request: 10.222.0.35 "GET /placement/allocation_candidates?limit=1000&resources=DISK_GB%3A1%2CMEMORY_MB%3A512%2CVCPU%3A1&root_required=%21COMPUTE_STATUS_DISABLED" {{(pid=104462) __call__ /opt/stack/placement/placement/requestlog.py:55}}
Mar 05 11:10:02.948045 n-d-832156-2 devstack@placement-api.service[104462]: DEBUG placement.objects.research_context [req-7b55618f-9dd9-4c2b-8c29-9daac673e385 req-10ca9c2e-0cc4-4443-870f-cb88698482cc service placement] getting providers with 1 DISK_GB {{(pid=104462) __init__ /opt/stack/placement/placement/objects/research_context.py:136}}
Mar 05 11:10:02.964649 n-d-832156-2 devstack@placement-api.service[104462]: DEBUG placement.objects.research_context [req-7b55618f-9dd9-4c2b-8c29-9daac673e385 req-10ca9c2e-0cc4-4443-870f-cb88698482cc service placement] getting providers with 512 MEMORY_MB {{(pid=104462) __init__ /opt/stack/placement/placement/objects/research_context.py:136}}
Mar 05 11:10:02.973711 n-d-832156-2 devstack@placement-api.service[104462]: DEBUG placement.objects.research_context [req-7b55618f-9dd9-4c2b-8c29-9daac673e385 req-10ca9c2e-0cc4-4443-870f-cb88698482cc service placement] getting providers with 1 VCPU {{(pid=104462) __init__ /opt/stack/placement/placement/objects/research_context.py:136}}
Mar 05 11:10:02.991862 n-d-832156-2 devstack@placement-api.service[104462]: DEBUG placement.objects.research_context [req-7b55618f-9dd9-4c2b-8c29-9daac673e385 req-10ca9c2e-0cc4-4443-870f-cb88698482cc service placement] found 2 providers with available 1 DISK_GB {{(pid=104462) get_provider_ids_matching /opt/stack/placement/placement/objects/research_context.py:559}}
Mar 05 11:10:02.992385 n-d-832156-2 devstack@placement-api.service[104462]: DEBUG placement.objects.research_context [req-7b55618f-9dd9-4c2b-8c29-9daac673e385 req-10ca9c2e-0cc4-4443-870f-cb88698482cc service placement] found 2 providers with available 512 MEMORY_MB {{(pid=104462) get_provider_ids_matching /opt/stack/placement/placement/objects/research_context.py:559}}
Mar 05 11:10:02.992660 n-d-832156-2 devstack@placement-api.service[104462]: DEBUG placement.objects.research_context [req-7b55618f-9dd9-4c2b-8c29-9daac673e385 req-10ca9c2e-0cc4-4443-870f-cb88698482cc service placement] found 2 providers after filtering by previous result {{(pid=104462) get_provider_ids_matching /opt/stack/placement/placement/objects/research_context.py:590}}
Mar 05 11:10:02.993016 n-d-832156-2 devstack@placement-api.service[104462]: DEBUG placement.objects.research_context [req-7b55618f-9dd9-4c2b-8c29-9daac673e385 req-10ca9c2e-0cc4-4443-870f-cb88698482cc service placement] found 2 providers with available 1 VCPU {{(pid=104462) get_provider_ids_matching /opt/stack/placement/placement/objects/research_context.py:559}}
Mar 05 11:10:02.993319 n-d-832156-2 devstack@placement-api.service[104462]: DEBUG placement.objects.research_context [req-7b55618f-9dd9-4c2b-8c29-9daac673e385 req-10ca9c2e-0cc4-4443-870f-cb88698482cc service placement] found 2 providers after filtering by previous result {{(pid=104462) get_provider_ids_matching /opt/stack/placement/placement/objects/research_context.py:590}}
Mar 05 11:10:03.017979 n-d-832156-2 devstack@placement-api.service[104462]: DEBUG placement.objects.allocation_candidate [req-7b55618f-9dd9-4c2b-8c29-9daac673e385 req-10ca9c2e-0cc4-4443-870f-cb88698482cc service placement] RequestGroup(use_same_provider=False, resources={DISK_GB:1, MEMORY_MB:512, VCPU:1}, traits=(), aggregates=[]) (suffix '') returned 2 matches {{(pid=104462) _get_by_requests /opt/stack/placement/placement/objects/allocation_candidate.py:156}}
Mar 05 11:10:03.018385 n-d-832156-2 devstack@placement-api.service[104462]: DEBUG placement.objects.allocation_candidate [req-7b55618f-9dd9-4c2b-8c29-9daac673e385 req-10ca9c2e-0cc4-4443-870f-cb88698482cc service placement] Merging candidates yields 2 allocation requests and 2 provider summaries {{(pid=104462) _merge_candidates /opt/stack/placement/placement/objects/allocation_candidate.py:809}}
Mar 05 11:10:03.019973 n-d-832156-2 devstack@placement-api.service[104462]: INFO placement.requestlog [req-7b55618f-9dd9-4c2b-8c29-9daac673e385 req-10ca9c2e-0cc4-4443-870f-cb88698482cc service placement] 10.222.0.35 "GET /placement/allocation_candidates?limit=1000&resources=DISK_GB%3A1%2CMEMORY_MB%3A512%2CVCPU%3A1&root_required=%21COMPUTE_STATUS_DISABLED" status: 200 len: 1308 microversion: 1.36
Mar 05 11:10:03.020663 n-d-832156-2 devstack@placement-api.service[104462]: [pid: 104462|app: 0|req: 134/263] 10.222.0.35 () {60 vars in 1504 bytes} [Sat Mar 5 11:10:02 2022] GET /placement/allocation_candidates?limit=1000&resources=DISK_GB%3A1%2CMEMORY_MB%3A512%2CVCPU%3A1&root_required=%21COMPUTE_STATUS_DISABLED => generated 1308 bytes in 135 msecs (HTTP/1.1 200) 8 headers in 297 bytes (1 switches on core 0)
Mar 05 11:10:03.116899 n-d-832156-2 devstack@placement-api.service[104461]: DEBUG placement.requestlog [req-7b55618f-9dd9-4c2b-8c29-9daac673e385 req-45899f2b-dcde-4c99-9057-f17ba4127178 None None] Starting request: 10.222.0.35 "GET /placement/allocations/fac757c2-07d3-44f5-ba79-24662a97afa6" {{(pid=104461) __call__ /opt/stack/placement/placement/requestlog.py:55}}
Mar 05 11:10:03.128464 n-d-832156-2 devstack@placement-api.service[104461]: INFO placement.requestlog [req-7b55618f-9dd9-4c2b-8c29-9daac673e385 req-45899f2b-dcde-4c99-9057-f17ba4127178 service placement] 10.222.0.35 "GET /placement/allocations/fac757c2-07d3-44f5-ba79-24662a97afa6" status: 200 len: 19 microversion: 1.28
Mar 05 11:10:03.133158 n-d-832156-2 devstack@placement-api.service[104461]: [pid: 104461|app: 0|req: 130/264] 10.222.0.35 () {60 vars in 1380 bytes} [Sat Mar 5 11:10:03 2022] GET /placement/allocations/fac757c2-07d3-44f5-ba79-24662a97afa6 => generated 19 bytes in 17 msecs (HTTP/1.1 200) 8 headers in 295 bytes (1 switches on core 0)
Mar 05 11:10:03.136782 n-d-832156-2 devstack@placement-api.service[104462]: DEBUG placement.requestlog [req-7b55618f-9dd9-4c2b-8c29-9daac673e385 req-c6b610f0-6c56-44f4-8cfc-2d0bb475d183 None None] Starting request: 10.222.0.35 "PUT /placement/allocations/fac757c2-07d3-44f5-ba79-24662a97afa6" {{(pid=104462) __call__ /opt/stack/placement/placement/requestlog.py:55}}
Mar 05 11:10:03.232535 n-d-832156-2 devstack@placement-api.service[104462]: DEBUG placement.handlers.allocation [req-7b55618f-9dd9-4c2b-8c29-9daac673e385 req-c6b610f0-6c56-44f4-8cfc-2d0bb475d183 service placement] Successfully wrote allocations [, , ] {{(pid=104462) _update_consumers_and_create_allocations /opt/stack/placement/placement/handlers/allocation.py:462}}
Mar 05 11:10:03.242390 n-d-832156-2 devstack@placement-api.service[104462]: INFO placement.requestlog [req-7b55618f-9dd9-4c2b-8c29-9daac673e385 req-c6b610f0-6c56-44f4-8cfc-2d0bb475d183 service placement] 10.222.0.35 "PUT /placement/allocations/fac757c2-07d3-44f5-ba79-24662a97afa6" status: 204 len: 0 microversion: 1.36
Mar 05 11:10:03.242976 n-d-832156-2 devstack@placement-api.service[104462]: [pid: 104462|app: 0|req: 135/265] 10.222.0.35 () {64 vars in 1433 bytes} [Sat Mar 5 11:10:03 2022] PUT /placement/allocations/fac757c2-07d3-44f5-ba79-24662a97afa6 => generated 0 bytes in 106 msecs (HTTP/1.1 204) 5 headers in 199 bytes (1 switches on core 0)
Mar 05 11:10:03.561377 n-d-832156-2 devstack@placement-api.service[104461]: DEBUG placement.requestlog [req-7b55618f-9dd9-4c2b-8c29-9daac673e385 req-3ad3c4a7-9300-4fb7-b342-f25dad05c0bf None None] Starting request: 10.222.0.31 "GET /placement/allocations/fac757c2-07d3-44f5-ba79-24662a97afa6" {{(pid=104461) __call__ /opt/stack/placement/placement/requestlog.py:55}}
Mar 05 11:10:03.584945 n-d-832156-2 devstack@placement-api.service[104461]: INFO placement.requestlog [req-7b55618f-9dd9-4c2b-8c29-9daac673e385 req-3ad3c4a7-9300-4fb7-b342-f25dad05c0bf service placement] 10.222.0.31 "GET /placement/allocations/fac757c2-07d3-44f5-ba79-24662a97afa6" status: 200 len: 258 microversion: 1.28
Mar 05 11:10:03.585959 n-d-832156-2 devstack@placement-api.service[104461]: [pid: 104461|app: 0|req: 131/266] 10.222.0.31 () {60 vars in 1377 bytes} [Sat Mar 5 11:10:03 2022] GET /placement/allocations/fac757c2-07d3-44f5-ba79-24662a97afa6 => generated 258 bytes in 25 msecs (HTTP/1.1 200) 8 headers in 296 bytes (1 switches on core 0)
Mar 05 11:10:05.826706 n-d-832156-2 devstack@placement-api.service[104462]: DEBUG placement.requestlog [None req-47ca77fe-ac55-49b1-b0f8-cb2c5f0c884a None None] Starting request: 10.222.0.35 "GET /placement/" {{(pid=104462) __call__ /opt/stack/placement/placement/requestlog.py:55}}
Mar 05 11:10:05.828425 n-d-832156-2 devstack@placement-api.service[104462]: INFO placement.requestlog [None req-47ca77fe-ac55-49b1-b0f8-cb2c5f0c884a None None] 10.222.0.35 "GET /placement/" status: 200 len: 136 microversion: 1.0
Mar 05 11:10:05.828844 n-d-832156-2 devstack@placement-api.service[104462]: [pid: 104462|app: 0|req: 136/267] 10.222.0.35 () {54 vars in 916 bytes} [Sat Mar 5 11:10:05 2022] GET /placement => generated 136 bytes in 3 msecs (HTTP/1.1 200) 6 headers in 224 bytes (1 switches on core 0)
Mar 05 11:10:05.838890 n-d-832156-2 devstack@placement-api.service[104461]: DEBUG placement.requestlog [req-0cbccd0d-cc43-4ab8-9e3c-417f67dd8c4c req-c781f488-29d3-4494-8cbb-ac43241d26d0 None None] Starting request: 10.222.0.35 "GET /placement/allocations/a8fec841-9bd9-4c44-a191-6a3cc403c8fa" {{(pid=104461) __call__ /opt/stack/placement/placement/requestlog.py:55}}
Mar 05 11:10:05.919508 n-d-832156-2 devstack@placement-api.service[104461]: INFO placement.requestlog [req-0cbccd0d-cc43-4ab8-9e3c-417f67dd8c4c req-c781f488-29d3-4494-8cbb-ac43241d26d0 service placement] 10.222.0.35 "GET /placement/allocations/a8fec841-9bd9-4c44-a191-6a3cc403c8fa" status: 200 len: 259 microversion: 1.28
Mar 05 11:10:05.920096 n-d-832156-2 devstack@placement-api.service[104461]: [pid: 104461|app: 0|req: 132/268] 10.222.0.35 () {60 vars in 1380 bytes} [Sat Mar 5 11:10:05 2022] GET /placement/allocations/a8fec841-9bd9-4c44-a191-6a3cc403c8fa => generated 259 bytes in 82 msecs (HTTP/1.1 200) 8 headers in 296 bytes (1 switches on core 0)
Mar 05 11:10:05.926248 n-d-832156-2 devstack@placement-api.service[104462]: DEBUG placement.requestlog [req-0cbccd0d-cc43-4ab8-9e3c-417f67dd8c4c req-c6975bb4-fd1e-451b-8774-5c33f93f8e7f None None] Starting request: 10.222.0.35 "GET /placement/allocations/a8fec841-9bd9-4c44-a191-6a3cc403c8fa" {{(pid=104462) __call__ /opt/stack/placement/placement/requestlog.py:55}}
Mar 05 11:10:05.955529 n-d-832156-2 devstack@placement-api.service[104462]: INFO placement.requestlog [req-0cbccd0d-cc43-4ab8-9e3c-417f67dd8c4c req-c6975bb4-fd1e-451b-8774-5c33f93f8e7f service placement] 10.222.0.35 "GET /placement/allocations/a8fec841-9bd9-4c44-a191-6a3cc403c8fa" status: 200 len: 259 microversion: 1.28
Mar 05 11:10:05.956209 n-d-832156-2 devstack@placement-api.service[104462]: [pid: 104462|app: 0|req: 137/269] 10.222.0.35 () {60 vars in 1380 bytes} [Sat Mar 5 11:10:05 2022] GET /placement/allocations/a8fec841-9bd9-4c44-a191-6a3cc403c8fa => generated 259 bytes in 30 msecs (HTTP/1.1 200) 8 headers in 296 bytes (1 switches on core 0)
Mar 05 11:10:05.963195 n-d-832156-2 devstack@placement-api.service[104461]: DEBUG placement.requestlog [req-0cbccd0d-cc43-4ab8-9e3c-417f67dd8c4c req-d8fc8325-c38a-40e0-b010-408bc7b7e720 None None] Starting request: 10.222.0.35 "GET /placement/allocations/31e57cb3-8abc-4012-a434-6e482a471483" {{(pid=104461) __call__ /opt/stack/placement/placement/requestlog.py:55}}
Mar 05 11:10:05.982259 n-d-832156-2 devstack@placement-api.service[104461]: INFO placement.requestlog [req-0cbccd0d-cc43-4ab8-9e3c-417f67dd8c4c req-d8fc8325-c38a-40e0-b010-408bc7b7e720 service placement] 10.222.0.35 "GET /placement/allocations/31e57cb3-8abc-4012-a434-6e482a471483" status: 200 len: 19 microversion: 1.28
Mar 05 11:10:05.982769 n-d-832156-2 devstack@placement-api.service[104461]: [pid: 104461|app: 0|req: 133/270] 10.222.0.35 () {60 vars in 1380 bytes} [Sat Mar 5 11:10:05 2022] GET /placement/allocations/31e57cb3-8abc-4012-a434-6e482a471483 => generated 19 bytes in 20 msecs (HTTP/1.1 200) 8 headers in 295 bytes (1 switches on core 0)
Mar 05 11:10:05.988928 n-d-832156-2 devstack@placement-api.service[104462]: DEBUG placement.requestlog [req-0cbccd0d-cc43-4ab8-9e3c-417f67dd8c4c req-8a1469de-c40a-46da-9e8c-3b29f547d2c8 None None] Starting request: 10.222.0.35 "POST /placement/allocations" {{(pid=104462) __call__ /opt/stack/placement/placement/requestlog.py:55}}
Mar 05 11:10:06.062975 n-d-832156-2 devstack@placement-api.service[104462]: DEBUG placement.handlers.allocation [req-0cbccd0d-cc43-4ab8-9e3c-417f67dd8c4c req-8a1469de-c40a-46da-9e8c-3b29f547d2c8 service placement] Successfully wrote allocations [, , , , , ] {{(pid=104462) _update_consumers_and_create_allocations /opt/stack/placement/placement/handlers/allocation.py:572}}
Mar 05 11:10:06.071394 n-d-832156-2 devstack@placement-api.service[104462]: INFO placement.requestlog [req-0cbccd0d-cc43-4ab8-9e3c-417f67dd8c4c req-8a1469de-c40a-46da-9e8c-3b29f547d2c8 service placement] 10.222.0.35 "POST /placement/allocations" status: 204 len: 0 microversion: 1.28
Mar 05 11:10:06.071973 n-d-832156-2 devstack@placement-api.service[104462]: [pid: 104462|app: 0|req: 138/271] 10.222.0.35 () {64 vars in 1323 bytes} [Sat Mar 5 11:10:05 2022] POST /placement/allocations => generated 0 bytes in 83 msecs (HTTP/1.1 204) 5 headers in 199 bytes (1 switches on core 0)
Mar 05 11:10:06.102445 n-d-832156-2 devstack@placement-api.service[104461]: DEBUG placement.requestlog [req-0cbccd0d-cc43-4ab8-9e3c-417f67dd8c4c req-9f34666d-9521-41d0-a314-65077910ea44 None None] Starting request: 10.222.0.35 "GET /placement/allocations/a8fec841-9bd9-4c44-a191-6a3cc403c8fa" {{(pid=104461) __call__ /opt/stack/placement/placement/requestlog.py:55}}
Mar 05 11:10:06.112956 n-d-832156-2 devstack@placement-api.service[104461]: INFO placement.requestlog [req-0cbccd0d-cc43-4ab8-9e3c-417f67dd8c4c req-9f34666d-9521-41d0-a314-65077910ea44 service placement] 10.222.0.35 "GET /placement/allocations/a8fec841-9bd9-4c44-a191-6a3cc403c8fa" status: 200 len: 19 microversion: 1.28
Mar 05 11:10:06.113623 n-d-832156-2 devstack@placement-api.service[104461]: [pid: 104461|app: 0|req: 134/272] 10.222.0.35 () {60 vars in 1380 bytes} [Sat Mar 5 11:10:06 2022] GET /placement/allocations/a8fec841-9bd9-4c44-a191-6a3cc403c8fa => generated 19 bytes in 11 msecs (HTTP/1.1 200) 8 headers in 295 bytes (2 switches on core 0)
Mar 05 11:10:06.120115 n-d-832156-2 devstack@placement-api.service[104462]: DEBUG placement.requestlog [req-0cbccd0d-cc43-4ab8-9e3c-417f67dd8c4c req-07fdb06c-01a4-452e-8601-c2c5945a88d2 None None] Starting request: 10.222.0.35 "PUT /placement/allocations/a8fec841-9bd9-4c44-a191-6a3cc403c8fa" {{(pid=104462) __call__ /opt/stack/placement/placement/requestlog.py:55}}
Mar 05 11:10:06.176048 n-d-832156-2 devstack@placement-api.service[104462]: DEBUG placement.handlers.allocation [req-0cbccd0d-cc43-4ab8-9e3c-417f67dd8c4c req-07fdb06c-01a4-452e-8601-c2c5945a88d2 service placement] Successfully wrote allocations [, , ] {{(pid=104462) _update_consumers_and_create_allocations /opt/stack/placement/placement/handlers/allocation.py:462}}
Mar 05 11:10:06.181877 n-d-832156-2 devstack@placement-api.service[104462]: INFO placement.requestlog [req-0cbccd0d-cc43-4ab8-9e3c-417f67dd8c4c req-07fdb06c-01a4-452e-8601-c2c5945a88d2 service placement] 10.222.0.35 "PUT /placement/allocations/a8fec841-9bd9-4c44-a191-6a3cc403c8fa" status: 204 len: 0 microversion: 1.28
Mar 05 11:10:06.182341 n-d-832156-2 devstack@placement-api.service[104462]: [pid: 104462|app: 0|req: 139/273] 10.222.0.35 () {64 vars in 1433 bytes} [Sat Mar 5 11:10:06 2022] PUT /placement/allocations/a8fec841-9bd9-4c44-a191-6a3cc403c8fa => generated 0 bytes in 63 msecs (HTTP/1.1 204) 5 headers in 199 bytes (1 switches on core 0)
Mar 05 11:10:06.304365 n-d-832156-2 devstack@placement-api.service[104461]: DEBUG placement.requestlog [req-0cbccd0d-cc43-4ab8-9e3c-417f67dd8c4c req-e96312a4-ce66-4823-bae5-fd5093a9ccd1 None None] Starting request: 10.222.0.37 "GET /placement/allocations/a8fec841-9bd9-4c44-a191-6a3cc403c8fa" {{(pid=104461) __call__ /opt/stack/placement/placement/requestlog.py:55}}
Mar 05 11:10:06.324612 n-d-832156-2 devstack@placement-api.service[104461]: INFO placement.requestlog [req-0cbccd0d-cc43-4ab8-9e3c-417f67dd8c4c req-e96312a4-ce66-4823-bae5-fd5093a9ccd1 service placement] 10.222.0.37 "GET /placement/allocations/a8fec841-9bd9-4c44-a191-6a3cc403c8fa" status: 200 len: 259 microversion: 1.28
Mar 05 11:10:06.325469 n-d-832156-2 devstack@placement-api.service[104461]: [pid: 104461|app: 0|req: 135/274] 10.222.0.37 () {60 vars in 1377 bytes} [Sat Mar 5 11:10:06 2022] GET /placement/allocations/a8fec841-9bd9-4c44-a191-6a3cc403c8fa => generated 259 bytes in 21 msecs (HTTP/1.1 200) 8 headers in 296 bytes (1 switches on core 0)
Mar 05 11:10:08.439724 n-d-832156-2 devstack@placement-api.service[104462]: DEBUG placement.requestlog [req-0d923d6a-df23-44d4-b418-94ab626fa46c req-0c7bd896-a81d-4f08-9b43-998ee53305e5 None None] Starting request: 10.222.0.31 "GET /placement/allocations/e421f660-4928-470d-a4ea-1b0502ee66c9" {{(pid=104462) __call__ /opt/stack/placement/placement/requestlog.py:55}}
Mar 05 11:10:08.464465 n-d-832156-2 devstack@placement-api.service[104462]: INFO placement.requestlog [req-0d923d6a-df23-44d4-b418-94ab626fa46c req-0c7bd896-a81d-4f08-9b43-998ee53305e5 service placement] 10.222.0.31 "GET /placement/allocations/e421f660-4928-470d-a4ea-1b0502ee66c9" status: 200 len: 259 microversion: 1.28
Mar 05 11:10:08.466204 n-d-832156-2 devstack@placement-api.service[104462]: [pid: 104462|app: 0|req: 140/275] 10.222.0.31 () {60 vars in 1377 bytes} [Sat Mar 5 11:10:08 2022] GET /placement/allocations/e421f660-4928-470d-a4ea-1b0502ee66c9 => generated 259 bytes in 26 msecs (HTTP/1.1 200) 8 headers in 296 bytes (1 switches on core 0)
Mar 05 11:10:23.125994 n-d-832156-2 devstack@placement-api.service[104461]: DEBUG placement.requestlog [None req-64524ae2-aca5-433b-bee6-f93efebc4c2e None None] Starting request: 10.222.0.35 "GET /placement/" {{(pid=104461) __call__ /opt/stack/placement/placement/requestlog.py:55}}
Mar 05 11:10:23.127108 n-d-832156-2 devstack@placement-api.service[104461]: INFO placement.requestlog [None req-64524ae2-aca5-433b-bee6-f93efebc4c2e None None] 10.222.0.35 "GET /placement/" status: 200 len: 136 microversion: 1.0
Mar 05 11:10:23.127463 n-d-832156-2 devstack@placement-api.service[104461]: [pid: 104461|app: 0|req: 136/276] 10.222.0.35 () {54 vars in 916 bytes} [Sat Mar 5 11:10:23 2022] GET /placement => generated 136 bytes in 2 msecs (HTTP/1.1 200) 6 headers in 224 bytes (1 switches on core 0)
Mar 05 11:10:23.135936 n-d-832156-2 devstack@placement-api.service[104462]: DEBUG placement.requestlog [req-65b38d5e-35c1-47ed-b26e-a17d29d21e36 req-07ee4f06-12b3-4099-9cc1-6eb361900ed1 None None] Starting request: 10.222.0.35 "GET /placement/allocations/014bd2b9-33e4-4b94-a384-563d4e71a72e" {{(pid=104462) __call__ /opt/stack/placement/placement/requestlog.py:55}}
Mar 05 11:10:23.204762 n-d-832156-2 devstack@placement-api.service[104462]: INFO placement.requestlog [req-65b38d5e-35c1-47ed-b26e-a17d29d21e36 req-07ee4f06-12b3-4099-9cc1-6eb361900ed1 service placement] 10.222.0.35 "GET /placement/allocations/014bd2b9-33e4-4b94-a384-563d4e71a72e" status: 200 len: 259 microversion: 1.28
Mar 05 11:10:23.205457 n-d-832156-2 devstack@placement-api.service[104462]: [pid: 104462|app: 0|req: 141/277] 10.222.0.35 () {60 vars in 1380 bytes} [Sat Mar 5 11:10:23 2022] GET /placement/allocations/014bd2b9-33e4-4b94-a384-563d4e71a72e => generated 259 bytes in 70 msecs (HTTP/1.1 200) 8 headers in 296 bytes (1 switches on core 0)
