Mar 05 11:08:28.725308 n-d-832156-2 devstack@placement-api.service[104461]: [pid: 104461|app: 0|req: 60/121] 10.222.0.31 () {60 vars in 1377 bytes} [Sat Mar 5 11:08:28 2022] GET /placement/allocations/c08578c1-b42c-4a82-9325-8e300929506a => generated 259 bytes in 24 msecs (HTTP/1.1 200) 8 headers in 296 bytes (1 switches on core 0)
Mar 05 11:08:28.732572 n-d-832156-2 devstack@placement-api.service[104462]: DEBUG placement.requestlog [req-2fc77d2b-e9cc-4ea7-863e-f057bc7074cb req-7947a48a-d89b-4723-b477-74f9d925a8f5 None None] Starting request: 10.222.0.31 "PUT /placement/allocations/c08578c1-b42c-4a82-9325-8e300929506a" {{(pid=104462) __call__ /opt/stack/placement/placement/requestlog.py:55}}
Mar 05 11:08:28.805440 n-d-832156-2 devstack@placement-api.service[104462]: DEBUG placement.handlers.allocation [req-2fc77d2b-e9cc-4ea7-863e-f057bc7074cb req-7947a48a-d89b-4723-b477-74f9d925a8f5 service placement] Successfully wrote allocations [, , ] {{(pid=104462) _update_consumers_and_create_allocations /opt/stack/placement/placement/handlers/allocation.py:462}}
Mar 05 11:08:28.812656 n-d-832156-2 devstack@placement-api.service[104462]: INFO placement.requestlog [req-2fc77d2b-e9cc-4ea7-863e-f057bc7074cb req-7947a48a-d89b-4723-b477-74f9d925a8f5 service placement] 10.222.0.31 "PUT /placement/allocations/c08578c1-b42c-4a82-9325-8e300929506a" status: 204 len: 0 microversion: 1.28
Mar 05 11:08:28.815277 n-d-832156-2 devstack@placement-api.service[104462]: [pid: 104462|app: 0|req: 62/122] 10.222.0.31 () {64 vars in 1430 bytes} [Sat Mar 5 11:08:28 2022] PUT /placement/allocations/c08578c1-b42c-4a82-9325-8e300929506a => generated 0 bytes in 83 msecs (HTTP/1.1 204) 5 headers in 199 bytes (1 switches on core 0)
Mar 05 11:08:30.380916 n-d-832156-2 devstack@placement-api.service[104461]: DEBUG placement.requestlog [req-bd8ff572-e24a-4ba1-b27e-75b9332d7972 req-93515463-dc78-456a-baf0-cf9c1064390f None None] Starting request: 10.222.0.35 "GET /placement/allocation_candidates?limit=1000&resources=DISK_GB%3A1%2CMEMORY_MB%3A1024%2CVCPU%3A1&root_required=%21COMPUTE_STATUS_DISABLED" {{(pid=104461) __call__ /opt/stack/placement/placement/requestlog.py:55}}
Mar 05 11:08:30.444041 n-d-832156-2 devstack@placement-api.service[104461]: DEBUG placement.objects.research_context [req-bd8ff572-e24a-4ba1-b27e-75b9332d7972 req-93515463-dc78-456a-baf0-cf9c1064390f service placement] getting providers with 1 DISK_GB {{(pid=104461) __init__ /opt/stack/placement/placement/objects/research_context.py:136}}
Mar 05 11:08:30.470360 n-d-832156-2 devstack@placement-api.service[104461]: DEBUG placement.objects.research_context [req-bd8ff572-e24a-4ba1-b27e-75b9332d7972 req-93515463-dc78-456a-baf0-cf9c1064390f service placement] getting providers with 1024 MEMORY_MB {{(pid=104461) __init__ /opt/stack/placement/placement/objects/research_context.py:136}}
Mar 05 11:08:30.481891 n-d-832156-2 devstack@placement-api.service[104461]: DEBUG placement.objects.research_context [req-bd8ff572-e24a-4ba1-b27e-75b9332d7972 req-93515463-dc78-456a-baf0-cf9c1064390f service placement] getting providers with 1 VCPU {{(pid=104461) __init__ /opt/stack/placement/placement/objects/research_context.py:136}}
Mar 05 11:08:30.485801 n-d-832156-2 devstack@placement-api.service[104462]: DEBUG placement.requestlog [req-eb4859ce-16b5-4c8a-b441-0eb57d3823f1 req-da1af44e-fd2b-4bc9-8a54-36440be0fb42 None None] Starting request: 10.222.0.37 "DELETE /placement/allocations/5ad29a02-b8eb-4587-aac1-bed612d16161" {{(pid=104462) __call__ /opt/stack/placement/placement/requestlog.py:55}}
Mar 05 11:08:30.490808 n-d-832156-2 devstack@placement-api.service[104461]: DEBUG placement.objects.research_context [req-bd8ff572-e24a-4ba1-b27e-75b9332d7972 req-93515463-dc78-456a-baf0-cf9c1064390f service placement] found 2 providers with available 1 DISK_GB {{(pid=104461) get_provider_ids_matching /opt/stack/placement/placement/objects/research_context.py:559}}
Mar 05 11:08:30.492515 n-d-832156-2 devstack@placement-api.service[104461]: DEBUG placement.objects.research_context [req-bd8ff572-e24a-4ba1-b27e-75b9332d7972 req-93515463-dc78-456a-baf0-cf9c1064390f service placement] found 2 providers with available 1024 MEMORY_MB {{(pid=104461) get_provider_ids_matching /opt/stack/placement/placement/objects/research_context.py:559}}
Mar 05 11:08:30.493454 n-d-832156-2 devstack@placement-api.service[104461]: DEBUG placement.objects.research_context [req-bd8ff572-e24a-4ba1-b27e-75b9332d7972 req-93515463-dc78-456a-baf0-cf9c1064390f service placement] found 2 providers after filtering by previous result {{(pid=104461) get_provider_ids_matching /opt/stack/placement/placement/objects/research_context.py:590}}
Mar 05 11:08:30.493923 n-d-832156-2 devstack@placement-api.service[104461]: DEBUG placement.objects.research_context [req-bd8ff572-e24a-4ba1-b27e-75b9332d7972 req-93515463-dc78-456a-baf0-cf9c1064390f service placement] found 2 providers with available 1 VCPU {{(pid=104461) get_provider_ids_matching /opt/stack/placement/placement/objects/research_context.py:559}}
Mar 05 11:08:30.494683 n-d-832156-2 devstack@placement-api.service[104461]: DEBUG placement.objects.research_context [req-bd8ff572-e24a-4ba1-b27e-75b9332d7972 req-93515463-dc78-456a-baf0-cf9c1064390f service placement] found 2 providers after filtering by previous result {{(pid=104461) get_provider_ids_matching /opt/stack/placement/placement/objects/research_context.py:590}}
Mar 05 11:08:30.508451 n-d-832156-2 devstack@placement-api.service[104461]: DEBUG placement.objects.allocation_candidate [req-bd8ff572-e24a-4ba1-b27e-75b9332d7972 req-93515463-dc78-456a-baf0-cf9c1064390f service placement] RequestGroup(use_same_provider=False, resources={DISK_GB:1, MEMORY_MB:1024, VCPU:1}, traits=(), aggregates=[]) (suffix '') returned 2 matches {{(pid=104461) _get_by_requests /opt/stack/placement/placement/objects/allocation_candidate.py:156}}
Mar 05 11:08:30.509414 n-d-832156-2 devstack@placement-api.service[104461]: DEBUG placement.objects.allocation_candidate [req-bd8ff572-e24a-4ba1-b27e-75b9332d7972 req-93515463-dc78-456a-baf0-cf9c1064390f service placement] Merging candidates yields 2 allocation requests and 2 provider summaries {{(pid=104461) _merge_candidates /opt/stack/placement/placement/objects/allocation_candidate.py:809}}
Mar 05 11:08:30.513459 n-d-832156-2 devstack@placement-api.service[104461]: INFO placement.requestlog [req-bd8ff572-e24a-4ba1-b27e-75b9332d7972 req-93515463-dc78-456a-baf0-cf9c1064390f service placement] 10.222.0.35 "GET /placement/allocation_candidates?limit=1000&resources=DISK_GB%3A1%2CMEMORY_MB%3A1024%2CVCPU%3A1&root_required=%21COMPUTE_STATUS_DISABLED" status: 200 len: 1309 microversion: 1.36
Mar 05 11:08:30.514748 n-d-832156-2 devstack@placement-api.service[104461]: [pid: 104461|app: 0|req: 61/123] 10.222.0.35 () {60 vars in 1506 bytes} [Sat Mar 5 11:08:30 2022] GET /placement/allocation_candidates?limit=1000&resources=DISK_GB%3A1%2CMEMORY_MB%3A1024%2CVCPU%3A1&root_required=%21COMPUTE_STATUS_DISABLED => generated 1309 bytes in 134 msecs (HTTP/1.1 200) 8 headers in 297 bytes (1 switches on core 0)
Mar 05 11:08:30.552739 n-d-832156-2 devstack@placement-api.service[104462]: DEBUG placement.handlers.allocation [req-eb4859ce-16b5-4c8a-b441-0eb57d3823f1 req-da1af44e-fd2b-4bc9-8a54-36440be0fb42 service placement] Successfully deleted allocations [, , ] {{(pid=104462) delete_allocations /opt/stack/placement/placement/handlers/allocation.py:627}}
Mar 05 11:08:30.553246 n-d-832156-2 devstack@placement-api.service[104462]: INFO placement.requestlog [req-eb4859ce-16b5-4c8a-b441-0eb57d3823f1 req-da1af44e-fd2b-4bc9-8a54-36440be0fb42 service placement] 10.222.0.37 "DELETE /placement/allocations/5ad29a02-b8eb-4587-aac1-bed612d16161" status: 204 len: 0 microversion: 1.0
Mar 05 11:08:30.553627 n-d-832156-2 devstack@placement-api.service[104462]: [pid: 104462|app: 0|req: 63/124] 10.222.0.37 () {60 vars in 1355 bytes} [Sat Mar 5 11:08:30 2022] DELETE /placement/allocations/5ad29a02-b8eb-4587-aac1-bed612d16161 => generated 0 bytes in 68 msecs (HTTP/1.1 204) 5 headers in 198 bytes (2 switches on core 0)
Mar 05 11:08:30.654912 n-d-832156-2 devstack@placement-api.service[104461]: DEBUG placement.requestlog [req-bd8ff572-e24a-4ba1-b27e-75b9332d7972 req-745a3ade-d231-4843-a87c-a6e9f9736872 None None] Starting request: 10.222.0.35 "GET /placement/allocations/fe1582f5-edcc-4079-8773-c41b66215f21" {{(pid=104461) __call__ /opt/stack/placement/placement/requestlog.py:55}}
Mar 05 11:08:30.676522 n-d-832156-2 devstack@placement-api.service[104461]: INFO placement.requestlog [req-bd8ff572-e24a-4ba1-b27e-75b9332d7972 req-745a3ade-d231-4843-a87c-a6e9f9736872 service placement] 10.222.0.35 "GET /placement/allocations/fe1582f5-edcc-4079-8773-c41b66215f21" status: 200 len: 19 microversion: 1.28
Mar 05 11:08:30.678734 n-d-832156-2 devstack@placement-api.service[104461]: [pid: 104461|app: 0|req: 62/125] 10.222.0.35 () {60 vars in 1380 bytes} [Sat Mar 5 11:08:30 2022] GET /placement/allocations/fe1582f5-edcc-4079-8773-c41b66215f21 => generated 19 bytes in 24 msecs (HTTP/1.1 200) 8 headers in 295 bytes (1 switches on core 0)
Mar 05 11:08:30.688373 n-d-832156-2 devstack@placement-api.service[104462]: DEBUG placement.requestlog [req-bd8ff572-e24a-4ba1-b27e-75b9332d7972 req-d554de4b-4c24-4a6a-83cc-c655fc202f00 None None] Starting request: 10.222.0.35 "PUT /placement/allocations/fe1582f5-edcc-4079-8773-c41b66215f21" {{(pid=104462) __call__ /opt/stack/placement/placement/requestlog.py:55}}
Mar 05 11:08:30.783481 n-d-832156-2 devstack@placement-api.service[104462]: DEBUG placement.handlers.allocation [req-bd8ff572-e24a-4ba1-b27e-75b9332d7972 req-d554de4b-4c24-4a6a-83cc-c655fc202f00 service placement] Successfully wrote allocations [, , ] {{(pid=104462) _update_consumers_and_create_allocations /opt/stack/placement/placement/handlers/allocation.py:462}}
Mar 05 11:08:30.789346 n-d-832156-2 devstack@placement-api.service[104462]: INFO placement.requestlog [req-bd8ff572-e24a-4ba1-b27e-75b9332d7972 req-d554de4b-4c24-4a6a-83cc-c655fc202f00 service placement] 10.222.0.35 "PUT /placement/allocations/fe1582f5-edcc-4079-8773-c41b66215f21" status: 204 len: 0 microversion: 1.36
Mar 05 11:08:30.789813 n-d-832156-2 devstack@placement-api.service[104462]: [pid: 104462|app: 0|req: 64/126] 10.222.0.35 () {64 vars in 1433 bytes} [Sat Mar 5 11:08:30 2022] PUT /placement/allocations/fe1582f5-edcc-4079-8773-c41b66215f21 => generated 0 bytes in 102 msecs (HTTP/1.1 204) 5 headers in 199 bytes (1 switches on core 0)
Mar 05 11:08:31.314778 n-d-832156-2 devstack@placement-api.service[104461]: DEBUG placement.requestlog [req-bd8ff572-e24a-4ba1-b27e-75b9332d7972 req-864f975e-30dc-4150-855a-3565b7249aa9 None None] Starting request: 10.222.0.37 "GET /placement/allocations/fe1582f5-edcc-4079-8773-c41b66215f21" {{(pid=104461) __call__ /opt/stack/placement/placement/requestlog.py:55}}
Mar 05 11:08:31.332401 n-d-832156-2 devstack@placement-api.service[104461]: INFO placement.requestlog [req-bd8ff572-e24a-4ba1-b27e-75b9332d7972 req-864f975e-30dc-4150-855a-3565b7249aa9 service placement] 10.222.0.37 "GET /placement/allocations/fe1582f5-edcc-4079-8773-c41b66215f21" status: 200 len: 259 microversion: 1.28
Mar 05 11:08:31.334007 n-d-832156-2 devstack@placement-api.service[104461]: [pid: 104461|app: 0|req: 63/127] 10.222.0.37 () {60 vars in 1377 bytes} [Sat Mar 5 11:08:31 2022] GET /placement/allocations/fe1582f5-edcc-4079-8773-c41b66215f21 => generated 259 bytes in 19 msecs (HTTP/1.1 200) 8 headers in 296 bytes (1 switches on core 0)
Mar 05 11:08:33.967895 n-d-832156-2 devstack@placement-api.service[104462]: DEBUG placement.requestlog [req-d9b0548a-be71-4a3c-82c6-b98946514269 req-d2ccd815-98e3-414f-81fa-560ca765d5d2 None None] Starting request: 10.222.0.35 "GET /placement/allocation_candidates?limit=1000&resources=DISK_GB%3A1%2CMEMORY_MB%3A1024%2CVCPU%3A1&root_required=%21COMPUTE_STATUS_DISABLED" {{(pid=104462) __call__ /opt/stack/placement/placement/requestlog.py:55}}
Mar 05 11:08:34.015476 n-d-832156-2 devstack@placement-api.service[104462]: DEBUG placement.objects.research_context [req-d9b0548a-be71-4a3c-82c6-b98946514269 req-d2ccd815-98e3-414f-81fa-560ca765d5d2 service placement] getting providers with 1 DISK_GB {{(pid=104462) __init__ /opt/stack/placement/placement/objects/research_context.py:136}}
Mar 05 11:08:34.021746 n-d-832156-2 devstack@placement-api.service[104462]: DEBUG placement.objects.research_context [req-d9b0548a-be71-4a3c-82c6-b98946514269 req-d2ccd815-98e3-414f-81fa-560ca765d5d2 service placement] getting providers with 1024 MEMORY_MB {{(pid=104462) __init__ /opt/stack/placement/placement/objects/research_context.py:136}}
Mar 05 11:08:34.028116 n-d-832156-2 devstack@placement-api.service[104462]: DEBUG placement.objects.research_context [req-d9b0548a-be71-4a3c-82c6-b98946514269 req-d2ccd815-98e3-414f-81fa-560ca765d5d2 service placement] getting providers with 1 VCPU {{(pid=104462) __init__ /opt/stack/placement/placement/objects/research_context.py:136}}
Mar 05 11:08:34.033509 n-d-832156-2 devstack@placement-api.service[104462]: DEBUG placement.objects.research_context [req-d9b0548a-be71-4a3c-82c6-b98946514269 req-d2ccd815-98e3-414f-81fa-560ca765d5d2 service placement] found 2 providers with available 1 DISK_GB {{(pid=104462) get_provider_ids_matching /opt/stack/placement/placement/objects/research_context.py:559}}
Mar 05 11:08:34.034063 n-d-832156-2 devstack@placement-api.service[104462]: DEBUG placement.objects.research_context [req-d9b0548a-be71-4a3c-82c6-b98946514269 req-d2ccd815-98e3-414f-81fa-560ca765d5d2 service placement] found 2 providers with available 1024 MEMORY_MB {{(pid=104462) get_provider_ids_matching /opt/stack/placement/placement/objects/research_context.py:559}}
Mar 05 11:08:34.034544 n-d-832156-2 devstack@placement-api.service[104462]: DEBUG placement.objects.research_context [req-d9b0548a-be71-4a3c-82c6-b98946514269 req-d2ccd815-98e3-414f-81fa-560ca765d5d2 service placement] found 2 providers after filtering by previous result {{(pid=104462) get_provider_ids_matching /opt/stack/placement/placement/objects/research_context.py:590}}
Mar 05 11:08:34.034802 n-d-832156-2 devstack@placement-api.service[104462]: DEBUG placement.objects.research_context [req-d9b0548a-be71-4a3c-82c6-b98946514269 req-d2ccd815-98e3-414f-81fa-560ca765d5d2 service placement] found 2 providers with available 1 VCPU {{(pid=104462) get_provider_ids_matching /opt/stack/placement/placement/objects/research_context.py:559}}
Mar 05 11:08:34.035055 n-d-832156-2 devstack@placement-api.service[104462]: DEBUG placement.objects.research_context [req-d9b0548a-be71-4a3c-82c6-b98946514269 req-d2ccd815-98e3-414f-81fa-560ca765d5d2 service placement] found 2 providers after filtering by previous result {{(pid=104462) get_provider_ids_matching /opt/stack/placement/placement/objects/research_context.py:590}}
Mar 05 11:08:34.050170 n-d-832156-2 devstack@placement-api.service[104462]: DEBUG placement.objects.allocation_candidate [req-d9b0548a-be71-4a3c-82c6-b98946514269 req-d2ccd815-98e3-414f-81fa-560ca765d5d2 service placement] RequestGroup(use_same_provider=False, resources={DISK_GB:1, MEMORY_MB:1024, VCPU:1}, traits=(), aggregates=[]) (suffix '') returned 2 matches {{(pid=104462) _get_by_requests /opt/stack/placement/placement/objects/allocation_candidate.py:156}}
Mar 05 11:08:34.050852 n-d-832156-2 devstack@placement-api.service[104462]: DEBUG placement.objects.allocation_candidate [req-d9b0548a-be71-4a3c-82c6-b98946514269 req-d2ccd815-98e3-414f-81fa-560ca765d5d2 service placement] Merging candidates yields 2 allocation requests and 2 provider summaries {{(pid=104462) _merge_candidates /opt/stack/placement/placement/objects/allocation_candidate.py:809}}
Mar 05 11:08:34.053206 n-d-832156-2 devstack@placement-api.service[104462]: INFO placement.requestlog [req-d9b0548a-be71-4a3c-82c6-b98946514269 req-d2ccd815-98e3-414f-81fa-560ca765d5d2 service placement] 10.222.0.35 "GET /placement/allocation_candidates?limit=1000&resources=DISK_GB%3A1%2CMEMORY_MB%3A1024%2CVCPU%3A1&root_required=%21COMPUTE_STATUS_DISABLED" status: 200 len: 1309 microversion: 1.36
Mar 05 11:08:34.053590 n-d-832156-2 devstack@placement-api.service[104462]: [pid: 104462|app: 0|req: 65/128] 10.222.0.35 () {60 vars in 1506 bytes} [Sat Mar 5 11:08:33 2022] GET /placement/allocation_candidates?limit=1000&resources=DISK_GB%3A1%2CMEMORY_MB%3A1024%2CVCPU%3A1&root_required=%21COMPUTE_STATUS_DISABLED => generated 1309 bytes in 86 msecs (HTTP/1.1 200) 8 headers in 297 bytes (1 switches on core 0)
Mar 05 11:08:34.151407 n-d-832156-2 devstack@placement-api.service[104461]: DEBUG placement.requestlog [req-d9b0548a-be71-4a3c-82c6-b98946514269 req-86d38169-354a-40af-b90b-cb344790cb02 None None] Starting request: 10.222.0.35 "GET /placement/allocations/1665e760-55b8-4125-8de4-5e35d9b13e34" {{(pid=104461) __call__ /opt/stack/placement/placement/requestlog.py:55}}
Mar 05 11:08:34.162718 n-d-832156-2 devstack@placement-api.service[104461]: INFO placement.requestlog [req-d9b0548a-be71-4a3c-82c6-b98946514269 req-86d38169-354a-40af-b90b-cb344790cb02 service placement] 10.222.0.35 "GET /placement/allocations/1665e760-55b8-4125-8de4-5e35d9b13e34" status: 200 len: 19 microversion: 1.28
Mar 05 11:08:34.166475 n-d-832156-2 devstack@placement-api.service[104461]: [pid: 104461|app: 0|req: 64/129] 10.222.0.35 () {60 vars in 1380 bytes} [Sat Mar 5 11:08:34 2022] GET /placement/allocations/1665e760-55b8-4125-8de4-5e35d9b13e34 => generated 19 bytes in 15 msecs (HTTP/1.1 200) 8 headers in 295 bytes (1 switches on core 0)
Mar 05 11:08:34.176047 n-d-832156-2 devstack@placement-api.service[104462]: DEBUG placement.requestlog [req-d9b0548a-be71-4a3c-82c6-b98946514269 req-ec24aa2b-b34b-492d-8059-411d9ced8ffa None None] Starting request: 10.222.0.35 "PUT /placement/allocations/1665e760-55b8-4125-8de4-5e35d9b13e34" {{(pid=104462) __call__ /opt/stack/placement/placement/requestlog.py:55}}
Mar 05 11:08:34.282079 n-d-832156-2 devstack@placement-api.service[104462]: DEBUG placement.handlers.allocation [req-d9b0548a-be71-4a3c-82c6-b98946514269 req-ec24aa2b-b34b-492d-8059-411d9ced8ffa service placement] Successfully wrote allocations [, , ] {{(pid=104462) _update_consumers_and_create_allocations /opt/stack/placement/placement/handlers/allocation.py:462}}
Mar 05 11:08:34.288059 n-d-832156-2 devstack@placement-api.service[104462]: INFO placement.requestlog [req-d9b0548a-be71-4a3c-82c6-b98946514269 req-ec24aa2b-b34b-492d-8059-411d9ced8ffa service placement] 10.222.0.35 "PUT /placement/allocations/1665e760-55b8-4125-8de4-5e35d9b13e34" status: 204 len: 0 microversion: 1.36
Mar 05 11:08:34.289159 n-d-832156-2 devstack@placement-api.service[104462]: [pid: 104462|app: 0|req: 66/130] 10.222.0.35 () {64 vars in 1433 bytes} [Sat Mar 5 11:08:34 2022] PUT /placement/allocations/1665e760-55b8-4125-8de4-5e35d9b13e34 => generated 0 bytes in 113 msecs (HTTP/1.1 204) 5 headers in 199 bytes (1 switches on core 0)
Mar 05 11:08:34.845691 n-d-832156-2 devstack@placement-api.service[104461]: DEBUG placement.requestlog [req-d9b0548a-be71-4a3c-82c6-b98946514269 req-c9deabc5-aa30-4ea4-b0cf-da4bba826579 None None] Starting request: 10.222.0.31 "GET /placement/allocations/1665e760-55b8-4125-8de4-5e35d9b13e34" {{(pid=104461) __call__ /opt/stack/placement/placement/requestlog.py:55}}
Mar 05 11:08:34.870968 n-d-832156-2 devstack@placement-api.service[104461]: INFO placement.requestlog [req-d9b0548a-be71-4a3c-82c6-b98946514269 req-c9deabc5-aa30-4ea4-b0cf-da4bba826579 service placement] 10.222.0.31 "GET /placement/allocations/1665e760-55b8-4125-8de4-5e35d9b13e34" status: 200 len: 259 microversion: 1.28
Mar 05 11:08:34.872945 n-d-832156-2 devstack@placement-api.service[104461]: [pid: 104461|app: 0|req: 65/131] 10.222.0.31 () {60 vars in 1377 bytes} [Sat Mar 5 11:08:34 2022] GET /placement/allocations/1665e760-55b8-4125-8de4-5e35d9b13e34 => generated 259 bytes in 27 msecs (HTTP/1.1 200) 8 headers in 296 bytes (1 switches on core 0)
Mar 05 11:08:35.467565 n-d-832156-2 devstack@placement-api.service[104462]: DEBUG placement.requestlog [req-e177df4c-a688-4603-9430-2e9e7f551b4c req-997ddda8-35ed-4ccd-9e25-1aa7b06f089e None None] Starting request: 10.222.0.37 "DELETE /placement/allocations/edcafaed-f22b-4cab-91c7-f8f75500a100" {{(pid=104462) __call__ /opt/stack/placement/placement/requestlog.py:55}}
Mar 05 11:08:35.512951 n-d-832156-2 devstack@placement-api.service[104462]: DEBUG placement.handlers.allocation [req-e177df4c-a688-4603-9430-2e9e7f551b4c req-997ddda8-35ed-4ccd-9e25-1aa7b06f089e service placement] Successfully deleted allocations [, , ] {{(pid=104462) delete_allocations /opt/stack/placement/placement/handlers/allocation.py:627}}
Mar 05 11:08:35.514297 n-d-832156-2 devstack@placement-api.service[104462]: INFO placement.requestlog [req-e177df4c-a688-4603-9430-2e9e7f551b4c req-997ddda8-35ed-4ccd-9e25-1aa7b06f089e service placement] 10.222.0.37 "DELETE /placement/allocations/edcafaed-f22b-4cab-91c7-f8f75500a100" status: 204 len: 0 microversion: 1.0
Mar 05 11:08:35.515097 n-d-832156-2 devstack@placement-api.service[104462]: [pid: 104462|app: 0|req: 67/132] 10.222.0.37 () {60 vars in 1355 bytes} [Sat Mar 5 11:08:35 2022] DELETE /placement/allocations/edcafaed-f22b-4cab-91c7-f8f75500a100 => generated 0 bytes in 48 msecs (HTTP/1.1 204) 5 headers in 198 bytes (1 switches on core 0)
Mar 05 11:08:38.925051 n-d-832156-2 devstack@placement-api.service[104461]: DEBUG placement.requestlog [None req-cba57a68-afe5-4e7e-8c61-f03909b602b6 None None] Starting request: 10.222.0.35 "GET /placement/" {{(pid=104461) __call__ /opt/stack/placement/placement/requestlog.py:55}}
Mar 05 11:08:38.926053 n-d-832156-2 devstack@placement-api.service[104461]: INFO placement.requestlog [None req-cba57a68-afe5-4e7e-8c61-f03909b602b6 None None] 10.222.0.35 "GET /placement/" status: 200 len: 136 microversion: 1.0
Mar 05 11:08:38.926450 n-d-832156-2 devstack@placement-api.service[104461]: [pid: 104461|app: 0|req: 66/133] 10.222.0.35 () {54 vars in 916 bytes} [Sat Mar 5 11:08:38 2022] GET /placement => generated 136 bytes in 2 msecs (HTTP/1.1 200) 6 headers in 224 bytes (1 switches on core 0)
Mar 05 11:08:38.936180 n-d-832156-2 devstack@placement-api.service[104462]: DEBUG placement.requestlog [req-b319c7ad-3669-487d-baef-a6992abf8738 req-95214057-d8e7-4be3-8d3e-786c3fb43374 None None] Starting request: 10.222.0.35 "GET /placement/allocations/569747f1-765a-4041-b02b-cddeece11444" {{(pid=104462) __call__ /opt/stack/placement/placement/requestlog.py:55}}
Mar 05 11:08:39.013892 n-d-832156-2 devstack@placement-api.service[104462]: INFO placement.requestlog [req-b319c7ad-3669-487d-baef-a6992abf8738 req-95214057-d8e7-4be3-8d3e-786c3fb43374 service placement] 10.222.0.35 "GET /placement/allocations/569747f1-765a-4041-b02b-cddeece11444" status: 200 len: 259 microversion: 1.28
Mar 05 11:08:39.014646 n-d-832156-2 devstack@placement-api.service[104462]: [pid: 104462|app: 0|req: 68/134] 10.222.0.35 () {60 vars in 1380 bytes} [Sat Mar 5 11:08:38 2022] GET /placement/allocations/569747f1-765a-4041-b02b-cddeece11444 => generated 259 bytes in 79 msecs (HTTP/1.1 200) 8 headers in 296 bytes (1 switches on core 0)
Mar 05 11:08:39.021424 n-d-832156-2 devstack@placement-api.service[104461]: DEBUG placement.requestlog [req-b319c7ad-3669-487d-baef-a6992abf8738 req-708213ef-3aa3-456e-8815-170ee0a5caae None None] Starting request: 10.222.0.35 "GET /placement/allocations/569747f1-765a-4041-b02b-cddeece11444" {{(pid=104461) __call__ /opt/stack/placement/placement/requestlog.py:55}}
Mar 05 11:08:39.055466 n-d-832156-2 devstack@placement-api.service[104461]: INFO placement.requestlog [req-b319c7ad-3669-487d-baef-a6992abf8738 req-708213ef-3aa3-456e-8815-170ee0a5caae service placement] 10.222.0.35 "GET /placement/allocations/569747f1-765a-4041-b02b-cddeece11444" status: 200 len: 259 microversion: 1.28
Mar 05 11:08:39.056351 n-d-832156-2 devstack@placement-api.service[104461]: [pid: 104461|app: 0|req: 67/135] 10.222.0.35 () {60 vars in 1380 bytes} [Sat Mar 5 11:08:39 2022] GET /placement/allocations/569747f1-765a-4041-b02b-cddeece11444 => generated 259 bytes in 35 msecs (HTTP/1.1 200) 8 headers in 296 bytes (1 switches on core 0)
Mar 05 11:08:39.063209 n-d-832156-2 devstack@placement-api.service[104462]: DEBUG placement.requestlog [req-b319c7ad-3669-487d-baef-a6992abf8738 req-31773757-08f5-4adb-a078-ab685dab5205 None None] Starting request: 10.222.0.35 "GET /placement/allocations/2518b423-de24-4372-a00a-dcb5c3f55914" {{(pid=104462) __call__ /opt/stack/placement/placement/requestlog.py:55}}
Mar 05 11:08:39.077353 n-d-832156-2 devstack@placement-api.service[104462]: INFO placement.requestlog [req-b319c7ad-3669-487d-baef-a6992abf8738 req-31773757-08f5-4adb-a078-ab685dab5205 service placement] 10.222.0.35 "GET /placement/allocations/2518b423-de24-4372-a00a-dcb5c3f55914" status: 200 len: 19 microversion: 1.28
Mar 05 11:08:39.078122 n-d-832156-2 devstack@placement-api.service[104462]: [pid: 104462|app: 0|req: 69/136] 10.222.0.35 () {60 vars in 1380 bytes} [Sat Mar 5 11:08:39 2022] GET /placement/allocations/2518b423-de24-4372-a00a-dcb5c3f55914 => generated 19 bytes in 15 msecs (HTTP/1.1 200) 8 headers in 295 bytes (1 switches on core 0)
Mar 05 11:08:39.086865 n-d-832156-2 devstack@placement-api.service[104461]: DEBUG placement.requestlog [req-b319c7ad-3669-487d-baef-a6992abf8738 req-464b154c-8e21-4657-8803-b6f6e6682caf None None] Starting request: 10.222.0.35 "POST /placement/allocations" {{(pid=104461) __call__ /opt/stack/placement/placement/requestlog.py:55}}
Mar 05 11:08:39.197161 n-d-832156-2 devstack@placement-api.service[104461]: DEBUG placement.handlers.allocation [req-b319c7ad-3669-487d-baef-a6992abf8738 req-464b154c-8e21-4657-8803-b6f6e6682caf service placement] Successfully wrote allocations [, , , , , ] {{(pid=104461) _update_consumers_and_create_allocations /opt/stack/placement/placement/handlers/allocation.py:572}}
Mar 05 11:08:39.211502 n-d-832156-2 devstack@placement-api.service[104461]: INFO placement.requestlog [req-b319c7ad-3669-487d-baef-a6992abf8738 req-464b154c-8e21-4657-8803-b6f6e6682caf service placement] 10.222.0.35 "POST /placement/allocations" status: 204 len: 0 microversion: 1.28
Mar 05 11:08:39.213172 n-d-832156-2 devstack@placement-api.service[104461]: [pid: 104461|app: 0|req: 68/137] 10.222.0.35 () {64 vars in 1323 bytes} [Sat Mar 5 11:08:39 2022] POST /placement/allocations => generated 0 bytes in 126 msecs (HTTP/1.1 204) 5 headers in 199 bytes (1 switches on core 0)
Mar 05 11:08:39.285273 n-d-832156-2 devstack@placement-api.service[104462]: DEBUG placement.requestlog [req-b319c7ad-3669-487d-baef-a6992abf8738 req-9580eb6b-1b28-4e07-82d3-23143cf4407f None None] Starting request: 10.222.0.35 "GET /placement/allocations/569747f1-765a-4041-b02b-cddeece11444" {{(pid=104462) __call__ /opt/stack/placement/placement/requestlog.py:55}}
Mar 05 11:08:39.301118 n-d-832156-2 devstack@placement-api.service[104462]: INFO placement.requestlog [req-b319c7ad-3669-487d-baef-a6992abf8738 req-9580eb6b-1b28-4e07-82d3-23143cf4407f service placement] 10.222.0.35 "GET /placement/allocations/569747f1-765a-4041-b02b-cddeece11444" status: 200 len: 19 microversion: 1.28
Mar 05 11:08:39.302058 n-d-832156-2 devstack@placement-api.service[104462]: [pid: 104462|app: 0|req: 70/138] 10.222.0.35 () {60 vars in 1380 bytes} [Sat Mar 5 11:08:39 2022] GET /placement/allocations/569747f1-765a-4041-b02b-cddeece11444 => generated 19 bytes in 17 msecs (HTTP/1.1 200) 8 headers in 295 bytes (1 switches on core 0)
Mar 05 11:08:39.308788 n-d-832156-2 devstack@placement-api.service[104461]: DEBUG placement.requestlog [req-b319c7ad-3669-487d-baef-a6992abf8738 req-efa91731-3868-422e-bdf3-c67a1415bf6a None None] Starting request: 10.222.0.35 "PUT /placement/allocations/569747f1-765a-4041-b02b-cddeece11444" {{(pid=104461) __call__ /opt/stack/placement/placement/requestlog.py:55}}
Mar 05 11:08:39.409421 n-d-832156-2 devstack@placement-api.service[104461]: DEBUG placement.handlers.allocation [req-b319c7ad-3669-487d-baef-a6992abf8738 req-efa91731-3868-422e-bdf3-c67a1415bf6a service placement] Successfully wrote allocations [, , ] {{(pid=104461) _update_consumers_and_create_allocations /opt/stack/placement/placement/handlers/allocation.py:462}}
Mar 05 11:08:39.423855 n-d-832156-2 devstack@placement-api.service[104461]: INFO placement.requestlog [req-b319c7ad-3669-487d-baef-a6992abf8738 req-efa91731-3868-422e-bdf3-c67a1415bf6a service placement] 10.222.0.35 "PUT /placement/allocations/569747f1-765a-4041-b02b-cddeece11444" status: 204 len: 0 microversion: 1.28
Mar 05 11:08:39.424659 n-d-832156-2 devstack@placement-api.service[104461]: [pid: 104461|app: 0|req: 69/139] 10.222.0.35 () {64 vars in 1433 bytes} [Sat Mar 5 11:08:39 2022] PUT /placement/allocations/569747f1-765a-4041-b02b-cddeece11444 => generated 0 bytes in 116 msecs (HTTP/1.1 204) 5 headers in 199 bytes (1 switches on core 0)
Mar 05 11:08:39.557236 n-d-832156-2 devstack@placement-api.service[104462]: DEBUG placement.requestlog [req-b319c7ad-3669-487d-baef-a6992abf8738 req-3b12c50f-05e3-423b-88a0-7bd895fda05a None None] Starting request: 10.222.0.37 "GET /placement/allocations/569747f1-765a-4041-b02b-cddeece11444" {{(pid=104462) __call__ /opt/stack/placement/placement/requestlog.py:55}}
Mar 05 11:08:39.573481 n-d-832156-2 devstack@placement-api.service[104462]: INFO placement.requestlog [req-b319c7ad-3669-487d-baef-a6992abf8738 req-3b12c50f-05e3-423b-88a0-7bd895fda05a service placement] 10.222.0.37 "GET /placement/allocations/569747f1-765a-4041-b02b-cddeece11444" status: 200 len: 259 microversion: 1.28
Mar 05 11:08:39.574573 n-d-832156-2 devstack@placement-api.service[104462]: [pid: 104462|app: 0|req: 71/140] 10.222.0.37 () {60 vars in 1377 bytes} [Sat Mar 5 11:08:39 2022] GET /placement/allocations/569747f1-765a-4041-b02b-cddeece11444 => generated 259 bytes in 17 msecs (HTTP/1.1 200) 8 headers in 296 bytes (1 switches on core 0)
Mar 05 11:08:40.544675 n-d-832156-2 devstack@placement-api.service[104461]: DEBUG placement.requestlog [req-a5e44630-d6eb-4078-bd18-c5229592c18f req-6993f396-4220-47da-9416-e2dda2c6587b None None] Starting request: 10.222.0.31 "GET /placement/resource_providers/aca32dd7-6329-415d-a3bb-3d0406e0620a/allocations" {{(pid=104461) __call__ /opt/stack/placement/placement/requestlog.py:55}}
Mar 05 11:08:40.588437 n-d-832156-2 devstack@placement-api.service[104461]: INFO placement.requestlog [req-a5e44630-d6eb-4078-bd18-c5229592c18f req-6993f396-4220-47da-9416-e2dda2c6587b service placement] 10.222.0.31 "GET /placement/resource_providers/aca32dd7-6329-415d-a3bb-3d0406e0620a/allocations" status: 200 len: 457 microversion: 1.0
Mar 05 11:08:40.588809 n-d-832156-2 devstack@placement-api.service[104461]: [pid: 104461|app: 0|req: 70/141] 10.222.0.31 () {58 vars in 1390 bytes} [Sat Mar 5 11:08:40 2022] GET /placement/resource_providers/aca32dd7-6329-415d-a3bb-3d0406e0620a/allocations => generated 457 bytes in 44 msecs (HTTP/1.1 200) 6 headers in 224 bytes (1 switches on core 0)
Mar 05 11:08:42.251717 n-d-832156-2 devstack@placement-api.service[104462]: DEBUG placement.requestlog [req-07613832-28b3-4a24-8281-04d4576c08b7 req-2490ad42-11da-435e-8b7c-a4cf1abfb352 None None] Starting request: 10.222.0.35 "GET /placement/allocation_candidates?limit=1000&resources=DISK_GB%3A1%2CMEMORY_MB%3A1024%2CVCPU%3A1&root_required=%21COMPUTE_STATUS_DISABLED" {{(pid=104462) __call__ /opt/stack/placement/placement/requestlog.py:55}}
Mar 05 11:08:42.296439 n-d-832156-2 devstack@placement-api.service[104462]: DEBUG placement.objects.research_context [req-07613832-28b3-4a24-8281-04d4576c08b7 req-2490ad42-11da-435e-8b7c-a4cf1abfb352 service placement] getting providers with 1 DISK_GB {{(pid=104462) __init__ /opt/stack/placement/placement/objects/research_context.py:136}}
Mar 05 11:08:42.303382 n-d-832156-2 devstack@placement-api.service[104462]: DEBUG placement.objects.research_context [req-07613832-28b3-4a24-8281-04d4576c08b7 req-2490ad42-11da-435e-8b7c-a4cf1abfb352 service placement] getting providers with 1024 MEMORY_MB {{(pid=104462) __init__ /opt/stack/placement/placement/objects/research_context.py:136}}
Mar 05 11:08:42.312778 n-d-832156-2 devstack@placement-api.service[104462]: DEBUG placement.objects.research_context [req-07613832-28b3-4a24-8281-04d4576c08b7 req-2490ad42-11da-435e-8b7c-a4cf1abfb352 service placement] getting providers with 1 VCPU {{(pid=104462) __init__ /opt/stack/placement/placement/objects/research_context.py:136}}
Mar 05 11:08:42.319147 n-d-832156-2 devstack@placement-api.service[104462]: DEBUG placement.objects.research_context [req-07613832-28b3-4a24-8281-04d4576c08b7 req-2490ad42-11da-435e-8b7c-a4cf1abfb352 service placement] found 2 providers with available 1 DISK_GB {{(pid=104462) get_provider_ids_matching /opt/stack/placement/placement/objects/research_context.py:559}}
Mar 05 11:08:42.319667 n-d-832156-2 devstack@placement-api.service[104462]: DEBUG placement.objects.research_context [req-07613832-28b3-4a24-8281-04d4576c08b7 req-2490ad42-11da-435e-8b7c-a4cf1abfb352 service placement] found 2 providers with available 1024 MEMORY_MB {{(pid=104462) get_provider_ids_matching /opt/stack/placement/placement/objects/research_context.py:559}}
Mar 05 11:08:42.320651 n-d-832156-2 devstack@placement-api.service[104462]: DEBUG placement.objects.research_context [req-07613832-28b3-4a24-8281-04d4576c08b7 req-2490ad42-11da-435e-8b7c-a4cf1abfb352 service placement] found 2 providers after filtering by previous result {{(pid=104462) get_provider_ids_matching /opt/stack/placement/placement/objects/research_context.py:590}}
Mar 05 11:08:42.321061 n-d-832156-2 devstack@placement-api.service[104462]: DEBUG placement.objects.research_context [req-07613832-28b3-4a24-8281-04d4576c08b7 req-2490ad42-11da-435e-8b7c-a4cf1abfb352 service placement] found 2 providers with available 1 VCPU {{(pid=104462) get_provider_ids_matching /opt/stack/placement/placement/objects/research_context.py:559}}
Mar 05 11:08:42.321538 n-d-832156-2 devstack@placement-api.service[104462]: DEBUG placement.objects.research_context [req-07613832-28b3-4a24-8281-04d4576c08b7 req-2490ad42-11da-435e-8b7c-a4cf1abfb352 service placement] found 2 providers after filtering by previous result {{(pid=104462) get_provider_ids_matching /opt/stack/placement/placement/objects/research_context.py:590}}
Mar 05 11:08:42.333678 n-d-832156-2 devstack@placement-api.service[104462]: DEBUG placement.objects.allocation_candidate [req-07613832-28b3-4a24-8281-04d4576c08b7 req-2490ad42-11da-435e-8b7c-a4cf1abfb352 service placement] RequestGroup(use_same_provider=False, resources={DISK_GB:1, MEMORY_MB:1024, VCPU:1}, traits=(), aggregates=[]) (suffix '') returned 2 matches {{(pid=104462) _get_by_requests /opt/stack/placement/placement/objects/allocation_candidate.py:156}}
Mar 05 11:08:42.334354 n-d-832156-2 devstack@placement-api.service[104462]: DEBUG placement.objects.allocation_candidate [req-07613832-28b3-4a24-8281-04d4576c08b7 req-2490ad42-11da-435e-8b7c-a4cf1abfb352 service placement] Merging candidates yields 2 allocation requests and 2 provider summaries {{(pid=104462) _merge_candidates /opt/stack/placement/placement/objects/allocation_candidate.py:809}}
Mar 05 11:08:42.336286 n-d-832156-2 devstack@placement-api.service[104462]: INFO placement.requestlog [req-07613832-28b3-4a24-8281-04d4576c08b7 req-2490ad42-11da-435e-8b7c-a4cf1abfb352 service placement] 10.222.0.35 "GET /placement/allocation_candidates?limit=1000&resources=DISK_GB%3A1%2CMEMORY_MB%3A1024%2CVCPU%3A1&root_required=%21COMPUTE_STATUS_DISABLED" status: 200 len: 1309 microversion: 1.36
Mar 05 11:08:42.337117 n-d-832156-2 devstack@placement-api.service[104462]: [pid: 104462|app: 0|req: 72/142] 10.222.0.35 () {60 vars in 1506 bytes} [Sat Mar 5 11:08:42 2022] GET /placement/allocation_candidates?limit=1000&resources=DISK_GB%3A1%2CMEMORY_MB%3A1024%2CVCPU%3A1&root_required=%21COMPUTE_STATUS_DISABLED => generated 1309 bytes in 86 msecs (HTTP/1.1 200) 8 headers in 297 bytes (1 switches on core 0)
Mar 05 11:08:42.410176 n-d-832156-2 devstack@placement-api.service[104461]: DEBUG placement.requestlog [req-07613832-28b3-4a24-8281-04d4576c08b7 req-8732623e-62d7-4d03-ba93-b88f6b88f8b8 None None] Starting request: 10.222.0.35 "GET /placement/allocations/ec7f251c-7c2e-42ec-9337-434114548abe" {{(pid=104461) __call__ /opt/stack/placement/placement/requestlog.py:55}}
Mar 05 11:08:42.423703 n-d-832156-2 devstack@placement-api.service[104461]: INFO placement.requestlog [req-07613832-28b3-4a24-8281-04d4576c08b7 req-8732623e-62d7-4d03-ba93-b88f6b88f8b8 service placement] 10.222.0.35 "GET /placement/allocations/ec7f251c-7c2e-42ec-9337-434114548abe" status: 200 len: 19 microversion: 1.28
Mar 05 11:08:42.424602 n-d-832156-2 devstack@placement-api.service[104461]: [pid: 104461|app: 0|req: 71/143] 10.222.0.35 () {60 vars in 1380 bytes} [Sat Mar 5 11:08:42 2022] GET /placement/allocations/ec7f251c-7c2e-42ec-9337-434114548abe => generated 19 bytes in 15 msecs (HTTP/1.1 200) 8 headers in 295 bytes (1 switches on core 0)
Mar 05 11:08:42.432040 n-d-832156-2 devstack@placement-api.service[104462]: DEBUG placement.requestlog [req-07613832-28b3-4a24-8281-04d4576c08b7 req-43d6fe12-0e4e-4a2f-b8cf-ebe2e490e381 None None] Starting request: 10.222.0.35 "PUT /placement/allocations/ec7f251c-7c2e-42ec-9337-434114548abe" {{(pid=104462) __call__ /opt/stack/placement/placement/requestlog.py:55}}
Mar 05 11:08:42.556103 n-d-832156-2 devstack@placement-api.service[104462]: DEBUG placement.handlers.allocation [req-07613832-28b3-4a24-8281-04d4576c08b7 req-43d6fe12-0e4e-4a2f-b8cf-ebe2e490e381 service placement] Successfully wrote allocations [, , ] {{(pid=104462) _update_consumers_and_create_allocations /opt/stack/placement/placement/handlers/allocation.py:462}}
Mar 05 11:08:42.562675 n-d-832156-2 devstack@placement-api.service[104462]: INFO placement.requestlog [req-07613832-28b3-4a24-8281-04d4576c08b7 req-43d6fe12-0e4e-4a2f-b8cf-ebe2e490e381 service placement] 10.222.0.35 "PUT /placement/allocations/ec7f251c-7c2e-42ec-9337-434114548abe" status: 204 len: 0 microversion: 1.36
Mar 05 11:08:42.563295 n-d-832156-2 devstack@placement-api.service[104462]: [pid: 104462|app: 0|req: 73/144] 10.222.0.35 () {64 vars in 1433 bytes} [Sat Mar 5 11:08:42 2022] PUT /placement/allocations/ec7f251c-7c2e-42ec-9337-434114548abe => generated 0 bytes in 132 msecs (HTTP/1.1 204) 5 headers in 199 bytes (1 switches on core 0)
Mar 05 11:08:43.094632 n-d-832156-2 devstack@placement-api.service[104461]: DEBUG placement.requestlog [req-07613832-28b3-4a24-8281-04d4576c08b7 req-be88fd2f-a3c7-46f5-81a3-f8581a0cd30f None None] Starting request: 10.222.0.31 "GET /placement/allocations/ec7f251c-7c2e-42ec-9337-434114548abe" {{(pid=104461) __call__ /opt/stack/placement/placement/requestlog.py:55}}
Mar 05 11:08:43.127949 n-d-832156-2 devstack@placement-api.service[104461]: INFO placement.requestlog [req-07613832-28b3-4a24-8281-04d4576c08b7 req-be88fd2f-a3c7-46f5-81a3-f8581a0cd30f service placement] 10.222.0.31 "GET /placement/allocations/ec7f251c-7c2e-42ec-9337-434114548abe" status: 200 len: 259 microversion: 1.28
Mar 05 11:08:43.131363 n-d-832156-2 devstack@placement-api.service[104461]: [pid: 104461|app: 0|req: 72/145] 10.222.0.31 () {60 vars in 1377 bytes} [Sat Mar 5 11:08:43 2022] GET /placement/allocations/ec7f251c-7c2e-42ec-9337-434114548abe => generated 259 bytes in 37 msecs (HTTP/1.1 200) 8 headers in 296 bytes (1 switches on core 0)
Mar 05 11:08:46.434813 n-d-832156-2 devstack@placement-api.service[104462]: DEBUG placement.requestlog [req-34a10c85-e525-4660-bb53-84fc3747eb94 req-e55be35b-9cc3-4590-9485-3df4505fecac None None] Starting request: 10.222.0.37 "GET /placement/resource_providers/cd341a04-2ec9-41a4-a30c-ec65fa3b65ef/allocations" {{(pid=104462) __call__ /opt/stack/placement/placement/requestlog.py:55}}
Mar 05 11:08:46.479748 n-d-832156-2 devstack@placement-api.service[104462]: INFO placement.requestlog [req-34a10c85-e525-4660-bb53-84fc3747eb94 req-e55be35b-9cc3-4590-9485-3df4505fecac service placement] 10.222.0.37 "GET /placement/resource_providers/cd341a04-2ec9-41a4-a30c-ec65fa3b65ef/allocations" status: 200 len: 457 microversion: 1.0
Mar 05 11:08:46.480388 n-d-832156-2 devstack@placement-api.service[104462]: [pid: 104462|app: 0|req: 74/146] 10.222.0.37 () {58 vars in 1390 bytes} [Sat Mar 5 11:08:46 2022] GET /placement/resource_providers/cd341a04-2ec9-41a4-a30c-ec65fa3b65ef/allocations => generated 457 bytes in 46 msecs (HTTP/1.1 200) 6 headers in 224 bytes (1 switches on core 0)
Mar 05 11:08:54.810584 n-d-832156-2 devstack@placement-api.service[104461]: DEBUG placement.requestlog [None req-7d042b81-31b8-44ea-b392-2484a4c7c49d None None] Starting request: 10.222.0.35 "GET /placement/" {{(pid=104461) __call__ /opt/stack/placement/placement/requestlog.py:55}}
Mar 05 11:08:54.811691 n-d-832156-2 devstack@placement-api.service[104461]: INFO placement.requestlog [None req-7d042b81-31b8-44ea-b392-2484a4c7c49d None None] 10.222.0.35 "GET /placement/" status: 200 len: 136 microversion: 1.0
Mar 05 11:08:54.812092 n-d-832156-2 devstack@placement-api.service[104461]: [pid: 104461|app: 0|req: 73/147] 10.222.0.35 () {54 vars in 907 bytes} [Sat Mar 5 11:08:54 2022] GET /placement => generated 136 bytes in 2 msecs (HTTP/1.1 200) 6 headers in 224 bytes (1 switches on core 0)
Mar 05 11:08:54.830654 n-d-832156-2 devstack@placement-api.service[104462]: DEBUG placement.requestlog [req-56cf51e4-b03d-429b-bb64-01c4b598e746 req-8736f472-9b45-4b2e-b616-e24a92741761 None None] Starting request: 10.222.0.35 "GET /placement/resource_providers/aca32dd7-6329-415d-a3bb-3d0406e0620a/traits" {{(pid=104462) __call__ /opt/stack/placement/placement/requestlog.py:55}}
Mar 05 11:08:55.009768 n-d-832156-2 devstack@placement-api.service[104462]: INFO placement.requestlog [req-56cf51e4-b03d-429b-bb64-01c4b598e746 req-8736f472-9b45-4b2e-b616-e24a92741761 service placement] 10.222.0.35 "GET /placement/resource_providers/aca32dd7-6329-415d-a3bb-3d0406e0620a/traits" status: 200 len: 212 microversion: 1.6
Mar 05 11:08:55.010701 n-d-832156-2 devstack@placement-api.service[104462]: [pid: 104462|app: 0|req: 75/148] 10.222.0.35 () {60 vars in 1412 bytes} [Sat Mar 5 11:08:54 2022] GET /placement/resource_providers/aca32dd7-6329-415d-a3bb-3d0406e0620a/traits => generated 212 bytes in 180 msecs (HTTP/1.1 200) 6 headers in 224 bytes (2 switches on core 0)
Mar 05 11:08:55.952252 n-d-832156-2 devstack@placement-api.service[104461]: DEBUG placement.requestlog [req-b835a4a9-914e-4582-9a76-977514c2239e req-31492bb0-4993-4919-88ff-1c328f183c65 None None] Starting request: 10.222.0.31 "DELETE /placement/allocations/54f894e7-9728-4ef0-ab2d-3c864c86037e" {{(pid=104461) __call__ /opt/stack/placement/placement/requestlog.py:55}}
Mar 05 11:08:56.012001 n-d-832156-2 devstack@placement-api.service[104461]: DEBUG placement.handlers.allocation [req-b835a4a9-914e-4582-9a76-977514c2239e req-31492bb0-4993-4919-88ff-1c328f183c65 service placement] Successfully deleted allocations [, , ] {{(pid=104461) delete_allocations /opt/stack/placement/placement/handlers/allocation.py:627}}
Mar 05 11:08:56.013262 n-d-832156-2 devstack@placement-api.service[104461]: INFO placement.requestlog [req-b835a4a9-914e-4582-9a76-977514c2239e req-31492bb0-4993-4919-88ff-1c328f183c65 service placement] 10.222.0.31 "DELETE /placement/allocations/54f894e7-9728-4ef0-ab2d-3c864c86037e" status: 204 len: 0 microversion: 1.0
Mar 05 11:08:56.014454 n-d-832156-2 devstack@placement-api.service[104461]: [pid: 104461|app: 0|req: 74/149] 10.222.0.31 () {60 vars in 1355 bytes} [Sat Mar 5 11:08:55 2022] DELETE /placement/allocations/54f894e7-9728-4ef0-ab2d-3c864c86037e => generated 0 bytes in 62 msecs (HTTP/1.1 204) 5 headers in 198 bytes (1 switches on core 0)
Mar 05 11:08:56.300572 n-d-832156-2 devstack@placement-api.service[104462]: DEBUG placement.requestlog [req-b319c7ad-3669-487d-baef-a6992abf8738 req-bf37fdb3-dae2-43b8-a634-77c4c3658756 None None] Starting request: 10.222.0.31 "GET /placement/resource_providers/aca32dd7-6329-415d-a3bb-3d0406e0620a/allocations" {{(pid=104462) __call__ /opt/stack/placement/placement/requestlog.py:55}}
Mar 05 11:08:56.343911 n-d-832156-2 devstack@placement-api.service[104462]: INFO placement.requestlog [req-b319c7ad-3669-487d-baef-a6992abf8738 req-bf37fdb3-dae2-43b8-a634-77c4c3658756 service placement] 10.222.0.31 "GET /placement/resource_providers/aca32dd7-6329-415d-a3bb-3d0406e0620a/allocations" status: 200 len: 457 microversion: 1.0
Mar 05 11:08:56.344838 n-d-832156-2 devstack@placement-api.service[104461]: DEBUG placement.requestlog [None req-b726b5a4-a114-4f52-91a7-90774e5e554f None None] Starting request: 10.222.0.35 "GET /placement/" {{(pid=104461) __call__ /opt/stack/placement/placement/requestlog.py:55}}
Mar 05 11:08:56.345314 n-d-832156-2 devstack@placement-api.service[104462]: [pid: 104462|app: 0|req: 76/150] 10.222.0.31 () {58 vars in 1390 bytes} [Sat Mar 5 11:08:56 2022] GET /placement/resource_providers/aca32dd7-6329-415d-a3bb-3d0406e0620a/allocations => generated 457 bytes in 45 msecs (HTTP/1.1 200) 6 headers in 224 bytes (1 switches on core 0)
Mar 05 11:08:56.347504 n-d-832156-2 devstack@placement-api.service[104461]: INFO placement.requestlog [None req-b726b5a4-a114-4f52-91a7-90774e5e554f None None] 10.222.0.35 "GET /placement/" status: 200 len: 136 microversion: 1.0
Mar 05 11:08:56.348313 n-d-832156-2 devstack@placement-api.service[104461]: [pid: 104461|app: 0|req: 75/151] 10.222.0.35 () {54 vars in 916 bytes} [Sat Mar 5 11:08:56 2022] GET /placement => generated 136 bytes in 4 msecs (HTTP/1.1 200) 6 headers in 224 bytes (1 switches on core 0)
Mar 05 11:08:56.363512 n-d-832156-2 devstack@placement-api.service[104462]: DEBUG placement.requestlog [req-56cf51e4-b03d-429b-bb64-01c4b598e746 req-f803a98b-a2c0-4f11-b866-28a01ba5dda3 None None] Starting request: 10.222.0.35 "GET /placement/allocations/1665e760-55b8-4125-8de4-5e35d9b13e34" {{(pid=104462) __call__ /opt/stack/placement/placement/requestlog.py:55}}
Mar 05 11:08:56.430586 n-d-832156-2 devstack@placement-api.service[104461]: DEBUG placement.requestlog [None req-d24a9c93-3557-4aee-a653-f3b1633ce095 None None] Starting request: 10.222.0.35 "GET /placement/" {{(pid=104461) __call__ /opt/stack/placement/placement/requestlog.py:55}}
Mar 05 11:08:56.431734 n-d-832156-2 devstack@placement-api.service[104461]: INFO placement.requestlog [None req-d24a9c93-3557-4aee-a653-f3b1633ce095 None None] 10.222.0.35 "GET /placement/" status: 200 len: 136 microversion: 1.0
Mar 05 11:08:56.432537 n-d-832156-2 devstack@placement-api.service[104461]: [pid: 104461|app: 0|req: 76/152] 10.222.0.35 () {54 vars in 916 bytes} [Sat Mar 5 11:08:56 2022] GET /placement => generated 136 bytes in 2 msecs (HTTP/1.1 200) 6 headers in 224 bytes (1 switches on core 0)
Mar 05 11:08:56.444217 n-d-832156-2 devstack@placement-api.service[104461]: DEBUG placement.requestlog [req-140d84bf-b47b-4cf3-ad4d-9f23172d1e0e req-a0f96e2f-fd9d-4361-8c97-8f0a231609ae None None] Starting request: 10.222.0.35 "GET /placement/allocations/fe1582f5-edcc-4079-8773-c41b66215f21" {{(pid=104461) __call__ /opt/stack/placement/placement/requestlog.py:55}}
Mar 05 11:08:56.475598 n-d-832156-2 devstack@placement-api.service[104462]: INFO placement.requestlog [req-56cf51e4-b03d-429b-bb64-01c4b598e746 req-f803a98b-a2c0-4f11-b866-28a01ba5dda3 service placement] 10.222.0.35 "GET /placement/allocations/1665e760-55b8-4125-8de4-5e35d9b13e34" status: 200 len: 259 microversion: 1.28
Mar 05 11:08:56.476645 n-d-832156-2 devstack@placement-api.service[104462]: [pid: 104462|app: 0|req: 77/153] 10.222.0.35 () {60 vars in 1380 bytes} [Sat Mar 5 11:08:56 2022] GET /placement/allocations/1665e760-55b8-4125-8de4-5e35d9b13e34 => generated 259 bytes in 113 msecs (HTTP/1.1 200) 8 headers in 296 bytes (1 switches on core 0)
Mar 05 11:08:56.485240 n-d-832156-2 devstack@placement-api.service[104462]: DEBUG placement.requestlog [req-56cf51e4-b03d-429b-bb64-01c4b598e746 req-c4897f51-a7d4-4800-896b-2fdca3954da4 None None] Starting request: 10.222.0.35 "GET /placement/allocations/1665e760-55b8-4125-8de4-5e35d9b13e34" {{(pid=104462) __call__ /opt/stack/placement/placement/requestlog.py:55}}
Mar 05 11:08:56.518928 n-d-832156-2 devstack@placement-api.service[104462]: INFO placement.requestlog [req-56cf51e4-b03d-429b-bb64-01c4b598e746 req-c4897f51-a7d4-4800-896b-2fdca3954da4 service placement] 10.222.0.35 "GET /placement/allocations/1665e760-55b8-4125-8de4-5e35d9b13e34" status: 200 len: 259 microversion: 1.28
Mar 05 11:08:56.520101 n-d-832156-2 devstack@placement-api.service[104462]: [pid: 104462|app: 0|req: 78/154] 10.222.0.35 () {60 vars in 1380 bytes} [Sat Mar 5 11:08:56 2022] GET /placement/allocations/1665e760-55b8-4125-8de4-5e35d9b13e34 => generated 259 bytes in 36 msecs (HTTP/1.1 200) 8 headers in 296 bytes (2 switches on core 0)
Mar 05 11:08:56.528342 n-d-832156-2 devstack@placement-api.service[104462]: DEBUG placement.requestlog [req-56cf51e4-b03d-429b-bb64-01c4b598e746 req-cb757922-e3c3-4b20-a6de-72d24ba05902 None None] Starting request: 10.222.0.35 "GET /placement/allocations/24c8a519-0b7c-4fe5-b6e8-be39ccb78f03" {{(pid=104462) __call__ /opt/stack/placement/placement/requestlog.py:55}}
Mar 05 11:08:56.538853 n-d-832156-2 devstack@placement-api.service[104461]: INFO placement.requestlog [req-140d84bf-b47b-4cf3-ad4d-9f23172d1e0e req-a0f96e2f-fd9d-4361-8c97-8f0a231609ae service placement] 10.222.0.35 "GET /placement/allocations/fe1582f5-edcc-4079-8773-c41b66215f21" status: 200 len: 259 microversion: 1.28
Mar 05 11:08:56.539446 n-d-832156-2 devstack@placement-api.service[104461]: [pid: 104461|app: 0|req: 77/155] 10.222.0.35 () {60 vars in 1380 bytes} [Sat Mar 5 11:08:56 2022] GET /placement/allocations/fe1582f5-edcc-4079-8773-c41b66215f21 => generated 259 bytes in 96 msecs (HTTP/1.1 200) 8 headers in 296 bytes (2 switches on core 0)
