Aug 09 12:40:07.849170 n-d-831844-11 devstack@placement-api.service[105735]: INFO placement.requestlog [req-e628cd92-5c4d-4256-a436-a18a2cec9d67 req-91303bba-5952-4a1d-b4f7-b2811b2fb9b9 service placement] 10.222.0.66 "GET /placement/allocation_candidates?limit=1000&resources=DISK_GB%3A1%2CMEMORY_MB%3A1024%2CVCPU%3A1&root_required=%21COMPUTE_STATUS_DISABLED" status: 200 len: 1309 microversion: 1.36
Aug 09 12:40:07.850100 n-d-831844-11 devstack@placement-api.service[105735]: [pid: 105735|app: 0|req: 363/729] 10.222.0.66 () {60 vars in 1506 bytes} [Tue Aug 9 12:40:07 2022] GET /placement/allocation_candidates?limit=1000&resources=DISK_GB%3A1%2CMEMORY_MB%3A1024%2CVCPU%3A1&root_required=%21COMPUTE_STATUS_DISABLED => generated 1309 bytes in 803 msecs (HTTP/1.1 200) 8 headers in 297 bytes (1 switches on core 0)
Aug 09 12:40:08.110015 n-d-831844-11 devstack@placement-api.service[105736]: DEBUG placement.requestlog [req-e628cd92-5c4d-4256-a436-a18a2cec9d67 req-6975d560-6706-4ce7-927c-d60f14c86cae None None] Starting request: 10.222.0.66 "GET /placement/allocations/194633dd-1a27-4235-ac1e-f96545d5ea76" {{(pid=105736) __call__ /opt/stack/placement/placement/requestlog.py:55}}
Aug 09 12:40:08.136788 n-d-831844-11 devstack@placement-api.service[105736]: INFO placement.requestlog [req-e628cd92-5c4d-4256-a436-a18a2cec9d67 req-6975d560-6706-4ce7-927c-d60f14c86cae service placement] 10.222.0.66 "GET /placement/allocations/194633dd-1a27-4235-ac1e-f96545d5ea76" status: 200 len: 19 microversion: 1.28
Aug 09 12:40:08.140045 n-d-831844-11 devstack@placement-api.service[105736]: [pid: 105736|app: 0|req: 367/730] 10.222.0.66 () {60 vars in 1380 bytes} [Tue Aug 9 12:40:08 2022] GET /placement/allocations/194633dd-1a27-4235-ac1e-f96545d5ea76 => generated 19 bytes in 29 msecs (HTTP/1.1 200) 8 headers in 295 bytes (1 switches on core 0)
Aug 09 12:40:08.146294 n-d-831844-11 devstack@placement-api.service[105735]: DEBUG placement.requestlog [req-e628cd92-5c4d-4256-a436-a18a2cec9d67 req-62068592-e35d-48b1-a866-906094774fff None None] Starting request: 10.222.0.66 "PUT /placement/allocations/194633dd-1a27-4235-ac1e-f96545d5ea76" {{(pid=105735) __call__ /opt/stack/placement/placement/requestlog.py:55}}
Aug 09 12:40:08.564462 n-d-831844-11 devstack@placement-api.service[105735]: DEBUG placement.handlers.allocation [req-e628cd92-5c4d-4256-a436-a18a2cec9d67 req-62068592-e35d-48b1-a866-906094774fff service placement] Successfully wrote allocations [, , ] {{(pid=105735) _update_consumers_and_create_allocations /opt/stack/placement/placement/handlers/allocation.py:462}}
Aug 09 12:40:08.691444 n-d-831844-11 devstack@placement-api.service[105735]: INFO placement.requestlog [req-e628cd92-5c4d-4256-a436-a18a2cec9d67 req-62068592-e35d-48b1-a866-906094774fff service placement] 10.222.0.66 "PUT /placement/allocations/194633dd-1a27-4235-ac1e-f96545d5ea76" status: 204 len: 0 microversion: 1.36
Aug 09 12:40:08.692320 n-d-831844-11 devstack@placement-api.service[105735]: [pid: 105735|app: 0|req: 364/731] 10.222.0.66 () {64 vars in 1433 bytes} [Tue Aug 9 12:40:08 2022] PUT /placement/allocations/194633dd-1a27-4235-ac1e-f96545d5ea76 => generated 0 bytes in 546 msecs (HTTP/1.1 204) 5 headers in 199 bytes (1 switches on core 0)
Aug 09 12:40:10.579656 n-d-831844-11 devstack@placement-api.service[105736]: DEBUG placement.requestlog [req-e628cd92-5c4d-4256-a436-a18a2cec9d67 req-565f94fe-e072-4304-ad0f-0a200d28ff04 None None] Starting request: 10.222.0.72 "GET /placement/allocations/194633dd-1a27-4235-ac1e-f96545d5ea76" {{(pid=105736) __call__ /opt/stack/placement/placement/requestlog.py:55}}
Aug 09 12:40:10.609449 n-d-831844-11 devstack@placement-api.service[105736]: INFO placement.requestlog [req-e628cd92-5c4d-4256-a436-a18a2cec9d67 req-565f94fe-e072-4304-ad0f-0a200d28ff04 service placement] 10.222.0.72 "GET /placement/allocations/194633dd-1a27-4235-ac1e-f96545d5ea76" status: 200 len: 259 microversion: 1.28
Aug 09 12:40:10.610497 n-d-831844-11 devstack@placement-api.service[105736]: [pid: 105736|app: 0|req: 368/732] 10.222.0.72 () {60 vars in 1377 bytes} [Tue Aug 9 12:40:10 2022] GET /placement/allocations/194633dd-1a27-4235-ac1e-f96545d5ea76 => generated 259 bytes in 31 msecs (HTTP/1.1 200) 8 headers in 296 bytes (1 switches on core 0)
Aug 09 12:40:12.767345 n-d-831844-11 devstack@placement-api.service[105735]: DEBUG placement.requestlog [req-83e5849f-d254-471c-aa67-ba0f763fd30b req-7f08367b-9436-450c-a1fb-8168931a96a2 None None] Starting request: 10.222.0.66 "GET /placement/allocation_candidates?limit=1000&resources=MEMORY_MB%3A1024%2CVCPU%3A1&root_required=%21COMPUTE_STATUS_DISABLED" {{(pid=105735) __call__ /opt/stack/placement/placement/requestlog.py:55}}
Aug 09 12:40:12.854058 n-d-831844-11 devstack@placement-api.service[105735]: DEBUG placement.objects.research_context [req-83e5849f-d254-471c-aa67-ba0f763fd30b req-7f08367b-9436-450c-a1fb-8168931a96a2 service placement] getting providers with 1024 MEMORY_MB {{(pid=105735) __init__ /opt/stack/placement/placement/objects/research_context.py:136}}
Aug 09 12:40:12.878360 n-d-831844-11 devstack@placement-api.service[105735]: DEBUG placement.objects.research_context [req-83e5849f-d254-471c-aa67-ba0f763fd30b req-7f08367b-9436-450c-a1fb-8168931a96a2 service placement] getting providers with 1 VCPU {{(pid=105735) __init__ /opt/stack/placement/placement/objects/research_context.py:136}}
Aug 09 12:40:12.892305 n-d-831844-11 devstack@placement-api.service[105735]: DEBUG placement.objects.research_context [req-83e5849f-d254-471c-aa67-ba0f763fd30b req-7f08367b-9436-450c-a1fb-8168931a96a2 service placement] found 2 providers with available 1024 MEMORY_MB {{(pid=105735) get_provider_ids_matching /opt/stack/placement/placement/objects/research_context.py:563}}
Aug 09 12:40:12.892530 n-d-831844-11 devstack@placement-api.service[105735]: DEBUG placement.objects.research_context [req-83e5849f-d254-471c-aa67-ba0f763fd30b req-7f08367b-9436-450c-a1fb-8168931a96a2 service placement] found 2 providers with available 1 VCPU {{(pid=105735) get_provider_ids_matching /opt/stack/placement/placement/objects/research_context.py:563}}
Aug 09 12:40:12.893214 n-d-831844-11 devstack@placement-api.service[105735]: DEBUG placement.objects.research_context [req-83e5849f-d254-471c-aa67-ba0f763fd30b req-7f08367b-9436-450c-a1fb-8168931a96a2 service placement] found 2 providers after filtering by previous result {{(pid=105735) get_provider_ids_matching /opt/stack/placement/placement/objects/research_context.py:594}}
Aug 09 12:40:12.913695 n-d-831844-11 devstack@placement-api.service[105735]: DEBUG placement.objects.allocation_candidate [req-83e5849f-d254-471c-aa67-ba0f763fd30b req-7f08367b-9436-450c-a1fb-8168931a96a2 service placement] RequestGroup(use_same_provider=False, resources={MEMORY_MB:1024, VCPU:1}, traits=(), aggregates=[]) (suffix '') returned 2 matches {{(pid=105735) _get_by_requests /opt/stack/placement/placement/objects/allocation_candidate.py:156}}
Aug 09 12:40:12.914290 n-d-831844-11 devstack@placement-api.service[105735]: DEBUG placement.objects.allocation_candidate [req-83e5849f-d254-471c-aa67-ba0f763fd30b req-7f08367b-9436-450c-a1fb-8168931a96a2 service placement] Merging candidates yields 2 allocation requests and 2 provider summaries {{(pid=105735) _merge_candidates /opt/stack/placement/placement/objects/allocation_candidate.py:809}}
Aug 09 12:40:12.916288 n-d-831844-11 devstack@placement-api.service[105735]: INFO placement.requestlog [req-83e5849f-d254-471c-aa67-ba0f763fd30b req-7f08367b-9436-450c-a1fb-8168931a96a2 service placement] 10.222.0.66 "GET /placement/allocation_candidates?limit=1000&resources=MEMORY_MB%3A1024%2CVCPU%3A1&root_required=%21COMPUTE_STATUS_DISABLED" status: 200 len: 1281 microversion: 1.36
Aug 09 12:40:12.921690 n-d-831844-11 devstack@placement-api.service[105735]: [pid: 105735|app: 0|req: 365/733] 10.222.0.66 () {60 vars in 1478 bytes} [Tue Aug 9 12:40:12 2022] GET /placement/allocation_candidates?limit=1000&resources=MEMORY_MB%3A1024%2CVCPU%3A1&root_required=%21COMPUTE_STATUS_DISABLED => generated 1281 bytes in 155 msecs (HTTP/1.1 200) 8 headers in 297 bytes (1 switches on core 0)
Aug 09 12:40:13.075773 n-d-831844-11 devstack@placement-api.service[105736]: DEBUG placement.requestlog [req-83e5849f-d254-471c-aa67-ba0f763fd30b req-d628aed6-02a5-45dd-a02b-eb0d0bbb2c36 None None] Starting request: 10.222.0.66 "GET /placement/allocations/fb48ae9e-16f8-4d3b-850c-07a0355b2fe2" {{(pid=105736) __call__ /opt/stack/placement/placement/requestlog.py:55}}
Aug 09 12:40:13.112703 n-d-831844-11 devstack@placement-api.service[105736]: INFO placement.requestlog [req-83e5849f-d254-471c-aa67-ba0f763fd30b req-d628aed6-02a5-45dd-a02b-eb0d0bbb2c36 service placement] 10.222.0.66 "GET /placement/allocations/fb48ae9e-16f8-4d3b-850c-07a0355b2fe2" status: 200 len: 19 microversion: 1.28
Aug 09 12:40:13.113107 n-d-831844-11 devstack@placement-api.service[105736]: [pid: 105736|app: 0|req: 369/734] 10.222.0.66 () {60 vars in 1380 bytes} [Tue Aug 9 12:40:13 2022] GET /placement/allocations/fb48ae9e-16f8-4d3b-850c-07a0355b2fe2 => generated 19 bytes in 38 msecs (HTTP/1.1 200) 8 headers in 295 bytes (1 switches on core 0)
Aug 09 12:40:13.119963 n-d-831844-11 devstack@placement-api.service[105735]: DEBUG placement.requestlog [req-83e5849f-d254-471c-aa67-ba0f763fd30b req-97bd4d91-83df-4d70-a822-cea9273cea9a None None] Starting request: 10.222.0.66 "PUT /placement/allocations/fb48ae9e-16f8-4d3b-850c-07a0355b2fe2" {{(pid=105735) __call__ /opt/stack/placement/placement/requestlog.py:55}}
Aug 09 12:40:13.452935 n-d-831844-11 devstack@placement-api.service[105735]: DEBUG placement.handlers.allocation [req-83e5849f-d254-471c-aa67-ba0f763fd30b req-97bd4d91-83df-4d70-a822-cea9273cea9a service placement] Successfully wrote allocations [, ] {{(pid=105735) _update_consumers_and_create_allocations /opt/stack/placement/placement/handlers/allocation.py:462}}
Aug 09 12:40:13.571458 n-d-831844-11 devstack@placement-api.service[105735]: INFO placement.requestlog [req-83e5849f-d254-471c-aa67-ba0f763fd30b req-97bd4d91-83df-4d70-a822-cea9273cea9a service placement] 10.222.0.66 "PUT /placement/allocations/fb48ae9e-16f8-4d3b-850c-07a0355b2fe2" status: 204 len: 0 microversion: 1.36
Aug 09 12:40:13.572128 n-d-831844-11 devstack@placement-api.service[105735]: [pid: 105735|app: 0|req: 366/735] 10.222.0.66 () {64 vars in 1433 bytes} [Tue Aug 9 12:40:13 2022] PUT /placement/allocations/fb48ae9e-16f8-4d3b-850c-07a0355b2fe2 => generated 0 bytes in 452 msecs (HTTP/1.1 204) 5 headers in 199 bytes (1 switches on core 0)
Aug 09 12:40:15.607050 n-d-831844-11 devstack@placement-api.service[105736]: DEBUG placement.requestlog [req-83e5849f-d254-471c-aa67-ba0f763fd30b req-a057bcb2-7463-403a-94af-fde78f513e6e None None] Starting request: 10.222.0.69 "GET /placement/allocations/fb48ae9e-16f8-4d3b-850c-07a0355b2fe2" {{(pid=105736) __call__ /opt/stack/placement/placement/requestlog.py:55}}
Aug 09 12:40:15.654706 n-d-831844-11 devstack@placement-api.service[105736]: INFO placement.requestlog [req-83e5849f-d254-471c-aa67-ba0f763fd30b req-a057bcb2-7463-403a-94af-fde78f513e6e service placement] 10.222.0.69 "GET /placement/allocations/fb48ae9e-16f8-4d3b-850c-07a0355b2fe2" status: 200 len: 245 microversion: 1.28
Aug 09 12:40:15.657342 n-d-831844-11 devstack@placement-api.service[105736]: [pid: 105736|app: 0|req: 370/736] 10.222.0.69 () {60 vars in 1377 bytes} [Tue Aug 9 12:40:15 2022] GET /placement/allocations/fb48ae9e-16f8-4d3b-850c-07a0355b2fe2 => generated 245 bytes in 50 msecs (HTTP/1.1 200) 8 headers in 296 bytes (1 switches on core 0)
Aug 09 12:40:17.318408 n-d-831844-11 devstack@placement-api.service[105735]: DEBUG placement.requestlog [req-89fce2cd-16f7-468b-b82c-e64d99d4cd3a req-e40b5c10-42f6-4b08-8ecb-6fbf615298be None None] Starting request: 10.222.0.66 "GET /placement/allocation_candidates?limit=1000&resources=DISK_GB%3A1%2CMEMORY_MB%3A1024%2CVCPU%3A1&root_required=%21COMPUTE_STATUS_DISABLED" {{(pid=105735) __call__ /opt/stack/placement/placement/requestlog.py:55}}
Aug 09 12:40:17.419926 n-d-831844-11 devstack@placement-api.service[105735]: DEBUG placement.objects.research_context [req-89fce2cd-16f7-468b-b82c-e64d99d4cd3a req-e40b5c10-42f6-4b08-8ecb-6fbf615298be service placement] getting providers with 1 DISK_GB {{(pid=105735) __init__ /opt/stack/placement/placement/objects/research_context.py:136}}
Aug 09 12:40:17.442445 n-d-831844-11 devstack@placement-api.service[105735]: DEBUG placement.objects.research_context [req-89fce2cd-16f7-468b-b82c-e64d99d4cd3a req-e40b5c10-42f6-4b08-8ecb-6fbf615298be service placement] getting providers with 1024 MEMORY_MB {{(pid=105735) __init__ /opt/stack/placement/placement/objects/research_context.py:136}}
Aug 09 12:40:17.464396 n-d-831844-11 devstack@placement-api.service[105735]: DEBUG placement.objects.research_context [req-89fce2cd-16f7-468b-b82c-e64d99d4cd3a req-e40b5c10-42f6-4b08-8ecb-6fbf615298be service placement] getting providers with 1 VCPU {{(pid=105735) __init__ /opt/stack/placement/placement/objects/research_context.py:136}}
Aug 09 12:40:17.478876 n-d-831844-11 devstack@placement-api.service[105735]: DEBUG placement.objects.research_context [req-89fce2cd-16f7-468b-b82c-e64d99d4cd3a req-e40b5c10-42f6-4b08-8ecb-6fbf615298be service placement] found 2 providers with available 1 DISK_GB {{(pid=105735) get_provider_ids_matching /opt/stack/placement/placement/objects/research_context.py:563}}
Aug 09 12:40:17.479219 n-d-831844-11 devstack@placement-api.service[105735]: DEBUG placement.objects.research_context [req-89fce2cd-16f7-468b-b82c-e64d99d4cd3a req-e40b5c10-42f6-4b08-8ecb-6fbf615298be service placement] found 2 providers with available 1024 MEMORY_MB {{(pid=105735) get_provider_ids_matching /opt/stack/placement/placement/objects/research_context.py:563}}
Aug 09 12:40:17.479973 n-d-831844-11 devstack@placement-api.service[105735]: DEBUG placement.objects.research_context [req-89fce2cd-16f7-468b-b82c-e64d99d4cd3a req-e40b5c10-42f6-4b08-8ecb-6fbf615298be service placement] found 2 providers after filtering by previous result {{(pid=105735) get_provider_ids_matching /opt/stack/placement/placement/objects/research_context.py:594}}
Aug 09 12:40:17.480221 n-d-831844-11 devstack@placement-api.service[105735]: DEBUG placement.objects.research_context [req-89fce2cd-16f7-468b-b82c-e64d99d4cd3a req-e40b5c10-42f6-4b08-8ecb-6fbf615298be service placement] found 2 providers with available 1 VCPU {{(pid=105735) get_provider_ids_matching /opt/stack/placement/placement/objects/research_context.py:563}}
Aug 09 12:40:17.482092 n-d-831844-11 devstack@placement-api.service[105735]: DEBUG placement.objects.research_context [req-89fce2cd-16f7-468b-b82c-e64d99d4cd3a req-e40b5c10-42f6-4b08-8ecb-6fbf615298be service placement] found 2 providers after filtering by previous result {{(pid=105735) get_provider_ids_matching /opt/stack/placement/placement/objects/research_context.py:594}}
Aug 09 12:40:17.533975 n-d-831844-11 devstack@placement-api.service[105735]: DEBUG placement.objects.allocation_candidate [req-89fce2cd-16f7-468b-b82c-e64d99d4cd3a req-e40b5c10-42f6-4b08-8ecb-6fbf615298be service placement] RequestGroup(use_same_provider=False, resources={DISK_GB:1, MEMORY_MB:1024, VCPU:1}, traits=(), aggregates=[]) (suffix '') returned 2 matches {{(pid=105735) _get_by_requests /opt/stack/placement/placement/objects/allocation_candidate.py:156}}
Aug 09 12:40:17.533975 n-d-831844-11 devstack@placement-api.service[105735]: DEBUG placement.objects.allocation_candidate [req-89fce2cd-16f7-468b-b82c-e64d99d4cd3a req-e40b5c10-42f6-4b08-8ecb-6fbf615298be service placement] Merging candidates yields 2 allocation requests and 2 provider summaries {{(pid=105735) _merge_candidates /opt/stack/placement/placement/objects/allocation_candidate.py:809}}
Aug 09 12:40:17.536688 n-d-831844-11 devstack@placement-api.service[105735]: INFO placement.requestlog [req-89fce2cd-16f7-468b-b82c-e64d99d4cd3a req-e40b5c10-42f6-4b08-8ecb-6fbf615298be service placement] 10.222.0.66 "GET /placement/allocation_candidates?limit=1000&resources=DISK_GB%3A1%2CMEMORY_MB%3A1024%2CVCPU%3A1&root_required=%21COMPUTE_STATUS_DISABLED" status: 200 len: 1309 microversion: 1.36
Aug 09 12:40:17.549797 n-d-831844-11 devstack@placement-api.service[105735]: [pid: 105735|app: 0|req: 367/737] 10.222.0.66 () {60 vars in 1506 bytes} [Tue Aug 9 12:40:17 2022] GET /placement/allocation_candidates?limit=1000&resources=DISK_GB%3A1%2CMEMORY_MB%3A1024%2CVCPU%3A1&root_required=%21COMPUTE_STATUS_DISABLED => generated 1309 bytes in 237 msecs (HTTP/1.1 200) 8 headers in 297 bytes (1 switches on core 0)
Aug 09 12:40:17.752067 n-d-831844-11 devstack@placement-api.service[105736]: DEBUG placement.requestlog [req-89fce2cd-16f7-468b-b82c-e64d99d4cd3a req-bb764cee-7259-4904-9b91-d832249ce3bd None None] Starting request: 10.222.0.66 "GET /placement/allocations/28404416-6308-4c31-a14c-c1ab8c78db4c" {{(pid=105736) __call__ /opt/stack/placement/placement/requestlog.py:55}}
Aug 09 12:40:17.766386 n-d-831844-11 devstack@placement-api.service[105736]: INFO placement.requestlog [req-89fce2cd-16f7-468b-b82c-e64d99d4cd3a req-bb764cee-7259-4904-9b91-d832249ce3bd service placement] 10.222.0.66 "GET /placement/allocations/28404416-6308-4c31-a14c-c1ab8c78db4c" status: 200 len: 19 microversion: 1.28
Aug 09 12:40:17.772460 n-d-831844-11 devstack@placement-api.service[105736]: [pid: 105736|app: 0|req: 371/738] 10.222.0.66 () {60 vars in 1380 bytes} [Tue Aug 9 12:40:17 2022] GET /placement/allocations/28404416-6308-4c31-a14c-c1ab8c78db4c => generated 19 bytes in 20 msecs (HTTP/1.1 200) 8 headers in 295 bytes (1 switches on core 0)
Aug 09 12:40:17.774995 n-d-831844-11 devstack@placement-api.service[105735]: DEBUG placement.requestlog [req-89fce2cd-16f7-468b-b82c-e64d99d4cd3a req-b9e24db1-6f6b-4b82-9504-4c6427094ff9 None None] Starting request: 10.222.0.66 "PUT /placement/allocations/28404416-6308-4c31-a14c-c1ab8c78db4c" {{(pid=105735) __call__ /opt/stack/placement/placement/requestlog.py:55}}
Aug 09 12:40:17.810308 n-d-831844-11 devstack@placement-api.service[105736]: DEBUG placement.requestlog [req-607ba132-1278-42c8-b520-0d407a5f4a34 req-721da4ec-eea2-47cf-9458-daf47cafd161 None None] Starting request: 10.222.0.72 "GET /placement/resource_providers/27dfc9cb-b7e2-4cf4-80b4-9a578476615b/allocations" {{(pid=105736) __call__ /opt/stack/placement/placement/requestlog.py:55}}
Aug 09 12:40:17.847261 n-d-831844-11 devstack@placement-api.service[105736]: INFO placement.requestlog [req-607ba132-1278-42c8-b520-0d407a5f4a34 req-721da4ec-eea2-47cf-9458-daf47cafd161 service placement] 10.222.0.72 "GET /placement/resource_providers/27dfc9cb-b7e2-4cf4-80b4-9a578476615b/allocations" status: 200 len: 356 microversion: 1.0
Aug 09 12:40:17.848301 n-d-831844-11 devstack@placement-api.service[105736]: [pid: 105736|app: 0|req: 372/739] 10.222.0.72 () {58 vars in 1390 bytes} [Tue Aug 9 12:40:17 2022] GET /placement/resource_providers/27dfc9cb-b7e2-4cf4-80b4-9a578476615b/allocations => generated 356 bytes in 38 msecs (HTTP/1.1 200) 6 headers in 224 bytes (2 switches on core 0)
Aug 09 12:40:17.853007 n-d-831844-11 devstack@placement-api.service[105736]: DEBUG placement.requestlog [req-bd77f38f-e718-4934-a907-77d7230e58f4 req-ac238369-67cb-4cea-ac0b-82c11b82609a None None] Starting request: 10.222.0.69 "GET /placement/resource_providers/ebbf80d1-b32d-48bb-805a-574833bb6bfc/allocations" {{(pid=105736) __call__ /opt/stack/placement/placement/requestlog.py:55}}
Aug 09 12:40:17.878104 n-d-831844-11 devstack@placement-api.service[105736]: INFO placement.requestlog [req-bd77f38f-e718-4934-a907-77d7230e58f4 req-ac238369-67cb-4cea-ac0b-82c11b82609a service placement] 10.222.0.69 "GET /placement/resource_providers/ebbf80d1-b32d-48bb-805a-574833bb6bfc/allocations" status: 200 len: 443 microversion: 1.0
Aug 09 12:40:17.879210 n-d-831844-11 devstack@placement-api.service[105736]: [pid: 105736|app: 0|req: 373/740] 10.222.0.69 () {58 vars in 1390 bytes} [Tue Aug 9 12:40:17 2022] GET /placement/resource_providers/ebbf80d1-b32d-48bb-805a-574833bb6bfc/allocations => generated 443 bytes in 26 msecs (HTTP/1.1 200) 6 headers in 224 bytes (1 switches on core 0)
Aug 09 12:40:18.077570 n-d-831844-11 devstack@placement-api.service[105735]: DEBUG dbcounter [-] [105735] Writing DB stats placement:SELECT=77,placement:INSERT=14,placement:DELETE=5,placement:UPDATE=4 {{(pid=105735) stat_writer /usr/local/lib/python3.8/dist-packages/dbcounter.py:114}}
Aug 09 12:40:18.101996 n-d-831844-11 devstack@placement-api.service[105735]: DEBUG placement.handlers.allocation [req-89fce2cd-16f7-468b-b82c-e64d99d4cd3a req-b9e24db1-6f6b-4b82-9504-4c6427094ff9 service placement] Successfully wrote allocations [, , ] {{(pid=105735) _update_consumers_and_create_allocations /opt/stack/placement/placement/handlers/allocation.py:462}}
Aug 09 12:40:18.197368 n-d-831844-11 devstack@placement-api.service[105735]: INFO placement.requestlog [req-89fce2cd-16f7-468b-b82c-e64d99d4cd3a req-b9e24db1-6f6b-4b82-9504-4c6427094ff9 service placement] 10.222.0.66 "PUT /placement/allocations/28404416-6308-4c31-a14c-c1ab8c78db4c" status: 204 len: 0 microversion: 1.36
Aug 09 12:40:18.199895 n-d-831844-11 devstack@placement-api.service[105735]: [pid: 105735|app: 0|req: 368/741] 10.222.0.66 () {64 vars in 1433 bytes} [Tue Aug 9 12:40:17 2022] PUT /placement/allocations/28404416-6308-4c31-a14c-c1ab8c78db4c => generated 0 bytes in 425 msecs (HTTP/1.1 204) 5 headers in 199 bytes (2 switches on core 0)
Aug 09 12:40:19.523801 n-d-831844-11 devstack@placement-api.service[105736]: DEBUG placement.requestlog [req-d21e2a96-641b-4d13-b5db-890ca906060b req-92628828-2554-4575-a1aa-696b5f8a4b00 None None] Starting request: 10.222.0.72 "DELETE /placement/allocations/fe8baa7a-d979-4394-9faf-8f9b7f342294" {{(pid=105736) __call__ /opt/stack/placement/placement/requestlog.py:55}}
Aug 09 12:40:19.829343 n-d-831844-11 devstack@placement-api.service[105736]: DEBUG placement.handlers.allocation [req-d21e2a96-641b-4d13-b5db-890ca906060b req-92628828-2554-4575-a1aa-696b5f8a4b00 service placement] Successfully deleted allocations [, , ] {{(pid=105736) delete_allocations /opt/stack/placement/placement/handlers/allocation.py:627}}
Aug 09 12:40:19.830705 n-d-831844-11 devstack@placement-api.service[105736]: INFO placement.requestlog [req-d21e2a96-641b-4d13-b5db-890ca906060b req-92628828-2554-4575-a1aa-696b5f8a4b00 service placement] 10.222.0.72 "DELETE /placement/allocations/fe8baa7a-d979-4394-9faf-8f9b7f342294" status: 204 len: 0 microversion: 1.0
Aug 09 12:40:19.831408 n-d-831844-11 devstack@placement-api.service[105736]: [pid: 105736|app: 0|req: 374/742] 10.222.0.72 () {60 vars in 1355 bytes} [Tue Aug 9 12:40:19 2022] DELETE /placement/allocations/fe8baa7a-d979-4394-9faf-8f9b7f342294 => generated 0 bytes in 308 msecs (HTTP/1.1 204) 5 headers in 198 bytes (1 switches on core 0)
Aug 09 12:40:19.883640 n-d-831844-11 devstack@placement-api.service[105735]: DEBUG placement.requestlog [req-89fce2cd-16f7-468b-b82c-e64d99d4cd3a req-30bc19ae-ddbc-4938-a84b-4c86e24d77cf None None] Starting request: 10.222.0.72 "GET /placement/allocations/28404416-6308-4c31-a14c-c1ab8c78db4c" {{(pid=105735) __call__ /opt/stack/placement/placement/requestlog.py:55}}
Aug 09 12:40:19.913008 n-d-831844-11 devstack@placement-api.service[105735]: INFO placement.requestlog [req-89fce2cd-16f7-468b-b82c-e64d99d4cd3a req-30bc19ae-ddbc-4938-a84b-4c86e24d77cf service placement] 10.222.0.72 "GET /placement/allocations/28404416-6308-4c31-a14c-c1ab8c78db4c" status: 200 len: 259 microversion: 1.28
Aug 09 12:40:19.913532 n-d-831844-11 devstack@placement-api.service[105735]: [pid: 105735|app: 0|req: 369/743] 10.222.0.72 () {60 vars in 1377 bytes} [Tue Aug 9 12:40:19 2022] GET /placement/allocations/28404416-6308-4c31-a14c-c1ab8c78db4c => generated 259 bytes in 30 msecs (HTTP/1.1 200) 8 headers in 296 bytes (1 switches on core 0)
Aug 09 12:40:23.110358 n-d-831844-11 devstack@placement-api.service[105736]: DEBUG placement.requestlog [req-f8f3ab3a-3205-424b-93ef-595ea04c6608 req-e9e91369-f3b1-4aba-a957-bbac99be61dd None None] Starting request: 10.222.0.66 "GET /placement/allocation_candidates?limit=1000&resources=DISK_GB%3A1%2CMEMORY_MB%3A1024%2CVCPU%3A1&root_required=%21COMPUTE_STATUS_DISABLED" {{(pid=105736) __call__ /opt/stack/placement/placement/requestlog.py:55}}
Aug 09 12:40:23.188335 n-d-831844-11 devstack@placement-api.service[105736]: DEBUG placement.objects.research_context [req-f8f3ab3a-3205-424b-93ef-595ea04c6608 req-e9e91369-f3b1-4aba-a957-bbac99be61dd service placement] getting providers with 1 DISK_GB {{(pid=105736) __init__ /opt/stack/placement/placement/objects/research_context.py:136}}
Aug 09 12:40:23.208527 n-d-831844-11 devstack@placement-api.service[105736]: DEBUG placement.objects.research_context [req-f8f3ab3a-3205-424b-93ef-595ea04c6608 req-e9e91369-f3b1-4aba-a957-bbac99be61dd service placement] getting providers with 1024 MEMORY_MB {{(pid=105736) __init__ /opt/stack/placement/placement/objects/research_context.py:136}}
Aug 09 12:40:23.223581 n-d-831844-11 devstack@placement-api.service[105736]: DEBUG placement.objects.research_context [req-f8f3ab3a-3205-424b-93ef-595ea04c6608 req-e9e91369-f3b1-4aba-a957-bbac99be61dd service placement] getting providers with 1 VCPU {{(pid=105736) __init__ /opt/stack/placement/placement/objects/research_context.py:136}}
Aug 09 12:40:23.234040 n-d-831844-11 devstack@placement-api.service[105736]: DEBUG placement.objects.research_context [req-f8f3ab3a-3205-424b-93ef-595ea04c6608 req-e9e91369-f3b1-4aba-a957-bbac99be61dd service placement] found 2 providers with available 1 DISK_GB {{(pid=105736) get_provider_ids_matching /opt/stack/placement/placement/objects/research_context.py:563}}
Aug 09 12:40:23.235245 n-d-831844-11 devstack@placement-api.service[105736]: DEBUG placement.objects.research_context [req-f8f3ab3a-3205-424b-93ef-595ea04c6608 req-e9e91369-f3b1-4aba-a957-bbac99be61dd service placement] found 2 providers with available 1024 MEMORY_MB {{(pid=105736) get_provider_ids_matching /opt/stack/placement/placement/objects/research_context.py:563}}
Aug 09 12:40:23.235706 n-d-831844-11 devstack@placement-api.service[105736]: DEBUG placement.objects.research_context [req-f8f3ab3a-3205-424b-93ef-595ea04c6608 req-e9e91369-f3b1-4aba-a957-bbac99be61dd service placement] found 2 providers after filtering by previous result {{(pid=105736) get_provider_ids_matching /opt/stack/placement/placement/objects/research_context.py:594}}
Aug 09 12:40:23.236540 n-d-831844-11 devstack@placement-api.service[105736]: DEBUG placement.objects.research_context [req-f8f3ab3a-3205-424b-93ef-595ea04c6608 req-e9e91369-f3b1-4aba-a957-bbac99be61dd service placement] found 2 providers with available 1 VCPU {{(pid=105736) get_provider_ids_matching /opt/stack/placement/placement/objects/research_context.py:563}}
Aug 09 12:40:23.236977 n-d-831844-11 devstack@placement-api.service[105736]: DEBUG placement.objects.research_context [req-f8f3ab3a-3205-424b-93ef-595ea04c6608 req-e9e91369-f3b1-4aba-a957-bbac99be61dd service placement] found 2 providers after filtering by previous result {{(pid=105736) get_provider_ids_matching /opt/stack/placement/placement/objects/research_context.py:594}}
Aug 09 12:40:23.254819 n-d-831844-11 devstack@placement-api.service[105736]: DEBUG placement.objects.allocation_candidate [req-f8f3ab3a-3205-424b-93ef-595ea04c6608 req-e9e91369-f3b1-4aba-a957-bbac99be61dd service placement] RequestGroup(use_same_provider=False, resources={DISK_GB:1, MEMORY_MB:1024, VCPU:1}, traits=(), aggregates=[]) (suffix '') returned 2 matches {{(pid=105736) _get_by_requests /opt/stack/placement/placement/objects/allocation_candidate.py:156}}
Aug 09 12:40:23.255395 n-d-831844-11 devstack@placement-api.service[105736]: DEBUG placement.objects.allocation_candidate [req-f8f3ab3a-3205-424b-93ef-595ea04c6608 req-e9e91369-f3b1-4aba-a957-bbac99be61dd service placement] Merging candidates yields 2 allocation requests and 2 provider summaries {{(pid=105736) _merge_candidates /opt/stack/placement/placement/objects/allocation_candidate.py:809}}
Aug 09 12:40:23.258125 n-d-831844-11 devstack@placement-api.service[105736]: INFO placement.requestlog [req-f8f3ab3a-3205-424b-93ef-595ea04c6608 req-e9e91369-f3b1-4aba-a957-bbac99be61dd service placement] 10.222.0.66 "GET /placement/allocation_candidates?limit=1000&resources=DISK_GB%3A1%2CMEMORY_MB%3A1024%2CVCPU%3A1&root_required=%21COMPUTE_STATUS_DISABLED" status: 200 len: 1309 microversion: 1.36
Aug 09 12:40:23.273122 n-d-831844-11 devstack@placement-api.service[105736]: [pid: 105736|app: 0|req: 375/744] 10.222.0.66 () {60 vars in 1506 bytes} [Tue Aug 9 12:40:23 2022] GET /placement/allocation_candidates?limit=1000&resources=DISK_GB%3A1%2CMEMORY_MB%3A1024%2CVCPU%3A1&root_required=%21COMPUTE_STATUS_DISABLED => generated 1309 bytes in 166 msecs (HTTP/1.1 200) 8 headers in 297 bytes (1 switches on core 0)
Aug 09 12:40:23.382356 n-d-831844-11 devstack@placement-api.service[105735]: DEBUG placement.requestlog [req-f8f3ab3a-3205-424b-93ef-595ea04c6608 req-fc79c856-fac6-4800-81d7-4c76c7b69a39 None None] Starting request: 10.222.0.66 "GET /placement/allocations/e10a43fd-b8e9-4331-abf7-461fb804a63c" {{(pid=105735) __call__ /opt/stack/placement/placement/requestlog.py:55}}
Aug 09 12:40:23.406000 n-d-831844-11 devstack@placement-api.service[105735]: INFO placement.requestlog [req-f8f3ab3a-3205-424b-93ef-595ea04c6608 req-fc79c856-fac6-4800-81d7-4c76c7b69a39 service placement] 10.222.0.66 "GET /placement/allocations/e10a43fd-b8e9-4331-abf7-461fb804a63c" status: 200 len: 19 microversion: 1.28
Aug 09 12:40:23.406403 n-d-831844-11 devstack@placement-api.service[105735]: [pid: 105735|app: 0|req: 370/745] 10.222.0.66 () {60 vars in 1380 bytes} [Tue Aug 9 12:40:23 2022] GET /placement/allocations/e10a43fd-b8e9-4331-abf7-461fb804a63c => generated 19 bytes in 24 msecs (HTTP/1.1 200) 8 headers in 295 bytes (1 switches on core 0)
Aug 09 12:40:23.413189 n-d-831844-11 devstack@placement-api.service[105736]: DEBUG placement.requestlog [req-f8f3ab3a-3205-424b-93ef-595ea04c6608 req-7123a16d-263d-4f78-bda5-388043f26da3 None None] Starting request: 10.222.0.66 "PUT /placement/allocations/e10a43fd-b8e9-4331-abf7-461fb804a63c" {{(pid=105736) __call__ /opt/stack/placement/placement/requestlog.py:55}}
Aug 09 12:40:23.828234 n-d-831844-11 devstack@placement-api.service[105736]: DEBUG placement.handlers.allocation [req-f8f3ab3a-3205-424b-93ef-595ea04c6608 req-7123a16d-263d-4f78-bda5-388043f26da3 service placement] Successfully wrote allocations [, , ] {{(pid=105736) _update_consumers_and_create_allocations /opt/stack/placement/placement/handlers/allocation.py:462}}
Aug 09 12:40:23.904029 n-d-831844-11 devstack@placement-api.service[105736]: INFO placement.requestlog [req-f8f3ab3a-3205-424b-93ef-595ea04c6608 req-7123a16d-263d-4f78-bda5-388043f26da3 service placement] 10.222.0.66 "PUT /placement/allocations/e10a43fd-b8e9-4331-abf7-461fb804a63c" status: 204 len: 0 microversion: 1.36
Aug 09 12:40:23.904892 n-d-831844-11 devstack@placement-api.service[105736]: [pid: 105736|app: 0|req: 376/746] 10.222.0.66 () {64 vars in 1433 bytes} [Tue Aug 9 12:40:23 2022] PUT /placement/allocations/e10a43fd-b8e9-4331-abf7-461fb804a63c => generated 0 bytes in 492 msecs (HTTP/1.1 204) 5 headers in 199 bytes (1 switches on core 0)
Aug 09 12:40:24.343223 n-d-831844-11 devstack@placement-api.service[105735]: DEBUG placement.requestlog [req-bf23ec1f-ad5a-4b00-b671-488e06bb0a9c req-d18af726-3004-4a50-964d-c78760d30ab2 None None] Starting request: 10.222.0.69 "DELETE /placement/allocations/12669776-85da-4f23-9adc-2f4e76fe8c85" {{(pid=105735) __call__ /opt/stack/placement/placement/requestlog.py:55}}
Aug 09 12:40:24.549222 n-d-831844-11 devstack@placement-api.service[105735]: DEBUG placement.handlers.allocation [req-bf23ec1f-ad5a-4b00-b671-488e06bb0a9c req-d18af726-3004-4a50-964d-c78760d30ab2 service placement] Successfully deleted allocations [, , ] {{(pid=105735) delete_allocations /opt/stack/placement/placement/handlers/allocation.py:627}}
Aug 09 12:40:24.551317 n-d-831844-11 devstack@placement-api.service[105735]: INFO placement.requestlog [req-bf23ec1f-ad5a-4b00-b671-488e06bb0a9c req-d18af726-3004-4a50-964d-c78760d30ab2 service placement] 10.222.0.69 "DELETE /placement/allocations/12669776-85da-4f23-9adc-2f4e76fe8c85" status: 204 len: 0 microversion: 1.0
Aug 09 12:40:24.551996 n-d-831844-11 devstack@placement-api.service[105735]: [pid: 105735|app: 0|req: 371/747] 10.222.0.69 () {60 vars in 1355 bytes} [Tue Aug 9 12:40:24 2022] DELETE /placement/allocations/12669776-85da-4f23-9adc-2f4e76fe8c85 => generated 0 bytes in 209 msecs (HTTP/1.1 204) 5 headers in 198 bytes (1 switches on core 0)
Aug 09 12:40:25.597986 n-d-831844-11 devstack@placement-api.service[105736]: DEBUG placement.requestlog [req-f8f3ab3a-3205-424b-93ef-595ea04c6608 req-ebff41ed-81b5-4c14-b6f5-c4b3a4bc4d75 None None] Starting request: 10.222.0.69 "GET /placement/allocations/e10a43fd-b8e9-4331-abf7-461fb804a63c" {{(pid=105736) __call__ /opt/stack/placement/placement/requestlog.py:55}}
Aug 09 12:40:25.643051 n-d-831844-11 devstack@placement-api.service[105736]: INFO placement.requestlog [req-f8f3ab3a-3205-424b-93ef-595ea04c6608 req-ebff41ed-81b5-4c14-b6f5-c4b3a4bc4d75 service placement] 10.222.0.69 "GET /placement/allocations/e10a43fd-b8e9-4331-abf7-461fb804a63c" status: 200 len: 259 microversion: 1.28
Aug 09 12:40:25.643912 n-d-831844-11 devstack@placement-api.service[105736]: [pid: 105736|app: 0|req: 377/748] 10.222.0.69 () {60 vars in 1377 bytes} [Tue Aug 9 12:40:25 2022] GET /placement/allocations/e10a43fd-b8e9-4331-abf7-461fb804a63c => generated 259 bytes in 46 msecs (HTTP/1.1 200) 8 headers in 296 bytes (1 switches on core 0)
Aug 09 12:40:29.700987 n-d-831844-11 devstack@placement-api.service[105735]: DEBUG placement.requestlog [req-9eafa94d-f198-4602-afb8-857bd98edba0 req-8dc64668-1095-4b45-933a-a566f6faafcf None None] Starting request: 10.222.0.66 "GET /placement/allocation_candidates?limit=1000&resources=DISK_GB%3A1%2CMEMORY_MB%3A1024%2CVCPU%3A1&root_required=%21COMPUTE_STATUS_DISABLED" {{(pid=105735) __call__ /opt/stack/placement/placement/requestlog.py:55}}
Aug 09 12:40:29.820496 n-d-831844-11 devstack@placement-api.service[105735]: DEBUG placement.objects.research_context [req-9eafa94d-f198-4602-afb8-857bd98edba0 req-8dc64668-1095-4b45-933a-a566f6faafcf service placement] getting providers with 1 DISK_GB {{(pid=105735) __init__ /opt/stack/placement/placement/objects/research_context.py:136}}
Aug 09 12:40:29.833462 n-d-831844-11 devstack@placement-api.service[105735]: DEBUG placement.objects.research_context [req-9eafa94d-f198-4602-afb8-857bd98edba0 req-8dc64668-1095-4b45-933a-a566f6faafcf service placement] getting providers with 1024 MEMORY_MB {{(pid=105735) __init__ /opt/stack/placement/placement/objects/research_context.py:136}}
Aug 09 12:40:29.851616 n-d-831844-11 devstack@placement-api.service[105735]: DEBUG placement.objects.research_context [req-9eafa94d-f198-4602-afb8-857bd98edba0 req-8dc64668-1095-4b45-933a-a566f6faafcf service placement] getting providers with 1 VCPU {{(pid=105735) __init__ /opt/stack/placement/placement/objects/research_context.py:136}}
Aug 09 12:40:29.867212 n-d-831844-11 devstack@placement-api.service[105735]: DEBUG placement.objects.research_context [req-9eafa94d-f198-4602-afb8-857bd98edba0 req-8dc64668-1095-4b45-933a-a566f6faafcf service placement] found 2 providers with available 1 DISK_GB {{(pid=105735) get_provider_ids_matching /opt/stack/placement/placement/objects/research_context.py:563}}
Aug 09 12:40:29.868880 n-d-831844-11 devstack@placement-api.service[105735]: DEBUG placement.objects.research_context [req-9eafa94d-f198-4602-afb8-857bd98edba0 req-8dc64668-1095-4b45-933a-a566f6faafcf service placement] found 2 providers with available 1024 MEMORY_MB {{(pid=105735) get_provider_ids_matching /opt/stack/placement/placement/objects/research_context.py:563}}
Aug 09 12:40:29.869520 n-d-831844-11 devstack@placement-api.service[105735]: DEBUG placement.objects.research_context [req-9eafa94d-f198-4602-afb8-857bd98edba0 req-8dc64668-1095-4b45-933a-a566f6faafcf service placement] found 2 providers after filtering by previous result {{(pid=105735) get_provider_ids_matching /opt/stack/placement/placement/objects/research_context.py:594}}
Aug 09 12:40:29.870077 n-d-831844-11 devstack@placement-api.service[105735]: DEBUG placement.objects.research_context [req-9eafa94d-f198-4602-afb8-857bd98edba0 req-8dc64668-1095-4b45-933a-a566f6faafcf service placement] found 2 providers with available 1 VCPU {{(pid=105735) get_provider_ids_matching /opt/stack/placement/placement/objects/research_context.py:563}}
Aug 09 12:40:29.872987 n-d-831844-11 devstack@placement-api.service[105735]: DEBUG placement.objects.research_context [req-9eafa94d-f198-4602-afb8-857bd98edba0 req-8dc64668-1095-4b45-933a-a566f6faafcf service placement] found 2 providers after filtering by previous result {{(pid=105735) get_provider_ids_matching /opt/stack/placement/placement/objects/research_context.py:594}}
Aug 09 12:40:29.893372 n-d-831844-11 devstack@placement-api.service[105735]: DEBUG placement.objects.allocation_candidate [req-9eafa94d-f198-4602-afb8-857bd98edba0 req-8dc64668-1095-4b45-933a-a566f6faafcf service placement] RequestGroup(use_same_provider=False, resources={DISK_GB:1, MEMORY_MB:1024, VCPU:1}, traits=(), aggregates=[]) (suffix '') returned 2 matches {{(pid=105735) _get_by_requests /opt/stack/placement/placement/objects/allocation_candidate.py:156}}
Aug 09 12:40:29.894139 n-d-831844-11 devstack@placement-api.service[105735]: DEBUG placement.objects.allocation_candidate [req-9eafa94d-f198-4602-afb8-857bd98edba0 req-8dc64668-1095-4b45-933a-a566f6faafcf service placement] Merging candidates yields 2 allocation requests and 2 provider summaries {{(pid=105735) _merge_candidates /opt/stack/placement/placement/objects/allocation_candidate.py:809}}
Aug 09 12:40:29.896529 n-d-831844-11 devstack@placement-api.service[105735]: INFO placement.requestlog [req-9eafa94d-f198-4602-afb8-857bd98edba0 req-8dc64668-1095-4b45-933a-a566f6faafcf service placement] 10.222.0.66 "GET /placement/allocation_candidates?limit=1000&resources=DISK_GB%3A1%2CMEMORY_MB%3A1024%2CVCPU%3A1&root_required=%21COMPUTE_STATUS_DISABLED" status: 200 len: 1309 microversion: 1.36
Aug 09 12:40:29.898501 n-d-831844-11 devstack@placement-api.service[105735]: [pid: 105735|app: 0|req: 372/749] 10.222.0.66 () {60 vars in 1506 bytes} [Tue Aug 9 12:40:29 2022] GET /placement/allocation_candidates?limit=1000&resources=DISK_GB%3A1%2CMEMORY_MB%3A1024%2CVCPU%3A1&root_required=%21COMPUTE_STATUS_DISABLED => generated 1309 bytes in 198 msecs (HTTP/1.1 200) 8 headers in 297 bytes (1 switches on core 0)
Aug 09 12:40:29.993874 n-d-831844-11 devstack@placement-api.service[105736]: DEBUG placement.requestlog [req-9eafa94d-f198-4602-afb8-857bd98edba0 req-0306637b-1740-43bf-ae71-8170d54abb07 None None] Starting request: 10.222.0.66 "GET /placement/allocations/12669776-85da-4f23-9adc-2f4e76fe8c85" {{(pid=105736) __call__ /opt/stack/placement/placement/requestlog.py:55}}
Aug 09 12:40:30.009311 n-d-831844-11 devstack@placement-api.service[105736]: INFO placement.requestlog [req-9eafa94d-f198-4602-afb8-857bd98edba0 req-0306637b-1740-43bf-ae71-8170d54abb07 service placement] 10.222.0.66 "GET /placement/allocations/12669776-85da-4f23-9adc-2f4e76fe8c85" status: 200 len: 19 microversion: 1.28
Aug 09 12:40:30.016215 n-d-831844-11 devstack@placement-api.service[105736]: [pid: 105736|app: 0|req: 378/750] 10.222.0.66 () {60 vars in 1380 bytes} [Tue Aug 9 12:40:29 2022] GET /placement/allocations/12669776-85da-4f23-9adc-2f4e76fe8c85 => generated 19 bytes in 23 msecs (HTTP/1.1 200) 8 headers in 295 bytes (1 switches on core 0)
Aug 09 12:40:30.018222 n-d-831844-11 devstack@placement-api.service[105735]: DEBUG placement.requestlog [req-9eafa94d-f198-4602-afb8-857bd98edba0 req-23662498-1623-42c8-a9c9-02553b93bd82 None None] Starting request: 10.222.0.66 "PUT /placement/allocations/12669776-85da-4f23-9adc-2f4e76fe8c85" {{(pid=105735) __call__ /opt/stack/placement/placement/requestlog.py:55}}
Aug 09 12:40:30.243780 n-d-831844-11 devstack@placement-api.service[105735]: DEBUG placement.handlers.allocation [req-9eafa94d-f198-4602-afb8-857bd98edba0 req-23662498-1623-42c8-a9c9-02553b93bd82 service placement] Successfully wrote allocations [, , ] {{(pid=105735) _update_consumers_and_create_allocations /opt/stack/placement/placement/handlers/allocation.py:462}}
Aug 09 12:40:30.339090 n-d-831844-11 devstack@placement-api.service[105735]: INFO placement.requestlog [req-9eafa94d-f198-4602-afb8-857bd98edba0 req-23662498-1623-42c8-a9c9-02553b93bd82 service placement] 10.222.0.66 "PUT /placement/allocations/12669776-85da-4f23-9adc-2f4e76fe8c85" status: 204 len: 0 microversion: 1.36
Aug 09 12:40:30.340854 n-d-831844-11 devstack@placement-api.service[105735]: [pid: 105735|app: 0|req: 373/751] 10.222.0.66 () {64 vars in 1433 bytes} [Tue Aug 9 12:40:30 2022] PUT /placement/allocations/12669776-85da-4f23-9adc-2f4e76fe8c85 => generated 0 bytes in 323 msecs (HTTP/1.1 204) 5 headers in 199 bytes (1 switches on core 0)
Aug 09 12:40:31.006589 n-d-831844-11 devstack@placement-api.service[105736]: DEBUG placement.requestlog [req-9eafa94d-f198-4602-afb8-857bd98edba0 req-45d66c26-f93a-48cb-b156-cc7328426060 None None] Starting request: 10.222.0.72 "GET /placement/allocations/12669776-85da-4f23-9adc-2f4e76fe8c85" {{(pid=105736) __call__ /opt/stack/placement/placement/requestlog.py:55}}
Aug 09 12:40:31.029430 n-d-831844-11 devstack@placement-api.service[105736]: INFO placement.requestlog [req-9eafa94d-f198-4602-afb8-857bd98edba0 req-45d66c26-f93a-48cb-b156-cc7328426060 service placement] 10.222.0.72 "GET /placement/allocations/12669776-85da-4f23-9adc-2f4e76fe8c85" status: 200 len: 259 microversion: 1.28
Aug 09 12:40:31.030606 n-d-831844-11 devstack@placement-api.service[105736]: [pid: 105736|app: 0|req: 379/752] 10.222.0.72 () {60 vars in 1377 bytes} [Tue Aug 9 12:40:31 2022] GET /placement/allocations/12669776-85da-4f23-9adc-2f4e76fe8c85 => generated 259 bytes in 24 msecs (HTTP/1.1 200) 8 headers in 296 bytes (1 switches on core 0)
Aug 09 12:40:40.242633 n-d-831844-11 devstack@placement-api.service[105735]: DEBUG dbcounter [-] [105735] Writing DB stats placement:INSERT=5,placement:UPDATE=4,placement:SELECT=39,placement:DELETE=5 {{(pid=105735) stat_writer /usr/local/lib/python3.8/dist-packages/dbcounter.py:114}}
Aug 09 12:40:41.025581 n-d-831844-11 devstack@placement-api.service[105736]: DEBUG dbcounter [-] [105736] Writing DB stats placement:SELECT=70,placement:DELETE=4,placement:INSERT=6,placement:UPDATE=2 {{(pid=105736) stat_writer /usr/local/lib/python3.8/dist-packages/dbcounter.py:114}}
Aug 09 12:40:46.232806 n-d-831844-11 devstack@placement-api.service[105735]: DEBUG placement.requestlog [req-7cd1fd39-2db1-45a5-b696-b6890c87d78a req-69e4b5b6-4d35-4726-9a3e-7a78d08b38bf None None] Starting request: 10.222.0.72 "GET /placement/allocations/28404416-6308-4c31-a14c-c1ab8c78db4c" {{(pid=105735) __call__ /opt/stack/placement/placement/requestlog.py:55}}
Aug 09 12:40:46.272475 n-d-831844-11 devstack@placement-api.service[105735]: INFO placement.requestlog [req-7cd1fd39-2db1-45a5-b696-b6890c87d78a req-69e4b5b6-4d35-4726-9a3e-7a78d08b38bf service placement] 10.222.0.72 "GET /placement/allocations/28404416-6308-4c31-a14c-c1ab8c78db4c" status: 200 len: 259 microversion: 1.28
Aug 09 12:40:46.272860 n-d-831844-11 devstack@placement-api.service[105735]: [pid: 105735|app: 0|req: 374/753] 10.222.0.72 () {60 vars in 1377 bytes} [Tue Aug 9 12:40:46 2022] GET /placement/allocations/28404416-6308-4c31-a14c-c1ab8c78db4c => generated 259 bytes in 40 msecs (HTTP/1.1 200) 8 headers in 296 bytes (1 switches on core 0)
Aug 09 12:40:56.266929 n-d-831844-11 devstack@placement-api.service[105735]: DEBUG dbcounter [-] [105735] Writing DB stats placement:SELECT=4 {{(pid=105735) stat_writer /usr/local/lib/python3.8/dist-packages/dbcounter.py:114}}
Aug 09 12:41:01.545887 n-d-831844-11 devstack@placement-api.service[105736]: DEBUG placement.requestlog [req-33b98999-be0a-47e6-933b-e10def13039c req-ff16ef95-b190-4c2e-a37e-b7fb4937769f None None] Starting request: 10.222.0.66 "GET /placement/allocation_candidates?limit=1000&resources=DISK_GB%3A1%2CMEMORY_MB%3A1024%2CVCPU%3A1&root_required=%21COMPUTE_STATUS_DISABLED" {{(pid=105736) __call__ /opt/stack/placement/placement/requestlog.py:55}}
Aug 09 12:41:01.605396 n-d-831844-11 devstack@placement-api.service[105736]: DEBUG placement.objects.research_context [req-33b98999-be0a-47e6-933b-e10def13039c req-ff16ef95-b190-4c2e-a37e-b7fb4937769f service placement] getting providers with 1 DISK_GB {{(pid=105736) __init__ /opt/stack/placement/placement/objects/research_context.py:136}}
Aug 09 12:41:01.613402 n-d-831844-11 devstack@placement-api.service[105736]: DEBUG placement.objects.research_context [req-33b98999-be0a-47e6-933b-e10def13039c req-ff16ef95-b190-4c2e-a37e-b7fb4937769f service placement] getting providers with 1024 MEMORY_MB {{(pid=105736) __init__ /opt/stack/placement/placement/objects/research_context.py:136}}
Aug 09 12:41:01.620126 n-d-831844-11 devstack@placement-api.service[105736]: DEBUG placement.objects.research_context [req-33b98999-be0a-47e6-933b-e10def13039c req-ff16ef95-b190-4c2e-a37e-b7fb4937769f service placement] getting providers with 1 VCPU {{(pid=105736) __init__ /opt/stack/placement/placement/objects/research_context.py:136}}
Aug 09 12:41:01.627648 n-d-831844-11 devstack@placement-api.service[105736]: DEBUG placement.objects.research_context [req-33b98999-be0a-47e6-933b-e10def13039c req-ff16ef95-b190-4c2e-a37e-b7fb4937769f service placement] found 2 providers with available 1 DISK_GB {{(pid=105736) get_provider_ids_matching /opt/stack/placement/placement/objects/research_context.py:563}}
Aug 09 12:41:01.628109 n-d-831844-11 devstack@placement-api.service[105736]: DEBUG placement.objects.research_context [req-33b98999-be0a-47e6-933b-e10def13039c req-ff16ef95-b190-4c2e-a37e-b7fb4937769f service placement] found 2 providers with available 1024 MEMORY_MB {{(pid=105736) get_provider_ids_matching /opt/stack/placement/placement/objects/research_context.py:563}}
Aug 09 12:41:01.628566 n-d-831844-11 devstack@placement-api.service[105736]: DEBUG placement.objects.research_context [req-33b98999-be0a-47e6-933b-e10def13039c req-ff16ef95-b190-4c2e-a37e-b7fb4937769f service placement] found 2 providers after filtering by previous result {{(pid=105736) get_provider_ids_matching /opt/stack/placement/placement/objects/research_context.py:594}}
Aug 09 12:41:01.628982 n-d-831844-11 devstack@placement-api.service[105736]: DEBUG placement.objects.research_context [req-33b98999-be0a-47e6-933b-e10def13039c req-ff16ef95-b190-4c2e-a37e-b7fb4937769f service placement] found 2 providers with available 1 VCPU {{(pid=105736) get_provider_ids_matching /opt/stack/placement/placement/objects/research_context.py:563}}
Aug 09 12:41:01.629563 n-d-831844-11 devstack@placement-api.service[105736]: DEBUG placement.objects.research_context [req-33b98999-be0a-47e6-933b-e10def13039c req-ff16ef95-b190-4c2e-a37e-b7fb4937769f service placement] found 2 providers after filtering by previous result {{(pid=105736) get_provider_ids_matching /opt/stack/placement/placement/objects/research_context.py:594}}
Aug 09 12:41:01.650098 n-d-831844-11 devstack@placement-api.service[105736]: DEBUG placement.objects.allocation_candidate [req-33b98999-be0a-47e6-933b-e10def13039c req-ff16ef95-b190-4c2e-a37e-b7fb4937769f service placement] RequestGroup(use_same_provider=False, resources={DISK_GB:1, MEMORY_MB:1024, VCPU:1}, traits=(), aggregates=[]) (suffix '') returned 2 matches {{(pid=105736) _get_by_requests /opt/stack/placement/placement/objects/allocation_candidate.py:156}}
Aug 09 12:41:01.653064 n-d-831844-11 devstack@placement-api.service[105736]: DEBUG placement.objects.allocation_candidate [req-33b98999-be0a-47e6-933b-e10def13039c req-ff16ef95-b190-4c2e-a37e-b7fb4937769f service placement] Merging candidates yields 2 allocation requests and 2 provider summaries {{(pid=105736) _merge_candidates /opt/stack/placement/placement/objects/allocation_candidate.py:809}}
Aug 09 12:41:01.653064 n-d-831844-11 devstack@placement-api.service[105736]: INFO placement.requestlog [req-33b98999-be0a-47e6-933b-e10def13039c req-ff16ef95-b190-4c2e-a37e-b7fb4937769f service placement] 10.222.0.66 "GET /placement/allocation_candidates?limit=1000&resources=DISK_GB%3A1%2CMEMORY_MB%3A1024%2CVCPU%3A1&root_required=%21COMPUTE_STATUS_DISABLED" status: 200 len: 1309 microversion: 1.36
Aug 09 12:41:01.653736 n-d-831844-11 devstack@placement-api.service[105736]: [pid: 105736|app: 0|req: 380/754] 10.222.0.66 () {60 vars in 1506 bytes} [Tue Aug 9 12:41:01 2022] GET /placement/allocation_candidates?limit=1000&resources=DISK_GB%3A1%2CMEMORY_MB%3A1024%2CVCPU%3A1&root_required=%21COMPUTE_STATUS_DISABLED => generated 1309 bytes in 108 msecs (HTTP/1.1 200) 8 headers in 297 bytes (1 switches on core 0)
Aug 09 12:41:01.738989 n-d-831844-11 devstack@placement-api.service[105735]: DEBUG placement.requestlog [req-33b98999-be0a-47e6-933b-e10def13039c req-ae3552d4-a664-4ae9-92dd-c6ca137252b4 None None] Starting request: 10.222.0.66 "GET /placement/allocations/75d1cde4-c3db-4c99-bc7a-5bc95ee431f9" {{(pid=105735) __call__ /opt/stack/placement/placement/requestlog.py:55}}
Aug 09 12:41:01.753173 n-d-831844-11 devstack@placement-api.service[105735]: INFO placement.requestlog [req-33b98999-be0a-47e6-933b-e10def13039c req-ae3552d4-a664-4ae9-92dd-c6ca137252b4 service placement] 10.222.0.66 "GET /placement/allocations/75d1cde4-c3db-4c99-bc7a-5bc95ee431f9" status: 200 len: 19 microversion: 1.28
