Aug 09 12:25:04.665582 n-d-831844-11 devstack@placement-api.service[105735]: [pid: 105735|app: 0|req: 28/55] 10.222.0.69 () {58 vars in 1390 bytes} [Tue Aug 9 12:25:04 2022] GET /placement/resource_providers/ebbf80d1-b32d-48bb-805a-574833bb6bfc/allocations => generated 254 bytes in 31 msecs (HTTP/1.1 200) 6 headers in 224 bytes (2 switches on core 0)
Aug 09 12:25:04.775804 n-d-831844-11 devstack@placement-api.service[105736]: INFO placement.requestlog [req-b0ade863-8045-4e74-9313-f6022d62b383 req-9603097f-1615-4d58-84ae-4cea404f7e5b service placement] 10.222.0.66 "PUT /placement/resource_providers/ebbf80d1-b32d-48bb-805a-574833bb6bfc/aggregates" status: 200 len: 92 microversion: 1.19
Aug 09 12:25:04.776256 n-d-831844-11 devstack@placement-api.service[105736]: [pid: 105736|app: 0|req: 28/56] 10.222.0.66 () {64 vars in 1477 bytes} [Tue Aug 9 12:25:04 2022] PUT /placement/resource_providers/ebbf80d1-b32d-48bb-805a-574833bb6bfc/aggregates => generated 92 bytes in 145 msecs (HTTP/1.1 200) 8 headers in 295 bytes (1 switches on core 0)
Aug 09 12:25:05.029010 n-d-831844-11 devstack@placement-api.service[105735]: DEBUG placement.requestlog [req-4c358fdd-c79c-46d7-a545-a905ca5e53b5 req-3074d05f-cf8a-42e4-a04c-3edbd03323ee None None] Starting request: 10.222.0.69 "GET /placement/allocations/6dda2add-249d-42b2-8937-9a51eff6e5cd" {{(pid=105735) __call__ /opt/stack/placement/placement/requestlog.py:55}}
Aug 09 12:25:05.060173 n-d-831844-11 devstack@placement-api.service[105735]: INFO placement.requestlog [req-4c358fdd-c79c-46d7-a545-a905ca5e53b5 req-3074d05f-cf8a-42e4-a04c-3edbd03323ee service placement] 10.222.0.69 "GET /placement/allocations/6dda2add-249d-42b2-8937-9a51eff6e5cd" status: 200 len: 259 microversion: 1.28
Aug 09 12:25:05.060560 n-d-831844-11 devstack@placement-api.service[105735]: [pid: 105735|app: 0|req: 29/57] 10.222.0.69 () {60 vars in 1377 bytes} [Tue Aug 9 12:25:05 2022] GET /placement/allocations/6dda2add-249d-42b2-8937-9a51eff6e5cd => generated 259 bytes in 32 msecs (HTTP/1.1 200) 8 headers in 296 bytes (1 switches on core 0)
Aug 09 12:25:05.066667 n-d-831844-11 devstack@placement-api.service[105736]: DEBUG placement.requestlog [req-4f8371af-6095-4d3d-a9b3-993352bd90fc req-d9882e07-31d1-4758-a62f-8b86b4d1e7c2 None None] Starting request: 10.222.0.66 "GET /placement/resource_providers?name=n-h1-831844-11" {{(pid=105736) __call__ /opt/stack/placement/placement/requestlog.py:55}}
Aug 09 12:25:05.100678 n-d-831844-11 devstack@placement-api.service[105736]: INFO placement.requestlog [req-4f8371af-6095-4d3d-a9b3-993352bd90fc req-d9882e07-31d1-4758-a62f-8b86b4d1e7c2 service placement] 10.222.0.66 "GET /placement/resource_providers?name=n-h1-831844-11" status: 200 len: 442 microversion: 1.0
Aug 09 12:25:05.100678 n-d-831844-11 devstack@placement-api.service[105736]: [pid: 105736|app: 0|req: 29/58] 10.222.0.66 () {58 vars in 1276 bytes} [Tue Aug 9 12:25:05 2022] GET /placement/resource_providers?name=n-h1-831844-11 => generated 442 bytes in 32 msecs (HTTP/1.1 200) 6 headers in 224 bytes (2 switches on core 0)
Aug 09 12:25:05.106475 n-d-831844-11 devstack@placement-api.service[105735]: DEBUG placement.requestlog [req-4f8371af-6095-4d3d-a9b3-993352bd90fc req-77863dc1-fdc6-45e6-bd00-5711263a44a3 None None] Starting request: 10.222.0.66 "GET /placement/resource_providers/ebbf80d1-b32d-48bb-805a-574833bb6bfc/aggregates" {{(pid=105735) __call__ /opt/stack/placement/placement/requestlog.py:55}}
Aug 09 12:25:05.127853 n-d-831844-11 devstack@placement-api.service[105735]: INFO placement.requestlog [req-4f8371af-6095-4d3d-a9b3-993352bd90fc req-77863dc1-fdc6-45e6-bd00-5711263a44a3 service placement] 10.222.0.66 "GET /placement/resource_providers/ebbf80d1-b32d-48bb-805a-574833bb6bfc/aggregates" status: 200 len: 92 microversion: 1.19
Aug 09 12:25:05.128427 n-d-831844-11 devstack@placement-api.service[105735]: [pid: 105735|app: 0|req: 30/59] 10.222.0.66 () {60 vars in 1425 bytes} [Tue Aug 9 12:25:05 2022] GET /placement/resource_providers/ebbf80d1-b32d-48bb-805a-574833bb6bfc/aggregates => generated 92 bytes in 22 msecs (HTTP/1.1 200) 8 headers in 295 bytes (1 switches on core 0)
Aug 09 12:25:05.138048 n-d-831844-11 devstack@placement-api.service[105736]: DEBUG placement.requestlog [req-4f8371af-6095-4d3d-a9b3-993352bd90fc req-608c188e-c1a9-4ebe-8d94-7372cb1f4238 None None] Starting request: 10.222.0.66 "PUT /placement/resource_providers/ebbf80d1-b32d-48bb-805a-574833bb6bfc/aggregates" {{(pid=105736) __call__ /opt/stack/placement/placement/requestlog.py:55}}
Aug 09 12:25:05.178058 n-d-831844-11 devstack@placement-api.service[105736]: DEBUG placement.objects.resource_provider [req-4f8371af-6095-4d3d-a9b3-993352bd90fc req-608c188e-c1a9-4ebe-8d94-7372cb1f4238 service placement] Setting aggregates for provider ebbf80d1-b32d-48bb-805a-574833bb6bfc. Successfully disassociated aggregate cf51a5eb-a76a-4f4b-a9a8-18893a8c4d50. {{(pid=105736) _set_aggregates /opt/stack/placement/placement/objects/resource_provider.py:404}}
Aug 09 12:25:05.258582 n-d-831844-11 devstack@placement-api.service[105736]: INFO placement.requestlog [req-4f8371af-6095-4d3d-a9b3-993352bd90fc req-608c188e-c1a9-4ebe-8d94-7372cb1f4238 service placement] 10.222.0.66 "PUT /placement/resource_providers/ebbf80d1-b32d-48bb-805a-574833bb6bfc/aggregates" status: 200 len: 54 microversion: 1.19
Aug 09 12:25:05.259317 n-d-831844-11 devstack@placement-api.service[105736]: [pid: 105736|app: 0|req: 30/60] 10.222.0.66 () {64 vars in 1477 bytes} [Tue Aug 9 12:25:05 2022] PUT /placement/resource_providers/ebbf80d1-b32d-48bb-805a-574833bb6bfc/aggregates => generated 54 bytes in 122 msecs (HTTP/1.1 200) 8 headers in 295 bytes (2 switches on core 0)
Aug 09 12:25:05.886354 n-d-831844-11 devstack@placement-api.service[105735]: DEBUG placement.requestlog [req-1a30ebf7-0240-48ff-ae7e-e1d11ed4ab7d req-682b0577-1f31-41fe-a115-2d132773bfac None None] Starting request: 10.222.0.66 "GET /placement/resource_providers?name=n-h1-831844-11" {{(pid=105735) __call__ /opt/stack/placement/placement/requestlog.py:55}}
Aug 09 12:25:05.907544 n-d-831844-11 devstack@placement-api.service[105735]: INFO placement.requestlog [req-1a30ebf7-0240-48ff-ae7e-e1d11ed4ab7d req-682b0577-1f31-41fe-a115-2d132773bfac service placement] 10.222.0.66 "GET /placement/resource_providers?name=n-h1-831844-11" status: 200 len: 442 microversion: 1.0
Aug 09 12:25:05.908459 n-d-831844-11 devstack@placement-api.service[105735]: [pid: 105735|app: 0|req: 31/61] 10.222.0.66 () {58 vars in 1276 bytes} [Tue Aug 9 12:25:05 2022] GET /placement/resource_providers?name=n-h1-831844-11 => generated 442 bytes in 23 msecs (HTTP/1.1 200) 6 headers in 224 bytes (1 switches on core 0)
Aug 09 12:25:05.930641 n-d-831844-11 devstack@placement-api.service[105736]: DEBUG placement.requestlog [req-1a30ebf7-0240-48ff-ae7e-e1d11ed4ab7d req-fd819a2d-fee4-4a46-b601-869d3da5d1a6 None None] Starting request: 10.222.0.66 "GET /placement/resource_providers/ebbf80d1-b32d-48bb-805a-574833bb6bfc/aggregates" {{(pid=105736) __call__ /opt/stack/placement/placement/requestlog.py:55}}
Aug 09 12:25:05.954480 n-d-831844-11 devstack@placement-api.service[105736]: INFO placement.requestlog [req-1a30ebf7-0240-48ff-ae7e-e1d11ed4ab7d req-fd819a2d-fee4-4a46-b601-869d3da5d1a6 service placement] 10.222.0.66 "GET /placement/resource_providers/ebbf80d1-b32d-48bb-805a-574833bb6bfc/aggregates" status: 200 len: 54 microversion: 1.19
Aug 09 12:25:05.955301 n-d-831844-11 devstack@placement-api.service[105736]: [pid: 105736|app: 0|req: 31/62] 10.222.0.66 () {60 vars in 1425 bytes} [Tue Aug 9 12:25:05 2022] GET /placement/resource_providers/ebbf80d1-b32d-48bb-805a-574833bb6bfc/aggregates => generated 54 bytes in 25 msecs (HTTP/1.1 200) 8 headers in 295 bytes (1 switches on core 0)
Aug 09 12:25:05.963959 n-d-831844-11 devstack@placement-api.service[105735]: DEBUG placement.requestlog [req-1a30ebf7-0240-48ff-ae7e-e1d11ed4ab7d req-37e4f76d-cd7a-4fb5-bbb2-61efdaeab76a None None] Starting request: 10.222.0.66 "PUT /placement/resource_providers/ebbf80d1-b32d-48bb-805a-574833bb6bfc/aggregates" {{(pid=105735) __call__ /opt/stack/placement/placement/requestlog.py:55}}
Aug 09 12:25:05.998991 n-d-831844-11 devstack@placement-api.service[105735]: DEBUG placement.objects.resource_provider [req-1a30ebf7-0240-48ff-ae7e-e1d11ed4ab7d req-37e4f76d-cd7a-4fb5-bbb2-61efdaeab76a service placement] _ensure_aggregate() did not find aggregate 6f23fdfe-ed11-49bd-b951-030d5abc976b. Attempting to create it. {{(pid=105735) _ensure_aggregate /opt/stack/placement/placement/objects/resource_provider.py:321}}
Aug 09 12:25:06.001477 n-d-831844-11 devstack@placement-api.service[105735]: DEBUG placement.objects.resource_provider [req-1a30ebf7-0240-48ff-ae7e-e1d11ed4ab7d req-37e4f76d-cd7a-4fb5-bbb2-61efdaeab76a service placement] _ensure_aggregate() created new aggregate 6f23fdfe-ed11-49bd-b951-030d5abc976b (id=4). {{(pid=105735) _ensure_aggregate /opt/stack/placement/placement/objects/resource_provider.py:327}}
Aug 09 12:25:06.004325 n-d-831844-11 devstack@placement-api.service[105735]: DEBUG placement.objects.resource_provider [req-1a30ebf7-0240-48ff-ae7e-e1d11ed4ab7d req-37e4f76d-cd7a-4fb5-bbb2-61efdaeab76a service placement] Setting aggregates for provider ebbf80d1-b32d-48bb-805a-574833bb6bfc. Successfully associated aggregate 6f23fdfe-ed11-49bd-b951-030d5abc976b. {{(pid=105735) _set_aggregates /opt/stack/placement/placement/objects/resource_provider.py:389}}
Aug 09 12:25:06.071318 n-d-831844-11 devstack@placement-api.service[105735]: INFO placement.requestlog [req-1a30ebf7-0240-48ff-ae7e-e1d11ed4ab7d req-37e4f76d-cd7a-4fb5-bbb2-61efdaeab76a service placement] 10.222.0.66 "PUT /placement/resource_providers/ebbf80d1-b32d-48bb-805a-574833bb6bfc/aggregates" status: 200 len: 92 microversion: 1.19
Aug 09 12:25:06.072086 n-d-831844-11 devstack@placement-api.service[105735]: [pid: 105735|app: 0|req: 32/63] 10.222.0.66 () {64 vars in 1477 bytes} [Tue Aug 9 12:25:05 2022] PUT /placement/resource_providers/ebbf80d1-b32d-48bb-805a-574833bb6bfc/aggregates => generated 92 bytes in 109 msecs (HTTP/1.1 200) 8 headers in 295 bytes (1 switches on core 0)
Aug 09 12:25:06.531432 n-d-831844-11 devstack@placement-api.service[105736]: DEBUG placement.requestlog [req-a306061e-3590-4ba4-9505-188b223d71de req-2df4f5d0-4054-4f1f-84f6-2d28ab14fe21 None None] Starting request: 10.222.0.66 "GET /placement/resource_providers?name=n-h1-831844-11" {{(pid=105736) __call__ /opt/stack/placement/placement/requestlog.py:55}}
Aug 09 12:25:06.562793 n-d-831844-11 devstack@placement-api.service[105736]: INFO placement.requestlog [req-a306061e-3590-4ba4-9505-188b223d71de req-2df4f5d0-4054-4f1f-84f6-2d28ab14fe21 service placement] 10.222.0.66 "GET /placement/resource_providers?name=n-h1-831844-11" status: 200 len: 442 microversion: 1.0
Aug 09 12:25:06.565383 n-d-831844-11 devstack@placement-api.service[105736]: [pid: 105736|app: 0|req: 32/64] 10.222.0.66 () {58 vars in 1276 bytes} [Tue Aug 9 12:25:06 2022] GET /placement/resource_providers?name=n-h1-831844-11 => generated 442 bytes in 33 msecs (HTTP/1.1 200) 6 headers in 224 bytes (1 switches on core 0)
Aug 09 12:25:06.570526 n-d-831844-11 devstack@placement-api.service[105735]: DEBUG placement.requestlog [req-a306061e-3590-4ba4-9505-188b223d71de req-07b88071-ab62-402c-b251-79252bac7035 None None] Starting request: 10.222.0.66 "GET /placement/resource_providers/ebbf80d1-b32d-48bb-805a-574833bb6bfc/aggregates" {{(pid=105735) __call__ /opt/stack/placement/placement/requestlog.py:55}}
Aug 09 12:25:06.598154 n-d-831844-11 devstack@placement-api.service[105735]: INFO placement.requestlog [req-a306061e-3590-4ba4-9505-188b223d71de req-07b88071-ab62-402c-b251-79252bac7035 service placement] 10.222.0.66 "GET /placement/resource_providers/ebbf80d1-b32d-48bb-805a-574833bb6bfc/aggregates" status: 200 len: 92 microversion: 1.19
Aug 09 12:25:06.599034 n-d-831844-11 devstack@placement-api.service[105735]: [pid: 105735|app: 0|req: 33/65] 10.222.0.66 () {60 vars in 1425 bytes} [Tue Aug 9 12:25:06 2022] GET /placement/resource_providers/ebbf80d1-b32d-48bb-805a-574833bb6bfc/aggregates => generated 92 bytes in 29 msecs (HTTP/1.1 200) 8 headers in 295 bytes (1 switches on core 0)
Aug 09 12:25:06.606795 n-d-831844-11 devstack@placement-api.service[105736]: DEBUG placement.requestlog [req-a306061e-3590-4ba4-9505-188b223d71de req-384c43ab-411f-4c5a-af20-3d3da74ef98a None None] Starting request: 10.222.0.66 "PUT /placement/resource_providers/ebbf80d1-b32d-48bb-805a-574833bb6bfc/aggregates" {{(pid=105736) __call__ /opt/stack/placement/placement/requestlog.py:55}}
Aug 09 12:25:06.631499 n-d-831844-11 devstack@placement-api.service[105735]: DEBUG placement.requestlog [req-3d014065-d090-4803-b5b9-a3dc6d8ebba4 req-b9624961-1d50-4312-88d7-178b07fb5376 None None] Starting request: 10.222.0.72 "GET /placement/resource_providers/27dfc9cb-b7e2-4cf4-80b4-9a578476615b/allocations" {{(pid=105735) __call__ /opt/stack/placement/placement/requestlog.py:55}}
Aug 09 12:25:06.641582 n-d-831844-11 devstack@placement-api.service[105736]: DEBUG placement.objects.resource_provider [req-a306061e-3590-4ba4-9505-188b223d71de req-384c43ab-411f-4c5a-af20-3d3da74ef98a service placement] Setting aggregates for provider ebbf80d1-b32d-48bb-805a-574833bb6bfc. Successfully disassociated aggregate 6f23fdfe-ed11-49bd-b951-030d5abc976b. {{(pid=105736) _set_aggregates /opt/stack/placement/placement/objects/resource_provider.py:404}}
Aug 09 12:25:06.682244 n-d-831844-11 devstack@placement-api.service[105735]: INFO placement.requestlog [req-3d014065-d090-4803-b5b9-a3dc6d8ebba4 req-b9624961-1d50-4312-88d7-178b07fb5376 service placement] 10.222.0.72 "GET /placement/resource_providers/27dfc9cb-b7e2-4cf4-80b4-9a578476615b/allocations" status: 200 len: 153 microversion: 1.0
Aug 09 12:25:06.682993 n-d-831844-11 devstack@placement-api.service[105735]: [pid: 105735|app: 0|req: 34/66] 10.222.0.72 () {58 vars in 1390 bytes} [Tue Aug 9 12:25:06 2022] GET /placement/resource_providers/27dfc9cb-b7e2-4cf4-80b4-9a578476615b/allocations => generated 153 bytes in 52 msecs (HTTP/1.1 200) 6 headers in 224 bytes (1 switches on core 0)
Aug 09 12:25:06.699010 n-d-831844-11 devstack@placement-api.service[105736]: INFO placement.requestlog [req-a306061e-3590-4ba4-9505-188b223d71de req-384c43ab-411f-4c5a-af20-3d3da74ef98a service placement] 10.222.0.66 "PUT /placement/resource_providers/ebbf80d1-b32d-48bb-805a-574833bb6bfc/aggregates" status: 200 len: 54 microversion: 1.19
Aug 09 12:25:06.700031 n-d-831844-11 devstack@placement-api.service[105736]: [pid: 105736|app: 0|req: 33/67] 10.222.0.66 () {64 vars in 1477 bytes} [Tue Aug 9 12:25:06 2022] PUT /placement/resource_providers/ebbf80d1-b32d-48bb-805a-574833bb6bfc/aggregates => generated 54 bytes in 93 msecs (HTTP/1.1 200) 8 headers in 295 bytes (1 switches on core 0)
Aug 09 12:25:08.676651 n-d-831844-11 devstack@placement-api.service[105735]: DEBUG placement.requestlog [req-e00c5420-34bd-4faa-8965-25873f88629b req-d76d1db0-38e4-4c57-a61f-b8b4b52663bd None None] Starting request: 10.222.0.66 "GET /placement/resource_providers?name=n-h1-831844-11" {{(pid=105735) __call__ /opt/stack/placement/placement/requestlog.py:55}}
Aug 09 12:25:08.715597 n-d-831844-11 devstack@placement-api.service[105735]: INFO placement.requestlog [req-e00c5420-34bd-4faa-8965-25873f88629b req-d76d1db0-38e4-4c57-a61f-b8b4b52663bd service placement] 10.222.0.66 "GET /placement/resource_providers?name=n-h1-831844-11" status: 200 len: 442 microversion: 1.0
Aug 09 12:25:08.715597 n-d-831844-11 devstack@placement-api.service[105735]: [pid: 105735|app: 0|req: 35/68] 10.222.0.66 () {58 vars in 1276 bytes} [Tue Aug 9 12:25:08 2022] GET /placement/resource_providers?name=n-h1-831844-11 => generated 442 bytes in 37 msecs (HTTP/1.1 200) 6 headers in 224 bytes (1 switches on core 0)
Aug 09 12:25:08.719802 n-d-831844-11 devstack@placement-api.service[105736]: DEBUG placement.requestlog [req-e00c5420-34bd-4faa-8965-25873f88629b req-36971f75-e4bb-476c-bd70-6624646a1fbc None None] Starting request: 10.222.0.66 "GET /placement/resource_providers/ebbf80d1-b32d-48bb-805a-574833bb6bfc/aggregates" {{(pid=105736) __call__ /opt/stack/placement/placement/requestlog.py:55}}
Aug 09 12:25:08.746314 n-d-831844-11 devstack@placement-api.service[105736]: INFO placement.requestlog [req-e00c5420-34bd-4faa-8965-25873f88629b req-36971f75-e4bb-476c-bd70-6624646a1fbc service placement] 10.222.0.66 "GET /placement/resource_providers/ebbf80d1-b32d-48bb-805a-574833bb6bfc/aggregates" status: 200 len: 54 microversion: 1.19
Aug 09 12:25:08.746989 n-d-831844-11 devstack@placement-api.service[105736]: [pid: 105736|app: 0|req: 34/69] 10.222.0.66 () {60 vars in 1425 bytes} [Tue Aug 9 12:25:08 2022] GET /placement/resource_providers/ebbf80d1-b32d-48bb-805a-574833bb6bfc/aggregates => generated 54 bytes in 27 msecs (HTTP/1.1 200) 8 headers in 295 bytes (1 switches on core 0)
Aug 09 12:25:08.773956 n-d-831844-11 devstack@placement-api.service[105735]: DEBUG placement.requestlog [req-e00c5420-34bd-4faa-8965-25873f88629b req-fd6c1dc9-f254-41a6-91ad-ad6d8fd9ebfa None None] Starting request: 10.222.0.66 "PUT /placement/resource_providers/ebbf80d1-b32d-48bb-805a-574833bb6bfc/aggregates" {{(pid=105735) __call__ /opt/stack/placement/placement/requestlog.py:55}}
Aug 09 12:25:08.808804 n-d-831844-11 devstack@placement-api.service[105735]: DEBUG placement.objects.resource_provider [req-e00c5420-34bd-4faa-8965-25873f88629b req-fd6c1dc9-f254-41a6-91ad-ad6d8fd9ebfa service placement] _ensure_aggregate() did not find aggregate 962685d4-548f-487d-8e25-68edcf380eb8. Attempting to create it. {{(pid=105735) _ensure_aggregate /opt/stack/placement/placement/objects/resource_provider.py:321}}
Aug 09 12:25:08.813550 n-d-831844-11 devstack@placement-api.service[105735]: DEBUG placement.objects.resource_provider [req-e00c5420-34bd-4faa-8965-25873f88629b req-fd6c1dc9-f254-41a6-91ad-ad6d8fd9ebfa service placement] _ensure_aggregate() created new aggregate 962685d4-548f-487d-8e25-68edcf380eb8 (id=5). {{(pid=105735) _ensure_aggregate /opt/stack/placement/placement/objects/resource_provider.py:327}}
Aug 09 12:25:08.816213 n-d-831844-11 devstack@placement-api.service[105735]: DEBUG placement.objects.resource_provider [req-e00c5420-34bd-4faa-8965-25873f88629b req-fd6c1dc9-f254-41a6-91ad-ad6d8fd9ebfa service placement] Setting aggregates for provider ebbf80d1-b32d-48bb-805a-574833bb6bfc. Successfully associated aggregate 962685d4-548f-487d-8e25-68edcf380eb8. {{(pid=105735) _set_aggregates /opt/stack/placement/placement/objects/resource_provider.py:389}}
Aug 09 12:25:08.943332 n-d-831844-11 devstack@placement-api.service[105735]: INFO placement.requestlog [req-e00c5420-34bd-4faa-8965-25873f88629b req-fd6c1dc9-f254-41a6-91ad-ad6d8fd9ebfa service placement] 10.222.0.66 "PUT /placement/resource_providers/ebbf80d1-b32d-48bb-805a-574833bb6bfc/aggregates" status: 200 len: 92 microversion: 1.19
Aug 09 12:25:08.947651 n-d-831844-11 devstack@placement-api.service[105735]: [pid: 105735|app: 0|req: 36/70] 10.222.0.66 () {64 vars in 1477 bytes} [Tue Aug 9 12:25:08 2022] PUT /placement/resource_providers/ebbf80d1-b32d-48bb-805a-574833bb6bfc/aggregates => generated 92 bytes in 174 msecs (HTTP/1.1 200) 8 headers in 295 bytes (1 switches on core 0)
Aug 09 12:25:09.175094 n-d-831844-11 devstack@placement-api.service[105736]: DEBUG placement.requestlog [req-833c5a13-217c-42e4-ae07-0443adc588aa req-af562c8d-0963-4256-a4e1-30b9ff24431c None None] Starting request: 10.222.0.66 "GET /placement/resource_providers?name=n-h1-831844-11" {{(pid=105736) __call__ /opt/stack/placement/placement/requestlog.py:55}}
Aug 09 12:25:09.206448 n-d-831844-11 devstack@placement-api.service[105736]: INFO placement.requestlog [req-833c5a13-217c-42e4-ae07-0443adc588aa req-af562c8d-0963-4256-a4e1-30b9ff24431c service placement] 10.222.0.66 "GET /placement/resource_providers?name=n-h1-831844-11" status: 200 len: 442 microversion: 1.0
Aug 09 12:25:09.212694 n-d-831844-11 devstack@placement-api.service[105736]: [pid: 105736|app: 0|req: 35/71] 10.222.0.66 () {58 vars in 1276 bytes} [Tue Aug 9 12:25:09 2022] GET /placement/resource_providers?name=n-h1-831844-11 => generated 442 bytes in 33 msecs (HTTP/1.1 200) 6 headers in 224 bytes (1 switches on core 0)
Aug 09 12:25:09.214814 n-d-831844-11 devstack@placement-api.service[105735]: DEBUG placement.requestlog [req-833c5a13-217c-42e4-ae07-0443adc588aa req-7342b87c-18b9-44ea-ba08-497d632b8bf9 None None] Starting request: 10.222.0.66 "GET /placement/resource_providers/ebbf80d1-b32d-48bb-805a-574833bb6bfc/aggregates" {{(pid=105735) __call__ /opt/stack/placement/placement/requestlog.py:55}}
Aug 09 12:25:09.232322 n-d-831844-11 devstack@placement-api.service[105735]: INFO placement.requestlog [req-833c5a13-217c-42e4-ae07-0443adc588aa req-7342b87c-18b9-44ea-ba08-497d632b8bf9 service placement] 10.222.0.66 "GET /placement/resource_providers/ebbf80d1-b32d-48bb-805a-574833bb6bfc/aggregates" status: 200 len: 92 microversion: 1.19
Aug 09 12:25:09.232703 n-d-831844-11 devstack@placement-api.service[105735]: [pid: 105735|app: 0|req: 37/72] 10.222.0.66 () {60 vars in 1425 bytes} [Tue Aug 9 12:25:09 2022] GET /placement/resource_providers/ebbf80d1-b32d-48bb-805a-574833bb6bfc/aggregates => generated 92 bytes in 18 msecs (HTTP/1.1 200) 8 headers in 295 bytes (1 switches on core 0)
Aug 09 12:25:09.239999 n-d-831844-11 devstack@placement-api.service[105736]: DEBUG placement.requestlog [req-833c5a13-217c-42e4-ae07-0443adc588aa req-7088d596-2be3-4ee9-9e80-6bdf9e4c270f None None] Starting request: 10.222.0.66 "PUT /placement/resource_providers/ebbf80d1-b32d-48bb-805a-574833bb6bfc/aggregates" {{(pid=105736) __call__ /opt/stack/placement/placement/requestlog.py:55}}
Aug 09 12:25:09.327798 n-d-831844-11 devstack@placement-api.service[105736]: DEBUG placement.objects.resource_provider [req-833c5a13-217c-42e4-ae07-0443adc588aa req-7088d596-2be3-4ee9-9e80-6bdf9e4c270f service placement] Setting aggregates for provider ebbf80d1-b32d-48bb-805a-574833bb6bfc. Successfully disassociated aggregate 962685d4-548f-487d-8e25-68edcf380eb8. {{(pid=105736) _set_aggregates /opt/stack/placement/placement/objects/resource_provider.py:404}}
Aug 09 12:25:09.406718 n-d-831844-11 devstack@placement-api.service[105736]: INFO placement.requestlog [req-833c5a13-217c-42e4-ae07-0443adc588aa req-7088d596-2be3-4ee9-9e80-6bdf9e4c270f service placement] 10.222.0.66 "PUT /placement/resource_providers/ebbf80d1-b32d-48bb-805a-574833bb6bfc/aggregates" status: 200 len: 54 microversion: 1.19
Aug 09 12:25:09.407670 n-d-831844-11 devstack@placement-api.service[105736]: [pid: 105736|app: 0|req: 36/73] 10.222.0.66 () {64 vars in 1477 bytes} [Tue Aug 9 12:25:09 2022] PUT /placement/resource_providers/ebbf80d1-b32d-48bb-805a-574833bb6bfc/aggregates => generated 54 bytes in 168 msecs (HTTP/1.1 200) 8 headers in 295 bytes (1 switches on core 0)
Aug 09 12:25:10.963948 n-d-831844-11 devstack@placement-api.service[105735]: DEBUG placement.requestlog [req-ffa88840-4a50-41df-8acf-062ababfe527 req-76320df6-8af0-4987-a669-e09efb9b8078 None None] Starting request: 10.222.0.66 "GET /placement/resource_providers?name=n-h1-831844-11" {{(pid=105735) __call__ /opt/stack/placement/placement/requestlog.py:55}}
Aug 09 12:25:10.980491 n-d-831844-11 devstack@placement-api.service[105735]: INFO placement.requestlog [req-ffa88840-4a50-41df-8acf-062ababfe527 req-76320df6-8af0-4987-a669-e09efb9b8078 service placement] 10.222.0.66 "GET /placement/resource_providers?name=n-h1-831844-11" status: 200 len: 442 microversion: 1.0
Aug 09 12:25:10.981403 n-d-831844-11 devstack@placement-api.service[105735]: [pid: 105735|app: 0|req: 38/74] 10.222.0.66 () {58 vars in 1276 bytes} [Tue Aug 9 12:25:10 2022] GET /placement/resource_providers?name=n-h1-831844-11 => generated 442 bytes in 18 msecs (HTTP/1.1 200) 6 headers in 224 bytes (1 switches on core 0)
Aug 09 12:25:10.987974 n-d-831844-11 devstack@placement-api.service[105736]: DEBUG placement.requestlog [req-ffa88840-4a50-41df-8acf-062ababfe527 req-532a4220-198a-41b9-917a-166b67c5b47c None None] Starting request: 10.222.0.66 "GET /placement/resource_providers/ebbf80d1-b32d-48bb-805a-574833bb6bfc/aggregates" {{(pid=105736) __call__ /opt/stack/placement/placement/requestlog.py:55}}
Aug 09 12:25:11.005624 n-d-831844-11 devstack@placement-api.service[105736]: INFO placement.requestlog [req-ffa88840-4a50-41df-8acf-062ababfe527 req-532a4220-198a-41b9-917a-166b67c5b47c service placement] 10.222.0.66 "GET /placement/resource_providers/ebbf80d1-b32d-48bb-805a-574833bb6bfc/aggregates" status: 200 len: 54 microversion: 1.19
Aug 09 12:25:11.006508 n-d-831844-11 devstack@placement-api.service[105736]: [pid: 105736|app: 0|req: 37/75] 10.222.0.66 () {60 vars in 1425 bytes} [Tue Aug 9 12:25:10 2022] GET /placement/resource_providers/ebbf80d1-b32d-48bb-805a-574833bb6bfc/aggregates => generated 54 bytes in 19 msecs (HTTP/1.1 200) 8 headers in 295 bytes (1 switches on core 0)
Aug 09 12:25:11.014384 n-d-831844-11 devstack@placement-api.service[105735]: DEBUG placement.requestlog [req-ffa88840-4a50-41df-8acf-062ababfe527 req-35fc3ad9-968a-4cc5-910a-cab39824453c None None] Starting request: 10.222.0.66 "PUT /placement/resource_providers/ebbf80d1-b32d-48bb-805a-574833bb6bfc/aggregates" {{(pid=105735) __call__ /opt/stack/placement/placement/requestlog.py:55}}
Aug 09 12:25:11.047065 n-d-831844-11 devstack@placement-api.service[105735]: DEBUG placement.objects.resource_provider [req-ffa88840-4a50-41df-8acf-062ababfe527 req-35fc3ad9-968a-4cc5-910a-cab39824453c service placement] _ensure_aggregate() did not find aggregate f9c05e63-ca0c-4490-8de7-a051ae74334a. Attempting to create it. {{(pid=105735) _ensure_aggregate /opt/stack/placement/placement/objects/resource_provider.py:321}}
Aug 09 12:25:11.049513 n-d-831844-11 devstack@placement-api.service[105735]: DEBUG placement.objects.resource_provider [req-ffa88840-4a50-41df-8acf-062ababfe527 req-35fc3ad9-968a-4cc5-910a-cab39824453c service placement] _ensure_aggregate() created new aggregate f9c05e63-ca0c-4490-8de7-a051ae74334a (id=6). {{(pid=105735) _ensure_aggregate /opt/stack/placement/placement/objects/resource_provider.py:327}}
Aug 09 12:25:11.051495 n-d-831844-11 devstack@placement-api.service[105735]: DEBUG placement.objects.resource_provider [req-ffa88840-4a50-41df-8acf-062ababfe527 req-35fc3ad9-968a-4cc5-910a-cab39824453c service placement] Setting aggregates for provider ebbf80d1-b32d-48bb-805a-574833bb6bfc. Successfully associated aggregate f9c05e63-ca0c-4490-8de7-a051ae74334a. {{(pid=105735) _set_aggregates /opt/stack/placement/placement/objects/resource_provider.py:389}}
Aug 09 12:25:11.146619 n-d-831844-11 devstack@placement-api.service[105735]: INFO placement.requestlog [req-ffa88840-4a50-41df-8acf-062ababfe527 req-35fc3ad9-968a-4cc5-910a-cab39824453c service placement] 10.222.0.66 "PUT /placement/resource_providers/ebbf80d1-b32d-48bb-805a-574833bb6bfc/aggregates" status: 200 len: 92 microversion: 1.19
Aug 09 12:25:11.150927 n-d-831844-11 devstack@placement-api.service[105735]: [pid: 105735|app: 0|req: 39/76] 10.222.0.66 () {64 vars in 1477 bytes} [Tue Aug 9 12:25:11 2022] PUT /placement/resource_providers/ebbf80d1-b32d-48bb-805a-574833bb6bfc/aggregates => generated 92 bytes in 137 msecs (HTTP/1.1 200) 8 headers in 295 bytes (1 switches on core 0)
Aug 09 12:25:11.808974 n-d-831844-11 devstack@placement-api.service[105736]: DEBUG placement.requestlog [req-4724fe5e-e650-4e33-89ce-7b4c59ad1e74 req-56b1bd8f-648a-4492-92c4-c6bfa956723c None None] Starting request: 10.222.0.66 "GET /placement/resource_providers?name=n-h1-831844-11" {{(pid=105736) __call__ /opt/stack/placement/placement/requestlog.py:55}}
Aug 09 12:25:11.842430 n-d-831844-11 devstack@placement-api.service[105736]: INFO placement.requestlog [req-4724fe5e-e650-4e33-89ce-7b4c59ad1e74 req-56b1bd8f-648a-4492-92c4-c6bfa956723c service placement] 10.222.0.66 "GET /placement/resource_providers?name=n-h1-831844-11" status: 200 len: 442 microversion: 1.0
Aug 09 12:25:11.843061 n-d-831844-11 devstack@placement-api.service[105736]: [pid: 105736|app: 0|req: 38/77] 10.222.0.66 () {58 vars in 1276 bytes} [Tue Aug 9 12:25:11 2022] GET /placement/resource_providers?name=n-h1-831844-11 => generated 442 bytes in 34 msecs (HTTP/1.1 200) 6 headers in 224 bytes (1 switches on core 0)
Aug 09 12:25:11.851756 n-d-831844-11 devstack@placement-api.service[105735]: DEBUG placement.requestlog [req-4724fe5e-e650-4e33-89ce-7b4c59ad1e74 req-597a75ed-d8be-4a8c-abe9-563c51db3f62 None None] Starting request: 10.222.0.66 "GET /placement/resource_providers/ebbf80d1-b32d-48bb-805a-574833bb6bfc/aggregates" {{(pid=105735) __call__ /opt/stack/placement/placement/requestlog.py:55}}
Aug 09 12:25:11.876116 n-d-831844-11 devstack@placement-api.service[105735]: INFO placement.requestlog [req-4724fe5e-e650-4e33-89ce-7b4c59ad1e74 req-597a75ed-d8be-4a8c-abe9-563c51db3f62 service placement] 10.222.0.66 "GET /placement/resource_providers/ebbf80d1-b32d-48bb-805a-574833bb6bfc/aggregates" status: 200 len: 92 microversion: 1.19
Aug 09 12:25:11.877738 n-d-831844-11 devstack@placement-api.service[105735]: [pid: 105735|app: 0|req: 40/78] 10.222.0.66 () {60 vars in 1425 bytes} [Tue Aug 9 12:25:11 2022] GET /placement/resource_providers/ebbf80d1-b32d-48bb-805a-574833bb6bfc/aggregates => generated 92 bytes in 27 msecs (HTTP/1.1 200) 8 headers in 295 bytes (2 switches on core 0)
Aug 09 12:25:11.890337 n-d-831844-11 devstack@placement-api.service[105736]: DEBUG placement.requestlog [req-4724fe5e-e650-4e33-89ce-7b4c59ad1e74 req-1dbaa365-c0ac-48f5-b5db-01111005207f None None] Starting request: 10.222.0.66 "PUT /placement/resource_providers/ebbf80d1-b32d-48bb-805a-574833bb6bfc/aggregates" {{(pid=105736) __call__ /opt/stack/placement/placement/requestlog.py:55}}
Aug 09 12:25:11.925209 n-d-831844-11 devstack@placement-api.service[105736]: DEBUG placement.objects.resource_provider [req-4724fe5e-e650-4e33-89ce-7b4c59ad1e74 req-1dbaa365-c0ac-48f5-b5db-01111005207f service placement] Setting aggregates for provider ebbf80d1-b32d-48bb-805a-574833bb6bfc. Successfully disassociated aggregate f9c05e63-ca0c-4490-8de7-a051ae74334a. {{(pid=105736) _set_aggregates /opt/stack/placement/placement/objects/resource_provider.py:404}}
Aug 09 12:25:12.036525 n-d-831844-11 devstack@placement-api.service[105736]: INFO placement.requestlog [req-4724fe5e-e650-4e33-89ce-7b4c59ad1e74 req-1dbaa365-c0ac-48f5-b5db-01111005207f service placement] 10.222.0.66 "PUT /placement/resource_providers/ebbf80d1-b32d-48bb-805a-574833bb6bfc/aggregates" status: 200 len: 54 microversion: 1.19
Aug 09 12:25:12.037302 n-d-831844-11 devstack@placement-api.service[105736]: [pid: 105736|app: 0|req: 39/79] 10.222.0.66 () {64 vars in 1477 bytes} [Tue Aug 9 12:25:11 2022] PUT /placement/resource_providers/ebbf80d1-b32d-48bb-805a-574833bb6bfc/aggregates => generated 54 bytes in 147 msecs (HTTP/1.1 200) 8 headers in 295 bytes (1 switches on core 0)
Aug 09 12:25:15.667918 n-d-831844-11 devstack@placement-api.service[105735]: DEBUG placement.requestlog [req-e03cf5ce-0d9c-482a-ba50-81b0369e8b2b req-acbb5854-fc02-4cf5-8def-dfd14038b6a9 None None] Starting request: 10.222.0.66 "GET /placement/resource_providers?name=n-h1-831844-11" {{(pid=105735) __call__ /opt/stack/placement/placement/requestlog.py:55}}
Aug 09 12:25:15.680738 n-d-831844-11 devstack@placement-api.service[105735]: DEBUG dbcounter [-] [105735] Writing DB stats placement:SELECT=89,placement:DELETE=1,placement:UPDATE=4,placement:INSERT=6 {{(pid=105735) stat_writer /usr/local/lib/python3.8/dist-packages/dbcounter.py:114}}
Aug 09 12:25:15.684697 n-d-831844-11 devstack@placement-api.service[105735]: INFO placement.requestlog [req-e03cf5ce-0d9c-482a-ba50-81b0369e8b2b req-acbb5854-fc02-4cf5-8def-dfd14038b6a9 service placement] 10.222.0.66 "GET /placement/resource_providers?name=n-h1-831844-11" status: 200 len: 442 microversion: 1.0
Aug 09 12:25:15.685310 n-d-831844-11 devstack@placement-api.service[105735]: [pid: 105735|app: 0|req: 41/80] 10.222.0.66 () {58 vars in 1276 bytes} [Tue Aug 9 12:25:15 2022] GET /placement/resource_providers?name=n-h1-831844-11 => generated 442 bytes in 18 msecs (HTTP/1.1 200) 6 headers in 224 bytes (1 switches on core 0)
Aug 09 12:25:15.696963 n-d-831844-11 devstack@placement-api.service[105736]: DEBUG placement.requestlog [req-e03cf5ce-0d9c-482a-ba50-81b0369e8b2b req-1230ad1d-8286-4969-b416-a3fd9320f698 None None] Starting request: 10.222.0.66 "GET /placement/resource_providers/ebbf80d1-b32d-48bb-805a-574833bb6bfc/aggregates" {{(pid=105736) __call__ /opt/stack/placement/placement/requestlog.py:55}}
Aug 09 12:25:15.712973 n-d-831844-11 devstack@placement-api.service[105736]: INFO placement.requestlog [req-e03cf5ce-0d9c-482a-ba50-81b0369e8b2b req-1230ad1d-8286-4969-b416-a3fd9320f698 service placement] 10.222.0.66 "GET /placement/resource_providers/ebbf80d1-b32d-48bb-805a-574833bb6bfc/aggregates" status: 200 len: 54 microversion: 1.19
Aug 09 12:25:15.713828 n-d-831844-11 devstack@placement-api.service[105736]: [pid: 105736|app: 0|req: 40/81] 10.222.0.66 () {60 vars in 1425 bytes} [Tue Aug 9 12:25:15 2022] GET /placement/resource_providers/ebbf80d1-b32d-48bb-805a-574833bb6bfc/aggregates => generated 54 bytes in 17 msecs (HTTP/1.1 200) 8 headers in 295 bytes (2 switches on core 0)
Aug 09 12:25:15.723800 n-d-831844-11 devstack@placement-api.service[105735]: DEBUG placement.requestlog [req-e03cf5ce-0d9c-482a-ba50-81b0369e8b2b req-79f193a2-6686-429c-a2f1-2c9765cacef6 None None] Starting request: 10.222.0.66 "PUT /placement/resource_providers/ebbf80d1-b32d-48bb-805a-574833bb6bfc/aggregates" {{(pid=105735) __call__ /opt/stack/placement/placement/requestlog.py:55}}
Aug 09 12:25:15.745842 n-d-831844-11 devstack@placement-api.service[105735]: DEBUG placement.objects.resource_provider [req-e03cf5ce-0d9c-482a-ba50-81b0369e8b2b req-79f193a2-6686-429c-a2f1-2c9765cacef6 service placement] _ensure_aggregate() did not find aggregate c431aa39-bd7d-456c-831d-667592315b51. Attempting to create it. {{(pid=105735) _ensure_aggregate /opt/stack/placement/placement/objects/resource_provider.py:321}}
Aug 09 12:25:15.747440 n-d-831844-11 devstack@placement-api.service[105735]: DEBUG placement.objects.resource_provider [req-e03cf5ce-0d9c-482a-ba50-81b0369e8b2b req-79f193a2-6686-429c-a2f1-2c9765cacef6 service placement] _ensure_aggregate() created new aggregate c431aa39-bd7d-456c-831d-667592315b51 (id=7). {{(pid=105735) _ensure_aggregate /opt/stack/placement/placement/objects/resource_provider.py:327}}
Aug 09 12:25:15.748938 n-d-831844-11 devstack@placement-api.service[105735]: DEBUG placement.objects.resource_provider [req-e03cf5ce-0d9c-482a-ba50-81b0369e8b2b req-79f193a2-6686-429c-a2f1-2c9765cacef6 service placement] Setting aggregates for provider ebbf80d1-b32d-48bb-805a-574833bb6bfc. Successfully associated aggregate c431aa39-bd7d-456c-831d-667592315b51. {{(pid=105735) _set_aggregates /opt/stack/placement/placement/objects/resource_provider.py:389}}
Aug 09 12:25:15.829367 n-d-831844-11 devstack@placement-api.service[105735]: INFO placement.requestlog [req-e03cf5ce-0d9c-482a-ba50-81b0369e8b2b req-79f193a2-6686-429c-a2f1-2c9765cacef6 service placement] 10.222.0.66 "PUT /placement/resource_providers/ebbf80d1-b32d-48bb-805a-574833bb6bfc/aggregates" status: 200 len: 92 microversion: 1.19
Aug 09 12:25:15.829891 n-d-831844-11 devstack@placement-api.service[105735]: [pid: 105735|app: 0|req: 42/82] 10.222.0.66 () {64 vars in 1477 bytes} [Tue Aug 9 12:25:15 2022] PUT /placement/resource_providers/ebbf80d1-b32d-48bb-805a-574833bb6bfc/aggregates => generated 92 bytes in 106 msecs (HTTP/1.1 200) 8 headers in 295 bytes (1 switches on core 0)
Aug 09 12:25:15.930614 n-d-831844-11 devstack@placement-api.service[105736]: DEBUG placement.requestlog [req-76ab52e5-2ef8-483a-9bed-ecd3975646f0 req-ade6b9ed-3456-4a12-883e-3e23aeade827 None None] Starting request: 10.222.0.66 "GET /placement/resource_providers?name=n-h1-831844-11" {{(pid=105736) __call__ /opt/stack/placement/placement/requestlog.py:55}}
Aug 09 12:25:15.957222 n-d-831844-11 devstack@placement-api.service[105736]: INFO placement.requestlog [req-76ab52e5-2ef8-483a-9bed-ecd3975646f0 req-ade6b9ed-3456-4a12-883e-3e23aeade827 service placement] 10.222.0.66 "GET /placement/resource_providers?name=n-h1-831844-11" status: 200 len: 442 microversion: 1.0
Aug 09 12:25:15.958010 n-d-831844-11 devstack@placement-api.service[105736]: [pid: 105736|app: 0|req: 41/83] 10.222.0.66 () {58 vars in 1276 bytes} [Tue Aug 9 12:25:15 2022] GET /placement/resource_providers?name=n-h1-831844-11 => generated 442 bytes in 27 msecs (HTTP/1.1 200) 6 headers in 224 bytes (1 switches on core 0)
Aug 09 12:25:15.964635 n-d-831844-11 devstack@placement-api.service[105735]: DEBUG placement.requestlog [req-76ab52e5-2ef8-483a-9bed-ecd3975646f0 req-aa6a2718-81a6-4065-bae9-9bc58b158d00 None None] Starting request: 10.222.0.66 "GET /placement/resource_providers/ebbf80d1-b32d-48bb-805a-574833bb6bfc/aggregates" {{(pid=105735) __call__ /opt/stack/placement/placement/requestlog.py:55}}
Aug 09 12:25:15.984550 n-d-831844-11 devstack@placement-api.service[105735]: INFO placement.requestlog [req-76ab52e5-2ef8-483a-9bed-ecd3975646f0 req-aa6a2718-81a6-4065-bae9-9bc58b158d00 service placement] 10.222.0.66 "GET /placement/resource_providers/ebbf80d1-b32d-48bb-805a-574833bb6bfc/aggregates" status: 200 len: 92 microversion: 1.19
Aug 09 12:25:16.007676 n-d-831844-11 devstack@placement-api.service[105735]: [pid: 105735|app: 0|req: 43/84] 10.222.0.66 () {60 vars in 1425 bytes} [Tue Aug 9 12:25:15 2022] GET /placement/resource_providers/ebbf80d1-b32d-48bb-805a-574833bb6bfc/aggregates => generated 92 bytes in 43 msecs (HTTP/1.1 200) 8 headers in 295 bytes (1 switches on core 0)
Aug 09 12:25:16.015296 n-d-831844-11 devstack@placement-api.service[105736]: DEBUG placement.requestlog [req-76ab52e5-2ef8-483a-9bed-ecd3975646f0 req-21fb764a-b040-49f5-b2df-f1c1006ce656 None None] Starting request: 10.222.0.66 "PUT /placement/resource_providers/ebbf80d1-b32d-48bb-805a-574833bb6bfc/aggregates" {{(pid=105736) __call__ /opt/stack/placement/placement/requestlog.py:55}}
Aug 09 12:25:16.057214 n-d-831844-11 devstack@placement-api.service[105736]: DEBUG placement.objects.resource_provider [req-76ab52e5-2ef8-483a-9bed-ecd3975646f0 req-21fb764a-b040-49f5-b2df-f1c1006ce656 service placement] Setting aggregates for provider ebbf80d1-b32d-48bb-805a-574833bb6bfc. Successfully disassociated aggregate c431aa39-bd7d-456c-831d-667592315b51. {{(pid=105736) _set_aggregates /opt/stack/placement/placement/objects/resource_provider.py:404}}
Aug 09 12:25:16.120946 n-d-831844-11 devstack@placement-api.service[105736]: INFO placement.requestlog [req-76ab52e5-2ef8-483a-9bed-ecd3975646f0 req-21fb764a-b040-49f5-b2df-f1c1006ce656 service placement] 10.222.0.66 "PUT /placement/resource_providers/ebbf80d1-b32d-48bb-805a-574833bb6bfc/aggregates" status: 200 len: 54 microversion: 1.19
Aug 09 12:25:16.125967 n-d-831844-11 devstack@placement-api.service[105736]: [pid: 105736|app: 0|req: 42/85] 10.222.0.66 () {64 vars in 1477 bytes} [Tue Aug 9 12:25:16 2022] PUT /placement/resource_providers/ebbf80d1-b32d-48bb-805a-574833bb6bfc/aggregates => generated 54 bytes in 111 msecs (HTTP/1.1 200) 8 headers in 295 bytes (1 switches on core 0)
Aug 09 12:25:16.737133 n-d-831844-11 devstack@placement-api.service[105735]: DEBUG placement.requestlog [req-84e8998e-135b-49e6-a393-0e568b65a5ac req-9bad37de-d873-42d9-bd7a-09d4cb3f1b65 None None] Starting request: 10.222.0.66 "GET /placement/allocation_candidates?limit=1000&resources=DISK_GB%3A1%2CMEMORY_MB%3A1024%2CVCPU%3A1&root_required=%21COMPUTE_STATUS_DISABLED" {{(pid=105735) __call__ /opt/stack/placement/placement/requestlog.py:55}}
Aug 09 12:25:16.786103 n-d-831844-11 devstack@placement-api.service[105735]: DEBUG placement.objects.research_context [req-84e8998e-135b-49e6-a393-0e568b65a5ac req-9bad37de-d873-42d9-bd7a-09d4cb3f1b65 service placement] getting providers with 1 DISK_GB {{(pid=105735) __init__ /opt/stack/placement/placement/objects/research_context.py:136}}
Aug 09 12:25:16.793540 n-d-831844-11 devstack@placement-api.service[105735]: DEBUG placement.objects.research_context [req-84e8998e-135b-49e6-a393-0e568b65a5ac req-9bad37de-d873-42d9-bd7a-09d4cb3f1b65 service placement] getting providers with 1024 MEMORY_MB {{(pid=105735) __init__ /opt/stack/placement/placement/objects/research_context.py:136}}
Aug 09 12:25:16.799792 n-d-831844-11 devstack@placement-api.service[105735]: DEBUG placement.objects.research_context [req-84e8998e-135b-49e6-a393-0e568b65a5ac req-9bad37de-d873-42d9-bd7a-09d4cb3f1b65 service placement] getting providers with 1 VCPU {{(pid=105735) __init__ /opt/stack/placement/placement/objects/research_context.py:136}}
Aug 09 12:25:16.817810 n-d-831844-11 devstack@placement-api.service[105735]: DEBUG placement.objects.research_context [req-84e8998e-135b-49e6-a393-0e568b65a5ac req-9bad37de-d873-42d9-bd7a-09d4cb3f1b65 service placement] found 2 providers with available 1 DISK_GB {{(pid=105735) get_provider_ids_matching /opt/stack/placement/placement/objects/research_context.py:563}}
Aug 09 12:25:16.817810 n-d-831844-11 devstack@placement-api.service[105735]: DEBUG placement.objects.research_context [req-84e8998e-135b-49e6-a393-0e568b65a5ac req-9bad37de-d873-42d9-bd7a-09d4cb3f1b65 service placement] found 2 providers with available 1024 MEMORY_MB {{(pid=105735) get_provider_ids_matching /opt/stack/placement/placement/objects/research_context.py:563}}
Aug 09 12:25:16.817810 n-d-831844-11 devstack@placement-api.service[105735]: DEBUG placement.objects.research_context [req-84e8998e-135b-49e6-a393-0e568b65a5ac req-9bad37de-d873-42d9-bd7a-09d4cb3f1b65 service placement] found 2 providers after filtering by previous result {{(pid=105735) get_provider_ids_matching /opt/stack/placement/placement/objects/research_context.py:594}}
Aug 09 12:25:16.817810 n-d-831844-11 devstack@placement-api.service[105735]: DEBUG placement.objects.research_context [req-84e8998e-135b-49e6-a393-0e568b65a5ac req-9bad37de-d873-42d9-bd7a-09d4cb3f1b65 service placement] found 2 providers with available 1 VCPU {{(pid=105735) get_provider_ids_matching /opt/stack/placement/placement/objects/research_context.py:563}}
Aug 09 12:25:16.817810 n-d-831844-11 devstack@placement-api.service[105735]: DEBUG placement.objects.research_context [req-84e8998e-135b-49e6-a393-0e568b65a5ac req-9bad37de-d873-42d9-bd7a-09d4cb3f1b65 service placement] found 2 providers after filtering by previous result {{(pid=105735) get_provider_ids_matching /opt/stack/placement/placement/objects/research_context.py:594}}
Aug 09 12:25:16.824084 n-d-831844-11 devstack@placement-api.service[105735]: DEBUG placement.objects.allocation_candidate [req-84e8998e-135b-49e6-a393-0e568b65a5ac req-9bad37de-d873-42d9-bd7a-09d4cb3f1b65 service placement] RequestGroup(use_same_provider=False, resources={DISK_GB:1, MEMORY_MB:1024, VCPU:1}, traits=(), aggregates=[]) (suffix '') returned 2 matches {{(pid=105735) _get_by_requests /opt/stack/placement/placement/objects/allocation_candidate.py:156}}
Aug 09 12:25:16.824656 n-d-831844-11 devstack@placement-api.service[105735]: DEBUG placement.objects.allocation_candidate [req-84e8998e-135b-49e6-a393-0e568b65a5ac req-9bad37de-d873-42d9-bd7a-09d4cb3f1b65 service placement] Merging candidates yields 2 allocation requests and 2 provider summaries {{(pid=105735) _merge_candidates /opt/stack/placement/placement/objects/allocation_candidate.py:809}}
Aug 09 12:25:16.826492 n-d-831844-11 devstack@placement-api.service[105735]: INFO placement.requestlog [req-84e8998e-135b-49e6-a393-0e568b65a5ac req-9bad37de-d873-42d9-bd7a-09d4cb3f1b65 service placement] 10.222.0.66 "GET /placement/allocation_candidates?limit=1000&resources=DISK_GB%3A1%2CMEMORY_MB%3A1024%2CVCPU%3A1&root_required=%21COMPUTE_STATUS_DISABLED" status: 200 len: 1309 microversion: 1.36
Aug 09 12:25:16.827086 n-d-831844-11 devstack@placement-api.service[105735]: [pid: 105735|app: 0|req: 44/86] 10.222.0.66 () {60 vars in 1506 bytes} [Tue Aug 9 12:25:16 2022] GET /placement/allocation_candidates?limit=1000&resources=DISK_GB%3A1%2CMEMORY_MB%3A1024%2CVCPU%3A1&root_required=%21COMPUTE_STATUS_DISABLED => generated 1309 bytes in 90 msecs (HTTP/1.1 200) 8 headers in 297 bytes (1 switches on core 0)
Aug 09 12:25:16.930569 n-d-831844-11 devstack@placement-api.service[105736]: DEBUG placement.requestlog [req-84e8998e-135b-49e6-a393-0e568b65a5ac req-5350502b-31c2-466a-8652-50b7138e1277 None None] Starting request: 10.222.0.66 "GET /placement/allocations/b0cd39b7-21fb-4839-96de-c7435738f35f" {{(pid=105736) __call__ /opt/stack/placement/placement/requestlog.py:55}}
Aug 09 12:25:16.949895 n-d-831844-11 devstack@placement-api.service[105736]: INFO placement.requestlog [req-84e8998e-135b-49e6-a393-0e568b65a5ac req-5350502b-31c2-466a-8652-50b7138e1277 service placement] 10.222.0.66 "GET /placement/allocations/b0cd39b7-21fb-4839-96de-c7435738f35f" status: 200 len: 19 microversion: 1.28
Aug 09 12:25:16.950455 n-d-831844-11 devstack@placement-api.service[105736]: [pid: 105736|app: 0|req: 43/87] 10.222.0.66 () {60 vars in 1380 bytes} [Tue Aug 9 12:25:16 2022] GET /placement/allocations/b0cd39b7-21fb-4839-96de-c7435738f35f => generated 19 bytes in 20 msecs (HTTP/1.1 200) 8 headers in 295 bytes (1 switches on core 0)
Aug 09 12:25:16.957300 n-d-831844-11 devstack@placement-api.service[105735]: DEBUG placement.requestlog [req-84e8998e-135b-49e6-a393-0e568b65a5ac req-0a3b134c-a190-487e-8b55-8e194e0ee5b1 None None] Starting request: 10.222.0.66 "PUT /placement/allocations/b0cd39b7-21fb-4839-96de-c7435738f35f" {{(pid=105735) __call__ /opt/stack/placement/placement/requestlog.py:55}}
Aug 09 12:25:17.465732 n-d-831844-11 devstack@placement-api.service[105735]: DEBUG placement.handlers.allocation [req-84e8998e-135b-49e6-a393-0e568b65a5ac req-0a3b134c-a190-487e-8b55-8e194e0ee5b1 service placement] Successfully wrote allocations [, , ] {{(pid=105735) _update_consumers_and_create_allocations /opt/stack/placement/placement/handlers/allocation.py:462}}
Aug 09 12:25:17.548964 n-d-831844-11 devstack@placement-api.service[105735]: INFO placement.requestlog [req-84e8998e-135b-49e6-a393-0e568b65a5ac req-0a3b134c-a190-487e-8b55-8e194e0ee5b1 service placement] 10.222.0.66 "PUT /placement/allocations/b0cd39b7-21fb-4839-96de-c7435738f35f" status: 204 len: 0 microversion: 1.36
Aug 09 12:25:17.549647 n-d-831844-11 devstack@placement-api.service[105735]: [pid: 105735|app: 0|req: 45/88] 10.222.0.66 () {64 vars in 1433 bytes} [Tue Aug 9 12:25:16 2022] PUT /placement/allocations/b0cd39b7-21fb-4839-96de-c7435738f35f => generated 0 bytes in 593 msecs (HTTP/1.1 204) 5 headers in 199 bytes (1 switches on core 0)
Aug 09 12:25:18.885053 n-d-831844-11 devstack@placement-api.service[105736]: DEBUG placement.requestlog [req-84e8998e-135b-49e6-a393-0e568b65a5ac req-6b768726-5f79-4752-a3f9-979d9db50d51 None None] Starting request: 10.222.0.72 "GET /placement/allocations/b0cd39b7-21fb-4839-96de-c7435738f35f" {{(pid=105736) __call__ /opt/stack/placement/placement/requestlog.py:55}}
Aug 09 12:25:18.918511 n-d-831844-11 devstack@placement-api.service[105736]: INFO placement.requestlog [req-84e8998e-135b-49e6-a393-0e568b65a5ac req-6b768726-5f79-4752-a3f9-979d9db50d51 service placement] 10.222.0.72 "GET /placement/allocations/b0cd39b7-21fb-4839-96de-c7435738f35f" status: 200 len: 258 microversion: 1.28
Aug 09 12:25:18.918898 n-d-831844-11 devstack@placement-api.service[105736]: [pid: 105736|app: 0|req: 44/89] 10.222.0.72 () {60 vars in 1377 bytes} [Tue Aug 9 12:25:18 2022] GET /placement/allocations/b0cd39b7-21fb-4839-96de-c7435738f35f => generated 258 bytes in 35 msecs (HTTP/1.1 200) 8 headers in 296 bytes (1 switches on core 0)
Aug 09 12:25:26.290974 n-d-831844-11 devstack@placement-api.service[105735]: DEBUG placement.requestlog [None req-c9c1fa80-327c-451b-b58c-d7fd0efd2ff9 None None] Starting request: 10.222.0.66 "GET /placement/" {{(pid=105735) __call__ /opt/stack/placement/placement/requestlog.py:55}}
Aug 09 12:25:26.296013 n-d-831844-11 devstack@placement-api.service[105735]: INFO placement.requestlog [None req-c9c1fa80-327c-451b-b58c-d7fd0efd2ff9 None None] 10.222.0.66 "GET /placement/" status: 200 len: 136 microversion: 1.0
Aug 09 12:25:26.296013 n-d-831844-11 devstack@placement-api.service[105735]: [pid: 105735|app: 0|req: 46/90] 10.222.0.66 () {54 vars in 916 bytes} [Tue Aug 9 12:25:26 2022] GET /placement => generated 136 bytes in 2 msecs (HTTP/1.1 200) 6 headers in 224 bytes (1 switches on core 0)
Aug 09 12:25:26.314910 n-d-831844-11 devstack@placement-api.service[105736]: DEBUG placement.requestlog [req-479fb85d-d69d-40c7-9ab7-c1d0d7eec7ee req-e180f34b-46e2-480a-8f4d-6a66704fe94a None None] Starting request: 10.222.0.66 "GET /placement/allocations/6dda2add-249d-42b2-8937-9a51eff6e5cd" {{(pid=105736) __call__ /opt/stack/placement/placement/requestlog.py:55}}
Aug 09 12:25:26.683668 n-d-831844-11 devstack@placement-api.service[105736]: INFO placement.requestlog [req-479fb85d-d69d-40c7-9ab7-c1d0d7eec7ee req-e180f34b-46e2-480a-8f4d-6a66704fe94a service placement] 10.222.0.66 "GET /placement/allocations/6dda2add-249d-42b2-8937-9a51eff6e5cd" status: 200 len: 259 microversion: 1.28
Aug 09 12:25:26.689720 n-d-831844-11 devstack@placement-api.service[105736]: [pid: 105736|app: 0|req: 45/91] 10.222.0.66 () {60 vars in 1380 bytes} [Tue Aug 9 12:25:26 2022] GET /placement/allocations/6dda2add-249d-42b2-8937-9a51eff6e5cd => generated 259 bytes in 375 msecs (HTTP/1.1 200) 8 headers in 296 bytes (1 switches on core 0)
Aug 09 12:25:26.697137 n-d-831844-11 devstack@placement-api.service[105735]: DEBUG placement.requestlog [req-479fb85d-d69d-40c7-9ab7-c1d0d7eec7ee req-264177c8-9b03-4d96-afd8-a98c8e9ecc00 None None] Starting request: 10.222.0.66 "GET /placement/allocations/6dda2add-249d-42b2-8937-9a51eff6e5cd" {{(pid=105735) __call__ /opt/stack/placement/placement/requestlog.py:55}}
