Jun 07 09:48:58.860911 n-d-831844-10 devstack@keystone.service[80553]: DEBUG keystone.server.flask.request_processing.req_logging [None req-cdc4db61-c185-463f-85b7-146de1a856e7 None admin] PATH_INFO: `/v3/roles/member` {{(pid=80553) log_request_info /opt/stack/keystone/keystone/server/flask/request_processing/req_logging.py:29}}
Jun 07 09:48:58.874541 n-d-831844-10 devstack@keystone.service[80553]: DEBUG keystone.common.rbac_enforcer.enforcer [None req-cdc4db61-c185-463f-85b7-146de1a856e7 None admin] Extracting inferred target data resulted in "NOT FOUND (404)". {{(pid=80553) enforce_call /opt/stack/keystone/keystone/common/rbac_enforcer/enforcer.py:409}}
Jun 07 09:48:58.884397 n-d-831844-10 devstack@keystone.service[80553]: ERROR keystone.server.flask.application [None req-cdc4db61-c185-463f-85b7-146de1a856e7 None admin] Could not find role: member.: keystone.exception.RoleNotFound: Could not find role: member.
Jun 07 09:48:58.884397 n-d-831844-10 devstack@keystone.service[80553]: ERROR keystone.server.flask.application
Traceback (most recent call last):
Jun 07 09:48:58.884397 n-d-831844-10 devstack@keystone.service[80553]: ERROR keystone.server.flask.application
File "/usr/local/lib/python3.8/dist-packages/flask/app.py", line 1523, in full_dispatch_request
Jun 07 09:48:58.884397 n-d-831844-10 devstack@keystone.service[80553]: ERROR keystone.server.flask.application rv = self.dispatch_request()
Jun 07 09:48:58.884397 n-d-831844-10 devstack@keystone.service[80553]: ERROR keystone.server.flask.application
File "/usr/local/lib/python3.8/dist-packages/flask/app.py", line 1509, in dispatch_request
Jun 07 09:48:58.884397 n-d-831844-10 devstack@keystone.service[80553]: ERROR keystone.server.flask.application return self.ensure_sync(self.view_functions[rule.endpoint])(**req.view_args)
Jun 07 09:48:58.884397 n-d-831844-10 devstack@keystone.service[80553]: ERROR keystone.server.flask.application
File "/usr/local/lib/python3.8/dist-packages/flask_restful/__init__.py", line 467, in wrapper
Jun 07 09:48:58.884397 n-d-831844-10 devstack@keystone.service[80553]: ERROR keystone.server.flask.application resp = resource(*args, **kwargs)
Jun 07 09:48:58.884397 n-d-831844-10 devstack@keystone.service[80553]: ERROR keystone.server.flask.application
File "/usr/local/lib/python3.8/dist-packages/flask/views.py", line 84, in view
Jun 07 09:48:58.884397 n-d-831844-10 devstack@keystone.service[80553]: ERROR keystone.server.flask.application return current_app.ensure_sync(self.dispatch_request)(*args, **kwargs)
Jun 07 09:48:58.884397 n-d-831844-10 devstack@keystone.service[80553]: ERROR keystone.server.flask.application
File "/usr/local/lib/python3.8/dist-packages/flask_restful/__init__.py", line 582, in dispatch_request
Jun 07 09:48:58.884397 n-d-831844-10 devstack@keystone.service[80553]: ERROR keystone.server.flask.application resp = meth(*args, **kwargs)
Jun 07 09:48:58.884397 n-d-831844-10 devstack@keystone.service[80553]: ERROR keystone.server.flask.application
File "/opt/stack/keystone/keystone/api/roles.py", line 50, in get
Jun 07 09:48:58.884397 n-d-831844-10 devstack@keystone.service[80553]: ERROR keystone.server.flask.application return self._get_role(role_id)
Jun 07 09:48:58.884397 n-d-831844-10 devstack@keystone.service[80553]: ERROR keystone.server.flask.application
File "/opt/stack/keystone/keystone/api/roles.py", line 70, in _get_role
Jun 07 09:48:58.884397 n-d-831844-10 devstack@keystone.service[80553]: ERROR keystone.server.flask.application ENFORCER.enforce_call(action='identity:get_role')
Jun 07 09:48:58.885386 n-d-831844-10 devstack@keystone.service[80553]: ERROR keystone.server.flask.application
File "/opt/stack/keystone/keystone/common/rbac_enforcer/enforcer.py", line 402, in enforce_call
Jun 07 09:48:58.885386 n-d-831844-10 devstack@keystone.service[80553]: ERROR keystone.server.flask.application policy_dict.update(cls._extract_member_target_data(
Jun 07 09:48:58.885386 n-d-831844-10 devstack@keystone.service[80553]: ERROR keystone.server.flask.application
File "/opt/stack/keystone/keystone/common/rbac_enforcer/enforcer.py", line 234, in _extract_member_target_data
Jun 07 09:48:58.885386 n-d-831844-10 devstack@keystone.service[80553]: ERROR keystone.server.flask.application member_name: func(flask.request.view_args[key])
Jun 07 09:48:58.885386 n-d-831844-10 devstack@keystone.service[80553]: ERROR keystone.server.flask.application
File "/opt/stack/keystone/keystone/common/manager.py", line 115, in wrapped
Jun 07 09:48:58.885386 n-d-831844-10 devstack@keystone.service[80553]: ERROR keystone.server.flask.application __ret_val = __f(*args, **kwargs)
Jun 07 09:48:58.885386 n-d-831844-10 devstack@keystone.service[80553]: ERROR keystone.server.flask.application
File "/usr/local/lib/python3.8/dist-packages/decorator.py", line 232, in fun
Jun 07 09:48:58.885386 n-d-831844-10 devstack@keystone.service[80553]: ERROR keystone.server.flask.application return caller(func, *(extras + args), **kw)
Jun 07 09:48:58.885386 n-d-831844-10 devstack@keystone.service[80553]: ERROR keystone.server.flask.application
File "/usr/local/lib/python3.8/dist-packages/dogpile/cache/region.py", line 1577, in get_or_create_for_user_func
Jun 07 09:48:58.885386 n-d-831844-10 devstack@keystone.service[80553]: ERROR keystone.server.flask.application return self.get_or_create(
Jun 07 09:48:58.885386 n-d-831844-10 devstack@keystone.service[80553]: ERROR keystone.server.flask.application
File "/usr/local/lib/python3.8/dist-packages/dogpile/cache/region.py", line 1042, in get_or_create
Jun 07 09:48:58.885386 n-d-831844-10 devstack@keystone.service[80553]: ERROR keystone.server.flask.application with Lock(
Jun 07 09:48:58.885386 n-d-831844-10 devstack@keystone.service[80553]: ERROR keystone.server.flask.application
File "/usr/local/lib/python3.8/dist-packages/dogpile/lock.py", line 185, in __enter__
Jun 07 09:48:58.885386 n-d-831844-10 devstack@keystone.service[80553]: ERROR keystone.server.flask.application return self._enter()
Jun 07 09:48:58.885386 n-d-831844-10 devstack@keystone.service[80553]: ERROR keystone.server.flask.application
File "/usr/local/lib/python3.8/dist-packages/dogpile/lock.py", line 94, in _enter
Jun 07 09:48:58.885386 n-d-831844-10 devstack@keystone.service[80553]: ERROR keystone.server.flask.application generated = self._enter_create(value, createdtime)
Jun 07 09:48:58.886197 n-d-831844-10 devstack@keystone.service[80553]: ERROR keystone.server.flask.application
File "/usr/local/lib/python3.8/dist-packages/dogpile/lock.py", line 178, in _enter_create
Jun 07 09:48:58.886197 n-d-831844-10 devstack@keystone.service[80553]: ERROR keystone.server.flask.application return self.creator()
Jun 07 09:48:58.886197 n-d-831844-10 devstack@keystone.service[80553]: ERROR keystone.server.flask.application
File "/usr/local/lib/python3.8/dist-packages/dogpile/cache/region.py", line 995, in gen_value
Jun 07 09:48:58.886197 n-d-831844-10 devstack@keystone.service[80553]: ERROR keystone.server.flask.application created_value = creator(
Jun 07 09:48:58.886197 n-d-831844-10 devstack@keystone.service[80553]: ERROR keystone.server.flask.application
File "/opt/stack/keystone/keystone/assignment/core.py", line 1276, in get_role
Jun 07 09:48:58.886197 n-d-831844-10 devstack@keystone.service[80553]: ERROR keystone.server.flask.application return self.driver.get_role(role_id)
Jun 07 09:48:58.886197 n-d-831844-10 devstack@keystone.service[80553]: ERROR keystone.server.flask.application
File "/opt/stack/keystone/keystone/assignment/role_backends/sql.py", line 70, in get_role
Jun 07 09:48:58.886197 n-d-831844-10 devstack@keystone.service[80553]: ERROR keystone.server.flask.application return self._get_role(session, role_id).to_dict()
Jun 07 09:48:58.886197 n-d-831844-10 devstack@keystone.service[80553]: ERROR keystone.server.flask.application
File "/opt/stack/keystone/keystone/assignment/role_backends/sql.py", line 65, in _get_role
Jun 07 09:48:58.886197 n-d-831844-10 devstack@keystone.service[80553]: ERROR keystone.server.flask.application raise exception.RoleNotFound(role_id=role_id)
Jun 07 09:48:58.886197 n-d-831844-10 devstack@keystone.service[80553]: ERROR keystone.server.flask.application keystone.exception.RoleNotFound: Could not find role: member.
Jun 07 09:48:58.886197 n-d-831844-10 devstack@keystone.service[80553]: ERROR keystone.server.flask.application
Jun 07 09:48:58.886197 n-d-831844-10 devstack@keystone.service[80553]: [pid: 80553|app: 0|req: 210/430] 10.222.0.17 () {56 vars in 1099 bytes} [Tue Jun 7 09:48:58 2022] GET /identity/v3/roles/member => generated 84 bytes in 219 msecs (HTTP/1.1 404) 5 headers in 183 bytes (1 switches on core 0)
Jun 07 09:48:58.901317 n-d-831844-10 devstack@keystone.service[80553]: DEBUG keystone.server.flask.request_processing.middleware.auth_context [None req-cdc4db61-c185-463f-85b7-146de1a856e7 None admin] Authenticating user token {{(pid=80553) process_request /usr/local/lib/python3.8/dist-packages/keystonemiddleware/auth_token/__init__.py:407}}
Jun 07 09:48:59.013696 n-d-831844-10 devstack@keystone.service[80554]: DEBUG keystone.server.flask.request_processing.middleware.auth_context [None req-e06cf2e7-3b5e-4a1b-b511-0fa4bda2bf89 None admin] Validating token access rules against request {{(pid=80554) validate_allowed_request /usr/local/lib/python3.8/dist-packages/keystonemiddleware/auth_token/__init__.py:545}}
Jun 07 09:48:59.074563 n-d-831844-10 devstack@keystone.service[80554]: DEBUG keystone.server.flask.request_processing.middleware.auth_context [None req-5401abbb-573c-4768-a1c8-2ebba1bf1281 None admin] RBAC: auth_context: {'token': , 'domain_id': None, 'trust_id': None, 'trustor_id': None, 'trustee_id': None, 'domain_name': None, 'group_ids': [], 'user_id': 'a94618452bae4dd9b7f48feb8f58632a', 'user_domain_id': 'default', 'system_scope': 'all', 'project_id': None, 'project_domain_id': None, 'roles': ['admin', 'member', 'reader'], 'is_admin_project': True, 'service_user_id': None, 'service_user_domain_id': None, 'service_project_id': None, 'service_project_domain_id': None, 'service_roles': []} {{(pid=80554) fill_context /opt/stack/keystone/keystone/server/flask/request_processing/middleware/auth_context.py:478}}
Jun 07 09:48:59.075269 n-d-831844-10 devstack@keystone.service[80554]: DEBUG keystone.server.flask.request_processing.req_logging [None req-5401abbb-573c-4768-a1c8-2ebba1bf1281 None admin] REQUEST_METHOD: `GET` {{(pid=80554) log_request_info /opt/stack/keystone/keystone/server/flask/request_processing/req_logging.py:27}}
Jun 07 09:48:59.075556 n-d-831844-10 devstack@keystone.service[80554]: DEBUG keystone.server.flask.request_processing.req_logging [None req-5401abbb-573c-4768-a1c8-2ebba1bf1281 None admin] SCRIPT_NAME: `/identity` {{(pid=80554) log_request_info /opt/stack/keystone/keystone/server/flask/request_processing/req_logging.py:28}}
Jun 07 09:48:59.075830 n-d-831844-10 devstack@keystone.service[80554]: DEBUG keystone.server.flask.request_processing.req_logging [None req-5401abbb-573c-4768-a1c8-2ebba1bf1281 None admin] PATH_INFO: `/v3/auth/tokens` {{(pid=80554) log_request_info /opt/stack/keystone/keystone/server/flask/request_processing/req_logging.py:29}}
Jun 07 09:48:59.077244 n-d-831844-10 devstack@keystone.service[80553]: DEBUG keystone.server.flask.request_processing.middleware.auth_context [None req-cdc4db61-c185-463f-85b7-146de1a856e7 None admin] Validating token access rules against request {{(pid=80553) validate_allowed_request /usr/local/lib/python3.8/dist-packages/keystonemiddleware/auth_token/__init__.py:545}}
Jun 07 09:48:59.091380 n-d-831844-10 devstack@keystone.service[80554]: DEBUG dbcounter [-] [80554] Writing DB stats keystone:SELECT=100 {{(pid=80554) stat_writer /usr/local/lib/python3.8/dist-packages/dbcounter.py:114}}
Jun 07 09:48:59.095520 n-d-831844-10 devstack@keystone.service[80553]: DEBUG dbcounter [-] [80553] Writing DB stats keystone:SELECT=100 {{(pid=80553) stat_writer /usr/local/lib/python3.8/dist-packages/dbcounter.py:114}}
Jun 07 09:48:59.122276 n-d-831844-10 devstack@keystone.service[80553]: DEBUG keystone.server.flask.request_processing.middleware.auth_context [None req-5b68cf1f-02a8-4ae1-b489-7828c1d5e517 None admin] RBAC: auth_context: {'token': , 'domain_id': None, 'trust_id': None, 'trustor_id': None, 'trustee_id': None, 'domain_name': None, 'group_ids': [], 'user_id': 'a94618452bae4dd9b7f48feb8f58632a', 'user_domain_id': 'default', 'system_scope': 'all', 'project_id': None, 'project_domain_id': None, 'roles': ['admin', 'member', 'reader'], 'is_admin_project': True, 'service_user_id': None, 'service_user_domain_id': None, 'service_project_id': None, 'service_project_domain_id': None, 'service_roles': []} {{(pid=80553) fill_context /opt/stack/keystone/keystone/server/flask/request_processing/middleware/auth_context.py:478}}
Jun 07 09:48:59.123566 n-d-831844-10 devstack@keystone.service[80553]: DEBUG keystone.server.flask.request_processing.req_logging [None req-5b68cf1f-02a8-4ae1-b489-7828c1d5e517 None admin] REQUEST_METHOD: `GET` {{(pid=80553) log_request_info /opt/stack/keystone/keystone/server/flask/request_processing/req_logging.py:27}}
Jun 07 09:48:59.124033 n-d-831844-10 devstack@keystone.service[80553]: DEBUG keystone.server.flask.request_processing.req_logging [None req-5b68cf1f-02a8-4ae1-b489-7828c1d5e517 None admin] SCRIPT_NAME: `/identity` {{(pid=80553) log_request_info /opt/stack/keystone/keystone/server/flask/request_processing/req_logging.py:28}}
Jun 07 09:48:59.124760 n-d-831844-10 devstack@keystone.service[80553]: DEBUG keystone.server.flask.request_processing.req_logging [None req-5b68cf1f-02a8-4ae1-b489-7828c1d5e517 None admin] PATH_INFO: `/v3/roles` {{(pid=80553) log_request_info /opt/stack/keystone/keystone/server/flask/request_processing/req_logging.py:29}}
Jun 07 09:48:59.125992 n-d-831844-10 devstack@keystone.service[80553]: DEBUG keystone.common.rbac_enforcer.enforcer [None req-5b68cf1f-02a8-4ae1-b489-7828c1d5e517 None admin] RBAC: Adding query filter params (name=member) {{(pid=80553) _extract_filter_values /opt/stack/keystone/keystone/common/rbac_enforcer/enforcer.py:167}}
Jun 07 09:48:59.126449 n-d-831844-10 devstack@keystone.service[80553]: DEBUG keystone.common.rbac_enforcer.enforcer [None req-5b68cf1f-02a8-4ae1-b489-7828c1d5e517 None admin] RBAC: Authorizing `identity:list_roles()` {{(pid=80553) enforce_call /opt/stack/keystone/keystone/common/rbac_enforcer/enforcer.py:449}}
Jun 07 09:48:59.128753 n-d-831844-10 devstack@keystone.service[80553]: DEBUG keystone.common.rbac_enforcer.enforcer [None req-5b68cf1f-02a8-4ae1-b489-7828c1d5e517 None admin] RBAC: Authorization granted {{(pid=80553) enforce_call /opt/stack/keystone/keystone/common/rbac_enforcer/enforcer.py:457}}
Jun 07 09:48:59.146825 n-d-831844-10 devstack@keystone.service[80553]: [pid: 80553|app: 0|req: 211/431] 10.222.0.17 () {56 vars in 1101 bytes} [Tue Jun 7 09:48:58 2022] GET /identity/v3/roles?name=member => generated 341 bytes in 242 msecs (HTTP/1.1 200) 5 headers in 177 bytes (1 switches on core 0)
Jun 07 09:48:59.148527 n-d-831844-10 devstack@keystone.service[80553]: DEBUG keystone.server.flask.request_processing.middleware.auth_context [None req-5b68cf1f-02a8-4ae1-b489-7828c1d5e517 None admin] Authenticating user token {{(pid=80553) process_request /usr/local/lib/python3.8/dist-packages/keystonemiddleware/auth_token/__init__.py:407}}
Jun 07 09:48:59.163048 n-d-831844-10 devstack@keystone.service[80554]: DEBUG keystone.common.rbac_enforcer.enforcer [None req-5401abbb-573c-4768-a1c8-2ebba1bf1281 None admin] RBAC: Authorizing `identity:validate_token()` {{(pid=80554) enforce_call /opt/stack/keystone/keystone/common/rbac_enforcer/enforcer.py:449}}
Jun 07 09:48:59.165674 n-d-831844-10 devstack@keystone.service[80554]: DEBUG keystone.common.rbac_enforcer.enforcer [None req-5401abbb-573c-4768-a1c8-2ebba1bf1281 None admin] RBAC: Authorization granted {{(pid=80554) enforce_call /opt/stack/keystone/keystone/common/rbac_enforcer/enforcer.py:457}}
Jun 07 09:48:59.283298 n-d-831844-10 devstack@keystone.service[80553]: DEBUG keystone.server.flask.request_processing.middleware.auth_context [None req-5b68cf1f-02a8-4ae1-b489-7828c1d5e517 None admin] Validating token access rules against request {{(pid=80553) validate_allowed_request /usr/local/lib/python3.8/dist-packages/keystonemiddleware/auth_token/__init__.py:545}}
Jun 07 09:48:59.297986 n-d-831844-10 devstack@keystone.service[80554]: [pid: 80554|app: 0|req: 221/432] 10.222.0.17 () {58 vars in 1282 bytes} [Tue Jun 7 09:48:58 2022] GET /identity/v3/auth/tokens => generated 799 bytes in 538 msecs (HTTP/1.1 200) 6 headers in 358 bytes (1 switches on core 0)
Jun 07 09:48:59.304299 n-d-831844-10 devstack@keystone.service[80554]: DEBUG keystone.server.flask.request_processing.middleware.auth_context [None req-5401abbb-573c-4768-a1c8-2ebba1bf1281 None admin] Authenticating user token {{(pid=80554) process_request /usr/local/lib/python3.8/dist-packages/keystonemiddleware/auth_token/__init__.py:407}}
Jun 07 09:48:59.326641 n-d-831844-10 devstack@keystone.service[80553]: DEBUG keystone.server.flask.request_processing.middleware.auth_context [None req-da3ed525-07d3-4797-ad23-b9fc0a35b8f2 None admin] RBAC: auth_context: {'token': , 'domain_id': None, 'trust_id': None, 'trustor_id': None, 'trustee_id': None, 'domain_name': None, 'group_ids': [], 'user_id': 'a94618452bae4dd9b7f48feb8f58632a', 'user_domain_id': 'default', 'system_scope': 'all', 'project_id': None, 'project_domain_id': None, 'roles': ['admin', 'member', 'reader'], 'is_admin_project': True, 'service_user_id': None, 'service_user_domain_id': None, 'service_project_id': None, 'service_project_domain_id': None, 'service_roles': []} {{(pid=80553) fill_context /opt/stack/keystone/keystone/server/flask/request_processing/middleware/auth_context.py:478}}
Jun 07 09:48:59.327417 n-d-831844-10 devstack@keystone.service[80553]: DEBUG keystone.server.flask.request_processing.req_logging [None req-da3ed525-07d3-4797-ad23-b9fc0a35b8f2 None admin] REQUEST_METHOD: `GET` {{(pid=80553) log_request_info /opt/stack/keystone/keystone/server/flask/request_processing/req_logging.py:27}}
Jun 07 09:48:59.327809 n-d-831844-10 devstack@keystone.service[80553]: DEBUG keystone.server.flask.request_processing.req_logging [None req-da3ed525-07d3-4797-ad23-b9fc0a35b8f2 None admin] SCRIPT_NAME: `/identity` {{(pid=80553) log_request_info /opt/stack/keystone/keystone/server/flask/request_processing/req_logging.py:28}}
Jun 07 09:48:59.328245 n-d-831844-10 devstack@keystone.service[80553]: DEBUG keystone.server.flask.request_processing.req_logging [None req-da3ed525-07d3-4797-ad23-b9fc0a35b8f2 None admin] PATH_INFO: `/v3/auth/tokens` {{(pid=80553) log_request_info /opt/stack/keystone/keystone/server/flask/request_processing/req_logging.py:29}}
Jun 07 09:48:59.343658 n-d-831844-10 devstack@keystone.service[80554]: DEBUG dbcounter [-] [80554] Writing DB stats keystone:SELECT=100 {{(pid=80554) stat_writer /usr/local/lib/python3.8/dist-packages/dbcounter.py:114}}
Jun 07 09:48:59.378877 n-d-831844-10 devstack@keystone.service[80553]: DEBUG dbcounter [-] [80553] Writing DB stats keystone:SELECT=100 {{(pid=80553) stat_writer /usr/local/lib/python3.8/dist-packages/dbcounter.py:114}}
Jun 07 09:48:59.405275 n-d-831844-10 devstack@keystone.service[80553]: DEBUG keystone.common.rbac_enforcer.enforcer [None req-da3ed525-07d3-4797-ad23-b9fc0a35b8f2 None admin] RBAC: Authorizing `identity:validate_token()` {{(pid=80553) enforce_call /opt/stack/keystone/keystone/common/rbac_enforcer/enforcer.py:449}}
Jun 07 09:48:59.406925 n-d-831844-10 devstack@keystone.service[80553]: DEBUG keystone.common.rbac_enforcer.enforcer [None req-da3ed525-07d3-4797-ad23-b9fc0a35b8f2 None admin] RBAC: Authorization granted {{(pid=80553) enforce_call /opt/stack/keystone/keystone/common/rbac_enforcer/enforcer.py:457}}
Jun 07 09:48:59.425955 n-d-831844-10 devstack@keystone.service[80554]: DEBUG keystone.server.flask.request_processing.middleware.auth_context [None req-5401abbb-573c-4768-a1c8-2ebba1bf1281 None admin] Validating token access rules against request {{(pid=80554) validate_allowed_request /usr/local/lib/python3.8/dist-packages/keystonemiddleware/auth_token/__init__.py:545}}
Jun 07 09:48:59.466114 n-d-831844-10 devstack@keystone.service[80554]: DEBUG keystone.server.flask.request_processing.middleware.auth_context [None req-f2276d23-7d29-4db1-b466-3203d1c5f49f None admin] RBAC: auth_context: {'token': , 'domain_id': None, 'trust_id': None, 'trustor_id': None, 'trustee_id': None, 'domain_name': None, 'group_ids': [], 'user_id': 'a94618452bae4dd9b7f48feb8f58632a', 'user_domain_id': 'default', 'system_scope': 'all', 'project_id': None, 'project_domain_id': None, 'roles': ['admin', 'member', 'reader'], 'is_admin_project': True, 'service_user_id': None, 'service_user_domain_id': None, 'service_project_id': None, 'service_project_domain_id': None, 'service_roles': []} {{(pid=80554) fill_context /opt/stack/keystone/keystone/server/flask/request_processing/middleware/auth_context.py:478}}
Jun 07 09:48:59.467257 n-d-831844-10 devstack@keystone.service[80554]: DEBUG keystone.server.flask.request_processing.req_logging [None req-f2276d23-7d29-4db1-b466-3203d1c5f49f None admin] REQUEST_METHOD: `GET` {{(pid=80554) log_request_info /opt/stack/keystone/keystone/server/flask/request_processing/req_logging.py:27}}
Jun 07 09:48:59.467711 n-d-831844-10 devstack@keystone.service[80554]: DEBUG keystone.server.flask.request_processing.req_logging [None req-f2276d23-7d29-4db1-b466-3203d1c5f49f None admin] SCRIPT_NAME: `/identity` {{(pid=80554) log_request_info /opt/stack/keystone/keystone/server/flask/request_processing/req_logging.py:28}}
Jun 07 09:48:59.468131 n-d-831844-10 devstack@keystone.service[80554]: DEBUG keystone.server.flask.request_processing.req_logging [None req-f2276d23-7d29-4db1-b466-3203d1c5f49f None admin] PATH_INFO: `/v3/projects/90b70939035d4b338d41c243a54dd017` {{(pid=80554) log_request_info /opt/stack/keystone/keystone/server/flask/request_processing/req_logging.py:29}}
Jun 07 09:48:59.469496 n-d-831844-10 devstack@keystone.service[80554]: DEBUG keystone.common.rbac_enforcer.enforcer [None req-f2276d23-7d29-4db1-b466-3203d1c5f49f None admin] RBAC: Authorizing `identity:get_project(project_id=90b70939035d4b338d41c243a54dd017)` {{(pid=80554) enforce_call /opt/stack/keystone/keystone/common/rbac_enforcer/enforcer.py:449}}
Jun 07 09:48:59.471756 n-d-831844-10 devstack@keystone.service[80554]: DEBUG keystone.common.rbac_enforcer.enforcer [None req-f2276d23-7d29-4db1-b466-3203d1c5f49f None admin] RBAC: Authorization granted {{(pid=80554) enforce_call /opt/stack/keystone/keystone/common/rbac_enforcer/enforcer.py:457}}
Jun 07 09:48:59.474547 n-d-831844-10 devstack@keystone.service[80554]: [pid: 80554|app: 0|req: 222/433] 10.222.0.17 () {56 vars in 1186 bytes} [Tue Jun 7 09:48:59 2022] GET /identity/v3/projects/90b70939035d4b338d41c243a54dd017 => generated 298 bytes in 170 msecs (HTTP/1.1 200) 5 headers in 177 bytes (1 switches on core 0)
Jun 07 09:48:59.479105 n-d-831844-10 devstack@keystone.service[80554]: DEBUG keystone.server.flask.request_processing.middleware.auth_context [None req-f2276d23-7d29-4db1-b466-3203d1c5f49f None admin] Authenticating user token {{(pid=80554) process_request /usr/local/lib/python3.8/dist-packages/keystonemiddleware/auth_token/__init__.py:407}}
Jun 07 09:48:59.520470 n-d-831844-10 devstack@keystone.service[80553]: [pid: 80553|app: 0|req: 212/434] 10.222.0.17 () {58 vars in 1282 bytes} [Tue Jun 7 09:48:59 2022] GET /identity/v3/auth/tokens => generated 799 bytes in 368 msecs (HTTP/1.1 200) 6 headers in 358 bytes (1 switches on core 0)
Jun 07 09:48:59.524481 n-d-831844-10 devstack@keystone.service[80553]: DEBUG keystone.server.flask.request_processing.middleware.auth_context [None req-da3ed525-07d3-4797-ad23-b9fc0a35b8f2 None admin] Authenticating user token {{(pid=80553) process_request /usr/local/lib/python3.8/dist-packages/keystonemiddleware/auth_token/__init__.py:407}}
Jun 07 09:48:59.599262 n-d-831844-10 devstack@keystone.service[80554]: DEBUG keystone.server.flask.request_processing.middleware.auth_context [None req-f2276d23-7d29-4db1-b466-3203d1c5f49f None admin] Validating token access rules against request {{(pid=80554) validate_allowed_request /usr/local/lib/python3.8/dist-packages/keystonemiddleware/auth_token/__init__.py:545}}
Jun 07 09:48:59.610134 n-d-831844-10 devstack@keystone.service[80553]: DEBUG dbcounter [-] [80553] Writing DB stats keystone:SELECT=100 {{(pid=80553) stat_writer /usr/local/lib/python3.8/dist-packages/dbcounter.py:114}}
Jun 07 09:48:59.619542 n-d-831844-10 devstack@keystone.service[80554]: DEBUG dbcounter [-] [80554] Writing DB stats keystone:SELECT=100 {{(pid=80554) stat_writer /usr/local/lib/python3.8/dist-packages/dbcounter.py:114}}
Jun 07 09:48:59.637949 n-d-831844-10 devstack@keystone.service[80553]: DEBUG keystone.server.flask.request_processing.middleware.auth_context [None req-da3ed525-07d3-4797-ad23-b9fc0a35b8f2 None admin] Validating token access rules against request {{(pid=80553) validate_allowed_request /usr/local/lib/python3.8/dist-packages/keystonemiddleware/auth_token/__init__.py:545}}
Jun 07 09:48:59.644087 n-d-831844-10 devstack@keystone.service[80554]: DEBUG keystone.server.flask.request_processing.middleware.auth_context [None req-f0a03730-7e99-46ff-a5e0-9f899bccea1b None admin] RBAC: auth_context: {'token': , 'domain_id': None, 'trust_id': None, 'trustor_id': None, 'trustee_id': None, 'domain_name': None, 'group_ids': [], 'user_id': 'a94618452bae4dd9b7f48feb8f58632a', 'user_domain_id': 'default', 'system_scope': 'all', 'project_id': None, 'project_domain_id': None, 'roles': ['admin', 'member', 'reader'], 'is_admin_project': True, 'service_user_id': None, 'service_user_domain_id': None, 'service_project_id': None, 'service_project_domain_id': None, 'service_roles': []} {{(pid=80554) fill_context /opt/stack/keystone/keystone/server/flask/request_processing/middleware/auth_context.py:478}}
Jun 07 09:48:59.645013 n-d-831844-10 devstack@keystone.service[80554]: DEBUG keystone.server.flask.request_processing.req_logging [None req-f0a03730-7e99-46ff-a5e0-9f899bccea1b None admin] REQUEST_METHOD: `GET` {{(pid=80554) log_request_info /opt/stack/keystone/keystone/server/flask/request_processing/req_logging.py:27}}
Jun 07 09:48:59.645300 n-d-831844-10 devstack@keystone.service[80554]: DEBUG keystone.server.flask.request_processing.req_logging [None req-f0a03730-7e99-46ff-a5e0-9f899bccea1b None admin] SCRIPT_NAME: `/identity` {{(pid=80554) log_request_info /opt/stack/keystone/keystone/server/flask/request_processing/req_logging.py:28}}
Jun 07 09:48:59.645608 n-d-831844-10 devstack@keystone.service[80554]: DEBUG keystone.server.flask.request_processing.req_logging [None req-f0a03730-7e99-46ff-a5e0-9f899bccea1b None admin] PATH_INFO: `/v3/groups/92cca69219894853b1b8e349ba49cefd` {{(pid=80554) log_request_info /opt/stack/keystone/keystone/server/flask/request_processing/req_logging.py:29}}
Jun 07 09:48:59.648296 n-d-831844-10 devstack@keystone.service[80554]: DEBUG keystone.common.rbac_enforcer.enforcer [None req-f0a03730-7e99-46ff-a5e0-9f899bccea1b None admin] RBAC: Authorizing `identity:get_group(group_id=92cca69219894853b1b8e349ba49cefd)` {{(pid=80554) enforce_call /opt/stack/keystone/keystone/common/rbac_enforcer/enforcer.py:449}}
Jun 07 09:48:59.649982 n-d-831844-10 devstack@keystone.service[80554]: DEBUG keystone.common.rbac_enforcer.enforcer [None req-f0a03730-7e99-46ff-a5e0-9f899bccea1b None admin] RBAC: Authorization granted {{(pid=80554) enforce_call /opt/stack/keystone/keystone/common/rbac_enforcer/enforcer.py:457}}
Jun 07 09:48:59.652252 n-d-831844-10 devstack@keystone.service[80554]: [pid: 80554|app: 0|req: 223/435] 10.222.0.17 () {56 vars in 1180 bytes} [Tue Jun 7 09:48:59 2022] GET /identity/v3/groups/92cca69219894853b1b8e349ba49cefd => generated 226 bytes in 173 msecs (HTTP/1.1 200) 5 headers in 177 bytes (1 switches on core 0)
Jun 07 09:48:59.658651 n-d-831844-10 devstack@keystone.service[80554]: DEBUG keystone.server.flask.request_processing.middleware.auth_context [None req-f0a03730-7e99-46ff-a5e0-9f899bccea1b None admin] Authenticating user token {{(pid=80554) process_request /usr/local/lib/python3.8/dist-packages/keystonemiddleware/auth_token/__init__.py:407}}
Jun 07 09:48:59.681254 n-d-831844-10 devstack@keystone.service[80553]: DEBUG keystone.server.flask.request_processing.middleware.auth_context [None req-c22187ca-91d2-4d83-b6be-78b57f0f825f None admin] RBAC: auth_context: {'token': , 'domain_id': None, 'trust_id': None, 'trustor_id': None, 'trustee_id': None, 'domain_name': None, 'group_ids': [], 'user_id': 'a94618452bae4dd9b7f48feb8f58632a', 'user_domain_id': 'default', 'system_scope': 'all', 'project_id': None, 'project_domain_id': None, 'roles': ['admin', 'member', 'reader'], 'is_admin_project': True, 'service_user_id': None, 'service_user_domain_id': None, 'service_project_id': None, 'service_project_domain_id': None, 'service_roles': []} {{(pid=80553) fill_context /opt/stack/keystone/keystone/server/flask/request_processing/middleware/auth_context.py:478}}
Jun 07 09:48:59.682367 n-d-831844-10 devstack@keystone.service[80553]: DEBUG keystone.server.flask.request_processing.req_logging [None req-c22187ca-91d2-4d83-b6be-78b57f0f825f None admin] REQUEST_METHOD: `GET` {{(pid=80553) log_request_info /opt/stack/keystone/keystone/server/flask/request_processing/req_logging.py:27}}
Jun 07 09:48:59.682773 n-d-831844-10 devstack@keystone.service[80553]: DEBUG keystone.server.flask.request_processing.req_logging [None req-c22187ca-91d2-4d83-b6be-78b57f0f825f None admin] SCRIPT_NAME: `/identity` {{(pid=80553) log_request_info /opt/stack/keystone/keystone/server/flask/request_processing/req_logging.py:28}}
Jun 07 09:48:59.683170 n-d-831844-10 devstack@keystone.service[80553]: DEBUG keystone.server.flask.request_processing.req_logging [None req-c22187ca-91d2-4d83-b6be-78b57f0f825f None admin] PATH_INFO: `/v3/projects/f8e501d552b04f9da81e02bc75142610` {{(pid=80553) log_request_info /opt/stack/keystone/keystone/server/flask/request_processing/req_logging.py:29}}
Jun 07 09:48:59.684546 n-d-831844-10 devstack@keystone.service[80553]: DEBUG keystone.common.rbac_enforcer.enforcer [None req-c22187ca-91d2-4d83-b6be-78b57f0f825f None admin] RBAC: Authorizing `identity:get_project(project_id=f8e501d552b04f9da81e02bc75142610)` {{(pid=80553) enforce_call /opt/stack/keystone/keystone/common/rbac_enforcer/enforcer.py:449}}
Jun 07 09:48:59.686173 n-d-831844-10 devstack@keystone.service[80553]: DEBUG keystone.common.rbac_enforcer.enforcer [None req-c22187ca-91d2-4d83-b6be-78b57f0f825f None admin] RBAC: Authorization granted {{(pid=80553) enforce_call /opt/stack/keystone/keystone/common/rbac_enforcer/enforcer.py:457}}
Jun 07 09:48:59.688364 n-d-831844-10 devstack@keystone.service[80553]: [pid: 80553|app: 0|req: 213/436] 10.222.0.17 () {56 vars in 1186 bytes} [Tue Jun 7 09:48:59 2022] GET /identity/v3/projects/f8e501d552b04f9da81e02bc75142610 => generated 302 bytes in 164 msecs (HTTP/1.1 200) 5 headers in 177 bytes (2 switches on core 0)
Jun 07 09:48:59.694323 n-d-831844-10 devstack@keystone.service[80553]: DEBUG keystone.server.flask.request_processing.middleware.auth_context [None req-c22187ca-91d2-4d83-b6be-78b57f0f825f None admin] Authenticating user token {{(pid=80553) process_request /usr/local/lib/python3.8/dist-packages/keystonemiddleware/auth_token/__init__.py:407}}
Jun 07 09:48:59.769865 n-d-831844-10 devstack@keystone.service[80554]: DEBUG keystone.server.flask.request_processing.middleware.auth_context [None req-f0a03730-7e99-46ff-a5e0-9f899bccea1b None admin] Validating token access rules against request {{(pid=80554) validate_allowed_request /usr/local/lib/python3.8/dist-packages/keystonemiddleware/auth_token/__init__.py:545}}
Jun 07 09:48:59.803251 n-d-831844-10 devstack@keystone.service[80553]: DEBUG keystone.server.flask.request_processing.middleware.auth_context [None req-c22187ca-91d2-4d83-b6be-78b57f0f825f None admin] Validating token access rules against request {{(pid=80553) validate_allowed_request /usr/local/lib/python3.8/dist-packages/keystonemiddleware/auth_token/__init__.py:545}}
Jun 07 09:48:59.807550 n-d-831844-10 devstack@keystone.service[80554]: DEBUG keystone.server.flask.request_processing.middleware.auth_context [None req-c7795b45-84ed-466c-82b0-babb57f81465 None admin] RBAC: auth_context: {'token': , 'domain_id': None, 'trust_id': None, 'trustor_id': None, 'trustee_id': None, 'domain_name': None, 'group_ids': [], 'user_id': 'a94618452bae4dd9b7f48feb8f58632a', 'user_domain_id': 'default', 'system_scope': 'all', 'project_id': None, 'project_domain_id': None, 'roles': ['admin', 'member', 'reader'], 'is_admin_project': True, 'service_user_id': None, 'service_user_domain_id': None, 'service_project_id': None, 'service_project_domain_id': None, 'service_roles': []} {{(pid=80554) fill_context /opt/stack/keystone/keystone/server/flask/request_processing/middleware/auth_context.py:478}}
Jun 07 09:48:59.808205 n-d-831844-10 devstack@keystone.service[80554]: DEBUG keystone.server.flask.request_processing.req_logging [None req-c7795b45-84ed-466c-82b0-babb57f81465 None admin] REQUEST_METHOD: `GET` {{(pid=80554) log_request_info /opt/stack/keystone/keystone/server/flask/request_processing/req_logging.py:27}}
Jun 07 09:48:59.808568 n-d-831844-10 devstack@keystone.service[80554]: DEBUG keystone.server.flask.request_processing.req_logging [None req-c7795b45-84ed-466c-82b0-babb57f81465 None admin] SCRIPT_NAME: `/identity` {{(pid=80554) log_request_info /opt/stack/keystone/keystone/server/flask/request_processing/req_logging.py:28}}
Jun 07 09:48:59.808848 n-d-831844-10 devstack@keystone.service[80554]: DEBUG keystone.server.flask.request_processing.req_logging [None req-c7795b45-84ed-466c-82b0-babb57f81465 None admin] PATH_INFO: `/v3/role_assignments` {{(pid=80554) log_request_info /opt/stack/keystone/keystone/server/flask/request_processing/req_logging.py:29}}
Jun 07 09:48:59.809686 n-d-831844-10 devstack@keystone.service[80554]: DEBUG keystone.common.rbac_enforcer.enforcer [None req-c7795b45-84ed-466c-82b0-babb57f81465 None admin] RBAC: Adding query filter params (group.id=92cca69219894853b1b8e349ba49cefd, role.id=7523a75869de4dcfbf8f1f129528c783, scope.project.id=90b70939035d4b338d41c243a54dd017) {{(pid=80554) _extract_filter_values /opt/stack/keystone/keystone/common/rbac_enforcer/enforcer.py:167}}
Jun 07 09:48:59.809995 n-d-831844-10 devstack@keystone.service[80554]: DEBUG keystone.common.rbac_enforcer.enforcer [None req-c7795b45-84ed-466c-82b0-babb57f81465 None admin] RBAC: Authorizing `identity:list_role_assignments()` {{(pid=80554) enforce_call /opt/stack/keystone/keystone/common/rbac_enforcer/enforcer.py:449}}
Jun 07 09:48:59.811486 n-d-831844-10 devstack@keystone.service[80554]: DEBUG keystone.common.rbac_enforcer.enforcer [None req-c7795b45-84ed-466c-82b0-babb57f81465 None admin] RBAC: Authorization granted {{(pid=80554) enforce_call /opt/stack/keystone/keystone/common/rbac_enforcer/enforcer.py:457}}
Jun 07 09:48:59.819035 n-d-831844-10 devstack@keystone.service[80554]: [pid: 80554|app: 0|req: 224/437] 10.222.0.17 () {56 vars in 1376 bytes} [Tue Jun 7 09:48:59 2022] GET /identity/v3/role_assignments?group.id=92cca69219894853b1b8e349ba49cefd&scope.project.id=90b70939035d4b338d41c243a54dd017&role.id=7523a75869de4dcfbf8f1f129528c783 => generated 611 bytes in 161 msecs (HTTP/1.1 200) 5 headers in 177 bytes (1 switches on core 0)
Jun 07 09:48:59.841565 n-d-831844-10 devstack@keystone.service[80553]: DEBUG keystone.server.flask.request_processing.middleware.auth_context [None req-791729c3-71bd-4e5f-829c-0d5cd5e12268 None admin] RBAC: auth_context: {'token': , 'domain_id': None, 'trust_id': None, 'trustor_id': None, 'trustee_id': None, 'domain_name': None, 'group_ids': [], 'user_id': 'a94618452bae4dd9b7f48feb8f58632a', 'user_domain_id': 'default', 'system_scope': 'all', 'project_id': None, 'project_domain_id': None, 'roles': ['admin', 'member', 'reader'], 'is_admin_project': True, 'service_user_id': None, 'service_user_domain_id': None, 'service_project_id': None, 'service_project_domain_id': None, 'service_roles': []} {{(pid=80553) fill_context /opt/stack/keystone/keystone/server/flask/request_processing/middleware/auth_context.py:478}}
Jun 07 09:48:59.842483 n-d-831844-10 devstack@keystone.service[80553]: DEBUG keystone.server.flask.request_processing.req_logging [None req-791729c3-71bd-4e5f-829c-0d5cd5e12268 None admin] REQUEST_METHOD: `GET` {{(pid=80553) log_request_info /opt/stack/keystone/keystone/server/flask/request_processing/req_logging.py:27}}
Jun 07 09:48:59.842766 n-d-831844-10 devstack@keystone.service[80553]: DEBUG keystone.server.flask.request_processing.req_logging [None req-791729c3-71bd-4e5f-829c-0d5cd5e12268 None admin] SCRIPT_NAME: `/identity` {{(pid=80553) log_request_info /opt/stack/keystone/keystone/server/flask/request_processing/req_logging.py:28}}
Jun 07 09:48:59.843039 n-d-831844-10 devstack@keystone.service[80553]: DEBUG keystone.server.flask.request_processing.req_logging [None req-791729c3-71bd-4e5f-829c-0d5cd5e12268 None admin] PATH_INFO: `/v3/groups/92cca69219894853b1b8e349ba49cefd` {{(pid=80553) log_request_info /opt/stack/keystone/keystone/server/flask/request_processing/req_logging.py:29}}
Jun 07 09:48:59.844351 n-d-831844-10 devstack@keystone.service[80553]: DEBUG keystone.common.rbac_enforcer.enforcer [None req-791729c3-71bd-4e5f-829c-0d5cd5e12268 None admin] RBAC: Authorizing `identity:get_group(group_id=92cca69219894853b1b8e349ba49cefd)` {{(pid=80553) enforce_call /opt/stack/keystone/keystone/common/rbac_enforcer/enforcer.py:449}}
Jun 07 09:48:59.845847 n-d-831844-10 devstack@keystone.service[80553]: DEBUG keystone.common.rbac_enforcer.enforcer [None req-791729c3-71bd-4e5f-829c-0d5cd5e12268 None admin] RBAC: Authorization granted {{(pid=80553) enforce_call /opt/stack/keystone/keystone/common/rbac_enforcer/enforcer.py:457}}
Jun 07 09:48:59.847962 n-d-831844-10 devstack@keystone.service[80553]: [pid: 80553|app: 0|req: 214/438] 10.222.0.17 () {56 vars in 1180 bytes} [Tue Jun 7 09:48:59 2022] GET /identity/v3/groups/92cca69219894853b1b8e349ba49cefd => generated 226 bytes in 154 msecs (HTTP/1.1 200) 5 headers in 177 bytes (2 switches on core 0)
Jun 07 09:48:59.854214 n-d-831844-10 devstack@keystone.service[80554]: DEBUG keystone.server.flask.request_processing.middleware.auth_context [None req-c7795b45-84ed-466c-82b0-babb57f81465 None admin] Authenticating user token {{(pid=80554) process_request /usr/local/lib/python3.8/dist-packages/keystonemiddleware/auth_token/__init__.py:407}}
Jun 07 09:48:59.891426 n-d-831844-10 devstack@keystone.service[80554]: DEBUG dbcounter [-] [80554] Writing DB stats keystone:SELECT=100 {{(pid=80554) stat_writer /usr/local/lib/python3.8/dist-packages/dbcounter.py:114}}
Jun 07 09:48:59.973520 n-d-831844-10 devstack@keystone.service[80554]: DEBUG keystone.server.flask.request_processing.middleware.auth_context [None req-c7795b45-84ed-466c-82b0-babb57f81465 None admin] Validating token access rules against request {{(pid=80554) validate_allowed_request /usr/local/lib/python3.8/dist-packages/keystonemiddleware/auth_token/__init__.py:545}}
Jun 07 09:48:59.991825 n-d-831844-10 devstack@keystone.service[80553]: DEBUG keystone.server.flask.request_processing.req_logging [None req-83a2b9cf-94ad-40c3-95d1-e6022fb716df None None] REQUEST_METHOD: `GET` {{(pid=80553) log_request_info /opt/stack/keystone/keystone/server/flask/request_processing/req_logging.py:27}}
Jun 07 09:48:59.992149 n-d-831844-10 devstack@keystone.service[80553]: DEBUG keystone.server.flask.request_processing.req_logging [None req-83a2b9cf-94ad-40c3-95d1-e6022fb716df None None] SCRIPT_NAME: `/identity` {{(pid=80553) log_request_info /opt/stack/keystone/keystone/server/flask/request_processing/req_logging.py:28}}
Jun 07 09:48:59.992374 n-d-831844-10 devstack@keystone.service[80553]: DEBUG keystone.server.flask.request_processing.req_logging [None req-83a2b9cf-94ad-40c3-95d1-e6022fb716df None None] PATH_INFO: `/` {{(pid=80553) log_request_info /opt/stack/keystone/keystone/server/flask/request_processing/req_logging.py:29}}
Jun 07 09:48:59.994005 n-d-831844-10 devstack@keystone.service[80553]: [pid: 80553|app: 0|req: 215/439] 10.222.0.17 () {54 vars in 926 bytes} [Tue Jun 7 09:48:59 2022] GET /identity => generated 270 bytes in 3 msecs (HTTP/1.1 300) 6 headers in 234 bytes (2 switches on core 0)
Jun 07 09:48:59.999824 n-d-831844-10 devstack@keystone.service[80553]: DEBUG keystone.server.flask.request_processing.req_logging [None req-18f72e06-b558-4eac-b3c9-d08e6fe9b77f None None] REQUEST_METHOD: `POST` {{(pid=80553) log_request_info /opt/stack/keystone/keystone/server/flask/request_processing/req_logging.py:27}}
Jun 07 09:49:00.000114 n-d-831844-10 devstack@keystone.service[80553]: DEBUG keystone.server.flask.request_processing.req_logging [None req-18f72e06-b558-4eac-b3c9-d08e6fe9b77f None None] SCRIPT_NAME: `/identity` {{(pid=80553) log_request_info /opt/stack/keystone/keystone/server/flask/request_processing/req_logging.py:28}}
Jun 07 09:49:00.000385 n-d-831844-10 devstack@keystone.service[80553]: DEBUG keystone.server.flask.request_processing.req_logging [None req-18f72e06-b558-4eac-b3c9-d08e6fe9b77f None None] PATH_INFO: `/v3/auth/tokens` {{(pid=80553) log_request_info /opt/stack/keystone/keystone/server/flask/request_processing/req_logging.py:29}}
Jun 07 09:49:00.023349 n-d-831844-10 devstack@keystone.service[80554]: DEBUG keystone.server.flask.request_processing.middleware.auth_context [None req-51a0b0de-4b1b-499f-a038-4337e6341c68 None admin] RBAC: auth_context: {'token': , 'domain_id': None, 'trust_id': None, 'trustor_id': None, 'trustee_id': None, 'domain_name': None, 'group_ids': [], 'user_id': 'a94618452bae4dd9b7f48feb8f58632a', 'user_domain_id': 'default', 'system_scope': 'all', 'project_id': None, 'project_domain_id': None, 'roles': ['admin', 'member', 'reader'], 'is_admin_project': True, 'service_user_id': None, 'service_user_domain_id': None, 'service_project_id': None, 'service_project_domain_id': None, 'service_roles': []} {{(pid=80554) fill_context /opt/stack/keystone/keystone/server/flask/request_processing/middleware/auth_context.py:478}}
Jun 07 09:49:00.024028 n-d-831844-10 devstack@keystone.service[80554]: DEBUG keystone.server.flask.request_processing.req_logging [None req-51a0b0de-4b1b-499f-a038-4337e6341c68 None admin] REQUEST_METHOD: `GET` {{(pid=80554) log_request_info /opt/stack/keystone/keystone/server/flask/request_processing/req_logging.py:27}}
Jun 07 09:49:00.024311 n-d-831844-10 devstack@keystone.service[80554]: DEBUG keystone.server.flask.request_processing.req_logging [None req-51a0b0de-4b1b-499f-a038-4337e6341c68 None admin] SCRIPT_NAME: `/identity` {{(pid=80554) log_request_info /opt/stack/keystone/keystone/server/flask/request_processing/req_logging.py:28}}
Jun 07 09:49:00.024589 n-d-831844-10 devstack@keystone.service[80554]: DEBUG keystone.server.flask.request_processing.req_logging [None req-51a0b0de-4b1b-499f-a038-4337e6341c68 None admin] PATH_INFO: `/v3/role_assignments` {{(pid=80554) log_request_info /opt/stack/keystone/keystone/server/flask/request_processing/req_logging.py:29}}
Jun 07 09:49:00.025446 n-d-831844-10 devstack@keystone.service[80554]: DEBUG keystone.common.rbac_enforcer.enforcer [None req-51a0b0de-4b1b-499f-a038-4337e6341c68 None admin] RBAC: Adding query filter params (group.id=92cca69219894853b1b8e349ba49cefd, role.id=35b36089064a4b8596c1b39970692a0f, scope.project.id=f8e501d552b04f9da81e02bc75142610) {{(pid=80554) _extract_filter_values /opt/stack/keystone/keystone/common/rbac_enforcer/enforcer.py:167}}
Jun 07 09:49:00.025763 n-d-831844-10 devstack@keystone.service[80554]: DEBUG keystone.common.rbac_enforcer.enforcer [None req-51a0b0de-4b1b-499f-a038-4337e6341c68 None admin] RBAC: Authorizing `identity:list_role_assignments()` {{(pid=80554) enforce_call /opt/stack/keystone/keystone/common/rbac_enforcer/enforcer.py:449}}
Jun 07 09:49:00.027277 n-d-831844-10 devstack@keystone.service[80554]: DEBUG keystone.common.rbac_enforcer.enforcer [None req-51a0b0de-4b1b-499f-a038-4337e6341c68 None admin] RBAC: Authorization granted {{(pid=80554) enforce_call /opt/stack/keystone/keystone/common/rbac_enforcer/enforcer.py:457}}
Jun 07 09:49:00.028454 n-d-831844-10 devstack@keystone.service[80553]: DEBUG keystone.auth.core [None req-18f72e06-b558-4eac-b3c9-d08e6fe9b77f None None] MFA Rules not processed for user `a94618452bae4dd9b7f48feb8f58632a`. Rule list: `[]` (Enabled: `True`). {{(pid=80553) check_auth_methods_against_rules /opt/stack/keystone/keystone/auth/core.py:438}}
Jun 07 09:49:00.029925 n-d-831844-10 devstack@keystone.service[80553]: DEBUG keystone.common.fernet_utils [None req-18f72e06-b558-4eac-b3c9-d08e6fe9b77f None None] Loaded 2 Fernet keys from /etc/keystone/fernet-keys/, but `[fernet_tokens] max_active_keys = 3`; perhaps there have not been enough key rotations to reach `max_active_keys` yet? {{(pid=80553) load_keys /opt/stack/keystone/keystone/common/fernet_utils.py:286}}
Jun 07 09:49:00.040202 n-d-831844-10 devstack@keystone.service[80554]: [pid: 80554|app: 0|req: 225/440] 10.222.0.17 () {56 vars in 1376 bytes} [Tue Jun 7 09:48:59 2022] GET /identity/v3/role_assignments?group.id=92cca69219894853b1b8e349ba49cefd&scope.project.id=f8e501d552b04f9da81e02bc75142610&role.id=35b36089064a4b8596c1b39970692a0f => generated 611 bytes in 183 msecs (HTTP/1.1 200) 5 headers in 177 bytes (1 switches on core 0)
Jun 07 09:49:00.052522 n-d-831844-10 devstack@keystone.service[80553]: DEBUG dbcounter [-] [80553] Writing DB stats keystone:SELECT=100 {{(pid=80553) stat_writer /usr/local/lib/python3.8/dist-packages/dbcounter.py:114}}
Jun 07 09:49:00.060840 n-d-831844-10 devstack@keystone.service[80554]: DEBUG keystone.server.flask.request_processing.req_logging [None req-a0c20c9b-018f-4eab-9a38-76d0b31577d7 None None] REQUEST_METHOD: `GET` {{(pid=80554) log_request_info /opt/stack/keystone/keystone/server/flask/request_processing/req_logging.py:27}}
Jun 07 09:49:00.061472 n-d-831844-10 devstack@keystone.service[80554]: DEBUG keystone.server.flask.request_processing.req_logging [None req-a0c20c9b-018f-4eab-9a38-76d0b31577d7 None None] SCRIPT_NAME: `/identity` {{(pid=80554) log_request_info /opt/stack/keystone/keystone/server/flask/request_processing/req_logging.py:28}}
Jun 07 09:49:00.061756 n-d-831844-10 devstack@keystone.service[80554]: DEBUG keystone.server.flask.request_processing.req_logging [None req-a0c20c9b-018f-4eab-9a38-76d0b31577d7 None None] PATH_INFO: `/` {{(pid=80554) log_request_info /opt/stack/keystone/keystone/server/flask/request_processing/req_logging.py:29}}
Jun 07 09:49:00.063544 n-d-831844-10 devstack@keystone.service[80554]: [pid: 80554|app: 0|req: 226/441] 10.222.0.17 () {54 vars in 926 bytes} [Tue Jun 7 09:49:00 2022] GET /identity => generated 270 bytes in 4 msecs (HTTP/1.1 300) 6 headers in 234 bytes (1 switches on core 0)
Jun 07 09:49:00.071174 n-d-831844-10 devstack@keystone.service[80554]: DEBUG keystone.server.flask.request_processing.req_logging [None req-f24ddb76-8440-43aa-90c3-9c9e75b3f28c None None] REQUEST_METHOD: `POST` {{(pid=80554) log_request_info /opt/stack/keystone/keystone/server/flask/request_processing/req_logging.py:27}}
Jun 07 09:49:00.071488 n-d-831844-10 devstack@keystone.service[80554]: DEBUG keystone.server.flask.request_processing.req_logging [None req-f24ddb76-8440-43aa-90c3-9c9e75b3f28c None None] SCRIPT_NAME: `/identity` {{(pid=80554) log_request_info /opt/stack/keystone/keystone/server/flask/request_processing/req_logging.py:28}}
Jun 07 09:49:00.072210 n-d-831844-10 devstack@keystone.service[80554]: DEBUG keystone.server.flask.request_processing.req_logging [None req-f24ddb76-8440-43aa-90c3-9c9e75b3f28c None None] PATH_INFO: `/v3/auth/tokens` {{(pid=80554) log_request_info /opt/stack/keystone/keystone/server/flask/request_processing/req_logging.py:29}}
Jun 07 09:49:00.092188 n-d-831844-10 devstack@keystone.service[80554]: DEBUG keystone.auth.core [None req-f24ddb76-8440-43aa-90c3-9c9e75b3f28c None None] MFA Rules not processed for user `a94618452bae4dd9b7f48feb8f58632a`. Rule list: `[]` (Enabled: `True`). {{(pid=80554) check_auth_methods_against_rules /opt/stack/keystone/keystone/auth/core.py:438}}
Jun 07 09:49:00.093432 n-d-831844-10 devstack@keystone.service[80554]: DEBUG keystone.common.fernet_utils [None req-f24ddb76-8440-43aa-90c3-9c9e75b3f28c None None] Loaded 2 Fernet keys from /etc/keystone/fernet-keys/, but `[fernet_tokens] max_active_keys = 3`; perhaps there have not been enough key rotations to reach `max_active_keys` yet? {{(pid=80554) load_keys /opt/stack/keystone/keystone/common/fernet_utils.py:286}}
Jun 07 09:49:00.132010 n-d-831844-10 devstack@keystone.service[80553]: [pid: 80553|app: 0|req: 216/442] 10.222.0.17 () {58 vars in 1023 bytes} [Tue Jun 7 09:48:59 2022] POST /identity/v3/auth/tokens => generated 799 bytes in 133 msecs (HTTP/1.1 201) 6 headers in 363 bytes (1 switches on core 0)
Jun 07 09:49:00.156912 n-d-831844-10 devstack@keystone.service[80553]: DEBUG keystone.server.flask.request_processing.middleware.auth_context [None req-18f72e06-b558-4eac-b3c9-d08e6fe9b77f None None] Authenticating user token {{(pid=80553) process_request /usr/local/lib/python3.8/dist-packages/keystonemiddleware/auth_token/__init__.py:407}}
Jun 07 09:49:00.193961 n-d-831844-10 devstack@keystone.service[80554]: [pid: 80554|app: 0|req: 227/443] 10.222.0.17 () {58 vars in 1023 bytes} [Tue Jun 7 09:49:00 2022] POST /identity/v3/auth/tokens => generated 799 bytes in 124 msecs (HTTP/1.1 201) 6 headers in 363 bytes (2 switches on core 0)
