Mar 10 23:46:08.327765 n-d-831844-1 neutron-server[110427]: DEBUG neutron.db.l3_hamode_db [None req-88ddd3d7-e526-4b2a-b048-c28dcd90b1de None None] neutron.services.l3_router.l3_router_plugin.L3RouterPlugin method _process_sync_ha_data called with arguments (, [{'id': '6856e87f-19da-4f95-b177-f09064369de6', 'name': 'tempest-ServersWithSpecificFlavorTestJSON-1573298168-router', 'tenant_id': '693aba2499c2459593ea097a4b77a3b4', 'admin_state_up': True, 'status': 'ACTIVE', 'external_gateway_info': {'network_id': '7c544aab-c8cf-41ee-8ec4-cbfa94ad2d6b', 'external_fixed_ips': [{'subnet_id': 'a0d5857b-3eb5-4b1f-8d9d-92b9bfb6489d', 'ip_address': '172.25.7.22'}], 'enable_snat': True}, 'gw_port_id': '02a138c7-d4c0-4a18-bc74-5e3a21eac5fa', 'description': '', 'availability_zones': ['nova'], 'distributed': False, 'ha': False, 'ha_vr_id': 0, 'availability_zone_hints': [], 'routes': [], 'flavor_id': None, 'tags': [], 'created_at': '2022-03-10T23:45:59Z', 'updated_at': '2022-03-10T23:46:04Z', 'revision_number': 4, 'project_id': '693aba2499c2459593ea097a4b77a3b4', 'gw_port': {'id': '02a138c7-d4c0-4a18-bc74-5e3a21eac5fa', 'name': '', 'network_id': '7c544aab-c8cf-41ee-8ec4-cbfa94ad2d6b', 'tenant_id': '', 'mac_address': 'fa:16:3e:53:a4:7a', 'admin_state_up': True, 'status': 'ACTIVE', 'device_id': '6856e87f-19da-4f95-b177-f09064369de6', 'device_owner': 'network:router_gateway', 'standard_attr_id': 41, 'fixed_ips': [{'subnet_id': 'a0d5857b-3eb5-4b1f-8d9d-92b9bfb6489d', 'ip_address': '172.25.7.22', 'prefixlen': 24}], 'allowed_address_pairs': [], 'extra_dhcp_opts': [], 'security_groups': [], 'description': '', 'binding:vnic_type': 'normal', 'binding:profile': {}, 'binding:host_id': 'n-d-831844-1', 'binding:vif_type': 'ovs', 'binding:vif_details': {'connectivity': 'l2', 'port_filter': True, 'ovs_hybrid_plug': False, 'datapath_type': 'system', 'bridge_name': 'br-int', 'bound_drivers': {'0': 'openvswitch'}}, 'port_security_enabled': False, 'tags': [], 'created_at': '2022-03-10T23:46:00Z', 'updated_at': '2022-03-10T23:46:06Z', 'revision_number': 4, 'project_id': '', 'subnets': [{'id': 'a0d5857b-3eb5-4b1f-8d9d-92b9bfb6489d', 'cidr': '172.25.7.0/24', 'gateway_ip': '172.25.7.1', 'dns_nameservers': [], 'ipv6_ra_mode': None, 'subnetpool_id': None}], 'extra_subnets': [], 'address_scopes': {4: None, 6: None}, 'mtu': 1500}, 'enable_snat': True, 'gw_port_host': 'n-d-831844-1', '_interfaces': [{'id': '21cd80bc-24f2-41f6-9c95-d1d80bb91a7a', 'name': '', 'network_id': '6868b39a-f1f9-4f89-99ff-0896f0022b46', 'tenant_id': '693aba2499c2459593ea097a4b77a3b4', 'mac_address': 'fa:16:3e:9a:a9:9e', 'admin_state_up': True, 'status': 'DOWN', 'device_id': '6856e87f-19da-4f95-b177-f09064369de6', 'device_owner': 'network:router_interface', 'standard_attr_id': 42, 'fixed_ips': [{'subnet_id': '820338ba-8fda-4888-a239-3833294a1b0b', 'ip_address': '172.20.0.1', 'prefixlen': 28}], 'allowed_address_pairs': [], 'extra_dhcp_opts': [], 'security_groups': [], 'description': '', 'binding:vnic_type': 'normal', 'binding:profile': {}, 'binding:host_id': 'n-d-831844-1', 'binding:vif_type': 'ovs', 'binding:vif_details': {'connectivity': 'l2', 'port_filter': True, 'ovs_hybrid_plug': False, 'datapath_type': 'system', 'bridge_name': 'br-int', 'bound_drivers': {'0': 'openvswitch'}}, 'port_security_enabled': False, 'tags': [], 'created_at': '2022-03-10T23:46:02Z', 'updated_at': '2022-03-10T23:46:07Z', 'revision_number': 4, 'project_id': '693aba2499c2459593ea097a4b77a3b4', 'subnets': [{'id': '820338ba-8fda-4888-a239-3833294a1b0b', 'cidr': '172.20.0.0/28', 'gateway_ip': '172.20.0.1', 'dns_nameservers': [], 'ipv6_ra_mode': None, 'subnetpool_id': None}], 'extra_subnets': [], 'address_scopes': {4: None, 6: None}, 'mtu': 1500}]}], 'n-d-831844-1', False) {} {{(pid=110427) wrapper /usr/local/lib/python3.8/dist-packages/oslo_log/helpers.py:65}}
Mar 10 23:46:08.365877 n-d-831844-1 neutron-server[110427]: DEBUG neutron.api.rpc.handlers.l3_rpc [None req-88ddd3d7-e526-4b2a-b048-c28dcd90b1de None None] The sync data for ids ['6856e87f-19da-4f95-b177-f09064369de6'] in n-d-831844-1 is: [{'id': '6856e87f-19da-4f95-b177-f09064369de6', 'name': 'tempest-ServersWithSpecificFlavorTestJSON-1573298168-router', 'tenant_id': '693aba2499c2459593ea097a4b77a3b4', 'admin_state_up': True, 'status': 'ACTIVE', 'external_gateway_info': {'network_id': '7c544aab-c8cf-41ee-8ec4-cbfa94ad2d6b', 'external_fixed_ips': [{'subnet_id': 'a0d5857b-3eb5-4b1f-8d9d-92b9bfb6489d', 'ip_address': '172.25.7.22'}], 'enable_snat': True}, 'gw_port_id': '02a138c7-d4c0-4a18-bc74-5e3a21eac5fa', 'description': '', 'availability_zones': ['nova'], 'distributed': False, 'ha': False, 'ha_vr_id': 0, 'availability_zone_hints': [], 'routes': [], 'flavor_id': None, 'tags': [], 'created_at': '2022-03-10T23:45:59Z', 'updated_at': '2022-03-10T23:46:04Z', 'revision_number': 4, 'project_id': '693aba2499c2459593ea097a4b77a3b4', 'gw_port': {'id': '02a138c7-d4c0-4a18-bc74-5e3a21eac5fa', 'name': '', 'network_id': '7c544aab-c8cf-41ee-8ec4-cbfa94ad2d6b', 'tenant_id': '', 'mac_address': 'fa:16:3e:53:a4:7a', 'admin_state_up': True, 'status': 'ACTIVE', 'device_id': '6856e87f-19da-4f95-b177-f09064369de6', 'device_owner': 'network:router_gateway', 'standard_attr_id': 41, 'fixed_ips': [{'subnet_id': 'a0d5857b-3eb5-4b1f-8d9d-92b9bfb6489d', 'ip_address': '172.25.7.22', 'prefixlen': 24}], 'allowed_address_pairs': [], 'extra_dhcp_opts': [], 'security_groups': [], 'description': '', 'binding:vnic_type': 'normal', 'binding:profile': {}, 'binding:host_id': 'n-d-831844-1', 'binding:vif_type': 'ovs', 'binding:vif_details': {'connectivity': 'l2', 'port_filter': True, 'ovs_hybrid_plug': False, 'datapath_type': 'system', 'bridge_name': 'br-int', 'bound_drivers': {'0': 'openvswitch'}}, 'port_security_enabled': False, 'tags': [], 'created_at': '2022-03-10T23:46:00Z', 'updated_at': '2022-03-10T23:46:06Z', 'revision_number': 4, 'project_id': '', 'subnets': [{'id': 'a0d5857b-3eb5-4b1f-8d9d-92b9bfb6489d', 'cidr': '172.25.7.0/24', 'gateway_ip': '172.25.7.1', 'dns_nameservers': [], 'ipv6_ra_mode': None, 'subnetpool_id': None}], 'extra_subnets': [], 'address_scopes': {4: None, 6: None}, 'mtu': 1500}, 'enable_snat': True, 'gw_port_host': 'n-d-831844-1', '_interfaces': [{'id': '21cd80bc-24f2-41f6-9c95-d1d80bb91a7a', 'name': '', 'network_id': '6868b39a-f1f9-4f89-99ff-0896f0022b46', 'tenant_id': '693aba2499c2459593ea097a4b77a3b4', 'mac_address': 'fa:16:3e:9a:a9:9e', 'admin_state_up': True, 'status': 'DOWN', 'device_id': '6856e87f-19da-4f95-b177-f09064369de6', 'device_owner': 'network:router_interface', 'standard_attr_id': 42, 'fixed_ips': [{'subnet_id': '820338ba-8fda-4888-a239-3833294a1b0b', 'ip_address': '172.20.0.1', 'prefixlen': 28}], 'allowed_address_pairs': [], 'extra_dhcp_opts': [], 'security_groups': [], 'description': '', 'binding:vnic_type': 'normal', 'binding:profile': {}, 'binding:host_id': 'n-d-831844-1', 'binding:vif_type': 'ovs', 'binding:vif_details': {'connectivity': 'l2', 'port_filter': True, 'ovs_hybrid_plug': False, 'datapath_type': 'system', 'bridge_name': 'br-int', 'bound_drivers': {'0': 'openvswitch'}}, 'port_security_enabled': False, 'tags': [], 'created_at': '2022-03-10T23:46:02Z', 'updated_at': '2022-03-10T23:46:07Z', 'revision_number': 4, 'project_id': '693aba2499c2459593ea097a4b77a3b4', 'subnets': [{'id': '820338ba-8fda-4888-a239-3833294a1b0b', 'cidr': '172.20.0.0/28', 'gateway_ip': '172.20.0.1', 'dns_nameservers': [], 'ipv6_ra_mode': None, 'subnetpool_id': None}], 'extra_subnets': [], 'address_scopes': {4: None, 6: None}, 'mtu': 1500}]}] {{(pid=110427) sync_routers /opt/stack/neutron/neutron/api/rpc/handlers/l3_rpc.py:137}}
Mar 10 23:46:08.416359 n-d-831844-1 neutron-server[110426]: DEBUG neutron_lib.callbacks.manager [None req-dc5309d9-7038-456f-86c1-1cf40c54680a admin admin] Publish callbacks [] for security_group (63137662-b5a9-42d5-87a2-9a81377a3b9e), precommit_create {{(pid=110426) _notify_loop /usr/local/lib/python3.8/dist-packages/neutron_lib/callbacks/manager.py:176}}
Mar 10 23:46:08.427116 n-d-831844-1 neutron-server[110426]: DEBUG neutron_lib.callbacks.manager [None req-dc5309d9-7038-456f-86c1-1cf40c54680a admin admin] Publish callbacks ['neutron.plugins.ml2.ovo_rpc._ObjectChangeHandler.handle_event-741196'] for security_group (63137662-b5a9-42d5-87a2-9a81377a3b9e), after_create {{(pid=110426) _notify_loop /usr/local/lib/python3.8/dist-packages/neutron_lib/callbacks/manager.py:176}}
Mar 10 23:46:08.489999 n-d-831844-1 neutron-server[110426]: DEBUG neutron.plugins.ml2.drivers.helpers [None req-dc5309d9-7038-456f-86c1-1cf40c54680a admin admin] vlan segment allocate from pool success with {'vlan_id': 180, 'physical_network': 'physnet1'} {{(pid=110426) allocate_partially_specified_segment /opt/stack/neutron/neutron/plugins/ml2/drivers/helpers.py:153}}
Mar 10 23:46:08.516757 n-d-831844-1 neutron-server[110426]: DEBUG neutron_lib.callbacks.manager [None req-dc5309d9-7038-456f-86c1-1cf40c54680a admin admin] Publish callbacks ['neutron.plugins.ml2.plugin.Ml2Plugin._handle_segment_change-33150075'] for segment (414b1c54-ff05-4946-b727-d4c5cf96c16c), precommit_create {{(pid=110426) _notify_loop /usr/local/lib/python3.8/dist-packages/neutron_lib/callbacks/manager.py:176}}
Mar 10 23:46:08.517763 n-d-831844-1 neutron-server[110426]: INFO neutron.db.segments_db [None req-dc5309d9-7038-456f-86c1-1cf40c54680a admin admin] Added segment 414b1c54-ff05-4946-b727-d4c5cf96c16c of type vlan for network 3b149c55-a4ab-4fd3-be51-3349b0d13b45
Mar 10 23:46:08.519115 n-d-831844-1 neutron-server[110425]: DEBUG neutron_lib.callbacks.manager [None req-14dba7c8-9ea0-46a6-ba41-1b381a88a4f2 admin admin] Publish callbacks [] for security_group (ae97852e-d4b6-4212-998d-303e3ff6f7a2), precommit_create {{(pid=110425) _notify_loop /usr/local/lib/python3.8/dist-packages/neutron_lib/callbacks/manager.py:176}}
Mar 10 23:46:08.531940 n-d-831844-1 neutron-server[110425]: DEBUG neutron_lib.callbacks.manager [None req-14dba7c8-9ea0-46a6-ba41-1b381a88a4f2 admin admin] Publish callbacks ['neutron.plugins.ml2.ovo_rpc._ObjectChangeHandler.handle_event-741196'] for security_group (ae97852e-d4b6-4212-998d-303e3ff6f7a2), after_create {{(pid=110425) _notify_loop /usr/local/lib/python3.8/dist-packages/neutron_lib/callbacks/manager.py:176}}
Mar 10 23:46:08.581428 n-d-831844-1 neutron-server[110425]: INFO neutron.wsgi [None req-14dba7c8-9ea0-46a6-ba41-1b381a88a4f2 admin admin] 10.222.0.21 "GET /v2.0/security-groups?tenant_id=cb025b6844f848a1a04b6bfa63e114f1&name=default HTTP/1.1" status: 200 len: 2992 time: 0.3844464
Mar 10 23:46:08.582147 n-d-831844-1 neutron-server[110425]: DEBUG neutron.api.rpc.handlers.resources_rpc [None req-14dba7c8-9ea0-46a6-ba41-1b381a88a4f2 admin admin] Pushing event updated for resources: {'SecurityGroup': ['ID=ae97852e-d4b6-4212-998d-303e3ff6f7a2,revision_number=1']} {{(pid=110425) push /opt/stack/neutron/neutron/api/rpc/handlers/resources_rpc.py:237}}
Mar 10 23:46:08.585378 n-d-831844-1 neutron-server[110425]: DEBUG neutron.wsgi [-] (110425) accepted ('10.222.0.21', 33516) {{(pid=110425) server /usr/local/lib/python3.8/dist-packages/eventlet/wsgi.py:1004}}
Mar 10 23:46:08.642152 n-d-831844-1 neutron-server[110425]: DEBUG neutron_lib.callbacks.manager [None req-f5b6dadc-5648-4f5a-8a89-a192b3f4fbb9 admin admin] Publish callbacks [] for security_group (ae97852e-d4b6-4212-998d-303e3ff6f7a2), before_delete {{(pid=110425) _notify_loop /usr/local/lib/python3.8/dist-packages/neutron_lib/callbacks/manager.py:176}}
Mar 10 23:46:08.651657 n-d-831844-1 neutron-server[110426]: DEBUG neutron.api.rpc.handlers.resources_rpc [None req-dc5309d9-7038-456f-86c1-1cf40c54680a admin admin] Pushing event updated for resources: {'SecurityGroup': ['ID=63137662-b5a9-42d5-87a2-9a81377a3b9e,revision_number=1']} {{(pid=110426) push /opt/stack/neutron/neutron/api/rpc/handlers/resources_rpc.py:237}}
Mar 10 23:46:08.657278 n-d-831844-1 neutron-server[110426]: DEBUG neutron_lib.callbacks.manager [None req-dc5309d9-7038-456f-86c1-1cf40c54680a admin admin] Publish callbacks ['neutron.services.auto_allocate.db._ensure_external_network_default_value_callback-8744200472513'] for network (3b149c55-a4ab-4fd3-be51-3349b0d13b45), precommit_create {{(pid=110426) _notify_loop /usr/local/lib/python3.8/dist-packages/neutron_lib/callbacks/manager.py:176}}
Mar 10 23:46:08.673348 n-d-831844-1 neutron-server[110425]: DEBUG neutron_lib.callbacks.manager [None req-f5b6dadc-5648-4f5a-8a89-a192b3f4fbb9 admin admin] Publish callbacks [] for security_group (ae97852e-d4b6-4212-998d-303e3ff6f7a2), precommit_delete {{(pid=110425) _notify_loop /usr/local/lib/python3.8/dist-packages/neutron_lib/callbacks/manager.py:176}}
Mar 10 23:46:08.716435 n-d-831844-1 neutron-server[110426]: DEBUG neutron_lib.callbacks.manager [None req-dc5309d9-7038-456f-86c1-1cf40c54680a admin admin] Publish callbacks ['neutron.plugins.ml2.ovo_rpc._ObjectChangeHandler.handle_event-750738', 'neutron.api.rpc.agentnotifiers.dhcp_rpc_agent_api.DhcpAgentNotifyAPI._native_event_send_dhcp_notification-632471'] for network (3b149c55-a4ab-4fd3-be51-3349b0d13b45), after_create {{(pid=110426) _notify_loop /usr/local/lib/python3.8/dist-packages/neutron_lib/callbacks/manager.py:176}}
Mar 10 23:46:08.720954 n-d-831844-1 neutron-server[110426]: DEBUG neutron.pecan_wsgi.hooks.policy_enforcement [None req-dc5309d9-7038-456f-86c1-1cf40c54680a admin admin] Attributes excluded by policy engine: ['standard_attr_id', 'vlan_transparent'] {{(pid=110426) _exclude_attributes_by_policy /opt/stack/neutron/neutron/pecan_wsgi/hooks/policy_enforcement.py:255}}
Mar 10 23:46:08.721725 n-d-831844-1 neutron-server[110426]: DEBUG neutron_lib.callbacks.manager [None req-dc5309d9-7038-456f-86c1-1cf40c54680a admin admin] Publish callbacks ['neutron.api.rpc.agentnotifiers.dhcp_rpc_agent_api.DhcpAgentNotifyAPI._send_dhcp_notification-632457'] for network (None), before_response {{(pid=110426) _notify_loop /usr/local/lib/python3.8/dist-packages/neutron_lib/callbacks/manager.py:176}}
Mar 10 23:46:08.727680 n-d-831844-1 neutron-server[110427]: DEBUG neutron.db.provisioning_blocks [None req-c484e3f5-d94b-4f03-b7fe-b878bf2a1ef8 None None] Provisioning complete for port 02a138c7-d4c0-4a18-bc74-5e3a21eac5fa triggered by entity L2. {{(pid=110427) provisioning_complete /opt/stack/neutron/neutron/db/provisioning_blocks.py:140}}
Mar 10 23:46:08.728161 n-d-831844-1 neutron-server[110427]: DEBUG neutron_lib.callbacks.manager [None req-c484e3f5-d94b-4f03-b7fe-b878bf2a1ef8 None None] Publish callbacks ['neutron.plugins.ml2.plugin.Ml2Plugin._port_provisioned-33275126'] for port (02a138c7-d4c0-4a18-bc74-5e3a21eac5fa), provisioning_complete {{(pid=110427) _notify_loop /usr/local/lib/python3.8/dist-packages/neutron_lib/callbacks/manager.py:176}}
Mar 10 23:46:08.775863 n-d-831844-1 neutron-server[110426]: INFO neutron.wsgi [None req-dc5309d9-7038-456f-86c1-1cf40c54680a admin admin] 10.222.0.21 "POST /v2.0/networks HTTP/1.1" status: 201 len: 896 time: 0.6751430
Mar 10 23:46:08.777599 n-d-831844-1 neutron-server[110425]: DEBUG neutron.wsgi [-] (110425) accepted ('10.222.0.21', 33532) {{(pid=110425) server /usr/local/lib/python3.8/dist-packages/eventlet/wsgi.py:1004}}
Mar 10 23:46:08.785246 n-d-831844-1 neutron-server[110425]: DEBUG neutron.api.v2.base [None req-006eb9db-aee4-42b9-b59a-2253209254d7 admin admin] Request body: {'subnet': {'network_id': '3b149c55-a4ab-4fd3-be51-3349b0d13b45', 'cidr': '172.20.0.0/28', 'name': 'tempest-ServersWithSpecificFlavorTestJSON-613478148-subnet', 'tenant_id': '216d79da8069400b9854fc42d966b41e', 'enable_dhcp': True, 'ip_version': 4}} {{(pid=110425) prepare_request_body /opt/stack/neutron/neutron/api/v2/base.py:729}}
Mar 10 23:46:08.810468 n-d-831844-1 neutron-server[110425]: DEBUG neutron_lib.callbacks.manager [None req-f5b6dadc-5648-4f5a-8a89-a192b3f4fbb9 admin admin] Publish callbacks ['neutron.plugins.ml2.ovo_rpc._ObjectChangeHandler.handle_event-741196'] for security_group (ae97852e-d4b6-4212-998d-303e3ff6f7a2), after_delete {{(pid=110425) _notify_loop /usr/local/lib/python3.8/dist-packages/neutron_lib/callbacks/manager.py:176}}
Mar 10 23:46:08.814602 n-d-831844-1 neutron-server[110425]: DEBUG neutron_lib.callbacks.manager [None req-f5b6dadc-5648-4f5a-8a89-a192b3f4fbb9 admin admin] Publish callbacks [] for security_group (None), before_response {{(pid=110425) _notify_loop /usr/local/lib/python3.8/dist-packages/neutron_lib/callbacks/manager.py:176}}
Mar 10 23:46:08.815863 n-d-831844-1 neutron-server[110425]: INFO neutron.wsgi [None req-f5b6dadc-5648-4f5a-8a89-a192b3f4fbb9 admin admin] 10.222.0.21 "DELETE /v2.0/security-groups/ae97852e-d4b6-4212-998d-303e3ff6f7a2 HTTP/1.1" status: 204 len: 168 time: 0.2294247
Mar 10 23:46:08.819015 n-d-831844-1 neutron-server[110425]: DEBUG neutron.pecan_wsgi.hooks.quota_enforcement [None req-006eb9db-aee4-42b9-b59a-2253209254d7 admin admin] Made reservation on behalf of 216d79da8069400b9854fc42d966b41e for: {'subnet': 1} {{(pid=110425) before /opt/stack/neutron/neutron/pecan_wsgi/hooks/quota_enforcement.py:53}}
Mar 10 23:46:08.821680 n-d-831844-1 neutron-server[110425]: DEBUG neutron_lib.callbacks.manager [None req-006eb9db-aee4-42b9-b59a-2253209254d7 admin admin] Publish callbacks [] for subnet (None), before_create {{(pid=110425) _notify_loop /usr/local/lib/python3.8/dist-packages/neutron_lib/callbacks/manager.py:176}}
Mar 10 23:46:08.830488 n-d-831844-1 neutron-server[110425]: DEBUG neutron.api.rpc.handlers.resources_rpc [None req-f5b6dadc-5648-4f5a-8a89-a192b3f4fbb9 admin admin] Pushing event deleted for resources: {'SecurityGroup': ['ID=ae97852e-d4b6-4212-998d-303e3ff6f7a2,revision_number=None']} {{(pid=110425) push /opt/stack/neutron/neutron/api/rpc/handlers/resources_rpc.py:237}}
Mar 10 23:46:08.883936 n-d-831844-1 neutron-server[110426]: DEBUG neutron.api.rpc.handlers.resources_rpc [None req-dc5309d9-7038-456f-86c1-1cf40c54680a admin admin] Pushing event updated for resources: {'Network': ['ID=3b149c55-a4ab-4fd3-be51-3349b0d13b45,revision_number=1']} {{(pid=110426) push /opt/stack/neutron/neutron/api/rpc/handlers/resources_rpc.py:237}}
Mar 10 23:46:08.903244 n-d-831844-1 neutron-server[110427]: DEBUG neutron.plugins.ml2.rpc [None req-c484e3f5-d94b-4f03-b7fe-b878bf2a1ef8 None None] Network 3b149c55-a4ab-4fd3-be51-3349b0d13b45 details requested by agent ovs-agent-n-d-831844-1 with host n-d-831844-1 {{(pid=110427) get_network_details /opt/stack/neutron/neutron/plugins/ml2/rpc.py:248}}
Mar 10 23:46:08.971305 n-d-831844-1 neutron-server[110427]: DEBUG neutron.plugins.ml2.plugin [None req-455dce95-60fb-4781-a061-53a1a107255d None None] Current status of the port 21cd80bc-24f2-41f6-9c95-d1d80bb91a7a is: ACTIVE; New status is: ACTIVE {{(pid=110427) _update_individual_port_db_status /opt/stack/neutron/neutron/plugins/ml2/plugin.py:2232}}
Mar 10 23:46:09.086630 n-d-831844-1 neutron-server[110427]: DEBUG neutron.plugins.ml2.plugin [None req-c484e3f5-d94b-4f03-b7fe-b878bf2a1ef8 None None] Current status of the port 02a138c7-d4c0-4a18-bc74-5e3a21eac5fa is: ACTIVE; New status is: ACTIVE {{(pid=110427) _update_individual_port_db_status /opt/stack/neutron/neutron/plugins/ml2/plugin.py:2232}}
Mar 10 23:46:09.171024 n-d-831844-1 neutron-server[110425]: DEBUG neutron_lib.callbacks.manager [None req-006eb9db-aee4-42b9-b59a-2253209254d7 admin admin] Publish callbacks ['neutron.plugins.ml2.ovo_rpc._ObjectChangeHandler.handle_event-16922', 'neutron.api.rpc.agentnotifiers.dhcp_rpc_agent_api.DhcpAgentNotifyAPI._native_event_send_dhcp_notification-632471'] for subnet (d75751d3-f3f6-449b-9a35-0a6ee27b17b4), after_create {{(pid=110425) _notify_loop /usr/local/lib/python3.8/dist-packages/neutron_lib/callbacks/manager.py:176}}
Mar 10 23:46:09.190880 n-d-831844-1 neutron-server[110427]: DEBUG neutron_lib.callbacks.manager [None req-37e08132-07de-4ace-a270-1dd0e238a4ab None None] Publish callbacks ['neutron.services.segments.db._update_segment_host_mapping_for_agent-8744200782852', 'neutron.plugins.ml2.plugin.Ml2Plugin._retry_binding_revived_agents-33274644'] for agent (448bc7c0-e4ef-4742-a7b8-9ab81a8785ae), after_update {{(pid=110427) _notify_loop /usr/local/lib/python3.8/dist-packages/neutron_lib/callbacks/manager.py:176}}
Mar 10 23:46:09.242015 n-d-831844-1 neutron-server[110425]: DEBUG neutron.api.rpc.handlers.resources_rpc [None req-006eb9db-aee4-42b9-b59a-2253209254d7 admin admin] Pushing event updated for resources: {'Subnet': ['ID=d75751d3-f3f6-449b-9a35-0a6ee27b17b4,revision_number=0']} {{(pid=110425) push /opt/stack/neutron/neutron/api/rpc/handlers/resources_rpc.py:237}}
Mar 10 23:46:09.254777 n-d-831844-1 neutron-server[110425]: DEBUG neutron.plugins.ml2.drivers.mech_agent [None req-006eb9db-aee4-42b9-b59a-2253209254d7 admin admin] Checking segment: {'id': '414b1c54-ff05-4946-b727-d4c5cf96c16c', 'network_type': 'vlan', 'physical_network': 'physnet1', 'segmentation_id': 180, 'network_id': '3b149c55-a4ab-4fd3-be51-3349b0d13b45'} for mappings: {'physnet1': 'br-data'} with network types: ['local', 'flat', 'vlan'] {{(pid=110425) check_segment_for_agent /opt/stack/neutron/neutron/plugins/ml2/drivers/mech_agent.py:373}}
Mar 10 23:46:09.255182 n-d-831844-1 neutron-server[110425]: DEBUG neutron.scheduler.dhcp_agent_scheduler [None req-006eb9db-aee4-42b9-b59a-2253209254d7 admin admin] Network hostable DHCP agents. Network: 3b149c55-a4ab-4fd3-be51-3349b0d13b45, hostable agents: ['e0ba50cc-2f49-4f52-ab92-1afadae33186'], hosted agents: [] {{(pid=110425) _get_network_hostable_dhcp_agents /opt/stack/neutron/neutron/scheduler/dhcp_agent_scheduler.py:329}}
Mar 10 23:46:09.284197 n-d-831844-1 neutron-server[110425]: DEBUG neutron.scheduler.dhcp_agent_scheduler [None req-006eb9db-aee4-42b9-b59a-2253209254d7 admin admin] Network 3b149c55-a4ab-4fd3-be51-3349b0d13b45 is scheduled to be hosted by DHCP agent e0ba50cc-2f49-4f52-ab92-1afadae33186 with binding_index 1 {{(pid=110425) bind /opt/stack/neutron/neutron/scheduler/dhcp_agent_scheduler.py:227}}
Mar 10 23:46:09.301530 n-d-831844-1 neutron-server[110425]: DEBUG neutron.scheduler.base_scheduler [None req-006eb9db-aee4-42b9-b59a-2253209254d7 admin admin] Resources bound (agent type, host, resource id): (DHCP agent, n-d-831844-1, 3b149c55-a4ab-4fd3-be51-3349b0d13b45) {{(pid=110425) schedule /opt/stack/neutron/neutron/scheduler/base_scheduler.py:57}}
Mar 10 23:46:09.305915 n-d-831844-1 neutron-server[110425]: DEBUG neutron.pecan_wsgi.hooks.policy_enforcement [None req-006eb9db-aee4-42b9-b59a-2253209254d7 admin admin] Attributes excluded by policy engine: ['standard_attr_id', 'shared', 'network'] {{(pid=110425) _exclude_attributes_by_policy /opt/stack/neutron/neutron/pecan_wsgi/hooks/policy_enforcement.py:255}}
Mar 10 23:46:09.306652 n-d-831844-1 neutron-server[110425]: DEBUG neutron_lib.callbacks.manager [None req-006eb9db-aee4-42b9-b59a-2253209254d7 admin admin] Publish callbacks ['neutron.api.rpc.agentnotifiers.dhcp_rpc_agent_api.DhcpAgentNotifyAPI._send_dhcp_notification-632457'] for subnet (None), before_response {{(pid=110425) _notify_loop /usr/local/lib/python3.8/dist-packages/neutron_lib/callbacks/manager.py:176}}
Mar 10 23:46:09.319527 n-d-831844-1 neutron-server[110427]: DEBUG neutron.api.rpc.handlers.dhcp_rpc [None req-02c3b680-71b4-4e6d-a7f2-4ef7b9dbe3dd None None] Network 3b149c55-a4ab-4fd3-be51-3349b0d13b45 requested from n-d-831844-1 {{(pid=110427) get_network_info /opt/stack/neutron/neutron/api/rpc/handlers/dhcp_rpc.py:191}}
Mar 10 23:46:09.335828 n-d-831844-1 neutron-server[110425]: INFO neutron.wsgi [None req-006eb9db-aee4-42b9-b59a-2253209254d7 admin admin] 10.222.0.21 "POST /v2.0/subnets HTTP/1.1" status: 201 len: 859 time: 0.5546434
Mar 10 23:46:09.336119 n-d-831844-1 neutron-server[110426]: DEBUG neutron.wsgi [-] (110426) accepted ('10.222.0.21', 33554) {{(pid=110426) server /usr/local/lib/python3.8/dist-packages/eventlet/wsgi.py:1004}}
Mar 10 23:46:09.341072 n-d-831844-1 neutron-server[110426]: DEBUG neutron.api.v2.base [None req-e3001185-6533-4e74-89f8-ccc26640723a admin admin] Request body: {'router': {'name': 'tempest-ServersWithSpecificFlavorTestJSON-613478148-router', 'tenant_id': '216d79da8069400b9854fc42d966b41e', 'external_gateway_info': {'network_id': '7c544aab-c8cf-41ee-8ec4-cbfa94ad2d6b'}}} {{(pid=110426) prepare_request_body /opt/stack/neutron/neutron/api/v2/base.py:729}}
Mar 10 23:46:09.378432 n-d-831844-1 neutron-server[110426]: DEBUG neutron_lib.callbacks.manager [None req-e3001185-6533-4e74-89f8-ccc26640723a admin admin] Publish callbacks ['neutron.services.l3_router.l3_router_plugin.L3_HA_NAT_db_mixin._before_router_create_handler-542759', 'neutron.services.l3_router.service_providers.driver_controller.DriverController._check_router_request-15768'] for router (c211db03-43ef-46bf-bb73-8b479b36f10d), before_create {{(pid=110426) _notify_loop /usr/local/lib/python3.8/dist-packages/neutron_lib/callbacks/manager.py:176}}
Mar 10 23:46:09.379992 n-d-831844-1 neutron-server[110426]: DEBUG neutron_lib.callbacks.manager [None req-e3001185-6533-4e74-89f8-ccc26640723a admin admin] Publish callbacks ['neutron.services.l3_router.l3_router_plugin.L3_HA_NAT_db_mixin._precommit_router_create-542867', 'neutron.services.l3_router.l3_router_plugin.DVRResourceOperationHandler._set_distributed_flag-546929', 'neutron.services.l3_router.l3_router_plugin.RouterAvailabilityZoneMixin._process_az_request-744678', 'neutron.services.l3_router.service_providers.driver_controller.DriverController._set_router_provider-15759'] for router (c211db03-43ef-46bf-bb73-8b479b36f10d), precommit_create {{(pid=110426) _notify_loop /usr/local/lib/python3.8/dist-packages/neutron_lib/callbacks/manager.py:176}}
Mar 10 23:46:09.468032 n-d-831844-1 neutron-server[110427]: DEBUG neutron.api.rpc.handlers.dhcp_rpc [None req-05c8d54a-c370-4677-99a4-75c161361f54 None None] Create dhcp port {'port': {'name': '', 'admin_state_up': True, 'device_id': 'dhcpc07fe7fa-af74-5193-a84e-44307f02f35d-3b149c55-a4ab-4fd3-be51-3349b0d13b45', 'network_id': '3b149c55-a4ab-4fd3-be51-3349b0d13b45', 'project_id': '216d79da8069400b9854fc42d966b41e', 'fixed_ips': [{'subnet_id': 'd75751d3-f3f6-449b-9a35-0a6ee27b17b4'}]}} from n-d-831844-1. {{(pid=110427) create_dhcp_port /opt/stack/neutron/neutron/api/rpc/handlers/dhcp_rpc.py:268}}
Mar 10 23:46:09.471624 n-d-831844-1 neutron-server[110427]: DEBUG neutron_lib.callbacks.manager [None req-05c8d54a-c370-4677-99a4-75c161361f54 None None] Publish callbacks ['neutron.plugins.ml2.plugin.SecurityGroupDbMixin._ensure_default_security_group_handler-33135544'] for port (None), before_create {{(pid=110427) _notify_loop /usr/local/lib/python3.8/dist-packages/neutron_lib/callbacks/manager.py:176}}
Mar 10 23:46:09.534223 n-d-831844-1 neutron-server[110425]: DEBUG neutron.wsgi [-] (110425) accepted ('10.222.0.21', 33560) {{(pid=110425) server /usr/local/lib/python3.8/dist-packages/eventlet/wsgi.py:1004}}
Mar 10 23:46:09.626915 n-d-831844-1 neutron-server[110426]: DEBUG neutron_lib.callbacks.manager [None req-e3001185-6533-4e74-89f8-ccc26640723a admin admin] Publish callbacks [] for router_controller (c211db03-43ef-46bf-bb73-8b479b36f10d), precommit_add_association {{(pid=110426) _notify_loop /usr/local/lib/python3.8/dist-packages/neutron_lib/callbacks/manager.py:176}}
Mar 10 23:46:09.764752 n-d-831844-1 neutron-server[110427]: DEBUG neutron.db.db_base_plugin_common [None req-05c8d54a-c370-4677-99a4-75c161361f54 None None] Allocated IP 172.20.0.2 (3b149c55-a4ab-4fd3-be51-3349b0d13b45/d75751d3-f3f6-449b-9a35-0a6ee27b17b4/ecb26b51-4041-42f3-bfe0-35b352543fb7) {{(pid=110427) _store_ip_allocation /opt/stack/neutron/neutron/db/db_base_plugin_common.py:131}}
Mar 10 23:46:10.014407 n-d-831844-1 neutron-server[110427]: DEBUG neutron_lib.callbacks.manager [None req-05c8d54a-c370-4677-99a4-75c161361f54 None None] Publish callbacks [] for port (ecb26b51-4041-42f3-bfe0-35b352543fb7), precommit_create {{(pid=110427) _notify_loop /usr/local/lib/python3.8/dist-packages/neutron_lib/callbacks/manager.py:176}}
Mar 10 23:46:10.025992 n-d-831844-1 neutron-server[110427]: DEBUG neutron_lib.callbacks.manager [None req-05c8d54a-c370-4677-99a4-75c161361f54 None None] Publish callbacks ['neutron.plugins.ml2.plugin.SecurityGroupServerNotifierRpcMixin._notify_sg_on_port_change-33135380', 'neutron.plugins.ml2.ovo_rpc._ObjectChangeHandler.handle_event-28001', 'neutron.api.rpc.agentnotifiers.dhcp_rpc_agent_api.DhcpAgentNotifyAPI._native_event_send_dhcp_notification-632471', 'neutron.db.l3_dvrscheduler_db._notify_l3_agent_new_port-8744200455006'] for port (ecb26b51-4041-42f3-bfe0-35b352543fb7), after_create {{(pid=110427) _notify_loop /usr/local/lib/python3.8/dist-packages/neutron_lib/callbacks/manager.py:176}}
Mar 10 23:46:10.074085 n-d-831844-1 neutron-server[110427]: DEBUG neutron.api.rpc.handlers.resources_rpc [None req-05c8d54a-c370-4677-99a4-75c161361f54 None None] Pushing event updated for resources: {'Port': ['ID=ecb26b51-4041-42f3-bfe0-35b352543fb7,revision_number=1']} {{(pid=110427) push /opt/stack/neutron/neutron/api/rpc/handlers/resources_rpc.py:237}}
Mar 10 23:46:10.094142 n-d-831844-1 neutron-server[110427]: DEBUG neutron.scheduler.dhcp_agent_scheduler [None req-05c8d54a-c370-4677-99a4-75c161361f54 None None] Network 3b149c55-a4ab-4fd3-be51-3349b0d13b45 is already hosted by enough agents. {{(pid=110427) _get_dhcp_agents_hosting_network /opt/stack/neutron/neutron/scheduler/dhcp_agent_scheduler.py:275}}
Mar 10 23:46:10.095203 n-d-831844-1 neutron-server[110427]: DEBUG neutron.scheduler.base_scheduler [None req-05c8d54a-c370-4677-99a4-75c161361f54 None None] Resources bound (agent type, host, resource id): {{(pid=110427) schedule /opt/stack/neutron/neutron/scheduler/base_scheduler.py:57}}
Mar 10 23:46:10.098746 n-d-831844-1 neutron-server[110427]: DEBUG neutron.db.l3_dvrscheduler_db [None req-05c8d54a-c370-4677-99a4-75c161361f54 None None] Received port after_create {{(pid=110427) _notify_l3_agent_new_port /opt/stack/neutron/neutron/db/l3_dvrscheduler_db.py:536}}
Mar 10 23:46:10.182194 n-d-831844-1 neutron-server[110426]: DEBUG neutron_lib.callbacks.manager [None req-e3001185-6533-4e74-89f8-ccc26640723a admin admin] Publish callbacks [] for router_gateway (c211db03-43ef-46bf-bb73-8b479b36f10d), precommit_update {{(pid=110426) _notify_loop /usr/local/lib/python3.8/dist-packages/neutron_lib/callbacks/manager.py:176}}
Mar 10 23:46:10.238203 n-d-831844-1 neutron-server[110427]: DEBUG neutron.plugins.ml2.managers [None req-05c8d54a-c370-4677-99a4-75c161361f54 None None] Attempting to bind port ecb26b51-4041-42f3-bfe0-35b352543fb7 on host n-d-831844-1 for vnic_type normal with profile {{(pid=110427) bind_port /opt/stack/neutron/neutron/plugins/ml2/managers.py:795}}
Mar 10 23:46:10.238575 n-d-831844-1 neutron-server[110427]: DEBUG neutron.plugins.ml2.managers [None req-05c8d54a-c370-4677-99a4-75c161361f54 None None] Attempting to bind port ecb26b51-4041-42f3-bfe0-35b352543fb7 by drivers openvswitch,hyperv on host n-d-831844-1 at level 0 using segments [{'id': '414b1c54-ff05-4946-b727-d4c5cf96c16c', 'network_type': 'vlan', 'physical_network': 'physnet1', 'segmentation_id': 180, 'network_id': '3b149c55-a4ab-4fd3-be51-3349b0d13b45'}] {{(pid=110427) _bind_port_level /opt/stack/neutron/neutron/plugins/ml2/managers.py:820}}
Mar 10 23:46:10.238936 n-d-831844-1 neutron-server[110427]: DEBUG neutron.plugins.ml2.drivers.mech_agent [None req-05c8d54a-c370-4677-99a4-75c161361f54 None None] Attempting to bind port ecb26b51-4041-42f3-bfe0-35b352543fb7 on network 3b149c55-a4ab-4fd3-be51-3349b0d13b45 {{(pid=110427) bind_port /opt/stack/neutron/neutron/plugins/ml2/drivers/mech_agent.py:91}}
Mar 10 23:46:10.305549 n-d-831844-1 neutron-server[110425]: INFO neutron.wsgi [req-e01e33f2-9b5c-4e5a-a1de-09a8d333ea1a req-ff1fdf95-1f27-4cee-9f45-7548237b2550 tempest-AggregatesAdminTestJSON-2013717591 tempest-AggregatesAdminTestJSON-2013717591-project] 10.222.0.21 "GET /v2.0/ports?device_id=09c6a4fd-f90d-4069-8c09-f73a4672ee73 HTTP/1.1" status: 200 len: 210 time: 0.7697787
Mar 10 23:46:10.349680 n-d-831844-1 neutron-server[110427]: DEBUG neutron.plugins.ml2.rpc [None req-c484e3f5-d94b-4f03-b7fe-b878bf2a1ef8 None None] Device 21cd80bc-24f2-41f6-9c95-d1d80bb91a7a up at agent ovs-agent-n-d-831844-1 {{(pid=110427) update_device_up /opt/stack/neutron/neutron/plugins/ml2/rpc.py:296}}
Mar 10 23:46:10.359027 n-d-831844-1 neutron-server[110427]: DEBUG neutron.plugins.ml2.drivers.mech_agent [None req-05c8d54a-c370-4677-99a4-75c161361f54 None None] Checking agent: {'id': 'be32a034-4d47-4c28-b72c-902f94167784', 'agent_type': 'Open vSwitch agent', 'binary': 'neutron-openvswitch-agent', 'topic': 'N/A', 'host': 'n-d-831844-1', 'admin_state_up': True, 'created_at': datetime.datetime(2022, 3, 10, 23, 36, 13), 'started_at': datetime.datetime(2022, 3, 10, 23, 36, 43), 'heartbeat_timestamp': datetime.datetime(2022, 3, 10, 23, 45, 43), 'description': None, 'resources_synced': None, 'availability_zone': None, 'alive': True, 'configurations': {'arp_responder_enabled': False, 'baremetal_smartnic': False, 'bridge_mappings': {'physnet1': 'br-data'}, 'datapath_type': 'system', 'devices': 0, 'enable_distributed_routing': False, 'extensions': [], 'in_distributed_mode': False, 'integration_bridge': 'br-int', 'l2_population': False, 'log_agent_heartbeats': False, 'ovs_capabilities': {'datapath_types': ['netdev', 'system'], 'iface_types': ['erspan', 'geneve', 'gre', 'internal', 'ip6erspan', 'ip6gre', 'lisp', 'patch', 'stt', 'system', 'tap', 'vxlan']}, 'ovs_hybrid_plug': False, 'resource_provider_bandwidths': {}, 'resource_provider_hypervisors': {'br-data': 'n-d-831844-1'}, 'resource_provider_inventory_defaults': {'allocation_ratio': 1.0, 'min_unit': 1, 'step_size': 1, 'reserved': 0}, 'resource_provider_packet_processing_inventory_defaults': {'allocation_ratio': 1.0, 'min_unit': 1, 'step_size': 1, 'reserved': 0}, 'resource_provider_packet_processing_with_direction': {}, 'resource_provider_packet_processing_without_direction': {}, 'tunnel_types': [], 'tunneling_ip': None, 'vhostuser_socket_dir': '/var/run/openvswitch'}, 'resource_versions': {'AddressGroup': '1.2', 'ConntrackHelper': '1.0', 'LocalIPAssociation': '1.0', 'Log': '1.0', 'Network': '1.1', 'Port': '1.7', 'PortForwarding': '1.2', 'QosPolicy': '1.10', 'SecurityGroup': '1.5', 'SecurityGroupRule': '1.2', 'SubPort': '1.0', 'Subnet': '1.1', 'Trunk': '1.1'}} {{(pid=110427) bind_port /opt/stack/neutron/neutron/plugins/ml2/drivers/mech_agent.py:110}}
Mar 10 23:46:10.359535 n-d-831844-1 neutron-server[110427]: DEBUG neutron.plugins.ml2.drivers.mech_agent [None req-05c8d54a-c370-4677-99a4-75c161361f54 None None] Checking segment: {'id': '414b1c54-ff05-4946-b727-d4c5cf96c16c', 'network_type': 'vlan', 'physical_network': 'physnet1', 'segmentation_id': 180, 'network_id': '3b149c55-a4ab-4fd3-be51-3349b0d13b45'} for mappings: {'physnet1': 'br-data'} with network types: ['local', 'flat', 'vlan'] {{(pid=110427) check_segment_for_agent /opt/stack/neutron/neutron/plugins/ml2/drivers/mech_agent.py:373}}
Mar 10 23:46:10.360558 n-d-831844-1 neutron-server[110427]: DEBUG neutron_lib.callbacks.manager [None req-05c8d54a-c370-4677-99a4-75c161361f54 None None] Publish callbacks [] for ovs_bridge_name (None), before_read {{(pid=110427) _notify_loop /usr/local/lib/python3.8/dist-packages/neutron_lib/callbacks/manager.py:176}}
Mar 10 23:46:10.361204 n-d-831844-1 neutron-server[110427]: DEBUG neutron.plugins.ml2.drivers.mech_agent [None req-05c8d54a-c370-4677-99a4-75c161361f54 None None] Bound using segment: {'id': '414b1c54-ff05-4946-b727-d4c5cf96c16c', 'network_type': 'vlan', 'physical_network': 'physnet1', 'segmentation_id': 180, 'network_id': '3b149c55-a4ab-4fd3-be51-3349b0d13b45'} {{(pid=110427) bind_port /opt/stack/neutron/neutron/plugins/ml2/drivers/mech_agent.py:120}}
Mar 10 23:46:10.361784 n-d-831844-1 neutron-server[110427]: DEBUG neutron.plugins.ml2.managers [None req-05c8d54a-c370-4677-99a4-75c161361f54 None None] Bound port: ecb26b51-4041-42f3-bfe0-35b352543fb7, host: n-d-831844-1, vif_type: ovs, vif_details: {"connectivity": "l2", "port_filter": true, "ovs_hybrid_plug": false, "datapath_type": "system", "bridge_name": "br-int"}, binding_levels: [{'bound_driver': 'openvswitch', 'bound_segment': {'id': '414b1c54-ff05-4946-b727-d4c5cf96c16c', 'network_type': 'vlan', 'physical_network': 'physnet1', 'segmentation_id': 180, 'network_id': '3b149c55-a4ab-4fd3-be51-3349b0d13b45'}}] {{(pid=110427) _bind_port_level /opt/stack/neutron/neutron/plugins/ml2/managers.py:932}}
Mar 10 23:46:10.362346 n-d-831844-1 neutron-server[110427]: DEBUG neutron_lib.callbacks.manager [None req-05c8d54a-c370-4677-99a4-75c161361f54 None None] Publish callbacks ['neutron.plugins.ml2.plugin.SecurityGroupDbMixin._ensure_default_security_group_handler-33135544'] for port (ecb26b51-4041-42f3-bfe0-35b352543fb7), before_update {{(pid=110427) _notify_loop /usr/local/lib/python3.8/dist-packages/neutron_lib/callbacks/manager.py:176}}
Mar 10 23:46:10.365175 n-d-831844-1 neutron-server[110427]: DEBUG neutron_lib.callbacks.manager [None req-34ea08b5-156c-4b99-a2ec-066f12f664ee None None] Publish callbacks ['neutron.services.segments.db._update_segment_host_mapping_for_agent-8744200782852', 'neutron.plugins.ml2.plugin.Ml2Plugin._retry_binding_revived_agents-33274644'] for agent (e7824a62-d492-4d12-bc0b-c703d4e432d8), after_update {{(pid=110427) _notify_loop /usr/local/lib/python3.8/dist-packages/neutron_lib/callbacks/manager.py:176}}
Mar 10 23:46:10.417931 n-d-831844-1 neutron-server[110427]: DEBUG neutron_lib.callbacks.manager [None req-6efa74d7-0f24-4024-8456-b8e65eb73b18 None None] Publish callbacks ['neutron.services.segments.db._update_segment_host_mapping_for_agent-8744200782852', 'neutron.plugins.ml2.plugin.Ml2Plugin._retry_binding_revived_agents-33274644'] for agent (ac3adefe-9468-4c93-8f8c-2bffeb0ef46c), after_update {{(pid=110427) _notify_loop /usr/local/lib/python3.8/dist-packages/neutron_lib/callbacks/manager.py:176}}
Mar 10 23:46:10.420818 n-d-831844-1 neutron-server[110427]: DEBUG neutron_lib.callbacks.manager [None req-8e2dc29b-8aef-498f-8f32-2722b25a79e0 None None] Publish callbacks ['neutron.services.segments.db._update_segment_host_mapping_for_agent-8744200782852', 'neutron.plugins.ml2.plugin.Ml2Plugin._retry_binding_revived_agents-33274644'] for agent (d53cfe43-51fe-49a3-a1ca-8b67796434df), after_update {{(pid=110427) _notify_loop /usr/local/lib/python3.8/dist-packages/neutron_lib/callbacks/manager.py:176}}
Mar 10 23:46:10.488430 n-d-831844-1 neutron-server[110427]: DEBUG neutron.db.provisioning_blocks [None req-c484e3f5-d94b-4f03-b7fe-b878bf2a1ef8 None None] Provisioning complete for port 21cd80bc-24f2-41f6-9c95-d1d80bb91a7a triggered by entity L2. {{(pid=110427) provisioning_complete /opt/stack/neutron/neutron/db/provisioning_blocks.py:140}}
Mar 10 23:46:10.489108 n-d-831844-1 neutron-server[110427]: DEBUG neutron_lib.callbacks.manager [None req-c484e3f5-d94b-4f03-b7fe-b878bf2a1ef8 None None] Publish callbacks ['neutron.plugins.ml2.plugin.Ml2Plugin._port_provisioned-33275126'] for port (21cd80bc-24f2-41f6-9c95-d1d80bb91a7a), provisioning_complete {{(pid=110427) _notify_loop /usr/local/lib/python3.8/dist-packages/neutron_lib/callbacks/manager.py:176}}
Mar 10 23:46:10.492957 n-d-831844-1 neutron-server[110427]: DEBUG neutron.plugins.ml2.db [None req-05c8d54a-c370-4677-99a4-75c161361f54 None None] For port ecb26b51-4041-42f3-bfe0-35b352543fb7, host n-d-831844-1, cleared binding levels {{(pid=110427) clear_binding_levels /opt/stack/neutron/neutron/plugins/ml2/db.py:87}}
Mar 10 23:46:10.532387 n-d-831844-1 neutron-server[110427]: DEBUG neutron.plugins.ml2.db [None req-05c8d54a-c370-4677-99a4-75c161361f54 None None] For port ecb26b51-4041-42f3-bfe0-35b352543fb7, host n-d-831844-1, set binding levels [PortBindingLevel(driver='openvswitch',host='n-d-831844-1',level=0,port_id=ecb26b51-4041-42f3-bfe0-35b352543fb7,segment=NetworkSegment(414b1c54-ff05-4946-b727-d4c5cf96c16c),segment_id=414b1c54-ff05-4946-b727-d4c5cf96c16c)] {{(pid=110427) set_binding_levels /opt/stack/neutron/neutron/plugins/ml2/db.py:59}}
Mar 10 23:46:10.548742 n-d-831844-1 neutron-server[110427]: DEBUG neutron_lib.callbacks.manager [None req-05c8d54a-c370-4677-99a4-75c161361f54 None None] Publish callbacks ['neutron.plugins.ml2.plugin.SecurityGroupServerNotifierRpcMixin._notify_sg_on_port_change-33135380', 'neutron.plugins.ml2.ovo_rpc._ObjectChangeHandler.handle_event-28001', 'neutron.api.rpc.agentnotifiers.dhcp_rpc_agent_api.DhcpAgentNotifyAPI._native_event_send_dhcp_notification-632471', 'neutron.db.l3_db.L3RpcNotifierMixin._notify_gateway_port_ip_changed-8744201021543', 'neutron.db.l3_dvrscheduler_db._notify_l3_agent_port_update-8744200455024', 'neutron.db.l3_hascheduler_db._notify_l3_agent_ha_port_update-8744200455042'] for port (ecb26b51-4041-42f3-bfe0-35b352543fb7), after_update {{(pid=110427) _notify_loop /usr/local/lib/python3.8/dist-packages/neutron_lib/callbacks/manager.py:176}}
Mar 10 23:46:10.614404 n-d-831844-1 neutron-server[110426]: DEBUG neutron.wsgi [-] (110426) accepted ('10.222.0.21', 33604) {{(pid=110426) server /usr/local/lib/python3.8/dist-packages/eventlet/wsgi.py:1004}}
Mar 10 23:46:10.625353 n-d-831844-1 neutron-server[110427]: DEBUG neutron.api.rpc.handlers.resources_rpc [None req-05c8d54a-c370-4677-99a4-75c161361f54 None None] Pushing event updated for resources: {'Port': ['ID=ecb26b51-4041-42f3-bfe0-35b352543fb7,revision_number=2']} {{(pid=110427) push /opt/stack/neutron/neutron/api/rpc/handlers/resources_rpc.py:237}}
Mar 10 23:46:10.634614 n-d-831844-1 neutron-server[110426]: DEBUG neutron_lib.callbacks.manager [None req-e3001185-6533-4e74-89f8-ccc26640723a admin admin] Publish callbacks [] for router_gateway (c211db03-43ef-46bf-bb73-8b479b36f10d), before_create {{(pid=110426) _notify_loop /usr/local/lib/python3.8/dist-packages/neutron_lib/callbacks/manager.py:176}}
Mar 10 23:46:10.663957 n-d-831844-1 neutron-server[110426]: DEBUG neutron_lib.callbacks.manager [None req-e3001185-6533-4e74-89f8-ccc26640723a admin admin] Publish callbacks ['neutron.plugins.ml2.plugin.SecurityGroupDbMixin._ensure_default_security_group_handler-33135544'] for port (None), before_create {{(pid=110426) _notify_loop /usr/local/lib/python3.8/dist-packages/neutron_lib/callbacks/manager.py:176}}
Mar 10 23:46:10.746592 n-d-831844-1 neutron-server[110427]: DEBUG neutron.plugins.ml2.plugin [None req-c484e3f5-d94b-4f03-b7fe-b878bf2a1ef8 None None] Current status of the port 21cd80bc-24f2-41f6-9c95-d1d80bb91a7a is: ACTIVE; New status is: ACTIVE {{(pid=110427) _update_individual_port_db_status /opt/stack/neutron/neutron/plugins/ml2/plugin.py:2232}}
Mar 10 23:46:10.832811 n-d-831844-1 neutron-server[110426]: DEBUG neutron.db.db_base_plugin_common [None req-e3001185-6533-4e74-89f8-ccc26640723a admin admin] Allocated IP 172.25.7.31 (7c544aab-c8cf-41ee-8ec4-cbfa94ad2d6b/a0d5857b-3eb5-4b1f-8d9d-92b9bfb6489d/20baf0fb-880d-4f4b-9fe2-8f6adaa40fd6) {{(pid=110426) _store_ip_allocation /opt/stack/neutron/neutron/db/db_base_plugin_common.py:131}}
Mar 10 23:46:11.037175 n-d-831844-1 neutron-server[110426]: DEBUG neutron_lib.callbacks.manager [None req-48e7f709-60f5-4d72-8c07-fdc5b82fadef admin admin] Publish callbacks [] for security_group (None), before_create {{(pid=110426) _notify_loop /usr/local/lib/python3.8/dist-packages/neutron_lib/callbacks/manager.py:176}}
Mar 10 23:46:11.116260 n-d-831844-1 neutron-server[110426]: DEBUG neutron_lib.callbacks.manager [None req-e3001185-6533-4e74-89f8-ccc26640723a admin admin] Publish callbacks [] for port (20baf0fb-880d-4f4b-9fe2-8f6adaa40fd6), precommit_create {{(pid=110426) _notify_loop /usr/local/lib/python3.8/dist-packages/neutron_lib/callbacks/manager.py:176}}
Mar 10 23:46:11.253230 n-d-831844-1 neutron-server[110426]: DEBUG neutron_lib.callbacks.manager [None req-e3001185-6533-4e74-89f8-ccc26640723a admin admin] Publish callbacks ['neutron.plugins.ml2.plugin.SecurityGroupServerNotifierRpcMixin._notify_sg_on_port_change-33135380', 'neutron.plugins.ml2.ovo_rpc._ObjectChangeHandler.handle_event-28001', 'neutron.api.rpc.agentnotifiers.dhcp_rpc_agent_api.DhcpAgentNotifyAPI._native_event_send_dhcp_notification-632471', 'neutron.db.l3_dvrscheduler_db._notify_l3_agent_new_port-8744200455006'] for port (20baf0fb-880d-4f4b-9fe2-8f6adaa40fd6), after_create {{(pid=110426) _notify_loop /usr/local/lib/python3.8/dist-packages/neutron_lib/callbacks/manager.py:176}}
Mar 10 23:46:11.278257 n-d-831844-1 neutron-server[110426]: DEBUG neutron_lib.callbacks.manager [None req-48e7f709-60f5-4d72-8c07-fdc5b82fadef admin admin] Publish callbacks [] for security_group (41226b32-eb97-43d6-98f1-5f097b546fd5), precommit_create {{(pid=110426) _notify_loop /usr/local/lib/python3.8/dist-packages/neutron_lib/callbacks/manager.py:176}}
Mar 10 23:46:11.309446 n-d-831844-1 neutron-server[110426]: DEBUG neutron_lib.callbacks.manager [None req-48e7f709-60f5-4d72-8c07-fdc5b82fadef admin admin] Publish callbacks ['neutron.plugins.ml2.ovo_rpc._ObjectChangeHandler.handle_event-741196'] for security_group (41226b32-eb97-43d6-98f1-5f097b546fd5), after_create {{(pid=110426) _notify_loop /usr/local/lib/python3.8/dist-packages/neutron_lib/callbacks/manager.py:176}}
Mar 10 23:46:11.350336 n-d-831844-1 neutron-server[110426]: DEBUG neutron.scheduler.dhcp_agent_scheduler [None req-e3001185-6533-4e74-89f8-ccc26640723a admin admin] Network 7c544aab-c8cf-41ee-8ec4-cbfa94ad2d6b is already hosted by enough agents. {{(pid=110426) _get_dhcp_agents_hosting_network /opt/stack/neutron/neutron/scheduler/dhcp_agent_scheduler.py:275}}
Mar 10 23:46:11.351188 n-d-831844-1 neutron-server[110426]: DEBUG neutron.api.rpc.handlers.resources_rpc [None req-48e7f709-60f5-4d72-8c07-fdc5b82fadef admin admin] Pushing event updated for resources: {'SecurityGroup': ['ID=41226b32-eb97-43d6-98f1-5f097b546fd5,revision_number=1']} {{(pid=110426) push /opt/stack/neutron/neutron/api/rpc/handlers/resources_rpc.py:237}}
Mar 10 23:46:11.367678 n-d-831844-1 neutron-server[110426]: DEBUG neutron.scheduler.base_scheduler [None req-e3001185-6533-4e74-89f8-ccc26640723a admin admin] Resources bound (agent type, host, resource id): {{(pid=110426) schedule /opt/stack/neutron/neutron/scheduler/base_scheduler.py:57}}
Mar 10 23:46:11.379449 n-d-831844-1 neutron-server[110426]: DEBUG neutron.db.l3_dvrscheduler_db [None req-e3001185-6533-4e74-89f8-ccc26640723a admin admin] Received port after_create {{(pid=110426) _notify_l3_agent_new_port /opt/stack/neutron/neutron/db/l3_dvrscheduler_db.py:536}}
Mar 10 23:46:11.425939 n-d-831844-1 neutron-server[110427]: DEBUG neutron_lib.callbacks.manager [None req-34b9680f-35cf-4bb9-8cba-29b43410d598 None None] Publish callbacks ['neutron.services.segments.db._update_segment_host_mapping_for_agent-8744200782852', 'neutron.plugins.ml2.plugin.Ml2Plugin._retry_binding_revived_agents-33274644'] for agent (7b5f469f-f88e-4e7d-a629-62661e7b6053), after_update {{(pid=110427) _notify_loop /usr/local/lib/python3.8/dist-packages/neutron_lib/callbacks/manager.py:176}}
Mar 10 23:46:11.431822 n-d-831844-1 neutron-server[110426]: DEBUG neutron.api.rpc.handlers.resources_rpc [None req-e3001185-6533-4e74-89f8-ccc26640723a admin admin] Pushing event updated for resources: {'Port': ['ID=20baf0fb-880d-4f4b-9fe2-8f6adaa40fd6,revision_number=1']} {{(pid=110426) push /opt/stack/neutron/neutron/api/rpc/handlers/resources_rpc.py:237}}
Mar 10 23:46:11.441447 n-d-831844-1 neutron-server[110425]: DEBUG neutron.wsgi [-] (110425) accepted ('10.222.0.21', 33634) {{(pid=110425) server /usr/local/lib/python3.8/dist-packages/eventlet/wsgi.py:1004}}
Mar 10 23:46:11.442805 n-d-831844-1 neutron-server[110426]: INFO neutron.wsgi [None req-48e7f709-60f5-4d72-8c07-fdc5b82fadef admin admin] 10.222.0.21 "GET /v2.0/security-groups?tenant_id=d6f0b75a5ffa40c4a6a204367b223926&name=default HTTP/1.1" status: 200 len: 2996 time: 0.8273351
Mar 10 23:46:11.700035 n-d-831844-1 neutron-server[110425]: DEBUG neutron_lib.callbacks.manager [None req-f9a1754d-17f2-445c-b66b-08de888a338c admin admin] Publish callbacks [] for security_group (41226b32-eb97-43d6-98f1-5f097b546fd5), before_delete {{(pid=110425) _notify_loop /usr/local/lib/python3.8/dist-packages/neutron_lib/callbacks/manager.py:176}}
Mar 10 23:46:11.730559 n-d-831844-1 neutron-server[110426]: DEBUG neutron.wsgi [-] (110426) accepted ('10.222.0.39', 64537) {{(pid=110426) server /usr/local/lib/python3.8/dist-packages/eventlet/wsgi.py:1004}}
Mar 10 23:46:11.765838 n-d-831844-1 neutron-server[110425]: DEBUG neutron_lib.callbacks.manager [None req-f9a1754d-17f2-445c-b66b-08de888a338c admin admin] Publish callbacks [] for security_group (41226b32-eb97-43d6-98f1-5f097b546fd5), precommit_delete {{(pid=110425) _notify_loop /usr/local/lib/python3.8/dist-packages/neutron_lib/callbacks/manager.py:176}}
Mar 10 23:46:11.795425 n-d-831844-1 neutron-server[110426]: INFO neutron.wsgi [req-594303cf-1280-40c1-87a4-c8989868e4dc req-65765169-6cdf-4800-b765-7d426a97d5f0 tempest-AggregatesAdminTestJSON-2013717591 tempest-AggregatesAdminTestJSON-2013717591-project] 10.222.0.39 "GET /v2.0/networks?tenant_id=66c7f8635ce94140aba217eb8b3e0aaa&shared=False HTTP/1.1" status: 200 len: 213 time: 0.0635698
Mar 10 23:46:11.820562 n-d-831844-1 neutron-server[110426]: DEBUG neutron_lib.callbacks.manager [None req-e3001185-6533-4e74-89f8-ccc26640723a admin admin] Publish callbacks [] for router_gateway (c211db03-43ef-46bf-bb73-8b479b36f10d), after_create {{(pid=110426) _notify_loop /usr/local/lib/python3.8/dist-packages/neutron_lib/callbacks/manager.py:176}}
Mar 10 23:46:11.861951 n-d-831844-1 neutron-server[110425]: DEBUG neutron_lib.callbacks.manager [None req-f9a1754d-17f2-445c-b66b-08de888a338c admin admin] Publish callbacks ['neutron.plugins.ml2.ovo_rpc._ObjectChangeHandler.handle_event-741196'] for security_group (41226b32-eb97-43d6-98f1-5f097b546fd5), after_delete {{(pid=110425) _notify_loop /usr/local/lib/python3.8/dist-packages/neutron_lib/callbacks/manager.py:176}}
