Mar 11 00:09:28.837933 n-d-831844-1 devstack@placement-api.service[110908]: DEBUG placement.objects.research_context [req-2e1ef5f6-f15e-4383-a95a-9a8c0ec522df req-5b895f68-933b-4f13-a3a9-5cb33d8c8f9c service placement] getting providers with 1 VCPU {{(pid=110908) __init__ /opt/stack/placement/placement/objects/research_context.py:136}}
Mar 11 00:09:28.850248 n-d-831844-1 devstack@placement-api.service[110908]: DEBUG placement.objects.research_context [req-2e1ef5f6-f15e-4383-a95a-9a8c0ec522df req-5b895f68-933b-4f13-a3a9-5cb33d8c8f9c service placement] found 2 providers with available 1 DISK_GB {{(pid=110908) get_provider_ids_matching /opt/stack/placement/placement/objects/research_context.py:559}}
Mar 11 00:09:28.850747 n-d-831844-1 devstack@placement-api.service[110908]: DEBUG placement.objects.research_context [req-2e1ef5f6-f15e-4383-a95a-9a8c0ec522df req-5b895f68-933b-4f13-a3a9-5cb33d8c8f9c service placement] found 2 providers with available 1024 MEMORY_MB {{(pid=110908) get_provider_ids_matching /opt/stack/placement/placement/objects/research_context.py:559}}
Mar 11 00:09:28.851162 n-d-831844-1 devstack@placement-api.service[110908]: DEBUG placement.objects.research_context [req-2e1ef5f6-f15e-4383-a95a-9a8c0ec522df req-5b895f68-933b-4f13-a3a9-5cb33d8c8f9c service placement] found 2 providers after filtering by previous result {{(pid=110908) get_provider_ids_matching /opt/stack/placement/placement/objects/research_context.py:590}}
Mar 11 00:09:28.851560 n-d-831844-1 devstack@placement-api.service[110908]: DEBUG placement.objects.research_context [req-2e1ef5f6-f15e-4383-a95a-9a8c0ec522df req-5b895f68-933b-4f13-a3a9-5cb33d8c8f9c service placement] found 2 providers with available 1 VCPU {{(pid=110908) get_provider_ids_matching /opt/stack/placement/placement/objects/research_context.py:559}}
Mar 11 00:09:28.852010 n-d-831844-1 devstack@placement-api.service[110908]: DEBUG placement.objects.research_context [req-2e1ef5f6-f15e-4383-a95a-9a8c0ec522df req-5b895f68-933b-4f13-a3a9-5cb33d8c8f9c service placement] found 2 providers after filtering by previous result {{(pid=110908) get_provider_ids_matching /opt/stack/placement/placement/objects/research_context.py:590}}
Mar 11 00:09:28.890415 n-d-831844-1 devstack@placement-api.service[110908]: DEBUG placement.objects.allocation_candidate [req-2e1ef5f6-f15e-4383-a95a-9a8c0ec522df req-5b895f68-933b-4f13-a3a9-5cb33d8c8f9c service placement] RequestGroup(use_same_provider=False, resources={DISK_GB:1, MEMORY_MB:1024, VCPU:1}, traits=(), aggregates=[]) (suffix '') returned 2 matches {{(pid=110908) _get_by_requests /opt/stack/placement/placement/objects/allocation_candidate.py:156}}
Mar 11 00:09:28.890790 n-d-831844-1 devstack@placement-api.service[110908]: DEBUG placement.objects.allocation_candidate [req-2e1ef5f6-f15e-4383-a95a-9a8c0ec522df req-5b895f68-933b-4f13-a3a9-5cb33d8c8f9c service placement] Merging candidates yields 2 allocation requests and 2 provider summaries {{(pid=110908) _merge_candidates /opt/stack/placement/placement/objects/allocation_candidate.py:809}}
Mar 11 00:09:28.894316 n-d-831844-1 devstack@placement-api.service[110908]: INFO placement.requestlog [req-2e1ef5f6-f15e-4383-a95a-9a8c0ec522df req-5b895f68-933b-4f13-a3a9-5cb33d8c8f9c service placement] 10.222.0.21 "GET /placement/allocation_candidates?limit=1000&resources=DISK_GB%3A1%2CMEMORY_MB%3A1024%2CVCPU%3A1&root_required=%21COMPUTE_STATUS_DISABLED" status: 200 len: 1309 microversion: 1.36
Mar 11 00:09:28.897448 n-d-831844-1 devstack@placement-api.service[110908]: [pid: 110908|app: 0|req: 421/840] 10.222.0.21 () {60 vars in 1506 bytes} [Fri Mar 11 00:09:28 2022] GET /placement/allocation_candidates?limit=1000&resources=DISK_GB%3A1%2CMEMORY_MB%3A1024%2CVCPU%3A1&root_required=%21COMPUTE_STATUS_DISABLED => generated 1309 bytes in 161 msecs (HTTP/1.1 200) 8 headers in 297 bytes (1 switches on core 0)
Mar 11 00:09:29.110867 n-d-831844-1 devstack@placement-api.service[110907]: DEBUG placement.requestlog [req-2e1ef5f6-f15e-4383-a95a-9a8c0ec522df req-111b13b0-faf7-4ab3-9d35-c8ef12addef5 None None] Starting request: 10.222.0.21 "GET /placement/allocations/5a48639e-b05c-4f12-98cd-3fc04e04ded4" {{(pid=110907) __call__ /opt/stack/placement/placement/requestlog.py:55}}
Mar 11 00:09:29.137406 n-d-831844-1 devstack@placement-api.service[110907]: INFO placement.requestlog [req-2e1ef5f6-f15e-4383-a95a-9a8c0ec522df req-111b13b0-faf7-4ab3-9d35-c8ef12addef5 service placement] 10.222.0.21 "GET /placement/allocations/5a48639e-b05c-4f12-98cd-3fc04e04ded4" status: 200 len: 19 microversion: 1.28
Mar 11 00:09:29.138801 n-d-831844-1 devstack@placement-api.service[110907]: [pid: 110907|app: 0|req: 420/841] 10.222.0.21 () {60 vars in 1380 bytes} [Fri Mar 11 00:09:29 2022] GET /placement/allocations/5a48639e-b05c-4f12-98cd-3fc04e04ded4 => generated 19 bytes in 28 msecs (HTTP/1.1 200) 8 headers in 295 bytes (1 switches on core 0)
Mar 11 00:09:29.153696 n-d-831844-1 devstack@placement-api.service[110908]: DEBUG placement.requestlog [req-2e1ef5f6-f15e-4383-a95a-9a8c0ec522df req-9bea6f0c-0f04-41da-9c4c-681f67bbd10c None None] Starting request: 10.222.0.21 "PUT /placement/allocations/5a48639e-b05c-4f12-98cd-3fc04e04ded4" {{(pid=110908) __call__ /opt/stack/placement/placement/requestlog.py:55}}
Mar 11 00:09:29.313177 n-d-831844-1 devstack@placement-api.service[110908]: DEBUG placement.handlers.allocation [req-2e1ef5f6-f15e-4383-a95a-9a8c0ec522df req-9bea6f0c-0f04-41da-9c4c-681f67bbd10c service placement] Successfully wrote allocations [, , ] {{(pid=110908) _update_consumers_and_create_allocations /opt/stack/placement/placement/handlers/allocation.py:462}}
Mar 11 00:09:29.321473 n-d-831844-1 devstack@placement-api.service[110908]: INFO placement.requestlog [req-2e1ef5f6-f15e-4383-a95a-9a8c0ec522df req-9bea6f0c-0f04-41da-9c4c-681f67bbd10c service placement] 10.222.0.21 "PUT /placement/allocations/5a48639e-b05c-4f12-98cd-3fc04e04ded4" status: 204 len: 0 microversion: 1.36
Mar 11 00:09:29.322896 n-d-831844-1 devstack@placement-api.service[110908]: [pid: 110908|app: 0|req: 422/842] 10.222.0.21 () {64 vars in 1433 bytes} [Fri Mar 11 00:09:29 2022] PUT /placement/allocations/5a48639e-b05c-4f12-98cd-3fc04e04ded4 => generated 0 bytes in 172 msecs (HTTP/1.1 204) 5 headers in 199 bytes (1 switches on core 0)
Mar 11 00:09:30.051983 n-d-831844-1 devstack@placement-api.service[110907]: DEBUG placement.requestlog [req-2e1ef5f6-f15e-4383-a95a-9a8c0ec522df req-2dda1204-9a8a-46d8-a083-97bb6c3cc55d None None] Starting request: 10.222.0.30 "GET /placement/allocations/5a48639e-b05c-4f12-98cd-3fc04e04ded4" {{(pid=110907) __call__ /opt/stack/placement/placement/requestlog.py:55}}
Mar 11 00:09:30.084105 n-d-831844-1 devstack@placement-api.service[110907]: INFO placement.requestlog [req-2e1ef5f6-f15e-4383-a95a-9a8c0ec522df req-2dda1204-9a8a-46d8-a083-97bb6c3cc55d service placement] 10.222.0.30 "GET /placement/allocations/5a48639e-b05c-4f12-98cd-3fc04e04ded4" status: 200 len: 260 microversion: 1.28
Mar 11 00:09:30.084566 n-d-831844-1 devstack@placement-api.service[110907]: [pid: 110907|app: 0|req: 421/843] 10.222.0.30 () {60 vars in 1377 bytes} [Fri Mar 11 00:09:30 2022] GET /placement/allocations/5a48639e-b05c-4f12-98cd-3fc04e04ded4 => generated 260 bytes in 33 msecs (HTTP/1.1 200) 8 headers in 296 bytes (1 switches on core 0)
Mar 11 00:09:31.234057 n-d-831844-1 devstack@placement-api.service[110908]: DEBUG placement.requestlog [req-b10731d9-691a-4fb5-88c4-c84f88c4a0c4 req-348b73a4-5bc2-4493-b10f-3d440018662f None None] Starting request: 10.222.0.21 "GET /placement/allocation_candidates?limit=1000&resources=DISK_GB%3A1%2CMEMORY_MB%3A1024%2CVCPU%3A1&root_required=%21COMPUTE_STATUS_DISABLED" {{(pid=110908) __call__ /opt/stack/placement/placement/requestlog.py:55}}
Mar 11 00:09:31.317679 n-d-831844-1 devstack@placement-api.service[110908]: DEBUG placement.objects.research_context [req-b10731d9-691a-4fb5-88c4-c84f88c4a0c4 req-348b73a4-5bc2-4493-b10f-3d440018662f service placement] getting providers with 1 DISK_GB {{(pid=110908) __init__ /opt/stack/placement/placement/objects/research_context.py:136}}
Mar 11 00:09:31.331426 n-d-831844-1 devstack@placement-api.service[110908]: DEBUG placement.objects.research_context [req-b10731d9-691a-4fb5-88c4-c84f88c4a0c4 req-348b73a4-5bc2-4493-b10f-3d440018662f service placement] getting providers with 1024 MEMORY_MB {{(pid=110908) __init__ /opt/stack/placement/placement/objects/research_context.py:136}}
Mar 11 00:09:31.350024 n-d-831844-1 devstack@placement-api.service[110908]: DEBUG placement.objects.research_context [req-b10731d9-691a-4fb5-88c4-c84f88c4a0c4 req-348b73a4-5bc2-4493-b10f-3d440018662f service placement] getting providers with 1 VCPU {{(pid=110908) __init__ /opt/stack/placement/placement/objects/research_context.py:136}}
Mar 11 00:09:31.364229 n-d-831844-1 devstack@placement-api.service[110908]: DEBUG placement.objects.research_context [req-b10731d9-691a-4fb5-88c4-c84f88c4a0c4 req-348b73a4-5bc2-4493-b10f-3d440018662f service placement] found 2 providers with available 1 DISK_GB {{(pid=110908) get_provider_ids_matching /opt/stack/placement/placement/objects/research_context.py:559}}
Mar 11 00:09:31.364501 n-d-831844-1 devstack@placement-api.service[110908]: DEBUG placement.objects.research_context [req-b10731d9-691a-4fb5-88c4-c84f88c4a0c4 req-348b73a4-5bc2-4493-b10f-3d440018662f service placement] found 2 providers with available 1024 MEMORY_MB {{(pid=110908) get_provider_ids_matching /opt/stack/placement/placement/objects/research_context.py:559}}
Mar 11 00:09:31.365297 n-d-831844-1 devstack@placement-api.service[110908]: DEBUG placement.objects.research_context [req-b10731d9-691a-4fb5-88c4-c84f88c4a0c4 req-348b73a4-5bc2-4493-b10f-3d440018662f service placement] found 2 providers after filtering by previous result {{(pid=110908) get_provider_ids_matching /opt/stack/placement/placement/objects/research_context.py:590}}
Mar 11 00:09:31.370315 n-d-831844-1 devstack@placement-api.service[110908]: DEBUG placement.objects.research_context [req-b10731d9-691a-4fb5-88c4-c84f88c4a0c4 req-348b73a4-5bc2-4493-b10f-3d440018662f service placement] found 2 providers with available 1 VCPU {{(pid=110908) get_provider_ids_matching /opt/stack/placement/placement/objects/research_context.py:559}}
Mar 11 00:09:31.370638 n-d-831844-1 devstack@placement-api.service[110908]: DEBUG placement.objects.research_context [req-b10731d9-691a-4fb5-88c4-c84f88c4a0c4 req-348b73a4-5bc2-4493-b10f-3d440018662f service placement] found 2 providers after filtering by previous result {{(pid=110908) get_provider_ids_matching /opt/stack/placement/placement/objects/research_context.py:590}}
Mar 11 00:09:31.418479 n-d-831844-1 devstack@placement-api.service[110908]: DEBUG placement.objects.allocation_candidate [req-b10731d9-691a-4fb5-88c4-c84f88c4a0c4 req-348b73a4-5bc2-4493-b10f-3d440018662f service placement] RequestGroup(use_same_provider=False, resources={DISK_GB:1, MEMORY_MB:1024, VCPU:1}, traits=(), aggregates=[]) (suffix '') returned 2 matches {{(pid=110908) _get_by_requests /opt/stack/placement/placement/objects/allocation_candidate.py:156}}
Mar 11 00:09:31.419870 n-d-831844-1 devstack@placement-api.service[110908]: DEBUG placement.objects.allocation_candidate [req-b10731d9-691a-4fb5-88c4-c84f88c4a0c4 req-348b73a4-5bc2-4493-b10f-3d440018662f service placement] Merging candidates yields 2 allocation requests and 2 provider summaries {{(pid=110908) _merge_candidates /opt/stack/placement/placement/objects/allocation_candidate.py:809}}
Mar 11 00:09:31.421781 n-d-831844-1 devstack@placement-api.service[110908]: INFO placement.requestlog [req-b10731d9-691a-4fb5-88c4-c84f88c4a0c4 req-348b73a4-5bc2-4493-b10f-3d440018662f service placement] 10.222.0.21 "GET /placement/allocation_candidates?limit=1000&resources=DISK_GB%3A1%2CMEMORY_MB%3A1024%2CVCPU%3A1&root_required=%21COMPUTE_STATUS_DISABLED" status: 200 len: 1309 microversion: 1.36
Mar 11 00:09:31.423681 n-d-831844-1 devstack@placement-api.service[110908]: [pid: 110908|app: 0|req: 423/844] 10.222.0.21 () {60 vars in 1506 bytes} [Fri Mar 11 00:09:31 2022] GET /placement/allocation_candidates?limit=1000&resources=DISK_GB%3A1%2CMEMORY_MB%3A1024%2CVCPU%3A1&root_required=%21COMPUTE_STATUS_DISABLED => generated 1309 bytes in 189 msecs (HTTP/1.1 200) 8 headers in 297 bytes (1 switches on core 0)
Mar 11 00:09:31.638853 n-d-831844-1 devstack@placement-api.service[110907]: DEBUG placement.requestlog [req-b10731d9-691a-4fb5-88c4-c84f88c4a0c4 req-77b91f83-8d87-4e1c-a511-3d0dd02d63a4 None None] Starting request: 10.222.0.21 "GET /placement/allocations/336bf39f-9a5d-4f5d-ba07-fcafaec35f6f" {{(pid=110907) __call__ /opt/stack/placement/placement/requestlog.py:55}}
Mar 11 00:09:31.672150 n-d-831844-1 devstack@placement-api.service[110907]: INFO placement.requestlog [req-b10731d9-691a-4fb5-88c4-c84f88c4a0c4 req-77b91f83-8d87-4e1c-a511-3d0dd02d63a4 service placement] 10.222.0.21 "GET /placement/allocations/336bf39f-9a5d-4f5d-ba07-fcafaec35f6f" status: 200 len: 19 microversion: 1.28
Mar 11 00:09:31.672535 n-d-831844-1 devstack@placement-api.service[110907]: [pid: 110907|app: 0|req: 422/845] 10.222.0.21 () {60 vars in 1380 bytes} [Fri Mar 11 00:09:31 2022] GET /placement/allocations/336bf39f-9a5d-4f5d-ba07-fcafaec35f6f => generated 19 bytes in 35 msecs (HTTP/1.1 200) 8 headers in 295 bytes (1 switches on core 0)
Mar 11 00:09:31.678943 n-d-831844-1 devstack@placement-api.service[110908]: DEBUG placement.requestlog [req-b10731d9-691a-4fb5-88c4-c84f88c4a0c4 req-dda0781c-0f2c-4121-aac6-89d5af2764f0 None None] Starting request: 10.222.0.21 "PUT /placement/allocations/336bf39f-9a5d-4f5d-ba07-fcafaec35f6f" {{(pid=110908) __call__ /opt/stack/placement/placement/requestlog.py:55}}
Mar 11 00:09:31.825138 n-d-831844-1 devstack@placement-api.service[110908]: DEBUG placement.handlers.allocation [req-b10731d9-691a-4fb5-88c4-c84f88c4a0c4 req-dda0781c-0f2c-4121-aac6-89d5af2764f0 service placement] Successfully wrote allocations [, , ] {{(pid=110908) _update_consumers_and_create_allocations /opt/stack/placement/placement/handlers/allocation.py:462}}
Mar 11 00:09:31.837698 n-d-831844-1 devstack@placement-api.service[110908]: INFO placement.requestlog [req-b10731d9-691a-4fb5-88c4-c84f88c4a0c4 req-dda0781c-0f2c-4121-aac6-89d5af2764f0 service placement] 10.222.0.21 "PUT /placement/allocations/336bf39f-9a5d-4f5d-ba07-fcafaec35f6f" status: 204 len: 0 microversion: 1.36
Mar 11 00:09:31.837698 n-d-831844-1 devstack@placement-api.service[110908]: [pid: 110908|app: 0|req: 424/846] 10.222.0.21 () {64 vars in 1433 bytes} [Fri Mar 11 00:09:31 2022] PUT /placement/allocations/336bf39f-9a5d-4f5d-ba07-fcafaec35f6f => generated 0 bytes in 158 msecs (HTTP/1.1 204) 5 headers in 199 bytes (1 switches on core 0)
Mar 11 00:09:32.369316 n-d-831844-1 devstack@placement-api.service[110907]: DEBUG placement.requestlog [req-b10731d9-691a-4fb5-88c4-c84f88c4a0c4 req-35f25a3c-bc9f-43fa-b423-f5707eb0ff65 None None] Starting request: 10.222.0.30 "GET /placement/allocations/336bf39f-9a5d-4f5d-ba07-fcafaec35f6f" {{(pid=110907) __call__ /opt/stack/placement/placement/requestlog.py:55}}
Mar 11 00:09:32.414436 n-d-831844-1 devstack@placement-api.service[110907]: INFO placement.requestlog [req-b10731d9-691a-4fb5-88c4-c84f88c4a0c4 req-35f25a3c-bc9f-43fa-b423-f5707eb0ff65 service placement] 10.222.0.30 "GET /placement/allocations/336bf39f-9a5d-4f5d-ba07-fcafaec35f6f" status: 200 len: 260 microversion: 1.28
Mar 11 00:09:32.415322 n-d-831844-1 devstack@placement-api.service[110907]: [pid: 110907|app: 0|req: 423/847] 10.222.0.30 () {60 vars in 1377 bytes} [Fri Mar 11 00:09:32 2022] GET /placement/allocations/336bf39f-9a5d-4f5d-ba07-fcafaec35f6f => generated 260 bytes in 46 msecs (HTTP/1.1 200) 8 headers in 296 bytes (1 switches on core 0)
Mar 11 00:09:34.478966 n-d-831844-1 devstack@placement-api.service[110908]: DEBUG placement.requestlog [req-b1ac69ee-790c-40c5-a669-1eaa4713ab29 req-57637ddb-575a-4605-b485-5ce0ddc1693e None None] Starting request: 10.222.0.21 "GET /placement/allocation_candidates?limit=1000&resources=DISK_GB%3A1%2CMEMORY_MB%3A512%2CVCPU%3A1&root_required=%21COMPUTE_STATUS_DISABLED" {{(pid=110908) __call__ /opt/stack/placement/placement/requestlog.py:55}}
Mar 11 00:09:34.588318 n-d-831844-1 devstack@placement-api.service[110908]: DEBUG placement.objects.research_context [req-b1ac69ee-790c-40c5-a669-1eaa4713ab29 req-57637ddb-575a-4605-b485-5ce0ddc1693e service placement] getting providers with 1 DISK_GB {{(pid=110908) __init__ /opt/stack/placement/placement/objects/research_context.py:136}}
Mar 11 00:09:34.613023 n-d-831844-1 devstack@placement-api.service[110908]: DEBUG placement.objects.research_context [req-b1ac69ee-790c-40c5-a669-1eaa4713ab29 req-57637ddb-575a-4605-b485-5ce0ddc1693e service placement] getting providers with 512 MEMORY_MB {{(pid=110908) __init__ /opt/stack/placement/placement/objects/research_context.py:136}}
Mar 11 00:09:34.622948 n-d-831844-1 devstack@placement-api.service[110908]: DEBUG placement.objects.research_context [req-b1ac69ee-790c-40c5-a669-1eaa4713ab29 req-57637ddb-575a-4605-b485-5ce0ddc1693e service placement] getting providers with 1 VCPU {{(pid=110908) __init__ /opt/stack/placement/placement/objects/research_context.py:136}}
Mar 11 00:09:34.669751 n-d-831844-1 devstack@placement-api.service[110908]: DEBUG placement.objects.research_context [req-b1ac69ee-790c-40c5-a669-1eaa4713ab29 req-57637ddb-575a-4605-b485-5ce0ddc1693e service placement] found 2 providers with available 1 DISK_GB {{(pid=110908) get_provider_ids_matching /opt/stack/placement/placement/objects/research_context.py:559}}
Mar 11 00:09:34.670483 n-d-831844-1 devstack@placement-api.service[110908]: DEBUG placement.objects.research_context [req-b1ac69ee-790c-40c5-a669-1eaa4713ab29 req-57637ddb-575a-4605-b485-5ce0ddc1693e service placement] found 2 providers with available 512 MEMORY_MB {{(pid=110908) get_provider_ids_matching /opt/stack/placement/placement/objects/research_context.py:559}}
Mar 11 00:09:34.670727 n-d-831844-1 devstack@placement-api.service[110908]: DEBUG placement.objects.research_context [req-b1ac69ee-790c-40c5-a669-1eaa4713ab29 req-57637ddb-575a-4605-b485-5ce0ddc1693e service placement] found 2 providers after filtering by previous result {{(pid=110908) get_provider_ids_matching /opt/stack/placement/placement/objects/research_context.py:590}}
Mar 11 00:09:34.671340 n-d-831844-1 devstack@placement-api.service[110908]: DEBUG placement.objects.research_context [req-b1ac69ee-790c-40c5-a669-1eaa4713ab29 req-57637ddb-575a-4605-b485-5ce0ddc1693e service placement] found 2 providers with available 1 VCPU {{(pid=110908) get_provider_ids_matching /opt/stack/placement/placement/objects/research_context.py:559}}
Mar 11 00:09:34.672185 n-d-831844-1 devstack@placement-api.service[110908]: DEBUG placement.objects.research_context [req-b1ac69ee-790c-40c5-a669-1eaa4713ab29 req-57637ddb-575a-4605-b485-5ce0ddc1693e service placement] found 2 providers after filtering by previous result {{(pid=110908) get_provider_ids_matching /opt/stack/placement/placement/objects/research_context.py:590}}
Mar 11 00:09:34.702871 n-d-831844-1 devstack@placement-api.service[110908]: DEBUG placement.objects.allocation_candidate [req-b1ac69ee-790c-40c5-a669-1eaa4713ab29 req-57637ddb-575a-4605-b485-5ce0ddc1693e service placement] RequestGroup(use_same_provider=False, resources={DISK_GB:1, MEMORY_MB:512, VCPU:1}, traits=(), aggregates=[]) (suffix '') returned 2 matches {{(pid=110908) _get_by_requests /opt/stack/placement/placement/objects/allocation_candidate.py:156}}
Mar 11 00:09:34.703427 n-d-831844-1 devstack@placement-api.service[110908]: DEBUG placement.objects.allocation_candidate [req-b1ac69ee-790c-40c5-a669-1eaa4713ab29 req-57637ddb-575a-4605-b485-5ce0ddc1693e service placement] Merging candidates yields 2 allocation requests and 2 provider summaries {{(pid=110908) _merge_candidates /opt/stack/placement/placement/objects/allocation_candidate.py:809}}
Mar 11 00:09:34.706009 n-d-831844-1 devstack@placement-api.service[110908]: INFO placement.requestlog [req-b1ac69ee-790c-40c5-a669-1eaa4713ab29 req-57637ddb-575a-4605-b485-5ce0ddc1693e service placement] 10.222.0.21 "GET /placement/allocation_candidates?limit=1000&resources=DISK_GB%3A1%2CMEMORY_MB%3A512%2CVCPU%3A1&root_required=%21COMPUTE_STATUS_DISABLED" status: 200 len: 1307 microversion: 1.36
Mar 11 00:09:34.709508 n-d-831844-1 devstack@placement-api.service[110908]: [pid: 110908|app: 0|req: 425/848] 10.222.0.21 () {60 vars in 1504 bytes} [Fri Mar 11 00:09:34 2022] GET /placement/allocation_candidates?limit=1000&resources=DISK_GB%3A1%2CMEMORY_MB%3A512%2CVCPU%3A1&root_required=%21COMPUTE_STATUS_DISABLED => generated 1307 bytes in 231 msecs (HTTP/1.1 200) 8 headers in 297 bytes (1 switches on core 0)
Mar 11 00:09:34.918853 n-d-831844-1 devstack@placement-api.service[110907]: DEBUG placement.requestlog [req-b1ac69ee-790c-40c5-a669-1eaa4713ab29 req-25afc0e1-8c62-4f27-b3e8-b7b2b879992e None None] Starting request: 10.222.0.21 "GET /placement/allocations/e38d9896-4b26-414e-932e-acb5d1430863" {{(pid=110907) __call__ /opt/stack/placement/placement/requestlog.py:55}}
Mar 11 00:09:34.936138 n-d-831844-1 devstack@placement-api.service[110907]: INFO placement.requestlog [req-b1ac69ee-790c-40c5-a669-1eaa4713ab29 req-25afc0e1-8c62-4f27-b3e8-b7b2b879992e service placement] 10.222.0.21 "GET /placement/allocations/e38d9896-4b26-414e-932e-acb5d1430863" status: 200 len: 19 microversion: 1.28
Mar 11 00:09:34.936815 n-d-831844-1 devstack@placement-api.service[110907]: [pid: 110907|app: 0|req: 424/849] 10.222.0.21 () {60 vars in 1380 bytes} [Fri Mar 11 00:09:34 2022] GET /placement/allocations/e38d9896-4b26-414e-932e-acb5d1430863 => generated 19 bytes in 18 msecs (HTTP/1.1 200) 8 headers in 295 bytes (1 switches on core 0)
Mar 11 00:09:34.944994 n-d-831844-1 devstack@placement-api.service[110908]: DEBUG placement.requestlog [req-b1ac69ee-790c-40c5-a669-1eaa4713ab29 req-a4fce08b-5e3e-40e6-be34-bde0512e55a9 None None] Starting request: 10.222.0.21 "PUT /placement/allocations/e38d9896-4b26-414e-932e-acb5d1430863" {{(pid=110908) __call__ /opt/stack/placement/placement/requestlog.py:55}}
Mar 11 00:09:35.032208 n-d-831844-1 devstack@placement-api.service[110908]: DEBUG placement.handlers.allocation [req-b1ac69ee-790c-40c5-a669-1eaa4713ab29 req-a4fce08b-5e3e-40e6-be34-bde0512e55a9 service placement] Successfully wrote allocations [, , ] {{(pid=110908) _update_consumers_and_create_allocations /opt/stack/placement/placement/handlers/allocation.py:462}}
Mar 11 00:09:35.042363 n-d-831844-1 devstack@placement-api.service[110908]: INFO placement.requestlog [req-b1ac69ee-790c-40c5-a669-1eaa4713ab29 req-a4fce08b-5e3e-40e6-be34-bde0512e55a9 service placement] 10.222.0.21 "PUT /placement/allocations/e38d9896-4b26-414e-932e-acb5d1430863" status: 204 len: 0 microversion: 1.36
Mar 11 00:09:35.043317 n-d-831844-1 devstack@placement-api.service[110908]: [pid: 110908|app: 0|req: 426/850] 10.222.0.21 () {64 vars in 1433 bytes} [Fri Mar 11 00:09:34 2022] PUT /placement/allocations/e38d9896-4b26-414e-932e-acb5d1430863 => generated 0 bytes in 99 msecs (HTTP/1.1 204) 5 headers in 199 bytes (1 switches on core 0)
Mar 11 00:09:35.611800 n-d-831844-1 devstack@placement-api.service[110907]: DEBUG placement.requestlog [req-b1ac69ee-790c-40c5-a669-1eaa4713ab29 req-c4298a2a-e31c-4841-8a09-3dd9ebcef7e5 None None] Starting request: 10.222.0.30 "GET /placement/allocations/e38d9896-4b26-414e-932e-acb5d1430863" {{(pid=110907) __call__ /opt/stack/placement/placement/requestlog.py:55}}
Mar 11 00:09:35.638087 n-d-831844-1 devstack@placement-api.service[110907]: INFO placement.requestlog [req-b1ac69ee-790c-40c5-a669-1eaa4713ab29 req-c4298a2a-e31c-4841-8a09-3dd9ebcef7e5 service placement] 10.222.0.30 "GET /placement/allocations/e38d9896-4b26-414e-932e-acb5d1430863" status: 200 len: 259 microversion: 1.28
Mar 11 00:09:35.639017 n-d-831844-1 devstack@placement-api.service[110907]: [pid: 110907|app: 0|req: 425/851] 10.222.0.30 () {60 vars in 1377 bytes} [Fri Mar 11 00:09:35 2022] GET /placement/allocations/e38d9896-4b26-414e-932e-acb5d1430863 => generated 259 bytes in 28 msecs (HTTP/1.1 200) 8 headers in 296 bytes (1 switches on core 0)
Mar 11 00:09:37.845937 n-d-831844-1 devstack@placement-api.service[110908]: DEBUG placement.requestlog [req-6782d70c-7ee4-431f-adeb-69d3a789e519 req-1e04c910-0826-4e13-a04b-6af491fac8aa None None] Starting request: 10.222.0.21 "GET /placement/allocation_candidates?limit=1000&resources=DISK_GB%3A1%2CMEMORY_MB%3A1024%2CVCPU%3A1&root_required=%21COMPUTE_STATUS_DISABLED" {{(pid=110908) __call__ /opt/stack/placement/placement/requestlog.py:55}}
Mar 11 00:09:37.946963 n-d-831844-1 devstack@placement-api.service[110908]: DEBUG placement.objects.research_context [req-6782d70c-7ee4-431f-adeb-69d3a789e519 req-1e04c910-0826-4e13-a04b-6af491fac8aa service placement] getting providers with 1 DISK_GB {{(pid=110908) __init__ /opt/stack/placement/placement/objects/research_context.py:136}}
Mar 11 00:09:37.961061 n-d-831844-1 devstack@placement-api.service[110908]: DEBUG placement.objects.research_context [req-6782d70c-7ee4-431f-adeb-69d3a789e519 req-1e04c910-0826-4e13-a04b-6af491fac8aa service placement] getting providers with 1024 MEMORY_MB {{(pid=110908) __init__ /opt/stack/placement/placement/objects/research_context.py:136}}
Mar 11 00:09:37.968567 n-d-831844-1 devstack@placement-api.service[110908]: DEBUG placement.objects.research_context [req-6782d70c-7ee4-431f-adeb-69d3a789e519 req-1e04c910-0826-4e13-a04b-6af491fac8aa service placement] getting providers with 1 VCPU {{(pid=110908) __init__ /opt/stack/placement/placement/objects/research_context.py:136}}
Mar 11 00:09:37.977762 n-d-831844-1 devstack@placement-api.service[110908]: DEBUG placement.objects.research_context [req-6782d70c-7ee4-431f-adeb-69d3a789e519 req-1e04c910-0826-4e13-a04b-6af491fac8aa service placement] found 2 providers with available 1 DISK_GB {{(pid=110908) get_provider_ids_matching /opt/stack/placement/placement/objects/research_context.py:559}}
Mar 11 00:09:37.977949 n-d-831844-1 devstack@placement-api.service[110908]: DEBUG placement.objects.research_context [req-6782d70c-7ee4-431f-adeb-69d3a789e519 req-1e04c910-0826-4e13-a04b-6af491fac8aa service placement] found 2 providers with available 1024 MEMORY_MB {{(pid=110908) get_provider_ids_matching /opt/stack/placement/placement/objects/research_context.py:559}}
Mar 11 00:09:37.978208 n-d-831844-1 devstack@placement-api.service[110908]: DEBUG placement.objects.research_context [req-6782d70c-7ee4-431f-adeb-69d3a789e519 req-1e04c910-0826-4e13-a04b-6af491fac8aa service placement] found 2 providers after filtering by previous result {{(pid=110908) get_provider_ids_matching /opt/stack/placement/placement/objects/research_context.py:590}}
Mar 11 00:09:37.978461 n-d-831844-1 devstack@placement-api.service[110908]: DEBUG placement.objects.research_context [req-6782d70c-7ee4-431f-adeb-69d3a789e519 req-1e04c910-0826-4e13-a04b-6af491fac8aa service placement] found 2 providers with available 1 VCPU {{(pid=110908) get_provider_ids_matching /opt/stack/placement/placement/objects/research_context.py:559}}
Mar 11 00:09:37.978733 n-d-831844-1 devstack@placement-api.service[110908]: DEBUG placement.objects.research_context [req-6782d70c-7ee4-431f-adeb-69d3a789e519 req-1e04c910-0826-4e13-a04b-6af491fac8aa service placement] found 2 providers after filtering by previous result {{(pid=110908) get_provider_ids_matching /opt/stack/placement/placement/objects/research_context.py:590}}
Mar 11 00:09:37.992071 n-d-831844-1 devstack@placement-api.service[110908]: DEBUG placement.objects.allocation_candidate [req-6782d70c-7ee4-431f-adeb-69d3a789e519 req-1e04c910-0826-4e13-a04b-6af491fac8aa service placement] RequestGroup(use_same_provider=False, resources={DISK_GB:1, MEMORY_MB:1024, VCPU:1}, traits=(), aggregates=[]) (suffix '') returned 2 matches {{(pid=110908) _get_by_requests /opt/stack/placement/placement/objects/allocation_candidate.py:156}}
Mar 11 00:09:37.992440 n-d-831844-1 devstack@placement-api.service[110908]: DEBUG placement.objects.allocation_candidate [req-6782d70c-7ee4-431f-adeb-69d3a789e519 req-1e04c910-0826-4e13-a04b-6af491fac8aa service placement] Merging candidates yields 2 allocation requests and 2 provider summaries {{(pid=110908) _merge_candidates /opt/stack/placement/placement/objects/allocation_candidate.py:809}}
Mar 11 00:09:37.995115 n-d-831844-1 devstack@placement-api.service[110908]: INFO placement.requestlog [req-6782d70c-7ee4-431f-adeb-69d3a789e519 req-1e04c910-0826-4e13-a04b-6af491fac8aa service placement] 10.222.0.21 "GET /placement/allocation_candidates?limit=1000&resources=DISK_GB%3A1%2CMEMORY_MB%3A1024%2CVCPU%3A1&root_required=%21COMPUTE_STATUS_DISABLED" status: 200 len: 1309 microversion: 1.36
Mar 11 00:09:37.995837 n-d-831844-1 devstack@placement-api.service[110908]: [pid: 110908|app: 0|req: 427/852] 10.222.0.21 () {60 vars in 1506 bytes} [Fri Mar 11 00:09:37 2022] GET /placement/allocation_candidates?limit=1000&resources=DISK_GB%3A1%2CMEMORY_MB%3A1024%2CVCPU%3A1&root_required=%21COMPUTE_STATUS_DISABLED => generated 1309 bytes in 150 msecs (HTTP/1.1 200) 8 headers in 297 bytes (1 switches on core 0)
Mar 11 00:09:38.160124 n-d-831844-1 devstack@placement-api.service[110907]: DEBUG placement.requestlog [req-6782d70c-7ee4-431f-adeb-69d3a789e519 req-206af641-f44f-4b46-8651-e754929835c3 None None] Starting request: 10.222.0.21 "GET /placement/allocations/01585a9c-53b2-44dd-a2d6-6397d6debb5d" {{(pid=110907) __call__ /opt/stack/placement/placement/requestlog.py:55}}
Mar 11 00:09:38.181925 n-d-831844-1 devstack@placement-api.service[110907]: INFO placement.requestlog [req-6782d70c-7ee4-431f-adeb-69d3a789e519 req-206af641-f44f-4b46-8651-e754929835c3 service placement] 10.222.0.21 "GET /placement/allocations/01585a9c-53b2-44dd-a2d6-6397d6debb5d" status: 200 len: 19 microversion: 1.28
Mar 11 00:09:38.182303 n-d-831844-1 devstack@placement-api.service[110907]: [pid: 110907|app: 0|req: 426/853] 10.222.0.21 () {60 vars in 1380 bytes} [Fri Mar 11 00:09:38 2022] GET /placement/allocations/01585a9c-53b2-44dd-a2d6-6397d6debb5d => generated 19 bytes in 22 msecs (HTTP/1.1 200) 8 headers in 295 bytes (1 switches on core 0)
Mar 11 00:09:38.189543 n-d-831844-1 devstack@placement-api.service[110908]: DEBUG placement.requestlog [req-6782d70c-7ee4-431f-adeb-69d3a789e519 req-de2c9249-3866-46f2-a955-928e50be7362 None None] Starting request: 10.222.0.21 "PUT /placement/allocations/01585a9c-53b2-44dd-a2d6-6397d6debb5d" {{(pid=110908) __call__ /opt/stack/placement/placement/requestlog.py:55}}
Mar 11 00:09:38.327848 n-d-831844-1 devstack@placement-api.service[110908]: DEBUG placement.handlers.allocation [req-6782d70c-7ee4-431f-adeb-69d3a789e519 req-de2c9249-3866-46f2-a955-928e50be7362 service placement] Successfully wrote allocations [, , ] {{(pid=110908) _update_consumers_and_create_allocations /opt/stack/placement/placement/handlers/allocation.py:462}}
Mar 11 00:09:38.336126 n-d-831844-1 devstack@placement-api.service[110908]: INFO placement.requestlog [req-6782d70c-7ee4-431f-adeb-69d3a789e519 req-de2c9249-3866-46f2-a955-928e50be7362 service placement] 10.222.0.21 "PUT /placement/allocations/01585a9c-53b2-44dd-a2d6-6397d6debb5d" status: 204 len: 0 microversion: 1.36
Mar 11 00:09:38.337341 n-d-831844-1 devstack@placement-api.service[110908]: [pid: 110908|app: 0|req: 428/854] 10.222.0.21 () {64 vars in 1433 bytes} [Fri Mar 11 00:09:38 2022] PUT /placement/allocations/01585a9c-53b2-44dd-a2d6-6397d6debb5d => generated 0 bytes in 148 msecs (HTTP/1.1 204) 5 headers in 199 bytes (1 switches on core 0)
Mar 11 00:09:38.899076 n-d-831844-1 devstack@placement-api.service[110907]: DEBUG placement.requestlog [req-6782d70c-7ee4-431f-adeb-69d3a789e519 req-f8bf86fe-564b-44d1-999a-6a302f1c0a61 None None] Starting request: 10.222.0.30 "GET /placement/allocations/01585a9c-53b2-44dd-a2d6-6397d6debb5d" {{(pid=110907) __call__ /opt/stack/placement/placement/requestlog.py:55}}
Mar 11 00:09:38.934249 n-d-831844-1 devstack@placement-api.service[110907]: INFO placement.requestlog [req-6782d70c-7ee4-431f-adeb-69d3a789e519 req-f8bf86fe-564b-44d1-999a-6a302f1c0a61 service placement] 10.222.0.30 "GET /placement/allocations/01585a9c-53b2-44dd-a2d6-6397d6debb5d" status: 200 len: 260 microversion: 1.28
Mar 11 00:09:38.934630 n-d-831844-1 devstack@placement-api.service[110907]: [pid: 110907|app: 0|req: 427/855] 10.222.0.30 () {60 vars in 1377 bytes} [Fri Mar 11 00:09:38 2022] GET /placement/allocations/01585a9c-53b2-44dd-a2d6-6397d6debb5d => generated 260 bytes in 36 msecs (HTTP/1.1 200) 8 headers in 296 bytes (1 switches on core 0)
Mar 11 00:09:57.639045 n-d-831844-1 devstack@placement-api.service[110908]: DEBUG placement.requestlog [req-93883695-20bd-4a35-b161-a7054fbe9224 req-001a4ddb-cc31-4d87-aefe-12852b8400ba None None] Starting request: 10.222.0.21 "GET /placement/allocation_candidates?limit=1000&resources=DISK_GB%3A1%2CMEMORY_MB%3A1024%2CVCPU%3A1&root_required=%21COMPUTE_STATUS_DISABLED" {{(pid=110908) __call__ /opt/stack/placement/placement/requestlog.py:55}}
Mar 11 00:09:57.695770 n-d-831844-1 devstack@placement-api.service[110908]: DEBUG placement.objects.research_context [req-93883695-20bd-4a35-b161-a7054fbe9224 req-001a4ddb-cc31-4d87-aefe-12852b8400ba service placement] getting providers with 1 DISK_GB {{(pid=110908) __init__ /opt/stack/placement/placement/objects/research_context.py:136}}
Mar 11 00:09:57.718588 n-d-831844-1 devstack@placement-api.service[110908]: DEBUG placement.objects.research_context [req-93883695-20bd-4a35-b161-a7054fbe9224 req-001a4ddb-cc31-4d87-aefe-12852b8400ba service placement] getting providers with 1024 MEMORY_MB {{(pid=110908) __init__ /opt/stack/placement/placement/objects/research_context.py:136}}
Mar 11 00:09:57.727281 n-d-831844-1 devstack@placement-api.service[110908]: DEBUG placement.objects.research_context [req-93883695-20bd-4a35-b161-a7054fbe9224 req-001a4ddb-cc31-4d87-aefe-12852b8400ba service placement] getting providers with 1 VCPU {{(pid=110908) __init__ /opt/stack/placement/placement/objects/research_context.py:136}}
Mar 11 00:09:57.740058 n-d-831844-1 devstack@placement-api.service[110908]: DEBUG placement.objects.research_context [req-93883695-20bd-4a35-b161-a7054fbe9224 req-001a4ddb-cc31-4d87-aefe-12852b8400ba service placement] found 2 providers with available 1 DISK_GB {{(pid=110908) get_provider_ids_matching /opt/stack/placement/placement/objects/research_context.py:559}}
Mar 11 00:09:57.740333 n-d-831844-1 devstack@placement-api.service[110908]: DEBUG placement.objects.research_context [req-93883695-20bd-4a35-b161-a7054fbe9224 req-001a4ddb-cc31-4d87-aefe-12852b8400ba service placement] found 2 providers with available 1024 MEMORY_MB {{(pid=110908) get_provider_ids_matching /opt/stack/placement/placement/objects/research_context.py:559}}
Mar 11 00:09:57.742928 n-d-831844-1 devstack@placement-api.service[110908]: DEBUG placement.objects.research_context [req-93883695-20bd-4a35-b161-a7054fbe9224 req-001a4ddb-cc31-4d87-aefe-12852b8400ba service placement] found 2 providers after filtering by previous result {{(pid=110908) get_provider_ids_matching /opt/stack/placement/placement/objects/research_context.py:590}}
Mar 11 00:09:57.743198 n-d-831844-1 devstack@placement-api.service[110908]: DEBUG placement.objects.research_context [req-93883695-20bd-4a35-b161-a7054fbe9224 req-001a4ddb-cc31-4d87-aefe-12852b8400ba service placement] found 2 providers with available 1 VCPU {{(pid=110908) get_provider_ids_matching /opt/stack/placement/placement/objects/research_context.py:559}}
Mar 11 00:09:57.744587 n-d-831844-1 devstack@placement-api.service[110908]: DEBUG placement.objects.research_context [req-93883695-20bd-4a35-b161-a7054fbe9224 req-001a4ddb-cc31-4d87-aefe-12852b8400ba service placement] found 2 providers after filtering by previous result {{(pid=110908) get_provider_ids_matching /opt/stack/placement/placement/objects/research_context.py:590}}
Mar 11 00:09:57.776379 n-d-831844-1 devstack@placement-api.service[110908]: DEBUG placement.objects.allocation_candidate [req-93883695-20bd-4a35-b161-a7054fbe9224 req-001a4ddb-cc31-4d87-aefe-12852b8400ba service placement] RequestGroup(use_same_provider=False, resources={DISK_GB:1, MEMORY_MB:1024, VCPU:1}, traits=(), aggregates=[]) (suffix '') returned 2 matches {{(pid=110908) _get_by_requests /opt/stack/placement/placement/objects/allocation_candidate.py:156}}
Mar 11 00:09:57.776754 n-d-831844-1 devstack@placement-api.service[110908]: DEBUG placement.objects.allocation_candidate [req-93883695-20bd-4a35-b161-a7054fbe9224 req-001a4ddb-cc31-4d87-aefe-12852b8400ba service placement] Merging candidates yields 2 allocation requests and 2 provider summaries {{(pid=110908) _merge_candidates /opt/stack/placement/placement/objects/allocation_candidate.py:809}}
Mar 11 00:09:57.782242 n-d-831844-1 devstack@placement-api.service[110908]: INFO placement.requestlog [req-93883695-20bd-4a35-b161-a7054fbe9224 req-001a4ddb-cc31-4d87-aefe-12852b8400ba service placement] 10.222.0.21 "GET /placement/allocation_candidates?limit=1000&resources=DISK_GB%3A1%2CMEMORY_MB%3A1024%2CVCPU%3A1&root_required=%21COMPUTE_STATUS_DISABLED" status: 200 len: 1309 microversion: 1.36
Mar 11 00:09:57.783694 n-d-831844-1 devstack@placement-api.service[110908]: [pid: 110908|app: 0|req: 429/856] 10.222.0.21 () {60 vars in 1506 bytes} [Fri Mar 11 00:09:57 2022] GET /placement/allocation_candidates?limit=1000&resources=DISK_GB%3A1%2CMEMORY_MB%3A1024%2CVCPU%3A1&root_required=%21COMPUTE_STATUS_DISABLED => generated 1309 bytes in 144 msecs (HTTP/1.1 200) 8 headers in 297 bytes (1 switches on core 0)
Mar 11 00:09:57.942702 n-d-831844-1 devstack@placement-api.service[110907]: DEBUG placement.requestlog [req-93883695-20bd-4a35-b161-a7054fbe9224 req-662baef5-07dd-4b69-856c-b38ac14a6f06 None None] Starting request: 10.222.0.21 "GET /placement/allocations/471f58da-18d0-46f7-b019-8b1118926e5b" {{(pid=110907) __call__ /opt/stack/placement/placement/requestlog.py:55}}
Mar 11 00:09:57.962047 n-d-831844-1 devstack@placement-api.service[110907]: INFO placement.requestlog [req-93883695-20bd-4a35-b161-a7054fbe9224 req-662baef5-07dd-4b69-856c-b38ac14a6f06 service placement] 10.222.0.21 "GET /placement/allocations/471f58da-18d0-46f7-b019-8b1118926e5b" status: 200 len: 19 microversion: 1.28
Mar 11 00:09:57.963561 n-d-831844-1 devstack@placement-api.service[110907]: [pid: 110907|app: 0|req: 428/857] 10.222.0.21 () {60 vars in 1380 bytes} [Fri Mar 11 00:09:57 2022] GET /placement/allocations/471f58da-18d0-46f7-b019-8b1118926e5b => generated 19 bytes in 22 msecs (HTTP/1.1 200) 8 headers in 295 bytes (1 switches on core 0)
Mar 11 00:09:57.969505 n-d-831844-1 devstack@placement-api.service[110908]: DEBUG placement.requestlog [req-93883695-20bd-4a35-b161-a7054fbe9224 req-4f42ed3b-1bce-47c6-9a63-04de08f26ae5 None None] Starting request: 10.222.0.21 "PUT /placement/allocations/471f58da-18d0-46f7-b019-8b1118926e5b" {{(pid=110908) __call__ /opt/stack/placement/placement/requestlog.py:55}}
Mar 11 00:09:58.118204 n-d-831844-1 devstack@placement-api.service[110908]: DEBUG placement.handlers.allocation [req-93883695-20bd-4a35-b161-a7054fbe9224 req-4f42ed3b-1bce-47c6-9a63-04de08f26ae5 service placement] Successfully wrote allocations [, , ] {{(pid=110908) _update_consumers_and_create_allocations /opt/stack/placement/placement/handlers/allocation.py:462}}
Mar 11 00:09:58.128985 n-d-831844-1 devstack@placement-api.service[110908]: INFO placement.requestlog [req-93883695-20bd-4a35-b161-a7054fbe9224 req-4f42ed3b-1bce-47c6-9a63-04de08f26ae5 service placement] 10.222.0.21 "PUT /placement/allocations/471f58da-18d0-46f7-b019-8b1118926e5b" status: 204 len: 0 microversion: 1.36
Mar 11 00:09:58.133644 n-d-831844-1 devstack@placement-api.service[110908]: [pid: 110908|app: 0|req: 430/858] 10.222.0.21 () {64 vars in 1433 bytes} [Fri Mar 11 00:09:57 2022] PUT /placement/allocations/471f58da-18d0-46f7-b019-8b1118926e5b => generated 0 bytes in 161 msecs (HTTP/1.1 204) 5 headers in 199 bytes (1 switches on core 0)
Mar 11 00:09:58.843849 n-d-831844-1 devstack@placement-api.service[110907]: DEBUG placement.requestlog [req-93883695-20bd-4a35-b161-a7054fbe9224 req-92524212-551a-4e9d-b6fb-40a6491670ef None None] Starting request: 10.222.0.30 "GET /placement/allocations/471f58da-18d0-46f7-b019-8b1118926e5b" {{(pid=110907) __call__ /opt/stack/placement/placement/requestlog.py:55}}
Mar 11 00:09:58.921109 n-d-831844-1 devstack@placement-api.service[110907]: INFO placement.requestlog [req-93883695-20bd-4a35-b161-a7054fbe9224 req-92524212-551a-4e9d-b6fb-40a6491670ef service placement] 10.222.0.30 "GET /placement/allocations/471f58da-18d0-46f7-b019-8b1118926e5b" status: 200 len: 260 microversion: 1.28
Mar 11 00:09:58.921941 n-d-831844-1 devstack@placement-api.service[110907]: [pid: 110907|app: 0|req: 429/859] 10.222.0.30 () {60 vars in 1377 bytes} [Fri Mar 11 00:09:58 2022] GET /placement/allocations/471f58da-18d0-46f7-b019-8b1118926e5b => generated 260 bytes in 80 msecs (HTTP/1.1 200) 8 headers in 296 bytes (1 switches on core 0)
Mar 11 00:10:07.082556 n-d-831844-1 devstack@placement-api.service[110908]: DEBUG placement.requestlog [req-f844bbd4-9011-433c-b50b-6d5ed1cd41de req-5cd770ec-397a-4ab2-95cc-527a74e8b3fa None None] Starting request: 10.222.0.30 "GET /placement/resource_providers/8f3d3032-cb0b-47a0-b974-427df5ff6d29/allocations" {{(pid=110908) __call__ /opt/stack/placement/placement/requestlog.py:55}}
Mar 11 00:10:07.134750 n-d-831844-1 devstack@placement-api.service[110908]: INFO placement.requestlog [req-f844bbd4-9011-433c-b50b-6d5ed1cd41de req-5cd770ec-397a-4ab2-95cc-527a74e8b3fa service placement] 10.222.0.30 "GET /placement/resource_providers/8f3d3032-cb0b-47a0-b974-427df5ff6d29/allocations" status: 200 len: 659 microversion: 1.0
Mar 11 00:10:07.136020 n-d-831844-1 devstack@placement-api.service[110908]: [pid: 110908|app: 0|req: 431/860] 10.222.0.30 () {58 vars in 1390 bytes} [Fri Mar 11 00:10:07 2022] GET /placement/resource_providers/8f3d3032-cb0b-47a0-b974-427df5ff6d29/allocations => generated 659 bytes in 54 msecs (HTTP/1.1 200) 6 headers in 224 bytes (1 switches on core 0)
Mar 11 00:10:07.868848 n-d-831844-1 devstack@placement-api.service[110907]: DEBUG placement.requestlog [req-db4b3563-bc97-4a22-8c02-a930ca8ba01a req-ccc7b8d3-3907-466d-b823-b66677e3a1bd None None] Starting request: 10.222.0.30 "DELETE /placement/allocations/01585a9c-53b2-44dd-a2d6-6397d6debb5d" {{(pid=110907) __call__ /opt/stack/placement/placement/requestlog.py:55}}
Mar 11 00:10:08.017557 n-d-831844-1 devstack@placement-api.service[110907]: DEBUG placement.handlers.allocation [req-db4b3563-bc97-4a22-8c02-a930ca8ba01a req-ccc7b8d3-3907-466d-b823-b66677e3a1bd service placement] Successfully deleted allocations [, , ] {{(pid=110907) delete_allocations /opt/stack/placement/placement/handlers/allocation.py:627}}
Mar 11 00:10:08.018504 n-d-831844-1 devstack@placement-api.service[110907]: INFO placement.requestlog [req-db4b3563-bc97-4a22-8c02-a930ca8ba01a req-ccc7b8d3-3907-466d-b823-b66677e3a1bd service placement] 10.222.0.30 "DELETE /placement/allocations/01585a9c-53b2-44dd-a2d6-6397d6debb5d" status: 204 len: 0 microversion: 1.0
Mar 11 00:10:08.021076 n-d-831844-1 devstack@placement-api.service[110907]: [pid: 110907|app: 0|req: 430/861] 10.222.0.30 () {60 vars in 1355 bytes} [Fri Mar 11 00:10:07 2022] DELETE /placement/allocations/01585a9c-53b2-44dd-a2d6-6397d6debb5d => generated 0 bytes in 152 msecs (HTTP/1.1 204) 5 headers in 198 bytes (1 switches on core 0)
Mar 11 00:10:10.944846 n-d-831844-1 devstack@placement-api.service[110908]: DEBUG placement.requestlog [req-c62f3517-d070-445b-b1db-42823f85e1dc req-30c478bc-eb30-4668-b717-6f0c90ce71e7 None None] Starting request: 10.222.0.39 "GET /placement/resource_providers/8c151b8f-cbc0-4ec6-a22a-64559e8c4ded/allocations" {{(pid=110908) __call__ /opt/stack/placement/placement/requestlog.py:55}}
Mar 11 00:10:11.002511 n-d-831844-1 devstack@placement-api.service[110908]: INFO placement.requestlog [req-c62f3517-d070-445b-b1db-42823f85e1dc req-30c478bc-eb30-4668-b717-6f0c90ce71e7 service placement] 10.222.0.39 "GET /placement/resource_providers/8c151b8f-cbc0-4ec6-a22a-64559e8c4ded/allocations" status: 200 len: 846 microversion: 1.0
Mar 11 00:10:11.002889 n-d-831844-1 devstack@placement-api.service[110908]: [pid: 110908|app: 0|req: 432/862] 10.222.0.39 () {58 vars in 1390 bytes} [Fri Mar 11 00:10:10 2022] GET /placement/resource_providers/8c151b8f-cbc0-4ec6-a22a-64559e8c4ded/allocations => generated 846 bytes in 58 msecs (HTTP/1.1 200) 6 headers in 224 bytes (2 switches on core 0)
Mar 11 00:10:30.163167 n-d-831844-1 devstack@placement-api.service[110907]: DEBUG placement.requestlog [req-8ea0ef90-a523-461a-b357-93465bdc28a5 req-e3bb2b2c-defb-4d65-8db7-3badbdc3290a None None] Starting request: 10.222.0.21 "GET /placement/allocation_candidates?limit=1000&resources=MEMORY_MB%3A1024%2CVCPU%3A1&root_required=%21COMPUTE_STATUS_DISABLED" {{(pid=110907) __call__ /opt/stack/placement/placement/requestlog.py:55}}
Mar 11 00:10:30.221638 n-d-831844-1 devstack@placement-api.service[110907]: DEBUG placement.objects.research_context [req-8ea0ef90-a523-461a-b357-93465bdc28a5 req-e3bb2b2c-defb-4d65-8db7-3badbdc3290a service placement] getting providers with 1024 MEMORY_MB {{(pid=110907) __init__ /opt/stack/placement/placement/objects/research_context.py:136}}
Mar 11 00:10:30.251485 n-d-831844-1 devstack@placement-api.service[110907]: DEBUG placement.objects.research_context [req-8ea0ef90-a523-461a-b357-93465bdc28a5 req-e3bb2b2c-defb-4d65-8db7-3badbdc3290a service placement] getting providers with 1 VCPU {{(pid=110907) __init__ /opt/stack/placement/placement/objects/research_context.py:136}}
Mar 11 00:10:30.268241 n-d-831844-1 devstack@placement-api.service[110907]: DEBUG placement.objects.research_context [req-8ea0ef90-a523-461a-b357-93465bdc28a5 req-e3bb2b2c-defb-4d65-8db7-3badbdc3290a service placement] found 2 providers with available 1024 MEMORY_MB {{(pid=110907) get_provider_ids_matching /opt/stack/placement/placement/objects/research_context.py:559}}
Mar 11 00:10:30.268519 n-d-831844-1 devstack@placement-api.service[110907]: DEBUG placement.objects.research_context [req-8ea0ef90-a523-461a-b357-93465bdc28a5 req-e3bb2b2c-defb-4d65-8db7-3badbdc3290a service placement] found 2 providers with available 1 VCPU {{(pid=110907) get_provider_ids_matching /opt/stack/placement/placement/objects/research_context.py:559}}
Mar 11 00:10:30.268789 n-d-831844-1 devstack@placement-api.service[110907]: DEBUG placement.objects.research_context [req-8ea0ef90-a523-461a-b357-93465bdc28a5 req-e3bb2b2c-defb-4d65-8db7-3badbdc3290a service placement] found 2 providers after filtering by previous result {{(pid=110907) get_provider_ids_matching /opt/stack/placement/placement/objects/research_context.py:590}}
Mar 11 00:10:30.301160 n-d-831844-1 devstack@placement-api.service[110907]: DEBUG placement.objects.allocation_candidate [req-8ea0ef90-a523-461a-b357-93465bdc28a5 req-e3bb2b2c-defb-4d65-8db7-3badbdc3290a service placement] RequestGroup(use_same_provider=False, resources={MEMORY_MB:1024, VCPU:1}, traits=(), aggregates=[]) (suffix '') returned 2 matches {{(pid=110907) _get_by_requests /opt/stack/placement/placement/objects/allocation_candidate.py:156}}
Mar 11 00:10:30.302291 n-d-831844-1 devstack@placement-api.service[110907]: DEBUG placement.objects.allocation_candidate [req-8ea0ef90-a523-461a-b357-93465bdc28a5 req-e3bb2b2c-defb-4d65-8db7-3badbdc3290a service placement] Merging candidates yields 2 allocation requests and 2 provider summaries {{(pid=110907) _merge_candidates /opt/stack/placement/placement/objects/allocation_candidate.py:809}}
Mar 11 00:10:30.310372 n-d-831844-1 devstack@placement-api.service[110907]: INFO placement.requestlog [req-8ea0ef90-a523-461a-b357-93465bdc28a5 req-e3bb2b2c-defb-4d65-8db7-3badbdc3290a service placement] 10.222.0.21 "GET /placement/allocation_candidates?limit=1000&resources=MEMORY_MB%3A1024%2CVCPU%3A1&root_required=%21COMPUTE_STATUS_DISABLED" status: 200 len: 1281 microversion: 1.36
Mar 11 00:10:30.321479 n-d-831844-1 devstack@placement-api.service[110907]: [pid: 110907|app: 0|req: 431/863] 10.222.0.21 () {60 vars in 1478 bytes} [Fri Mar 11 00:10:30 2022] GET /placement/allocation_candidates?limit=1000&resources=MEMORY_MB%3A1024%2CVCPU%3A1&root_required=%21COMPUTE_STATUS_DISABLED => generated 1281 bytes in 158 msecs (HTTP/1.1 200) 8 headers in 297 bytes (1 switches on core 0)
Mar 11 00:10:30.467372 n-d-831844-1 devstack@placement-api.service[110908]: DEBUG placement.requestlog [req-8ea0ef90-a523-461a-b357-93465bdc28a5 req-0bce01fe-32c2-4bde-abcd-dd5c82f9d249 None None] Starting request: 10.222.0.21 "GET /placement/allocations/13a84c32-3d24-4277-840b-d4f776c4876f" {{(pid=110908) __call__ /opt/stack/placement/placement/requestlog.py:55}}
Mar 11 00:10:30.494141 n-d-831844-1 devstack@placement-api.service[110908]: INFO placement.requestlog [req-8ea0ef90-a523-461a-b357-93465bdc28a5 req-0bce01fe-32c2-4bde-abcd-dd5c82f9d249 service placement] 10.222.0.21 "GET /placement/allocations/13a84c32-3d24-4277-840b-d4f776c4876f" status: 200 len: 19 microversion: 1.28
Mar 11 00:10:30.494642 n-d-831844-1 devstack@placement-api.service[110908]: [pid: 110908|app: 0|req: 433/864] 10.222.0.21 () {60 vars in 1380 bytes} [Fri Mar 11 00:10:30 2022] GET /placement/allocations/13a84c32-3d24-4277-840b-d4f776c4876f => generated 19 bytes in 29 msecs (HTTP/1.1 200) 8 headers in 295 bytes (1 switches on core 0)
Mar 11 00:10:30.501366 n-d-831844-1 devstack@placement-api.service[110907]: DEBUG placement.requestlog [req-8ea0ef90-a523-461a-b357-93465bdc28a5 req-dbe13f76-6d48-4d5e-832a-9809b07ffaa5 None None] Starting request: 10.222.0.21 "PUT /placement/allocations/13a84c32-3d24-4277-840b-d4f776c4876f" {{(pid=110907) __call__ /opt/stack/placement/placement/requestlog.py:55}}
