Apr 29 12:04:02.155357 n-d-831219-14 devstack@placement-api.service[111185]: INFO placement.requestlog [req-dd48bc57-95cd-49f6-981b-186a7d3ea07c req-a16af91c-8573-4c6a-8d09-d9e23d1b33b6 service placement] 10.222.0.74 "GET /placement/allocation_candidates?limit=1000&resources=DISK_GB%3A1%2CMEMORY_MB%3A1024%2CVCPU%3A1&root_required=%21COMPUTE_STATUS_DISABLED" status: 200 len: 1309 microversion: 1.36
Apr 29 12:04:02.155725 n-d-831219-14 devstack@placement-api.service[111185]: [pid: 111185|app: 0|req: 389/773] 10.222.0.74 () {60 vars in 1506 bytes} [Fri Apr 29 12:04:01 2022] GET /placement/allocation_candidates?limit=1000&resources=DISK_GB%3A1%2CMEMORY_MB%3A1024%2CVCPU%3A1&root_required=%21COMPUTE_STATUS_DISABLED => generated 1309 bytes in 256 msecs (HTTP/1.1 200) 8 headers in 297 bytes (1 switches on core 0)
Apr 29 12:04:02.181591 n-d-831219-14 devstack@placement-api.service[111184]: INFO placement.requestlog [req-2cc4ec2a-d468-4e4a-9574-c4227ef1459f req-603e99fe-3a1f-4ddf-bb0f-79034fa1241a service placement] 10.222.0.85 "GET /placement/resource_providers/3a82259b-bbdc-4855-a7fa-19ed8412076a/allocations" status: 200 len: 154 microversion: 1.0
Apr 29 12:04:02.182711 n-d-831219-14 devstack@placement-api.service[111184]: [pid: 111184|app: 0|req: 385/774] 10.222.0.85 () {58 vars in 1390 bytes} [Fri Apr 29 12:04:02 2022] GET /placement/resource_providers/3a82259b-bbdc-4855-a7fa-19ed8412076a/allocations => generated 154 bytes in 73 msecs (HTTP/1.1 200) 6 headers in 224 bytes (1 switches on core 0)
Apr 29 12:04:02.322881 n-d-831219-14 devstack@placement-api.service[111185]: DEBUG placement.requestlog [req-dd48bc57-95cd-49f6-981b-186a7d3ea07c req-703e2b26-f708-4290-9549-c475cfddf5f8 None None] Starting request: 10.222.0.74 "GET /placement/allocations/e27a601e-ab43-4ae4-9a31-bdbbf213a588" {{(pid=111185) __call__ /opt/stack/placement/placement/requestlog.py:55}}
Apr 29 12:04:02.345600 n-d-831219-14 devstack@placement-api.service[111185]: INFO placement.requestlog [req-dd48bc57-95cd-49f6-981b-186a7d3ea07c req-703e2b26-f708-4290-9549-c475cfddf5f8 service placement] 10.222.0.74 "GET /placement/allocations/e27a601e-ab43-4ae4-9a31-bdbbf213a588" status: 200 len: 19 microversion: 1.28
Apr 29 12:04:02.346388 n-d-831219-14 devstack@placement-api.service[111185]: [pid: 111185|app: 0|req: 390/775] 10.222.0.74 () {60 vars in 1380 bytes} [Fri Apr 29 12:04:02 2022] GET /placement/allocations/e27a601e-ab43-4ae4-9a31-bdbbf213a588 => generated 19 bytes in 25 msecs (HTTP/1.1 200) 8 headers in 295 bytes (1 switches on core 0)
Apr 29 12:04:02.356144 n-d-831219-14 devstack@placement-api.service[111184]: DEBUG placement.requestlog [req-dd48bc57-95cd-49f6-981b-186a7d3ea07c req-d1e9d26b-8e34-4b00-b1fc-382d253946f1 None None] Starting request: 10.222.0.74 "PUT /placement/allocations/e27a601e-ab43-4ae4-9a31-bdbbf213a588" {{(pid=111184) __call__ /opt/stack/placement/placement/requestlog.py:55}}
Apr 29 12:04:02.533812 n-d-831219-14 devstack@placement-api.service[111184]: DEBUG placement.handlers.allocation [req-dd48bc57-95cd-49f6-981b-186a7d3ea07c req-d1e9d26b-8e34-4b00-b1fc-382d253946f1 service placement] Successfully wrote allocations [, , ] {{(pid=111184) _update_consumers_and_create_allocations /opt/stack/placement/placement/handlers/allocation.py:462}}
Apr 29 12:04:02.541050 n-d-831219-14 devstack@placement-api.service[111184]: INFO placement.requestlog [req-dd48bc57-95cd-49f6-981b-186a7d3ea07c req-d1e9d26b-8e34-4b00-b1fc-382d253946f1 service placement] 10.222.0.74 "PUT /placement/allocations/e27a601e-ab43-4ae4-9a31-bdbbf213a588" status: 204 len: 0 microversion: 1.36
Apr 29 12:04:02.542302 n-d-831219-14 devstack@placement-api.service[111184]: [pid: 111184|app: 0|req: 386/776] 10.222.0.74 () {64 vars in 1433 bytes} [Fri Apr 29 12:04:02 2022] PUT /placement/allocations/e27a601e-ab43-4ae4-9a31-bdbbf213a588 => generated 0 bytes in 186 msecs (HTTP/1.1 204) 5 headers in 199 bytes (1 switches on core 0)
Apr 29 12:04:02.621112 n-d-831219-14 devstack@placement-api.service[111185]: DEBUG placement.requestlog [req-dd48bc57-95cd-49f6-981b-186a7d3ea07c req-2a485a8f-e89e-408f-859c-d7e3449a6aeb None None] Starting request: 10.222.0.74 "GET /placement/allocations/2fb8a464-e4e2-4267-90a8-21bbe1ff172a" {{(pid=111185) __call__ /opt/stack/placement/placement/requestlog.py:55}}
Apr 29 12:04:02.642271 n-d-831219-14 devstack@placement-api.service[111185]: INFO placement.requestlog [req-dd48bc57-95cd-49f6-981b-186a7d3ea07c req-2a485a8f-e89e-408f-859c-d7e3449a6aeb service placement] 10.222.0.74 "GET /placement/allocations/2fb8a464-e4e2-4267-90a8-21bbe1ff172a" status: 200 len: 19 microversion: 1.28
Apr 29 12:04:02.646195 n-d-831219-14 devstack@placement-api.service[111185]: [pid: 111185|app: 0|req: 391/777] 10.222.0.74 () {60 vars in 1380 bytes} [Fri Apr 29 12:04:02 2022] GET /placement/allocations/2fb8a464-e4e2-4267-90a8-21bbe1ff172a => generated 19 bytes in 26 msecs (HTTP/1.1 200) 8 headers in 295 bytes (1 switches on core 0)
Apr 29 12:04:02.656518 n-d-831219-14 devstack@placement-api.service[111184]: DEBUG placement.requestlog [req-dd48bc57-95cd-49f6-981b-186a7d3ea07c req-df9f26d1-2b3c-4830-80f0-d0556d582f03 None None] Starting request: 10.222.0.74 "PUT /placement/allocations/2fb8a464-e4e2-4267-90a8-21bbe1ff172a" {{(pid=111184) __call__ /opt/stack/placement/placement/requestlog.py:55}}
Apr 29 12:04:02.797421 n-d-831219-14 devstack@placement-api.service[111184]: DEBUG placement.handlers.allocation [req-dd48bc57-95cd-49f6-981b-186a7d3ea07c req-df9f26d1-2b3c-4830-80f0-d0556d582f03 service placement] Successfully wrote allocations [, , ] {{(pid=111184) _update_consumers_and_create_allocations /opt/stack/placement/placement/handlers/allocation.py:462}}
Apr 29 12:04:02.803227 n-d-831219-14 devstack@placement-api.service[111184]: INFO placement.requestlog [req-dd48bc57-95cd-49f6-981b-186a7d3ea07c req-df9f26d1-2b3c-4830-80f0-d0556d582f03 service placement] 10.222.0.74 "PUT /placement/allocations/2fb8a464-e4e2-4267-90a8-21bbe1ff172a" status: 204 len: 0 microversion: 1.36
Apr 29 12:04:02.804551 n-d-831219-14 devstack@placement-api.service[111184]: [pid: 111184|app: 0|req: 387/778] 10.222.0.74 () {64 vars in 1433 bytes} [Fri Apr 29 12:04:02 2022] PUT /placement/allocations/2fb8a464-e4e2-4267-90a8-21bbe1ff172a => generated 0 bytes in 148 msecs (HTTP/1.1 204) 5 headers in 199 bytes (1 switches on core 0)
Apr 29 12:04:03.585292 n-d-831219-14 devstack@placement-api.service[111185]: DEBUG placement.requestlog [req-dd48bc57-95cd-49f6-981b-186a7d3ea07c req-40667772-47fd-4a0e-8c9f-36e575373d87 None None] Starting request: 10.222.0.85 "GET /placement/allocations/e27a601e-ab43-4ae4-9a31-bdbbf213a588" {{(pid=111185) __call__ /opt/stack/placement/placement/requestlog.py:55}}
Apr 29 12:04:03.630072 n-d-831219-14 devstack@placement-api.service[111185]: INFO placement.requestlog [req-dd48bc57-95cd-49f6-981b-186a7d3ea07c req-40667772-47fd-4a0e-8c9f-36e575373d87 service placement] 10.222.0.85 "GET /placement/allocations/e27a601e-ab43-4ae4-9a31-bdbbf213a588" status: 200 len: 259 microversion: 1.28
Apr 29 12:04:03.634135 n-d-831219-14 devstack@placement-api.service[111185]: [pid: 111185|app: 0|req: 392/779] 10.222.0.85 () {60 vars in 1377 bytes} [Fri Apr 29 12:04:03 2022] GET /placement/allocations/e27a601e-ab43-4ae4-9a31-bdbbf213a588 => generated 259 bytes in 49 msecs (HTTP/1.1 200) 8 headers in 296 bytes (1 switches on core 0)
Apr 29 12:04:03.689341 n-d-831219-14 devstack@placement-api.service[111184]: DEBUG placement.requestlog [req-dd48bc57-95cd-49f6-981b-186a7d3ea07c req-f34c15f1-9d29-445e-8793-cf0dcc55fc33 None None] Starting request: 10.222.0.85 "GET /placement/allocations/2fb8a464-e4e2-4267-90a8-21bbe1ff172a" {{(pid=111184) __call__ /opt/stack/placement/placement/requestlog.py:55}}
Apr 29 12:04:03.761816 n-d-831219-14 devstack@placement-api.service[111184]: INFO placement.requestlog [req-dd48bc57-95cd-49f6-981b-186a7d3ea07c req-f34c15f1-9d29-445e-8793-cf0dcc55fc33 service placement] 10.222.0.85 "GET /placement/allocations/2fb8a464-e4e2-4267-90a8-21bbe1ff172a" status: 200 len: 259 microversion: 1.28
Apr 29 12:04:03.762460 n-d-831219-14 devstack@placement-api.service[111184]: [pid: 111184|app: 0|req: 388/780] 10.222.0.85 () {60 vars in 1377 bytes} [Fri Apr 29 12:04:03 2022] GET /placement/allocations/2fb8a464-e4e2-4267-90a8-21bbe1ff172a => generated 259 bytes in 74 msecs (HTTP/1.1 200) 8 headers in 296 bytes (1 switches on core 0)
Apr 29 12:04:17.518409 n-d-831219-14 devstack@placement-api.service[111185]: DEBUG placement.requestlog [req-7cdc0823-2761-40ba-b1bf-47f8a36e7dd3 req-5a7c6189-d9b0-4b2b-a2e9-7c48b7608991 None None] Starting request: 10.222.0.65 "GET /placement/resource_providers/7e358883-4426-4e3f-aa46-f63caaba64fe/allocations" {{(pid=111185) __call__ /opt/stack/placement/placement/requestlog.py:55}}
Apr 29 12:04:17.549204 n-d-831219-14 devstack@placement-api.service[111185]: INFO placement.requestlog [req-7cdc0823-2761-40ba-b1bf-47f8a36e7dd3 req-5a7c6189-d9b0-4b2b-a2e9-7c48b7608991 service placement] 10.222.0.65 "GET /placement/resource_providers/7e358883-4426-4e3f-aa46-f63caaba64fe/allocations" status: 200 len: 154 microversion: 1.0
Apr 29 12:04:17.550196 n-d-831219-14 devstack@placement-api.service[111185]: [pid: 111185|app: 0|req: 393/781] 10.222.0.65 () {58 vars in 1390 bytes} [Fri Apr 29 12:04:17 2022] GET /placement/resource_providers/7e358883-4426-4e3f-aa46-f63caaba64fe/allocations => generated 154 bytes in 32 msecs (HTTP/1.1 200) 6 headers in 224 bytes (1 switches on core 0)
Apr 29 12:04:29.108486 n-d-831219-14 devstack@placement-api.service[111184]: DEBUG placement.requestlog [req-0673f48e-4dbf-4172-87e8-bec2208c7f49 req-fc1a6ab3-287b-476e-a803-cf2677e39eb9 None None] Starting request: 10.222.0.85 "DELETE /placement/allocations/75672625-2c4c-4cb0-90f2-dd73c0e5c21f" {{(pid=111184) __call__ /opt/stack/placement/placement/requestlog.py:55}}
Apr 29 12:04:29.177169 n-d-831219-14 devstack@placement-api.service[111184]: DEBUG placement.handlers.allocation [req-0673f48e-4dbf-4172-87e8-bec2208c7f49 req-fc1a6ab3-287b-476e-a803-cf2677e39eb9 service placement] Successfully deleted allocations [, , ] {{(pid=111184) delete_allocations /opt/stack/placement/placement/handlers/allocation.py:627}}
Apr 29 12:04:29.178483 n-d-831219-14 devstack@placement-api.service[111184]: INFO placement.requestlog [req-0673f48e-4dbf-4172-87e8-bec2208c7f49 req-fc1a6ab3-287b-476e-a803-cf2677e39eb9 service placement] 10.222.0.85 "DELETE /placement/allocations/75672625-2c4c-4cb0-90f2-dd73c0e5c21f" status: 204 len: 0 microversion: 1.0
Apr 29 12:04:29.179499 n-d-831219-14 devstack@placement-api.service[111184]: [pid: 111184|app: 0|req: 389/782] 10.222.0.85 () {60 vars in 1355 bytes} [Fri Apr 29 12:04:29 2022] DELETE /placement/allocations/75672625-2c4c-4cb0-90f2-dd73c0e5c21f => generated 0 bytes in 77 msecs (HTTP/1.1 204) 5 headers in 198 bytes (1 switches on core 0)
Apr 29 12:04:38.859825 n-d-831219-14 devstack@placement-api.service[111185]: DEBUG placement.requestlog [req-4842e85c-a954-4310-86ad-85d4f4d66723 req-847a9b02-3db7-42bb-abc6-186e654d8737 None None] Starting request: 10.222.0.74 "GET /placement/allocation_candidates?limit=1000&resources=DISK_GB%3A1%2CMEMORY_MB%3A1024%2CVCPU%3A1&root_required=%21COMPUTE_STATUS_DISABLED" {{(pid=111185) __call__ /opt/stack/placement/placement/requestlog.py:55}}
Apr 29 12:04:38.983001 n-d-831219-14 devstack@placement-api.service[111185]: DEBUG placement.objects.research_context [req-4842e85c-a954-4310-86ad-85d4f4d66723 req-847a9b02-3db7-42bb-abc6-186e654d8737 service placement] getting providers with 1 DISK_GB {{(pid=111185) __init__ /opt/stack/placement/placement/objects/research_context.py:136}}
Apr 29 12:04:39.081866 n-d-831219-14 devstack@placement-api.service[111185]: DEBUG placement.objects.research_context [req-4842e85c-a954-4310-86ad-85d4f4d66723 req-847a9b02-3db7-42bb-abc6-186e654d8737 service placement] getting providers with 1024 MEMORY_MB {{(pid=111185) __init__ /opt/stack/placement/placement/objects/research_context.py:136}}
Apr 29 12:04:39.107423 n-d-831219-14 devstack@placement-api.service[111185]: DEBUG placement.objects.research_context [req-4842e85c-a954-4310-86ad-85d4f4d66723 req-847a9b02-3db7-42bb-abc6-186e654d8737 service placement] getting providers with 1 VCPU {{(pid=111185) __init__ /opt/stack/placement/placement/objects/research_context.py:136}}
Apr 29 12:04:39.127545 n-d-831219-14 devstack@placement-api.service[111185]: DEBUG placement.objects.research_context [req-4842e85c-a954-4310-86ad-85d4f4d66723 req-847a9b02-3db7-42bb-abc6-186e654d8737 service placement] found 2 providers with available 1 DISK_GB {{(pid=111185) get_provider_ids_matching /opt/stack/placement/placement/objects/research_context.py:563}}
Apr 29 12:04:39.137079 n-d-831219-14 devstack@placement-api.service[111185]: DEBUG placement.objects.research_context [req-4842e85c-a954-4310-86ad-85d4f4d66723 req-847a9b02-3db7-42bb-abc6-186e654d8737 service placement] found 2 providers with available 1024 MEMORY_MB {{(pid=111185) get_provider_ids_matching /opt/stack/placement/placement/objects/research_context.py:563}}
Apr 29 12:04:39.139023 n-d-831219-14 devstack@placement-api.service[111185]: DEBUG placement.objects.research_context [req-4842e85c-a954-4310-86ad-85d4f4d66723 req-847a9b02-3db7-42bb-abc6-186e654d8737 service placement] found 2 providers after filtering by previous result {{(pid=111185) get_provider_ids_matching /opt/stack/placement/placement/objects/research_context.py:594}}
Apr 29 12:04:39.141239 n-d-831219-14 devstack@placement-api.service[111185]: DEBUG placement.objects.research_context [req-4842e85c-a954-4310-86ad-85d4f4d66723 req-847a9b02-3db7-42bb-abc6-186e654d8737 service placement] found 2 providers with available 1 VCPU {{(pid=111185) get_provider_ids_matching /opt/stack/placement/placement/objects/research_context.py:563}}
Apr 29 12:04:39.141615 n-d-831219-14 devstack@placement-api.service[111185]: DEBUG placement.objects.research_context [req-4842e85c-a954-4310-86ad-85d4f4d66723 req-847a9b02-3db7-42bb-abc6-186e654d8737 service placement] found 2 providers after filtering by previous result {{(pid=111185) get_provider_ids_matching /opt/stack/placement/placement/objects/research_context.py:594}}
Apr 29 12:04:39.184453 n-d-831219-14 devstack@placement-api.service[111185]: DEBUG placement.objects.allocation_candidate [req-4842e85c-a954-4310-86ad-85d4f4d66723 req-847a9b02-3db7-42bb-abc6-186e654d8737 service placement] RequestGroup(use_same_provider=False, resources={DISK_GB:1, MEMORY_MB:1024, VCPU:1}, traits=(), aggregates=[]) (suffix '') returned 2 matches {{(pid=111185) _get_by_requests /opt/stack/placement/placement/objects/allocation_candidate.py:156}}
Apr 29 12:04:39.187136 n-d-831219-14 devstack@placement-api.service[111185]: DEBUG placement.objects.allocation_candidate [req-4842e85c-a954-4310-86ad-85d4f4d66723 req-847a9b02-3db7-42bb-abc6-186e654d8737 service placement] Merging candidates yields 2 allocation requests and 2 provider summaries {{(pid=111185) _merge_candidates /opt/stack/placement/placement/objects/allocation_candidate.py:809}}
Apr 29 12:04:39.193689 n-d-831219-14 devstack@placement-api.service[111185]: INFO placement.requestlog [req-4842e85c-a954-4310-86ad-85d4f4d66723 req-847a9b02-3db7-42bb-abc6-186e654d8737 service placement] 10.222.0.74 "GET /placement/allocation_candidates?limit=1000&resources=DISK_GB%3A1%2CMEMORY_MB%3A1024%2CVCPU%3A1&root_required=%21COMPUTE_STATUS_DISABLED" status: 200 len: 1309 microversion: 1.36
Apr 29 12:04:39.203558 n-d-831219-14 devstack@placement-api.service[111185]: [pid: 111185|app: 0|req: 394/783] 10.222.0.74 () {60 vars in 1506 bytes} [Fri Apr 29 12:04:38 2022] GET /placement/allocation_candidates?limit=1000&resources=DISK_GB%3A1%2CMEMORY_MB%3A1024%2CVCPU%3A1&root_required=%21COMPUTE_STATUS_DISABLED => generated 1309 bytes in 344 msecs (HTTP/1.1 200) 8 headers in 297 bytes (1 switches on core 0)
Apr 29 12:04:39.641124 n-d-831219-14 devstack@placement-api.service[111184]: DEBUG placement.requestlog [req-4842e85c-a954-4310-86ad-85d4f4d66723 req-922ce156-de17-4bb4-a6f6-075aab71b795 None None] Starting request: 10.222.0.74 "GET /placement/allocations/bda3c635-78c2-4578-ad44-da99ee82eb3c" {{(pid=111184) __call__ /opt/stack/placement/placement/requestlog.py:55}}
Apr 29 12:04:39.668446 n-d-831219-14 devstack@placement-api.service[111184]: INFO placement.requestlog [req-4842e85c-a954-4310-86ad-85d4f4d66723 req-922ce156-de17-4bb4-a6f6-075aab71b795 service placement] 10.222.0.74 "GET /placement/allocations/bda3c635-78c2-4578-ad44-da99ee82eb3c" status: 200 len: 19 microversion: 1.28
Apr 29 12:04:39.680888 n-d-831219-14 devstack@placement-api.service[111184]: [pid: 111184|app: 0|req: 390/784] 10.222.0.74 () {60 vars in 1380 bytes} [Fri Apr 29 12:04:39 2022] GET /placement/allocations/bda3c635-78c2-4578-ad44-da99ee82eb3c => generated 19 bytes in 40 msecs (HTTP/1.1 200) 8 headers in 295 bytes (1 switches on core 0)
Apr 29 12:04:39.698507 n-d-831219-14 devstack@placement-api.service[111185]: DEBUG placement.requestlog [req-4842e85c-a954-4310-86ad-85d4f4d66723 req-537413a7-c949-46fa-a236-24093e0dc334 None None] Starting request: 10.222.0.74 "PUT /placement/allocations/bda3c635-78c2-4578-ad44-da99ee82eb3c" {{(pid=111185) __call__ /opt/stack/placement/placement/requestlog.py:55}}
Apr 29 12:04:39.884537 n-d-831219-14 devstack@placement-api.service[111185]: DEBUG placement.handlers.allocation [req-4842e85c-a954-4310-86ad-85d4f4d66723 req-537413a7-c949-46fa-a236-24093e0dc334 service placement] Successfully wrote allocations [, , ] {{(pid=111185) _update_consumers_and_create_allocations /opt/stack/placement/placement/handlers/allocation.py:462}}
Apr 29 12:04:39.892961 n-d-831219-14 devstack@placement-api.service[111185]: INFO placement.requestlog [req-4842e85c-a954-4310-86ad-85d4f4d66723 req-537413a7-c949-46fa-a236-24093e0dc334 service placement] 10.222.0.74 "PUT /placement/allocations/bda3c635-78c2-4578-ad44-da99ee82eb3c" status: 204 len: 0 microversion: 1.36
Apr 29 12:04:39.894270 n-d-831219-14 devstack@placement-api.service[111185]: [pid: 111185|app: 0|req: 395/785] 10.222.0.74 () {64 vars in 1433 bytes} [Fri Apr 29 12:04:39 2022] PUT /placement/allocations/bda3c635-78c2-4578-ad44-da99ee82eb3c => generated 0 bytes in 196 msecs (HTTP/1.1 204) 5 headers in 199 bytes (1 switches on core 0)
Apr 29 12:04:40.466891 n-d-831219-14 devstack@placement-api.service[111184]: DEBUG placement.requestlog [req-9d2bb367-00aa-46f9-81e9-e4ea48880dfa req-3ab04605-eca2-45a7-997f-0f1cc92a25c0 None None] Starting request: 10.222.0.85 "DELETE /placement/allocations/e27a601e-ab43-4ae4-9a31-bdbbf213a588" {{(pid=111184) __call__ /opt/stack/placement/placement/requestlog.py:55}}
Apr 29 12:04:40.523782 n-d-831219-14 devstack@placement-api.service[111184]: DEBUG placement.handlers.allocation [req-9d2bb367-00aa-46f9-81e9-e4ea48880dfa req-3ab04605-eca2-45a7-997f-0f1cc92a25c0 service placement] Successfully deleted allocations [, , ] {{(pid=111184) delete_allocations /opt/stack/placement/placement/handlers/allocation.py:627}}
Apr 29 12:04:40.524595 n-d-831219-14 devstack@placement-api.service[111184]: INFO placement.requestlog [req-9d2bb367-00aa-46f9-81e9-e4ea48880dfa req-3ab04605-eca2-45a7-997f-0f1cc92a25c0 service placement] 10.222.0.85 "DELETE /placement/allocations/e27a601e-ab43-4ae4-9a31-bdbbf213a588" status: 204 len: 0 microversion: 1.0
Apr 29 12:04:40.525066 n-d-831219-14 devstack@placement-api.service[111184]: [pid: 111184|app: 0|req: 391/786] 10.222.0.85 () {60 vars in 1355 bytes} [Fri Apr 29 12:04:40 2022] DELETE /placement/allocations/e27a601e-ab43-4ae4-9a31-bdbbf213a588 => generated 0 bytes in 59 msecs (HTTP/1.1 204) 5 headers in 198 bytes (1 switches on core 0)
Apr 29 12:04:40.789103 n-d-831219-14 devstack@placement-api.service[111185]: DEBUG placement.requestlog [req-96c5128a-9de8-40b6-9494-64fd1dd5867d req-80d09fde-df17-4800-a111-666a50b627ca None None] Starting request: 10.222.0.74 "GET /placement/allocation_candidates?limit=1000&resources=DISK_GB%3A1%2CMEMORY_MB%3A1024%2CVCPU%3A1&root_required=%21COMPUTE_STATUS_DISABLED" {{(pid=111185) __call__ /opt/stack/placement/placement/requestlog.py:55}}
Apr 29 12:04:40.828707 n-d-831219-14 devstack@placement-api.service[111184]: DEBUG placement.requestlog [req-4842e85c-a954-4310-86ad-85d4f4d66723 req-1afdbcf4-22cd-45d6-8f8c-3bc7ce2609c8 None None] Starting request: 10.222.0.65 "GET /placement/allocations/bda3c635-78c2-4578-ad44-da99ee82eb3c" {{(pid=111184) __call__ /opt/stack/placement/placement/requestlog.py:55}}
Apr 29 12:04:40.858288 n-d-831219-14 devstack@placement-api.service[111184]: INFO placement.requestlog [req-4842e85c-a954-4310-86ad-85d4f4d66723 req-1afdbcf4-22cd-45d6-8f8c-3bc7ce2609c8 service placement] 10.222.0.65 "GET /placement/allocations/bda3c635-78c2-4578-ad44-da99ee82eb3c" status: 200 len: 259 microversion: 1.28
Apr 29 12:04:40.859166 n-d-831219-14 devstack@placement-api.service[111184]: [pid: 111184|app: 0|req: 392/787] 10.222.0.65 () {60 vars in 1377 bytes} [Fri Apr 29 12:04:40 2022] GET /placement/allocations/bda3c635-78c2-4578-ad44-da99ee82eb3c => generated 259 bytes in 31 msecs (HTTP/1.1 200) 8 headers in 296 bytes (1 switches on core 0)
Apr 29 12:04:40.875520 n-d-831219-14 devstack@placement-api.service[111185]: DEBUG placement.objects.research_context [req-96c5128a-9de8-40b6-9494-64fd1dd5867d req-80d09fde-df17-4800-a111-666a50b627ca service placement] getting providers with 1 DISK_GB {{(pid=111185) __init__ /opt/stack/placement/placement/objects/research_context.py:136}}
Apr 29 12:04:40.882458 n-d-831219-14 devstack@placement-api.service[111185]: DEBUG placement.objects.research_context [req-96c5128a-9de8-40b6-9494-64fd1dd5867d req-80d09fde-df17-4800-a111-666a50b627ca service placement] getting providers with 1024 MEMORY_MB {{(pid=111185) __init__ /opt/stack/placement/placement/objects/research_context.py:136}}
Apr 29 12:04:40.889945 n-d-831219-14 devstack@placement-api.service[111185]: DEBUG placement.objects.research_context [req-96c5128a-9de8-40b6-9494-64fd1dd5867d req-80d09fde-df17-4800-a111-666a50b627ca service placement] getting providers with 1 VCPU {{(pid=111185) __init__ /opt/stack/placement/placement/objects/research_context.py:136}}
Apr 29 12:04:40.912568 n-d-831219-14 devstack@placement-api.service[111185]: DEBUG placement.objects.research_context [req-96c5128a-9de8-40b6-9494-64fd1dd5867d req-80d09fde-df17-4800-a111-666a50b627ca service placement] found 2 providers with available 1 DISK_GB {{(pid=111185) get_provider_ids_matching /opt/stack/placement/placement/objects/research_context.py:563}}
Apr 29 12:04:40.913763 n-d-831219-14 devstack@placement-api.service[111185]: DEBUG placement.objects.research_context [req-96c5128a-9de8-40b6-9494-64fd1dd5867d req-80d09fde-df17-4800-a111-666a50b627ca service placement] found 2 providers with available 1024 MEMORY_MB {{(pid=111185) get_provider_ids_matching /opt/stack/placement/placement/objects/research_context.py:563}}
Apr 29 12:04:40.916660 n-d-831219-14 devstack@placement-api.service[111185]: DEBUG placement.objects.research_context [req-96c5128a-9de8-40b6-9494-64fd1dd5867d req-80d09fde-df17-4800-a111-666a50b627ca service placement] found 2 providers after filtering by previous result {{(pid=111185) get_provider_ids_matching /opt/stack/placement/placement/objects/research_context.py:594}}
Apr 29 12:04:40.917130 n-d-831219-14 devstack@placement-api.service[111185]: DEBUG placement.objects.research_context [req-96c5128a-9de8-40b6-9494-64fd1dd5867d req-80d09fde-df17-4800-a111-666a50b627ca service placement] found 2 providers with available 1 VCPU {{(pid=111185) get_provider_ids_matching /opt/stack/placement/placement/objects/research_context.py:563}}
Apr 29 12:04:40.917573 n-d-831219-14 devstack@placement-api.service[111185]: DEBUG placement.objects.research_context [req-96c5128a-9de8-40b6-9494-64fd1dd5867d req-80d09fde-df17-4800-a111-666a50b627ca service placement] found 2 providers after filtering by previous result {{(pid=111185) get_provider_ids_matching /opt/stack/placement/placement/objects/research_context.py:594}}
Apr 29 12:04:40.944249 n-d-831219-14 devstack@placement-api.service[111185]: DEBUG placement.objects.allocation_candidate [req-96c5128a-9de8-40b6-9494-64fd1dd5867d req-80d09fde-df17-4800-a111-666a50b627ca service placement] RequestGroup(use_same_provider=False, resources={DISK_GB:1, MEMORY_MB:1024, VCPU:1}, traits=(), aggregates=[]) (suffix '') returned 2 matches {{(pid=111185) _get_by_requests /opt/stack/placement/placement/objects/allocation_candidate.py:156}}
Apr 29 12:04:40.945157 n-d-831219-14 devstack@placement-api.service[111185]: DEBUG placement.objects.allocation_candidate [req-96c5128a-9de8-40b6-9494-64fd1dd5867d req-80d09fde-df17-4800-a111-666a50b627ca service placement] Merging candidates yields 2 allocation requests and 2 provider summaries {{(pid=111185) _merge_candidates /opt/stack/placement/placement/objects/allocation_candidate.py:809}}
Apr 29 12:04:40.950936 n-d-831219-14 devstack@placement-api.service[111185]: INFO placement.requestlog [req-96c5128a-9de8-40b6-9494-64fd1dd5867d req-80d09fde-df17-4800-a111-666a50b627ca service placement] 10.222.0.74 "GET /placement/allocation_candidates?limit=1000&resources=DISK_GB%3A1%2CMEMORY_MB%3A1024%2CVCPU%3A1&root_required=%21COMPUTE_STATUS_DISABLED" status: 200 len: 1309 microversion: 1.36
Apr 29 12:04:40.957718 n-d-831219-14 devstack@placement-api.service[111185]: [pid: 111185|app: 0|req: 396/788] 10.222.0.74 () {60 vars in 1506 bytes} [Fri Apr 29 12:04:40 2022] GET /placement/allocation_candidates?limit=1000&resources=DISK_GB%3A1%2CMEMORY_MB%3A1024%2CVCPU%3A1&root_required=%21COMPUTE_STATUS_DISABLED => generated 1309 bytes in 168 msecs (HTTP/1.1 200) 8 headers in 297 bytes (1 switches on core 0)
Apr 29 12:04:41.055654 n-d-831219-14 devstack@placement-api.service[111184]: DEBUG placement.requestlog [req-96c5128a-9de8-40b6-9494-64fd1dd5867d req-46c0b52e-a80d-4520-9f03-2e756d6552dc None None] Starting request: 10.222.0.74 "GET /placement/allocations/d25f367a-4026-4f85-8e20-99d73d754c56" {{(pid=111184) __call__ /opt/stack/placement/placement/requestlog.py:55}}
Apr 29 12:04:41.076732 n-d-831219-14 devstack@placement-api.service[111184]: INFO placement.requestlog [req-96c5128a-9de8-40b6-9494-64fd1dd5867d req-46c0b52e-a80d-4520-9f03-2e756d6552dc service placement] 10.222.0.74 "GET /placement/allocations/d25f367a-4026-4f85-8e20-99d73d754c56" status: 200 len: 19 microversion: 1.28
Apr 29 12:04:41.079857 n-d-831219-14 devstack@placement-api.service[111184]: [pid: 111184|app: 0|req: 393/789] 10.222.0.74 () {60 vars in 1380 bytes} [Fri Apr 29 12:04:41 2022] GET /placement/allocations/d25f367a-4026-4f85-8e20-99d73d754c56 => generated 19 bytes in 25 msecs (HTTP/1.1 200) 8 headers in 295 bytes (1 switches on core 0)
Apr 29 12:04:41.086474 n-d-831219-14 devstack@placement-api.service[111185]: DEBUG placement.requestlog [req-96c5128a-9de8-40b6-9494-64fd1dd5867d req-6eb14ba9-fc56-47b5-b7dc-56f736d2f236 None None] Starting request: 10.222.0.74 "PUT /placement/allocations/d25f367a-4026-4f85-8e20-99d73d754c56" {{(pid=111185) __call__ /opt/stack/placement/placement/requestlog.py:55}}
Apr 29 12:04:41.198031 n-d-831219-14 devstack@placement-api.service[111185]: DEBUG placement.handlers.allocation [req-96c5128a-9de8-40b6-9494-64fd1dd5867d req-6eb14ba9-fc56-47b5-b7dc-56f736d2f236 service placement] Successfully wrote allocations [, , ] {{(pid=111185) _update_consumers_and_create_allocations /opt/stack/placement/placement/handlers/allocation.py:462}}
Apr 29 12:04:41.205675 n-d-831219-14 devstack@placement-api.service[111185]: INFO placement.requestlog [req-96c5128a-9de8-40b6-9494-64fd1dd5867d req-6eb14ba9-fc56-47b5-b7dc-56f736d2f236 service placement] 10.222.0.74 "PUT /placement/allocations/d25f367a-4026-4f85-8e20-99d73d754c56" status: 204 len: 0 microversion: 1.36
Apr 29 12:04:41.216036 n-d-831219-14 devstack@placement-api.service[111185]: [pid: 111185|app: 0|req: 397/790] 10.222.0.74 () {64 vars in 1433 bytes} [Fri Apr 29 12:04:41 2022] PUT /placement/allocations/d25f367a-4026-4f85-8e20-99d73d754c56 => generated 0 bytes in 120 msecs (HTTP/1.1 204) 5 headers in 199 bytes (1 switches on core 0)
Apr 29 12:04:41.271840 n-d-831219-14 devstack@placement-api.service[111184]: DEBUG placement.requestlog [req-96c5128a-9de8-40b6-9494-64fd1dd5867d req-bec2e386-3e6c-478f-bd51-c4b137350ad9 None None] Starting request: 10.222.0.74 "GET /placement/allocations/e938784a-9b95-48aa-8d2a-e9cecaf35434" {{(pid=111184) __call__ /opt/stack/placement/placement/requestlog.py:55}}
Apr 29 12:04:41.332061 n-d-831219-14 devstack@placement-api.service[111184]: INFO placement.requestlog [req-96c5128a-9de8-40b6-9494-64fd1dd5867d req-bec2e386-3e6c-478f-bd51-c4b137350ad9 service placement] 10.222.0.74 "GET /placement/allocations/e938784a-9b95-48aa-8d2a-e9cecaf35434" status: 200 len: 19 microversion: 1.28
Apr 29 12:04:41.342294 n-d-831219-14 devstack@placement-api.service[111185]: DEBUG placement.requestlog [req-96c5128a-9de8-40b6-9494-64fd1dd5867d req-05f708aa-bbfb-414e-ac97-ef052edaef1d None None] Starting request: 10.222.0.74 "PUT /placement/allocations/e938784a-9b95-48aa-8d2a-e9cecaf35434" {{(pid=111185) __call__ /opt/stack/placement/placement/requestlog.py:55}}
Apr 29 12:04:41.364660 n-d-831219-14 devstack@placement-api.service[111184]: [pid: 111184|app: 0|req: 394/791] 10.222.0.74 () {60 vars in 1380 bytes} [Fri Apr 29 12:04:41 2022] GET /placement/allocations/e938784a-9b95-48aa-8d2a-e9cecaf35434 => generated 19 bytes in 93 msecs (HTTP/1.1 200) 8 headers in 295 bytes (1 switches on core 0)
Apr 29 12:04:41.552121 n-d-831219-14 devstack@placement-api.service[111185]: DEBUG placement.handlers.allocation [req-96c5128a-9de8-40b6-9494-64fd1dd5867d req-05f708aa-bbfb-414e-ac97-ef052edaef1d service placement] Successfully wrote allocations [, , ] {{(pid=111185) _update_consumers_and_create_allocations /opt/stack/placement/placement/handlers/allocation.py:462}}
Apr 29 12:04:41.559947 n-d-831219-14 devstack@placement-api.service[111185]: INFO placement.requestlog [req-96c5128a-9de8-40b6-9494-64fd1dd5867d req-05f708aa-bbfb-414e-ac97-ef052edaef1d service placement] 10.222.0.74 "PUT /placement/allocations/e938784a-9b95-48aa-8d2a-e9cecaf35434" status: 204 len: 0 microversion: 1.36
Apr 29 12:04:41.560897 n-d-831219-14 devstack@placement-api.service[111185]: [pid: 111185|app: 0|req: 398/792] 10.222.0.74 () {64 vars in 1433 bytes} [Fri Apr 29 12:04:41 2022] PUT /placement/allocations/e938784a-9b95-48aa-8d2a-e9cecaf35434 => generated 0 bytes in 219 msecs (HTTP/1.1 204) 5 headers in 199 bytes (2 switches on core 0)
Apr 29 12:04:42.439442 n-d-831219-14 devstack@placement-api.service[111184]: DEBUG placement.requestlog [req-96c5128a-9de8-40b6-9494-64fd1dd5867d req-68ac9981-425c-4bda-9567-2629050ddd0f None None] Starting request: 10.222.0.65 "GET /placement/allocations/d25f367a-4026-4f85-8e20-99d73d754c56" {{(pid=111184) __call__ /opt/stack/placement/placement/requestlog.py:55}}
Apr 29 12:04:42.473369 n-d-831219-14 devstack@placement-api.service[111184]: INFO placement.requestlog [req-96c5128a-9de8-40b6-9494-64fd1dd5867d req-68ac9981-425c-4bda-9567-2629050ddd0f service placement] 10.222.0.65 "GET /placement/allocations/d25f367a-4026-4f85-8e20-99d73d754c56" status: 200 len: 259 microversion: 1.28
Apr 29 12:04:42.477991 n-d-831219-14 devstack@placement-api.service[111184]: [pid: 111184|app: 0|req: 395/793] 10.222.0.65 () {60 vars in 1377 bytes} [Fri Apr 29 12:04:42 2022] GET /placement/allocations/d25f367a-4026-4f85-8e20-99d73d754c56 => generated 259 bytes in 39 msecs (HTTP/1.1 200) 8 headers in 296 bytes (1 switches on core 0)
Apr 29 12:04:42.529587 n-d-831219-14 devstack@placement-api.service[111185]: DEBUG placement.requestlog [req-96c5128a-9de8-40b6-9494-64fd1dd5867d req-ff89f440-367f-4873-8ce5-486c1358f085 None None] Starting request: 10.222.0.85 "GET /placement/allocations/e938784a-9b95-48aa-8d2a-e9cecaf35434" {{(pid=111185) __call__ /opt/stack/placement/placement/requestlog.py:55}}
Apr 29 12:04:42.557963 n-d-831219-14 devstack@placement-api.service[111185]: INFO placement.requestlog [req-96c5128a-9de8-40b6-9494-64fd1dd5867d req-ff89f440-367f-4873-8ce5-486c1358f085 service placement] 10.222.0.85 "GET /placement/allocations/e938784a-9b95-48aa-8d2a-e9cecaf35434" status: 200 len: 259 microversion: 1.28
Apr 29 12:04:42.558671 n-d-831219-14 devstack@placement-api.service[111185]: [pid: 111185|app: 0|req: 399/794] 10.222.0.85 () {60 vars in 1377 bytes} [Fri Apr 29 12:04:42 2022] GET /placement/allocations/e938784a-9b95-48aa-8d2a-e9cecaf35434 => generated 259 bytes in 30 msecs (HTTP/1.1 200) 8 headers in 296 bytes (1 switches on core 0)
Apr 29 12:04:43.690401 n-d-831219-14 devstack@placement-api.service[111184]: DEBUG placement.requestlog [req-61f896aa-796c-4c96-97a8-52ad8354c630 req-542a45c5-cde5-4e81-b374-c49a4b24f7c9 None None] Starting request: 10.222.0.85 "DELETE /placement/allocations/2fb8a464-e4e2-4267-90a8-21bbe1ff172a" {{(pid=111184) __call__ /opt/stack/placement/placement/requestlog.py:55}}
Apr 29 12:04:43.744070 n-d-831219-14 devstack@placement-api.service[111184]: DEBUG placement.handlers.allocation [req-61f896aa-796c-4c96-97a8-52ad8354c630 req-542a45c5-cde5-4e81-b374-c49a4b24f7c9 service placement] Successfully deleted allocations [, , ] {{(pid=111184) delete_allocations /opt/stack/placement/placement/handlers/allocation.py:627}}
Apr 29 12:04:43.745105 n-d-831219-14 devstack@placement-api.service[111184]: INFO placement.requestlog [req-61f896aa-796c-4c96-97a8-52ad8354c630 req-542a45c5-cde5-4e81-b374-c49a4b24f7c9 service placement] 10.222.0.85 "DELETE /placement/allocations/2fb8a464-e4e2-4267-90a8-21bbe1ff172a" status: 204 len: 0 microversion: 1.0
Apr 29 12:04:43.745963 n-d-831219-14 devstack@placement-api.service[111184]: [pid: 111184|app: 0|req: 396/795] 10.222.0.85 () {60 vars in 1355 bytes} [Fri Apr 29 12:04:43 2022] DELETE /placement/allocations/2fb8a464-e4e2-4267-90a8-21bbe1ff172a => generated 0 bytes in 56 msecs (HTTP/1.1 204) 5 headers in 198 bytes (1 switches on core 0)
Apr 29 12:04:53.901209 n-d-831219-14 devstack@placement-api.service[111185]: DEBUG placement.requestlog [req-7114a4a5-9be9-46f3-b292-6faa538f6cbe req-8825879a-a803-43d4-85a5-c76924f52138 None None] Starting request: 10.222.0.74 "GET /placement/allocation_candidates?limit=1000&resources=DISK_GB%3A1%2CMEMORY_MB%3A1024%2CVCPU%3A1&root_required=%21COMPUTE_STATUS_DISABLED" {{(pid=111185) __call__ /opt/stack/placement/placement/requestlog.py:55}}
Apr 29 12:04:53.972490 n-d-831219-14 devstack@placement-api.service[111185]: DEBUG placement.objects.research_context [req-7114a4a5-9be9-46f3-b292-6faa538f6cbe req-8825879a-a803-43d4-85a5-c76924f52138 service placement] getting providers with 1 DISK_GB {{(pid=111185) __init__ /opt/stack/placement/placement/objects/research_context.py:136}}
Apr 29 12:04:53.984454 n-d-831219-14 devstack@placement-api.service[111185]: DEBUG placement.objects.research_context [req-7114a4a5-9be9-46f3-b292-6faa538f6cbe req-8825879a-a803-43d4-85a5-c76924f52138 service placement] getting providers with 1024 MEMORY_MB {{(pid=111185) __init__ /opt/stack/placement/placement/objects/research_context.py:136}}
Apr 29 12:04:53.999708 n-d-831219-14 devstack@placement-api.service[111185]: DEBUG placement.objects.research_context [req-7114a4a5-9be9-46f3-b292-6faa538f6cbe req-8825879a-a803-43d4-85a5-c76924f52138 service placement] getting providers with 1 VCPU {{(pid=111185) __init__ /opt/stack/placement/placement/objects/research_context.py:136}}
Apr 29 12:04:54.018487 n-d-831219-14 devstack@placement-api.service[111185]: DEBUG placement.objects.research_context [req-7114a4a5-9be9-46f3-b292-6faa538f6cbe req-8825879a-a803-43d4-85a5-c76924f52138 service placement] found 2 providers with available 1 DISK_GB {{(pid=111185) get_provider_ids_matching /opt/stack/placement/placement/objects/research_context.py:563}}
Apr 29 12:04:54.019475 n-d-831219-14 devstack@placement-api.service[111185]: DEBUG placement.objects.research_context [req-7114a4a5-9be9-46f3-b292-6faa538f6cbe req-8825879a-a803-43d4-85a5-c76924f52138 service placement] found 2 providers with available 1024 MEMORY_MB {{(pid=111185) get_provider_ids_matching /opt/stack/placement/placement/objects/research_context.py:563}}
Apr 29 12:04:54.025105 n-d-831219-14 devstack@placement-api.service[111185]: DEBUG placement.objects.research_context [req-7114a4a5-9be9-46f3-b292-6faa538f6cbe req-8825879a-a803-43d4-85a5-c76924f52138 service placement] found 2 providers after filtering by previous result {{(pid=111185) get_provider_ids_matching /opt/stack/placement/placement/objects/research_context.py:594}}
Apr 29 12:04:54.025548 n-d-831219-14 devstack@placement-api.service[111185]: DEBUG placement.objects.research_context [req-7114a4a5-9be9-46f3-b292-6faa538f6cbe req-8825879a-a803-43d4-85a5-c76924f52138 service placement] found 2 providers with available 1 VCPU {{(pid=111185) get_provider_ids_matching /opt/stack/placement/placement/objects/research_context.py:563}}
Apr 29 12:04:54.026258 n-d-831219-14 devstack@placement-api.service[111185]: DEBUG placement.objects.research_context [req-7114a4a5-9be9-46f3-b292-6faa538f6cbe req-8825879a-a803-43d4-85a5-c76924f52138 service placement] found 2 providers after filtering by previous result {{(pid=111185) get_provider_ids_matching /opt/stack/placement/placement/objects/research_context.py:594}}
Apr 29 12:04:54.094255 n-d-831219-14 devstack@placement-api.service[111185]: DEBUG placement.objects.allocation_candidate [req-7114a4a5-9be9-46f3-b292-6faa538f6cbe req-8825879a-a803-43d4-85a5-c76924f52138 service placement] RequestGroup(use_same_provider=False, resources={DISK_GB:1, MEMORY_MB:1024, VCPU:1}, traits=(), aggregates=[]) (suffix '') returned 2 matches {{(pid=111185) _get_by_requests /opt/stack/placement/placement/objects/allocation_candidate.py:156}}
Apr 29 12:04:54.094836 n-d-831219-14 devstack@placement-api.service[111185]: DEBUG placement.objects.allocation_candidate [req-7114a4a5-9be9-46f3-b292-6faa538f6cbe req-8825879a-a803-43d4-85a5-c76924f52138 service placement] Merging candidates yields 2 allocation requests and 2 provider summaries {{(pid=111185) _merge_candidates /opt/stack/placement/placement/objects/allocation_candidate.py:809}}
Apr 29 12:04:54.096601 n-d-831219-14 devstack@placement-api.service[111185]: INFO placement.requestlog [req-7114a4a5-9be9-46f3-b292-6faa538f6cbe req-8825879a-a803-43d4-85a5-c76924f52138 service placement] 10.222.0.74 "GET /placement/allocation_candidates?limit=1000&resources=DISK_GB%3A1%2CMEMORY_MB%3A1024%2CVCPU%3A1&root_required=%21COMPUTE_STATUS_DISABLED" status: 200 len: 1309 microversion: 1.36
Apr 29 12:04:54.098266 n-d-831219-14 devstack@placement-api.service[111185]: [pid: 111185|app: 0|req: 400/796] 10.222.0.74 () {60 vars in 1506 bytes} [Fri Apr 29 12:04:53 2022] GET /placement/allocation_candidates?limit=1000&resources=DISK_GB%3A1%2CMEMORY_MB%3A1024%2CVCPU%3A1&root_required=%21COMPUTE_STATUS_DISABLED => generated 1309 bytes in 197 msecs (HTTP/1.1 200) 8 headers in 297 bytes (1 switches on core 0)
Apr 29 12:04:54.316953 n-d-831219-14 devstack@placement-api.service[111184]: DEBUG placement.requestlog [req-7114a4a5-9be9-46f3-b292-6faa538f6cbe req-c26167ee-ba3b-40ca-97b8-ec151ab777d4 None None] Starting request: 10.222.0.74 "GET /placement/allocations/b2da3e6e-82ad-4c40-9a43-a23df0ad5664" {{(pid=111184) __call__ /opt/stack/placement/placement/requestlog.py:55}}
Apr 29 12:04:54.335371 n-d-831219-14 devstack@placement-api.service[111184]: INFO placement.requestlog [req-7114a4a5-9be9-46f3-b292-6faa538f6cbe req-c26167ee-ba3b-40ca-97b8-ec151ab777d4 service placement] 10.222.0.74 "GET /placement/allocations/b2da3e6e-82ad-4c40-9a43-a23df0ad5664" status: 200 len: 19 microversion: 1.28
Apr 29 12:04:54.341679 n-d-831219-14 devstack@placement-api.service[111184]: [pid: 111184|app: 0|req: 397/797] 10.222.0.74 () {60 vars in 1380 bytes} [Fri Apr 29 12:04:54 2022] GET /placement/allocations/b2da3e6e-82ad-4c40-9a43-a23df0ad5664 => generated 19 bytes in 25 msecs (HTTP/1.1 200) 8 headers in 295 bytes (1 switches on core 0)
Apr 29 12:04:54.347124 n-d-831219-14 devstack@placement-api.service[111185]: DEBUG placement.requestlog [req-7114a4a5-9be9-46f3-b292-6faa538f6cbe req-62145e0e-43ec-4487-aef7-b7bdfb6c3052 None None] Starting request: 10.222.0.74 "PUT /placement/allocations/b2da3e6e-82ad-4c40-9a43-a23df0ad5664" {{(pid=111185) __call__ /opt/stack/placement/placement/requestlog.py:55}}
Apr 29 12:04:54.484341 n-d-831219-14 devstack@placement-api.service[111185]: DEBUG placement.handlers.allocation [req-7114a4a5-9be9-46f3-b292-6faa538f6cbe req-62145e0e-43ec-4487-aef7-b7bdfb6c3052 service placement] Successfully wrote allocations [, , ] {{(pid=111185) _update_consumers_and_create_allocations /opt/stack/placement/placement/handlers/allocation.py:462}}
Apr 29 12:04:54.495769 n-d-831219-14 devstack@placement-api.service[111185]: INFO placement.requestlog [req-7114a4a5-9be9-46f3-b292-6faa538f6cbe req-62145e0e-43ec-4487-aef7-b7bdfb6c3052 service placement] 10.222.0.74 "PUT /placement/allocations/b2da3e6e-82ad-4c40-9a43-a23df0ad5664" status: 204 len: 0 microversion: 1.36
Apr 29 12:04:54.496619 n-d-831219-14 devstack@placement-api.service[111185]: [pid: 111185|app: 0|req: 401/798] 10.222.0.74 () {64 vars in 1433 bytes} [Fri Apr 29 12:04:54 2022] PUT /placement/allocations/b2da3e6e-82ad-4c40-9a43-a23df0ad5664 => generated 0 bytes in 150 msecs (HTTP/1.1 204) 5 headers in 199 bytes (1 switches on core 0)
Apr 29 12:04:55.178348 n-d-831219-14 devstack@placement-api.service[111184]: DEBUG placement.requestlog [req-7114a4a5-9be9-46f3-b292-6faa538f6cbe req-7addc289-fc63-4e96-b369-cb943d4b4582 None None] Starting request: 10.222.0.85 "GET /placement/allocations/b2da3e6e-82ad-4c40-9a43-a23df0ad5664" {{(pid=111184) __call__ /opt/stack/placement/placement/requestlog.py:55}}
Apr 29 12:04:55.267375 n-d-831219-14 devstack@placement-api.service[111184]: INFO placement.requestlog [req-7114a4a5-9be9-46f3-b292-6faa538f6cbe req-7addc289-fc63-4e96-b369-cb943d4b4582 service placement] 10.222.0.85 "GET /placement/allocations/b2da3e6e-82ad-4c40-9a43-a23df0ad5664" status: 200 len: 259 microversion: 1.28
Apr 29 12:04:55.268297 n-d-831219-14 devstack@placement-api.service[111184]: [pid: 111184|app: 0|req: 398/799] 10.222.0.85 () {60 vars in 1377 bytes} [Fri Apr 29 12:04:55 2022] GET /placement/allocations/b2da3e6e-82ad-4c40-9a43-a23df0ad5664 => generated 259 bytes in 90 msecs (HTTP/1.1 200) 8 headers in 296 bytes (1 switches on core 0)
Apr 29 12:05:04.376295 n-d-831219-14 devstack@placement-api.service[111185]: DEBUG placement.requestlog [req-7437535c-fcdc-451f-a4ca-f50bc50ad75d req-8943c737-86c9-46d5-b887-b96f0adbc026 None None] Starting request: 10.222.0.85 "GET /placement/resource_providers/3a82259b-bbdc-4855-a7fa-19ed8412076a/allocations" {{(pid=111185) __call__ /opt/stack/placement/placement/requestlog.py:55}}
Apr 29 12:05:04.456417 n-d-831219-14 devstack@placement-api.service[111185]: INFO placement.requestlog [req-7437535c-fcdc-451f-a4ca-f50bc50ad75d req-8943c737-86c9-46d5-b887-b96f0adbc026 service placement] 10.222.0.85 "GET /placement/resource_providers/3a82259b-bbdc-4855-a7fa-19ed8412076a/allocations" status: 200 len: 255 microversion: 1.0
Apr 29 12:05:04.457145 n-d-831219-14 devstack@placement-api.service[111185]: [pid: 111185|app: 0|req: 402/800] 10.222.0.85 () {58 vars in 1390 bytes} [Fri Apr 29 12:05:04 2022] GET /placement/resource_providers/3a82259b-bbdc-4855-a7fa-19ed8412076a/allocations => generated 255 bytes in 81 msecs (HTTP/1.1 200) 6 headers in 224 bytes (1 switches on core 0)
Apr 29 12:05:10.513667 n-d-831219-14 devstack@placement-api.service[111184]: DEBUG placement.requestlog [req-76339938-8687-49fd-b3a0-e0590050dccb req-dabc425a-3bda-43ea-835c-0b6040d88e01 None None] Starting request: 10.222.0.74 "GET /placement/allocation_candidates?limit=1000&resources=DISK_GB%3A1%2CMEMORY_MB%3A1024%2CVCPU%3A1&root_required=%21COMPUTE_STATUS_DISABLED" {{(pid=111184) __call__ /opt/stack/placement/placement/requestlog.py:55}}
Apr 29 12:05:10.631308 n-d-831219-14 devstack@placement-api.service[111184]: DEBUG placement.objects.research_context [req-76339938-8687-49fd-b3a0-e0590050dccb req-dabc425a-3bda-43ea-835c-0b6040d88e01 service placement] getting providers with 1 DISK_GB {{(pid=111184) __init__ /opt/stack/placement/placement/objects/research_context.py:136}}
Apr 29 12:05:10.670537 n-d-831219-14 devstack@placement-api.service[111184]: DEBUG placement.objects.research_context [req-76339938-8687-49fd-b3a0-e0590050dccb req-dabc425a-3bda-43ea-835c-0b6040d88e01 service placement] getting providers with 1024 MEMORY_MB {{(pid=111184) __init__ /opt/stack/placement/placement/objects/research_context.py:136}}
Apr 29 12:05:10.693094 n-d-831219-14 devstack@placement-api.service[111184]: DEBUG placement.objects.research_context [req-76339938-8687-49fd-b3a0-e0590050dccb req-dabc425a-3bda-43ea-835c-0b6040d88e01 service placement] getting providers with 1 VCPU {{(pid=111184) __init__ /opt/stack/placement/placement/objects/research_context.py:136}}
Apr 29 12:05:10.717670 n-d-831219-14 devstack@placement-api.service[111184]: DEBUG placement.objects.research_context [req-76339938-8687-49fd-b3a0-e0590050dccb req-dabc425a-3bda-43ea-835c-0b6040d88e01 service placement] found 2 providers with available 1 DISK_GB {{(pid=111184) get_provider_ids_matching /opt/stack/placement/placement/objects/research_context.py:563}}
Apr 29 12:05:10.720475 n-d-831219-14 devstack@placement-api.service[111184]: DEBUG placement.objects.research_context [req-76339938-8687-49fd-b3a0-e0590050dccb req-dabc425a-3bda-43ea-835c-0b6040d88e01 service placement] found 2 providers with available 1024 MEMORY_MB {{(pid=111184) get_provider_ids_matching /opt/stack/placement/placement/objects/research_context.py:563}}
Apr 29 12:05:10.721860 n-d-831219-14 devstack@placement-api.service[111184]: DEBUG placement.objects.research_context [req-76339938-8687-49fd-b3a0-e0590050dccb req-dabc425a-3bda-43ea-835c-0b6040d88e01 service placement] found 2 providers after filtering by previous result {{(pid=111184) get_provider_ids_matching /opt/stack/placement/placement/objects/research_context.py:594}}
Apr 29 12:05:10.724963 n-d-831219-14 devstack@placement-api.service[111184]: DEBUG placement.objects.research_context [req-76339938-8687-49fd-b3a0-e0590050dccb req-dabc425a-3bda-43ea-835c-0b6040d88e01 service placement] found 2 providers with available 1 VCPU {{(pid=111184) get_provider_ids_matching /opt/stack/placement/placement/objects/research_context.py:563}}
Apr 29 12:05:10.727388 n-d-831219-14 devstack@placement-api.service[111184]: DEBUG placement.objects.research_context [req-76339938-8687-49fd-b3a0-e0590050dccb req-dabc425a-3bda-43ea-835c-0b6040d88e01 service placement] found 2 providers after filtering by previous result {{(pid=111184) get_provider_ids_matching /opt/stack/placement/placement/objects/research_context.py:594}}
Apr 29 12:05:10.790416 n-d-831219-14 devstack@placement-api.service[111184]: DEBUG placement.objects.allocation_candidate [req-76339938-8687-49fd-b3a0-e0590050dccb req-dabc425a-3bda-43ea-835c-0b6040d88e01 service placement] RequestGroup(use_same_provider=False, resources={DISK_GB:1, MEMORY_MB:1024, VCPU:1}, traits=(), aggregates=[]) (suffix '') returned 2 matches {{(pid=111184) _get_by_requests /opt/stack/placement/placement/objects/allocation_candidate.py:156}}
Apr 29 12:05:10.792426 n-d-831219-14 devstack@placement-api.service[111184]: DEBUG placement.objects.allocation_candidate [req-76339938-8687-49fd-b3a0-e0590050dccb req-dabc425a-3bda-43ea-835c-0b6040d88e01 service placement] Merging candidates yields 2 allocation requests and 2 provider summaries {{(pid=111184) _merge_candidates /opt/stack/placement/placement/objects/allocation_candidate.py:809}}
Apr 29 12:05:10.798972 n-d-831219-14 devstack@placement-api.service[111184]: INFO placement.requestlog [req-76339938-8687-49fd-b3a0-e0590050dccb req-dabc425a-3bda-43ea-835c-0b6040d88e01 service placement] 10.222.0.74 "GET /placement/allocation_candidates?limit=1000&resources=DISK_GB%3A1%2CMEMORY_MB%3A1024%2CVCPU%3A1&root_required=%21COMPUTE_STATUS_DISABLED" status: 200 len: 1309 microversion: 1.36
Apr 29 12:05:10.800290 n-d-831219-14 devstack@placement-api.service[111184]: [pid: 111184|app: 0|req: 399/801] 10.222.0.74 () {60 vars in 1506 bytes} [Fri Apr 29 12:05:10 2022] GET /placement/allocation_candidates?limit=1000&resources=DISK_GB%3A1%2CMEMORY_MB%3A1024%2CVCPU%3A1&root_required=%21COMPUTE_STATUS_DISABLED => generated 1309 bytes in 288 msecs (HTTP/1.1 200) 8 headers in 297 bytes (2 switches on core 0)
Apr 29 12:05:10.996537 n-d-831219-14 devstack@placement-api.service[111185]: DEBUG placement.requestlog [req-76339938-8687-49fd-b3a0-e0590050dccb req-2394ed9b-9d63-48f9-b246-e8611c23c871 None None] Starting request: 10.222.0.74 "GET /placement/allocations/24f69002-b0c2-41a6-9538-a65c1f5e6299" {{(pid=111185) __call__ /opt/stack/placement/placement/requestlog.py:55}}
Apr 29 12:05:11.011589 n-d-831219-14 devstack@placement-api.service[111185]: INFO placement.requestlog [req-76339938-8687-49fd-b3a0-e0590050dccb req-2394ed9b-9d63-48f9-b246-e8611c23c871 service placement] 10.222.0.74 "GET /placement/allocations/24f69002-b0c2-41a6-9538-a65c1f5e6299" status: 200 len: 19 microversion: 1.28
Apr 29 12:05:11.012302 n-d-831219-14 devstack@placement-api.service[111185]: [pid: 111185|app: 0|req: 403/802] 10.222.0.74 () {60 vars in 1380 bytes} [Fri Apr 29 12:05:10 2022] GET /placement/allocations/24f69002-b0c2-41a6-9538-a65c1f5e6299 => generated 19 bytes in 16 msecs (HTTP/1.1 200) 8 headers in 295 bytes (1 switches on core 0)
Apr 29 12:05:11.019187 n-d-831219-14 devstack@placement-api.service[111184]: DEBUG placement.requestlog [req-76339938-8687-49fd-b3a0-e0590050dccb req-e369e039-f853-4a8b-8731-5fc6a34ae14c None None] Starting request: 10.222.0.74 "PUT /placement/allocations/24f69002-b0c2-41a6-9538-a65c1f5e6299" {{(pid=111184) __call__ /opt/stack/placement/placement/requestlog.py:55}}
