Mar 01 19:41:39.787790 n-d-831219-11 devstack@placement-api.service[104356]: INFO placement.requestlog [req-d7b128f3-d65e-47bc-863e-ddee2d514295 req-849075e0-8e7e-4e7a-856e-16d9287166b1 service placement] 10.222.0.60 "GET /placement/allocations/7e1a2757-7f27-4def-ac8e-202317cb7699" status: 200 len: 259 microversion: 1.28
Mar 01 19:41:39.788687 n-d-831219-11 devstack@placement-api.service[104356]: [pid: 104356|app: 0|req: 171/338] 10.222.0.60 () {60 vars in 1377 bytes} [Tue Mar 1 19:41:39 2022] GET /placement/allocations/7e1a2757-7f27-4def-ac8e-202317cb7699 => generated 259 bytes in 19 msecs (HTTP/1.1 200) 8 headers in 296 bytes (1 switches on core 0)
Mar 01 19:41:39.823384 n-d-831219-11 devstack@placement-api.service[104357]: INFO placement.requestlog [req-ff46a01b-793f-458b-9ba3-57ea52be4ef8 req-206e8c2b-30c4-49fa-90c9-985d1a4249db service placement] 10.222.0.16 "GET /placement/allocations/4a831b57-9819-4f25-919c-1916090daf49" status: 200 len: 259 microversion: 1.28
Mar 01 19:41:39.824290 n-d-831219-11 devstack@placement-api.service[104357]: [pid: 104357|app: 0|req: 168/339] 10.222.0.16 () {60 vars in 1377 bytes} [Tue Mar 1 19:41:39 2022] GET /placement/allocations/4a831b57-9819-4f25-919c-1916090daf49 => generated 259 bytes in 37 msecs (HTTP/1.1 200) 8 headers in 296 bytes (1 switches on core 0)
Mar 01 19:41:39.832626 n-d-831219-11 devstack@placement-api.service[104356]: DEBUG placement.requestlog [req-ff46a01b-793f-458b-9ba3-57ea52be4ef8 req-a60856c6-5297-4fe7-84f2-f4125b29c575 None None] Starting request: 10.222.0.16 "POST /placement/allocations" {{(pid=104356) __call__ /opt/stack/placement/placement/requestlog.py:55}}
Mar 01 19:41:39.962253 n-d-831219-11 devstack@placement-api.service[104356]: DEBUG placement.handlers.allocation [req-ff46a01b-793f-458b-9ba3-57ea52be4ef8 req-a60856c6-5297-4fe7-84f2-f4125b29c575 service placement] Successfully wrote allocations [, , , , , ] {{(pid=104356) _update_consumers_and_create_allocations /opt/stack/placement/placement/handlers/allocation.py:572}}
Mar 01 19:41:39.971381 n-d-831219-11 devstack@placement-api.service[104356]: INFO placement.requestlog [req-ff46a01b-793f-458b-9ba3-57ea52be4ef8 req-a60856c6-5297-4fe7-84f2-f4125b29c575 service placement] 10.222.0.16 "POST /placement/allocations" status: 204 len: 0 microversion: 1.28
Mar 01 19:41:39.972428 n-d-831219-11 devstack@placement-api.service[104356]: [pid: 104356|app: 0|req: 172/340] 10.222.0.16 () {64 vars in 1320 bytes} [Tue Mar 1 19:41:39 2022] POST /placement/allocations => generated 0 bytes in 140 msecs (HTTP/1.1 204) 5 headers in 199 bytes (1 switches on core 0)
Mar 01 19:41:40.331272 n-d-831219-11 devstack@placement-api.service[104357]: DEBUG placement.requestlog [req-0652250f-e098-435c-879e-df6c57a7c683 req-dff86fa7-7740-40b2-b35f-25cb1a8f3240 None None] Starting request: 10.222.0.60 "GET /placement/allocations/c8511105-1632-4d0e-b672-f9aa6e1da286" {{(pid=104357) __call__ /opt/stack/placement/placement/requestlog.py:55}}
Mar 01 19:41:40.348907 n-d-831219-11 devstack@placement-api.service[104357]: INFO placement.requestlog [req-0652250f-e098-435c-879e-df6c57a7c683 req-dff86fa7-7740-40b2-b35f-25cb1a8f3240 service placement] 10.222.0.60 "GET /placement/allocations/c8511105-1632-4d0e-b672-f9aa6e1da286" status: 200 len: 259 microversion: 1.28
Mar 01 19:41:40.350000 n-d-831219-11 devstack@placement-api.service[104357]: [pid: 104357|app: 0|req: 169/341] 10.222.0.60 () {60 vars in 1377 bytes} [Tue Mar 1 19:41:40 2022] GET /placement/allocations/c8511105-1632-4d0e-b672-f9aa6e1da286 => generated 259 bytes in 19 msecs (HTTP/1.1 200) 8 headers in 296 bytes (1 switches on core 0)
Mar 01 19:41:43.436368 n-d-831219-11 devstack@placement-api.service[104356]: DEBUG placement.requestlog [req-e9785632-b8ed-41d0-a9f1-de9b09e08b5f req-c53dd545-a458-4371-b3bd-b55f811b7ed6 None None] Starting request: 10.222.0.43 "GET /placement/allocation_candidates?limit=1000&resources=DISK_GB%3A1%2CMEMORY_MB%3A1024%2CVCPU%3A1&root_required=%21COMPUTE_STATUS_DISABLED" {{(pid=104356) __call__ /opt/stack/placement/placement/requestlog.py:55}}
Mar 01 19:41:43.697786 n-d-831219-11 devstack@placement-api.service[104356]: DEBUG placement.objects.research_context [req-e9785632-b8ed-41d0-a9f1-de9b09e08b5f req-c53dd545-a458-4371-b3bd-b55f811b7ed6 service placement] getting providers with 1 DISK_GB {{(pid=104356) __init__ /opt/stack/placement/placement/objects/research_context.py:136}}
Mar 01 19:41:43.712903 n-d-831219-11 devstack@placement-api.service[104356]: DEBUG placement.objects.research_context [req-e9785632-b8ed-41d0-a9f1-de9b09e08b5f req-c53dd545-a458-4371-b3bd-b55f811b7ed6 service placement] getting providers with 1024 MEMORY_MB {{(pid=104356) __init__ /opt/stack/placement/placement/objects/research_context.py:136}}
Mar 01 19:41:43.725622 n-d-831219-11 devstack@placement-api.service[104356]: DEBUG placement.objects.research_context [req-e9785632-b8ed-41d0-a9f1-de9b09e08b5f req-c53dd545-a458-4371-b3bd-b55f811b7ed6 service placement] getting providers with 1 VCPU {{(pid=104356) __init__ /opt/stack/placement/placement/objects/research_context.py:136}}
Mar 01 19:41:43.737838 n-d-831219-11 devstack@placement-api.service[104356]: DEBUG placement.objects.research_context [req-e9785632-b8ed-41d0-a9f1-de9b09e08b5f req-c53dd545-a458-4371-b3bd-b55f811b7ed6 service placement] found 2 providers with available 1 DISK_GB {{(pid=104356) get_provider_ids_matching /opt/stack/placement/placement/objects/research_context.py:559}}
Mar 01 19:41:43.738920 n-d-831219-11 devstack@placement-api.service[104356]: DEBUG placement.objects.research_context [req-e9785632-b8ed-41d0-a9f1-de9b09e08b5f req-c53dd545-a458-4371-b3bd-b55f811b7ed6 service placement] found 2 providers with available 1024 MEMORY_MB {{(pid=104356) get_provider_ids_matching /opt/stack/placement/placement/objects/research_context.py:559}}
Mar 01 19:41:43.739419 n-d-831219-11 devstack@placement-api.service[104356]: DEBUG placement.objects.research_context [req-e9785632-b8ed-41d0-a9f1-de9b09e08b5f req-c53dd545-a458-4371-b3bd-b55f811b7ed6 service placement] found 2 providers after filtering by previous result {{(pid=104356) get_provider_ids_matching /opt/stack/placement/placement/objects/research_context.py:590}}
Mar 01 19:41:43.740054 n-d-831219-11 devstack@placement-api.service[104356]: DEBUG placement.objects.research_context [req-e9785632-b8ed-41d0-a9f1-de9b09e08b5f req-c53dd545-a458-4371-b3bd-b55f811b7ed6 service placement] found 2 providers with available 1 VCPU {{(pid=104356) get_provider_ids_matching /opt/stack/placement/placement/objects/research_context.py:559}}
Mar 01 19:41:43.740554 n-d-831219-11 devstack@placement-api.service[104356]: DEBUG placement.objects.research_context [req-e9785632-b8ed-41d0-a9f1-de9b09e08b5f req-c53dd545-a458-4371-b3bd-b55f811b7ed6 service placement] found 2 providers after filtering by previous result {{(pid=104356) get_provider_ids_matching /opt/stack/placement/placement/objects/research_context.py:590}}
Mar 01 19:41:43.759390 n-d-831219-11 devstack@placement-api.service[104356]: DEBUG placement.objects.allocation_candidate [req-e9785632-b8ed-41d0-a9f1-de9b09e08b5f req-c53dd545-a458-4371-b3bd-b55f811b7ed6 service placement] RequestGroup(use_same_provider=False, resources={DISK_GB:1, MEMORY_MB:1024, VCPU:1}, traits=(), aggregates=[]) (suffix '') returned 2 matches {{(pid=104356) _get_by_requests /opt/stack/placement/placement/objects/allocation_candidate.py:156}}
Mar 01 19:41:43.760197 n-d-831219-11 devstack@placement-api.service[104356]: DEBUG placement.objects.allocation_candidate [req-e9785632-b8ed-41d0-a9f1-de9b09e08b5f req-c53dd545-a458-4371-b3bd-b55f811b7ed6 service placement] Merging candidates yields 2 allocation requests and 2 provider summaries {{(pid=104356) _merge_candidates /opt/stack/placement/placement/objects/allocation_candidate.py:809}}
Mar 01 19:41:43.766318 n-d-831219-11 devstack@placement-api.service[104356]: INFO placement.requestlog [req-e9785632-b8ed-41d0-a9f1-de9b09e08b5f req-c53dd545-a458-4371-b3bd-b55f811b7ed6 service placement] 10.222.0.43 "GET /placement/allocation_candidates?limit=1000&resources=DISK_GB%3A1%2CMEMORY_MB%3A1024%2CVCPU%3A1&root_required=%21COMPUTE_STATUS_DISABLED" status: 200 len: 1309 microversion: 1.36
Mar 01 19:41:43.768307 n-d-831219-11 devstack@placement-api.service[104356]: [pid: 104356|app: 0|req: 173/342] 10.222.0.43 () {60 vars in 1506 bytes} [Tue Mar 1 19:41:43 2022] GET /placement/allocation_candidates?limit=1000&resources=DISK_GB%3A1%2CMEMORY_MB%3A1024%2CVCPU%3A1&root_required=%21COMPUTE_STATUS_DISABLED => generated 1309 bytes in 332 msecs (HTTP/1.1 200) 8 headers in 297 bytes (1 switches on core 0)
Mar 01 19:41:43.934607 n-d-831219-11 devstack@placement-api.service[104357]: DEBUG placement.requestlog [req-e9785632-b8ed-41d0-a9f1-de9b09e08b5f req-e80a56c1-c32e-4d5c-bf17-92cd9bf11472 None None] Starting request: 10.222.0.43 "GET /placement/allocations/a3ac0d3c-78f5-4e76-8b1b-0ed3fa4b4c18" {{(pid=104357) __call__ /opt/stack/placement/placement/requestlog.py:55}}
Mar 01 19:41:43.957306 n-d-831219-11 devstack@placement-api.service[104357]: INFO placement.requestlog [req-e9785632-b8ed-41d0-a9f1-de9b09e08b5f req-e80a56c1-c32e-4d5c-bf17-92cd9bf11472 service placement] 10.222.0.43 "GET /placement/allocations/a3ac0d3c-78f5-4e76-8b1b-0ed3fa4b4c18" status: 200 len: 19 microversion: 1.28
Mar 01 19:41:43.958186 n-d-831219-11 devstack@placement-api.service[104357]: [pid: 104357|app: 0|req: 170/343] 10.222.0.43 () {60 vars in 1380 bytes} [Tue Mar 1 19:41:43 2022] GET /placement/allocations/a3ac0d3c-78f5-4e76-8b1b-0ed3fa4b4c18 => generated 19 bytes in 24 msecs (HTTP/1.1 200) 8 headers in 295 bytes (1 switches on core 0)
Mar 01 19:41:43.965058 n-d-831219-11 devstack@placement-api.service[104356]: DEBUG placement.requestlog [req-e9785632-b8ed-41d0-a9f1-de9b09e08b5f req-9d9e5acc-d843-436c-b4c2-b5230bce0254 None None] Starting request: 10.222.0.43 "PUT /placement/allocations/a3ac0d3c-78f5-4e76-8b1b-0ed3fa4b4c18" {{(pid=104356) __call__ /opt/stack/placement/placement/requestlog.py:55}}
Mar 01 19:41:44.059765 n-d-831219-11 devstack@placement-api.service[104356]: DEBUG placement.handlers.allocation [req-e9785632-b8ed-41d0-a9f1-de9b09e08b5f req-9d9e5acc-d843-436c-b4c2-b5230bce0254 service placement] Successfully wrote allocations [, , ] {{(pid=104356) _update_consumers_and_create_allocations /opt/stack/placement/placement/handlers/allocation.py:462}}
Mar 01 19:41:44.078659 n-d-831219-11 devstack@placement-api.service[104356]: INFO placement.requestlog [req-e9785632-b8ed-41d0-a9f1-de9b09e08b5f req-9d9e5acc-d843-436c-b4c2-b5230bce0254 service placement] 10.222.0.43 "PUT /placement/allocations/a3ac0d3c-78f5-4e76-8b1b-0ed3fa4b4c18" status: 204 len: 0 microversion: 1.36
Mar 01 19:41:44.081150 n-d-831219-11 devstack@placement-api.service[104356]: [pid: 104356|app: 0|req: 174/344] 10.222.0.43 () {64 vars in 1433 bytes} [Tue Mar 1 19:41:43 2022] PUT /placement/allocations/a3ac0d3c-78f5-4e76-8b1b-0ed3fa4b4c18 => generated 0 bytes in 116 msecs (HTTP/1.1 204) 5 headers in 199 bytes (2 switches on core 0)
Mar 01 19:41:44.644126 n-d-831219-11 devstack@placement-api.service[104357]: DEBUG placement.requestlog [req-e9785632-b8ed-41d0-a9f1-de9b09e08b5f req-61649213-e333-4476-baa5-668eb7295171 None None] Starting request: 10.222.0.16 "GET /placement/allocations/a3ac0d3c-78f5-4e76-8b1b-0ed3fa4b4c18" {{(pid=104357) __call__ /opt/stack/placement/placement/requestlog.py:55}}
Mar 01 19:41:44.668746 n-d-831219-11 devstack@placement-api.service[104357]: INFO placement.requestlog [req-e9785632-b8ed-41d0-a9f1-de9b09e08b5f req-61649213-e333-4476-baa5-668eb7295171 service placement] 10.222.0.16 "GET /placement/allocations/a3ac0d3c-78f5-4e76-8b1b-0ed3fa4b4c18" status: 200 len: 259 microversion: 1.28
Mar 01 19:41:44.669879 n-d-831219-11 devstack@placement-api.service[104357]: [pid: 104357|app: 0|req: 171/345] 10.222.0.16 () {60 vars in 1377 bytes} [Tue Mar 1 19:41:44 2022] GET /placement/allocations/a3ac0d3c-78f5-4e76-8b1b-0ed3fa4b4c18 => generated 259 bytes in 26 msecs (HTTP/1.1 200) 8 headers in 296 bytes (1 switches on core 0)
Mar 01 19:41:53.494023 n-d-831219-11 devstack@placement-api.service[104356]: DEBUG placement.requestlog [None req-70daefed-1576-4ab4-a2f3-a145ae49f16f None None] Starting request: 10.222.0.43 "GET /placement/" {{(pid=104356) __call__ /opt/stack/placement/placement/requestlog.py:55}}
Mar 01 19:41:53.496021 n-d-831219-11 devstack@placement-api.service[104356]: INFO placement.requestlog [None req-70daefed-1576-4ab4-a2f3-a145ae49f16f None None] 10.222.0.43 "GET /placement/" status: 200 len: 136 microversion: 1.0
Mar 01 19:41:53.496864 n-d-831219-11 devstack@placement-api.service[104356]: [pid: 104356|app: 0|req: 175/346] 10.222.0.43 () {54 vars in 916 bytes} [Tue Mar 1 19:41:53 2022] GET /placement => generated 136 bytes in 3 msecs (HTTP/1.1 200) 6 headers in 224 bytes (1 switches on core 0)
Mar 01 19:41:53.517856 n-d-831219-11 devstack@placement-api.service[104357]: DEBUG placement.requestlog [req-9156822b-eba2-451d-976d-e8bbea4b2fa9 req-72b03b2c-3e7e-4387-8b78-33805d774c56 None None] Starting request: 10.222.0.43 "GET /placement/allocations/fd1dd397-ffda-415c-8816-b67f0b5bdc1d" {{(pid=104357) __call__ /opt/stack/placement/placement/requestlog.py:55}}
Mar 01 19:41:53.626786 n-d-831219-11 devstack@placement-api.service[104357]: INFO placement.requestlog [req-9156822b-eba2-451d-976d-e8bbea4b2fa9 req-72b03b2c-3e7e-4387-8b78-33805d774c56 service placement] 10.222.0.43 "GET /placement/allocations/fd1dd397-ffda-415c-8816-b67f0b5bdc1d" status: 200 len: 245 microversion: 1.28
Mar 01 19:41:53.633230 n-d-831219-11 devstack@placement-api.service[104356]: DEBUG placement.requestlog [req-9156822b-eba2-451d-976d-e8bbea4b2fa9 req-c1a5c485-adaa-45d5-abfa-54a359933833 None None] Starting request: 10.222.0.43 "GET /placement/allocations/fd1dd397-ffda-415c-8816-b67f0b5bdc1d" {{(pid=104356) __call__ /opt/stack/placement/placement/requestlog.py:55}}
Mar 01 19:41:53.643155 n-d-831219-11 devstack@placement-api.service[104357]: [pid: 104357|app: 0|req: 172/347] 10.222.0.43 () {60 vars in 1380 bytes} [Tue Mar 1 19:41:53 2022] GET /placement/allocations/fd1dd397-ffda-415c-8816-b67f0b5bdc1d => generated 245 bytes in 125 msecs (HTTP/1.1 200) 8 headers in 296 bytes (1 switches on core 0)
Mar 01 19:41:53.662090 n-d-831219-11 devstack@placement-api.service[104356]: INFO placement.requestlog [req-9156822b-eba2-451d-976d-e8bbea4b2fa9 req-c1a5c485-adaa-45d5-abfa-54a359933833 service placement] 10.222.0.43 "GET /placement/allocations/fd1dd397-ffda-415c-8816-b67f0b5bdc1d" status: 200 len: 245 microversion: 1.28
Mar 01 19:41:53.671407 n-d-831219-11 devstack@placement-api.service[104357]: DEBUG placement.requestlog [req-9156822b-eba2-451d-976d-e8bbea4b2fa9 req-6e1e18c8-ff80-41d9-880f-47273f056811 None None] Starting request: 10.222.0.43 "GET /placement/allocations/76aab469-3758-4303-bf0d-b50d2f90cfb3" {{(pid=104357) __call__ /opt/stack/placement/placement/requestlog.py:55}}
Mar 01 19:41:53.680536 n-d-831219-11 devstack@placement-api.service[104356]: [pid: 104356|app: 0|req: 176/348] 10.222.0.43 () {60 vars in 1380 bytes} [Tue Mar 1 19:41:53 2022] GET /placement/allocations/fd1dd397-ffda-415c-8816-b67f0b5bdc1d => generated 245 bytes in 47 msecs (HTTP/1.1 200) 8 headers in 296 bytes (1 switches on core 0)
Mar 01 19:41:53.690780 n-d-831219-11 devstack@placement-api.service[104357]: INFO placement.requestlog [req-9156822b-eba2-451d-976d-e8bbea4b2fa9 req-6e1e18c8-ff80-41d9-880f-47273f056811 service placement] 10.222.0.43 "GET /placement/allocations/76aab469-3758-4303-bf0d-b50d2f90cfb3" status: 200 len: 19 microversion: 1.28
Mar 01 19:41:53.697791 n-d-831219-11 devstack@placement-api.service[104356]: DEBUG placement.requestlog [req-9156822b-eba2-451d-976d-e8bbea4b2fa9 req-30dd9442-7777-40cf-895f-2c289c2ee9a7 None None] Starting request: 10.222.0.43 "POST /placement/allocations" {{(pid=104356) __call__ /opt/stack/placement/placement/requestlog.py:55}}
Mar 01 19:41:53.706283 n-d-831219-11 devstack@placement-api.service[104357]: [pid: 104357|app: 0|req: 173/349] 10.222.0.43 () {60 vars in 1380 bytes} [Tue Mar 1 19:41:53 2022] GET /placement/allocations/76aab469-3758-4303-bf0d-b50d2f90cfb3 => generated 19 bytes in 35 msecs (HTTP/1.1 200) 8 headers in 295 bytes (2 switches on core 0)
Mar 01 19:41:53.953828 n-d-831219-11 devstack@placement-api.service[104356]: DEBUG placement.handlers.allocation [req-9156822b-eba2-451d-976d-e8bbea4b2fa9 req-30dd9442-7777-40cf-895f-2c289c2ee9a7 service placement] Successfully wrote allocations [, , , ] {{(pid=104356) _update_consumers_and_create_allocations /opt/stack/placement/placement/handlers/allocation.py:572}}
Mar 01 19:41:53.960031 n-d-831219-11 devstack@placement-api.service[104356]: INFO placement.requestlog [req-9156822b-eba2-451d-976d-e8bbea4b2fa9 req-30dd9442-7777-40cf-895f-2c289c2ee9a7 service placement] 10.222.0.43 "POST /placement/allocations" status: 204 len: 0 microversion: 1.28
Mar 01 19:41:53.960031 n-d-831219-11 devstack@placement-api.service[104356]: [pid: 104356|app: 0|req: 177/350] 10.222.0.43 () {64 vars in 1323 bytes} [Tue Mar 1 19:41:53 2022] POST /placement/allocations => generated 0 bytes in 262 msecs (HTTP/1.1 204) 5 headers in 199 bytes (1 switches on core 0)
Mar 01 19:41:54.045792 n-d-831219-11 devstack@placement-api.service[104357]: DEBUG placement.requestlog [req-9156822b-eba2-451d-976d-e8bbea4b2fa9 req-5ece39cd-878e-4c93-83f7-09c253c80632 None None] Starting request: 10.222.0.43 "GET /placement/allocations/fd1dd397-ffda-415c-8816-b67f0b5bdc1d" {{(pid=104357) __call__ /opt/stack/placement/placement/requestlog.py:55}}
Mar 01 19:41:54.065095 n-d-831219-11 devstack@placement-api.service[104357]: INFO placement.requestlog [req-9156822b-eba2-451d-976d-e8bbea4b2fa9 req-5ece39cd-878e-4c93-83f7-09c253c80632 service placement] 10.222.0.43 "GET /placement/allocations/fd1dd397-ffda-415c-8816-b67f0b5bdc1d" status: 200 len: 19 microversion: 1.28
Mar 01 19:41:54.066926 n-d-831219-11 devstack@placement-api.service[104357]: [pid: 104357|app: 0|req: 174/351] 10.222.0.43 () {60 vars in 1380 bytes} [Tue Mar 1 19:41:54 2022] GET /placement/allocations/fd1dd397-ffda-415c-8816-b67f0b5bdc1d => generated 19 bytes in 22 msecs (HTTP/1.1 200) 8 headers in 295 bytes (1 switches on core 0)
Mar 01 19:41:54.073570 n-d-831219-11 devstack@placement-api.service[104356]: DEBUG placement.requestlog [req-9156822b-eba2-451d-976d-e8bbea4b2fa9 req-bb3fc030-3226-4637-9ef9-752cdacce08a None None] Starting request: 10.222.0.43 "PUT /placement/allocations/fd1dd397-ffda-415c-8816-b67f0b5bdc1d" {{(pid=104356) __call__ /opt/stack/placement/placement/requestlog.py:55}}
Mar 01 19:41:54.182098 n-d-831219-11 devstack@placement-api.service[104356]: DEBUG placement.handlers.allocation [req-9156822b-eba2-451d-976d-e8bbea4b2fa9 req-bb3fc030-3226-4637-9ef9-752cdacce08a service placement] Successfully wrote allocations [, ] {{(pid=104356) _update_consumers_and_create_allocations /opt/stack/placement/placement/handlers/allocation.py:462}}
Mar 01 19:41:54.188143 n-d-831219-11 devstack@placement-api.service[104356]: INFO placement.requestlog [req-9156822b-eba2-451d-976d-e8bbea4b2fa9 req-bb3fc030-3226-4637-9ef9-752cdacce08a service placement] 10.222.0.43 "PUT /placement/allocations/fd1dd397-ffda-415c-8816-b67f0b5bdc1d" status: 204 len: 0 microversion: 1.28
Mar 01 19:41:54.191279 n-d-831219-11 devstack@placement-api.service[104356]: [pid: 104356|app: 0|req: 178/352] 10.222.0.43 () {64 vars in 1433 bytes} [Tue Mar 1 19:41:54 2022] PUT /placement/allocations/fd1dd397-ffda-415c-8816-b67f0b5bdc1d => generated 0 bytes in 118 msecs (HTTP/1.1 204) 5 headers in 199 bytes (2 switches on core 0)
Mar 01 19:41:56.469186 n-d-831219-11 devstack@placement-api.service[104357]: DEBUG placement.requestlog [req-25c6f579-03b5-4065-8cc4-ef4899ab3a46 req-44838629-f4f2-40b2-a3ba-88186108c342 None None] Starting request: 10.222.0.43 "GET /placement/allocation_candidates?limit=1000&resources=DISK_GB%3A1%2CMEMORY_MB%3A1024%2CVCPU%3A1&root_required=%21COMPUTE_STATUS_DISABLED" {{(pid=104357) __call__ /opt/stack/placement/placement/requestlog.py:55}}
Mar 01 19:41:56.504387 n-d-831219-11 devstack@placement-api.service[104357]: DEBUG placement.objects.research_context [req-25c6f579-03b5-4065-8cc4-ef4899ab3a46 req-44838629-f4f2-40b2-a3ba-88186108c342 service placement] getting providers with 1 DISK_GB {{(pid=104357) __init__ /opt/stack/placement/placement/objects/research_context.py:136}}
Mar 01 19:41:56.512541 n-d-831219-11 devstack@placement-api.service[104357]: DEBUG placement.objects.research_context [req-25c6f579-03b5-4065-8cc4-ef4899ab3a46 req-44838629-f4f2-40b2-a3ba-88186108c342 service placement] getting providers with 1024 MEMORY_MB {{(pid=104357) __init__ /opt/stack/placement/placement/objects/research_context.py:136}}
Mar 01 19:41:56.519997 n-d-831219-11 devstack@placement-api.service[104357]: DEBUG placement.objects.research_context [req-25c6f579-03b5-4065-8cc4-ef4899ab3a46 req-44838629-f4f2-40b2-a3ba-88186108c342 service placement] getting providers with 1 VCPU {{(pid=104357) __init__ /opt/stack/placement/placement/objects/research_context.py:136}}
Mar 01 19:41:56.527118 n-d-831219-11 devstack@placement-api.service[104357]: DEBUG placement.objects.research_context [req-25c6f579-03b5-4065-8cc4-ef4899ab3a46 req-44838629-f4f2-40b2-a3ba-88186108c342 service placement] found 2 providers with available 1 DISK_GB {{(pid=104357) get_provider_ids_matching /opt/stack/placement/placement/objects/research_context.py:559}}
Mar 01 19:41:56.528401 n-d-831219-11 devstack@placement-api.service[104357]: DEBUG placement.objects.research_context [req-25c6f579-03b5-4065-8cc4-ef4899ab3a46 req-44838629-f4f2-40b2-a3ba-88186108c342 service placement] found 2 providers with available 1024 MEMORY_MB {{(pid=104357) get_provider_ids_matching /opt/stack/placement/placement/objects/research_context.py:559}}
Mar 01 19:41:56.528845 n-d-831219-11 devstack@placement-api.service[104357]: DEBUG placement.objects.research_context [req-25c6f579-03b5-4065-8cc4-ef4899ab3a46 req-44838629-f4f2-40b2-a3ba-88186108c342 service placement] found 2 providers after filtering by previous result {{(pid=104357) get_provider_ids_matching /opt/stack/placement/placement/objects/research_context.py:590}}
Mar 01 19:41:56.530320 n-d-831219-11 devstack@placement-api.service[104357]: DEBUG placement.objects.research_context [req-25c6f579-03b5-4065-8cc4-ef4899ab3a46 req-44838629-f4f2-40b2-a3ba-88186108c342 service placement] found 2 providers with available 1 VCPU {{(pid=104357) get_provider_ids_matching /opt/stack/placement/placement/objects/research_context.py:559}}
Mar 01 19:41:56.530791 n-d-831219-11 devstack@placement-api.service[104357]: DEBUG placement.objects.research_context [req-25c6f579-03b5-4065-8cc4-ef4899ab3a46 req-44838629-f4f2-40b2-a3ba-88186108c342 service placement] found 2 providers after filtering by previous result {{(pid=104357) get_provider_ids_matching /opt/stack/placement/placement/objects/research_context.py:590}}
Mar 01 19:41:56.547901 n-d-831219-11 devstack@placement-api.service[104357]: DEBUG placement.objects.allocation_candidate [req-25c6f579-03b5-4065-8cc4-ef4899ab3a46 req-44838629-f4f2-40b2-a3ba-88186108c342 service placement] RequestGroup(use_same_provider=False, resources={DISK_GB:1, MEMORY_MB:1024, VCPU:1}, traits=(), aggregates=[]) (suffix '') returned 2 matches {{(pid=104357) _get_by_requests /opt/stack/placement/placement/objects/allocation_candidate.py:156}}
Mar 01 19:41:56.548271 n-d-831219-11 devstack@placement-api.service[104357]: DEBUG placement.objects.allocation_candidate [req-25c6f579-03b5-4065-8cc4-ef4899ab3a46 req-44838629-f4f2-40b2-a3ba-88186108c342 service placement] Merging candidates yields 2 allocation requests and 2 provider summaries {{(pid=104357) _merge_candidates /opt/stack/placement/placement/objects/allocation_candidate.py:809}}
Mar 01 19:41:56.550229 n-d-831219-11 devstack@placement-api.service[104357]: INFO placement.requestlog [req-25c6f579-03b5-4065-8cc4-ef4899ab3a46 req-44838629-f4f2-40b2-a3ba-88186108c342 service placement] 10.222.0.43 "GET /placement/allocation_candidates?limit=1000&resources=DISK_GB%3A1%2CMEMORY_MB%3A1024%2CVCPU%3A1&root_required=%21COMPUTE_STATUS_DISABLED" status: 200 len: 1309 microversion: 1.36
Mar 01 19:41:56.551013 n-d-831219-11 devstack@placement-api.service[104357]: [pid: 104357|app: 0|req: 175/353] 10.222.0.43 () {60 vars in 1506 bytes} [Tue Mar 1 19:41:56 2022] GET /placement/allocation_candidates?limit=1000&resources=DISK_GB%3A1%2CMEMORY_MB%3A1024%2CVCPU%3A1&root_required=%21COMPUTE_STATUS_DISABLED => generated 1309 bytes in 82 msecs (HTTP/1.1 200) 8 headers in 297 bytes (1 switches on core 0)
Mar 01 19:41:56.625204 n-d-831219-11 devstack@placement-api.service[104356]: DEBUG placement.requestlog [req-25c6f579-03b5-4065-8cc4-ef4899ab3a46 req-fdda7d78-be09-4dfb-827e-f2315c67921f None None] Starting request: 10.222.0.43 "GET /placement/allocations/e6d7391a-ff44-4be1-a48d-f245e6d6c2f2" {{(pid=104356) __call__ /opt/stack/placement/placement/requestlog.py:55}}
Mar 01 19:41:56.636297 n-d-831219-11 devstack@placement-api.service[104356]: INFO placement.requestlog [req-25c6f579-03b5-4065-8cc4-ef4899ab3a46 req-fdda7d78-be09-4dfb-827e-f2315c67921f service placement] 10.222.0.43 "GET /placement/allocations/e6d7391a-ff44-4be1-a48d-f245e6d6c2f2" status: 200 len: 19 microversion: 1.28
Mar 01 19:41:56.636858 n-d-831219-11 devstack@placement-api.service[104356]: [pid: 104356|app: 0|req: 179/354] 10.222.0.43 () {60 vars in 1380 bytes} [Tue Mar 1 19:41:56 2022] GET /placement/allocations/e6d7391a-ff44-4be1-a48d-f245e6d6c2f2 => generated 19 bytes in 12 msecs (HTTP/1.1 200) 8 headers in 295 bytes (1 switches on core 0)
Mar 01 19:41:56.643923 n-d-831219-11 devstack@placement-api.service[104357]: DEBUG placement.requestlog [req-25c6f579-03b5-4065-8cc4-ef4899ab3a46 req-7cb6721a-40f9-47ce-8f8b-678d5688e8f3 None None] Starting request: 10.222.0.43 "PUT /placement/allocations/e6d7391a-ff44-4be1-a48d-f245e6d6c2f2" {{(pid=104357) __call__ /opt/stack/placement/placement/requestlog.py:55}}
Mar 01 19:41:56.682410 n-d-831219-11 devstack@placement-api.service[104356]: DEBUG placement.requestlog [req-9156822b-eba2-451d-976d-e8bbea4b2fa9 req-2d124373-58d4-46b1-a0b1-da9159848eee None None] Starting request: 10.222.0.60 "GET /placement/allocations/fd1dd397-ffda-415c-8816-b67f0b5bdc1d" {{(pid=104356) __call__ /opt/stack/placement/placement/requestlog.py:55}}
Mar 01 19:41:56.705245 n-d-831219-11 devstack@placement-api.service[104357]: DEBUG placement.handlers.allocation [req-25c6f579-03b5-4065-8cc4-ef4899ab3a46 req-7cb6721a-40f9-47ce-8f8b-678d5688e8f3 service placement] Successfully wrote allocations [, , ] {{(pid=104357) _update_consumers_and_create_allocations /opt/stack/placement/placement/handlers/allocation.py:462}}
Mar 01 19:41:56.710771 n-d-831219-11 devstack@placement-api.service[104357]: INFO placement.requestlog [req-25c6f579-03b5-4065-8cc4-ef4899ab3a46 req-7cb6721a-40f9-47ce-8f8b-678d5688e8f3 service placement] 10.222.0.43 "PUT /placement/allocations/e6d7391a-ff44-4be1-a48d-f245e6d6c2f2" status: 204 len: 0 microversion: 1.36
Mar 01 19:41:56.711451 n-d-831219-11 devstack@placement-api.service[104357]: [pid: 104357|app: 0|req: 176/355] 10.222.0.43 () {64 vars in 1433 bytes} [Tue Mar 1 19:41:56 2022] PUT /placement/allocations/e6d7391a-ff44-4be1-a48d-f245e6d6c2f2 => generated 0 bytes in 68 msecs (HTTP/1.1 204) 5 headers in 199 bytes (1 switches on core 0)
Mar 01 19:41:56.752476 n-d-831219-11 devstack@placement-api.service[104356]: INFO placement.requestlog [req-9156822b-eba2-451d-976d-e8bbea4b2fa9 req-2d124373-58d4-46b1-a0b1-da9159848eee service placement] 10.222.0.60 "GET /placement/allocations/fd1dd397-ffda-415c-8816-b67f0b5bdc1d" status: 200 len: 245 microversion: 1.28
Mar 01 19:41:56.753380 n-d-831219-11 devstack@placement-api.service[104356]: [pid: 104356|app: 0|req: 180/356] 10.222.0.60 () {60 vars in 1377 bytes} [Tue Mar 1 19:41:56 2022] GET /placement/allocations/fd1dd397-ffda-415c-8816-b67f0b5bdc1d => generated 245 bytes in 72 msecs (HTTP/1.1 200) 8 headers in 296 bytes (1 switches on core 0)
Mar 01 19:41:56.755270 n-d-831219-11 devstack@placement-api.service[104357]: DEBUG placement.requestlog [req-7d8badb3-a207-4364-9ff8-85180487ae6b req-6202d813-689c-44b9-9d6c-71a1b96fb99e None None] Starting request: 10.222.0.16 "DELETE /placement/allocations/4a831b57-9819-4f25-919c-1916090daf49" {{(pid=104357) __call__ /opt/stack/placement/placement/requestlog.py:55}}
Mar 01 19:41:56.810851 n-d-831219-11 devstack@placement-api.service[104357]: DEBUG placement.handlers.allocation [req-7d8badb3-a207-4364-9ff8-85180487ae6b req-6202d813-689c-44b9-9d6c-71a1b96fb99e service placement] Successfully deleted allocations [, , ] {{(pid=104357) delete_allocations /opt/stack/placement/placement/handlers/allocation.py:627}}
Mar 01 19:41:56.813793 n-d-831219-11 devstack@placement-api.service[104357]: INFO placement.requestlog [req-7d8badb3-a207-4364-9ff8-85180487ae6b req-6202d813-689c-44b9-9d6c-71a1b96fb99e service placement] 10.222.0.16 "DELETE /placement/allocations/4a831b57-9819-4f25-919c-1916090daf49" status: 204 len: 0 microversion: 1.0
Mar 01 19:41:56.815552 n-d-831219-11 devstack@placement-api.service[104357]: [pid: 104357|app: 0|req: 177/357] 10.222.0.16 () {60 vars in 1355 bytes} [Tue Mar 1 19:41:56 2022] DELETE /placement/allocations/4a831b57-9819-4f25-919c-1916090daf49 => generated 0 bytes in 60 msecs (HTTP/1.1 204) 5 headers in 198 bytes (1 switches on core 0)
Mar 01 19:41:57.187017 n-d-831219-11 devstack@placement-api.service[104356]: DEBUG placement.requestlog [req-25c6f579-03b5-4065-8cc4-ef4899ab3a46 req-e2d1e920-6f71-4beb-ada0-d27a3698e5ca None None] Starting request: 10.222.0.16 "GET /placement/allocations/e6d7391a-ff44-4be1-a48d-f245e6d6c2f2" {{(pid=104356) __call__ /opt/stack/placement/placement/requestlog.py:55}}
Mar 01 19:41:57.205173 n-d-831219-11 devstack@placement-api.service[104356]: INFO placement.requestlog [req-25c6f579-03b5-4065-8cc4-ef4899ab3a46 req-e2d1e920-6f71-4beb-ada0-d27a3698e5ca service placement] 10.222.0.16 "GET /placement/allocations/e6d7391a-ff44-4be1-a48d-f245e6d6c2f2" status: 200 len: 259 microversion: 1.28
Mar 01 19:41:57.205715 n-d-831219-11 devstack@placement-api.service[104356]: [pid: 104356|app: 0|req: 181/358] 10.222.0.16 () {60 vars in 1377 bytes} [Tue Mar 1 19:41:57 2022] GET /placement/allocations/e6d7391a-ff44-4be1-a48d-f245e6d6c2f2 => generated 259 bytes in 19 msecs (HTTP/1.1 200) 8 headers in 296 bytes (1 switches on core 0)
Mar 01 19:41:58.707017 n-d-831219-11 devstack@placement-api.service[104357]: DEBUG placement.requestlog [req-f38dcfd7-8163-49da-bd2c-a952ec8fbffa req-4ce89232-f16e-4ef3-8ebf-f45ef620b911 None None] Starting request: 10.222.0.43 "GET /placement/allocation_candidates?limit=1000&resources=DISK_GB%3A1%2CMEMORY_MB%3A1024%2CVCPU%3A1&root_required=%21COMPUTE_STATUS_DISABLED" {{(pid=104357) __call__ /opt/stack/placement/placement/requestlog.py:55}}
Mar 01 19:41:58.756642 n-d-831219-11 devstack@placement-api.service[104357]: DEBUG placement.objects.research_context [req-f38dcfd7-8163-49da-bd2c-a952ec8fbffa req-4ce89232-f16e-4ef3-8ebf-f45ef620b911 service placement] getting providers with 1 DISK_GB {{(pid=104357) __init__ /opt/stack/placement/placement/objects/research_context.py:136}}
Mar 01 19:41:58.764118 n-d-831219-11 devstack@placement-api.service[104357]: DEBUG placement.objects.research_context [req-f38dcfd7-8163-49da-bd2c-a952ec8fbffa req-4ce89232-f16e-4ef3-8ebf-f45ef620b911 service placement] getting providers with 1024 MEMORY_MB {{(pid=104357) __init__ /opt/stack/placement/placement/objects/research_context.py:136}}
Mar 01 19:41:58.771191 n-d-831219-11 devstack@placement-api.service[104357]: DEBUG placement.objects.research_context [req-f38dcfd7-8163-49da-bd2c-a952ec8fbffa req-4ce89232-f16e-4ef3-8ebf-f45ef620b911 service placement] getting providers with 1 VCPU {{(pid=104357) __init__ /opt/stack/placement/placement/objects/research_context.py:136}}
Mar 01 19:41:58.778435 n-d-831219-11 devstack@placement-api.service[104357]: DEBUG placement.objects.research_context [req-f38dcfd7-8163-49da-bd2c-a952ec8fbffa req-4ce89232-f16e-4ef3-8ebf-f45ef620b911 service placement] found 2 providers with available 1 DISK_GB {{(pid=104357) get_provider_ids_matching /opt/stack/placement/placement/objects/research_context.py:559}}
Mar 01 19:41:58.778963 n-d-831219-11 devstack@placement-api.service[104357]: DEBUG placement.objects.research_context [req-f38dcfd7-8163-49da-bd2c-a952ec8fbffa req-4ce89232-f16e-4ef3-8ebf-f45ef620b911 service placement] found 2 providers with available 1024 MEMORY_MB {{(pid=104357) get_provider_ids_matching /opt/stack/placement/placement/objects/research_context.py:559}}
Mar 01 19:41:58.779389 n-d-831219-11 devstack@placement-api.service[104357]: DEBUG placement.objects.research_context [req-f38dcfd7-8163-49da-bd2c-a952ec8fbffa req-4ce89232-f16e-4ef3-8ebf-f45ef620b911 service placement] found 2 providers after filtering by previous result {{(pid=104357) get_provider_ids_matching /opt/stack/placement/placement/objects/research_context.py:590}}
Mar 01 19:41:58.779810 n-d-831219-11 devstack@placement-api.service[104357]: DEBUG placement.objects.research_context [req-f38dcfd7-8163-49da-bd2c-a952ec8fbffa req-4ce89232-f16e-4ef3-8ebf-f45ef620b911 service placement] found 2 providers with available 1 VCPU {{(pid=104357) get_provider_ids_matching /opt/stack/placement/placement/objects/research_context.py:559}}
Mar 01 19:41:58.780233 n-d-831219-11 devstack@placement-api.service[104357]: DEBUG placement.objects.research_context [req-f38dcfd7-8163-49da-bd2c-a952ec8fbffa req-4ce89232-f16e-4ef3-8ebf-f45ef620b911 service placement] found 2 providers after filtering by previous result {{(pid=104357) get_provider_ids_matching /opt/stack/placement/placement/objects/research_context.py:590}}
Mar 01 19:41:58.793005 n-d-831219-11 devstack@placement-api.service[104357]: DEBUG placement.objects.allocation_candidate [req-f38dcfd7-8163-49da-bd2c-a952ec8fbffa req-4ce89232-f16e-4ef3-8ebf-f45ef620b911 service placement] RequestGroup(use_same_provider=False, resources={DISK_GB:1, MEMORY_MB:1024, VCPU:1}, traits=(), aggregates=[]) (suffix '') returned 2 matches {{(pid=104357) _get_by_requests /opt/stack/placement/placement/objects/allocation_candidate.py:156}}
Mar 01 19:41:58.793677 n-d-831219-11 devstack@placement-api.service[104357]: DEBUG placement.objects.allocation_candidate [req-f38dcfd7-8163-49da-bd2c-a952ec8fbffa req-4ce89232-f16e-4ef3-8ebf-f45ef620b911 service placement] Merging candidates yields 2 allocation requests and 2 provider summaries {{(pid=104357) _merge_candidates /opt/stack/placement/placement/objects/allocation_candidate.py:809}}
Mar 01 19:41:58.795470 n-d-831219-11 devstack@placement-api.service[104357]: INFO placement.requestlog [req-f38dcfd7-8163-49da-bd2c-a952ec8fbffa req-4ce89232-f16e-4ef3-8ebf-f45ef620b911 service placement] 10.222.0.43 "GET /placement/allocation_candidates?limit=1000&resources=DISK_GB%3A1%2CMEMORY_MB%3A1024%2CVCPU%3A1&root_required=%21COMPUTE_STATUS_DISABLED" status: 200 len: 1309 microversion: 1.36
Mar 01 19:41:58.796040 n-d-831219-11 devstack@placement-api.service[104357]: [pid: 104357|app: 0|req: 178/359] 10.222.0.43 () {60 vars in 1506 bytes} [Tue Mar 1 19:41:58 2022] GET /placement/allocation_candidates?limit=1000&resources=DISK_GB%3A1%2CMEMORY_MB%3A1024%2CVCPU%3A1&root_required=%21COMPUTE_STATUS_DISABLED => generated 1309 bytes in 89 msecs (HTTP/1.1 200) 8 headers in 297 bytes (1 switches on core 0)
Mar 01 19:41:58.887753 n-d-831219-11 devstack@placement-api.service[104356]: DEBUG placement.requestlog [req-f38dcfd7-8163-49da-bd2c-a952ec8fbffa req-d5c12f0d-8be7-4775-beaa-d5a8f79a44a4 None None] Starting request: 10.222.0.43 "GET /placement/allocations/38ce51f7-d904-4159-935a-708706b6bf85" {{(pid=104356) __call__ /opt/stack/placement/placement/requestlog.py:55}}
Mar 01 19:41:58.916096 n-d-831219-11 devstack@placement-api.service[104356]: INFO placement.requestlog [req-f38dcfd7-8163-49da-bd2c-a952ec8fbffa req-d5c12f0d-8be7-4775-beaa-d5a8f79a44a4 service placement] 10.222.0.43 "GET /placement/allocations/38ce51f7-d904-4159-935a-708706b6bf85" status: 200 len: 19 microversion: 1.28
Mar 01 19:41:58.921854 n-d-831219-11 devstack@placement-api.service[104356]: [pid: 104356|app: 0|req: 182/360] 10.222.0.43 () {60 vars in 1380 bytes} [Tue Mar 1 19:41:58 2022] GET /placement/allocations/38ce51f7-d904-4159-935a-708706b6bf85 => generated 19 bytes in 34 msecs (HTTP/1.1 200) 8 headers in 295 bytes (1 switches on core 0)
Mar 01 19:41:58.927325 n-d-831219-11 devstack@placement-api.service[104357]: DEBUG placement.requestlog [req-f38dcfd7-8163-49da-bd2c-a952ec8fbffa req-436ed5db-10f4-4816-af18-acf30c471857 None None] Starting request: 10.222.0.43 "PUT /placement/allocations/38ce51f7-d904-4159-935a-708706b6bf85" {{(pid=104357) __call__ /opt/stack/placement/placement/requestlog.py:55}}
Mar 01 19:41:59.048069 n-d-831219-11 devstack@placement-api.service[104357]: DEBUG placement.handlers.allocation [req-f38dcfd7-8163-49da-bd2c-a952ec8fbffa req-436ed5db-10f4-4816-af18-acf30c471857 service placement] Successfully wrote allocations [, , ] {{(pid=104357) _update_consumers_and_create_allocations /opt/stack/placement/placement/handlers/allocation.py:462}}
Mar 01 19:41:59.054022 n-d-831219-11 devstack@placement-api.service[104357]: INFO placement.requestlog [req-f38dcfd7-8163-49da-bd2c-a952ec8fbffa req-436ed5db-10f4-4816-af18-acf30c471857 service placement] 10.222.0.43 "PUT /placement/allocations/38ce51f7-d904-4159-935a-708706b6bf85" status: 204 len: 0 microversion: 1.36
Mar 01 19:41:59.056135 n-d-831219-11 devstack@placement-api.service[104357]: [pid: 104357|app: 0|req: 179/361] 10.222.0.43 () {64 vars in 1433 bytes} [Tue Mar 1 19:41:58 2022] PUT /placement/allocations/38ce51f7-d904-4159-935a-708706b6bf85 => generated 0 bytes in 130 msecs (HTTP/1.1 204) 5 headers in 199 bytes (1 switches on core 0)
Mar 01 19:41:59.585303 n-d-831219-11 devstack@placement-api.service[104356]: DEBUG placement.requestlog [req-f38dcfd7-8163-49da-bd2c-a952ec8fbffa req-d45d11e3-4b39-48ea-b5cc-be636dcf8967 None None] Starting request: 10.222.0.16 "GET /placement/allocations/38ce51f7-d904-4159-935a-708706b6bf85" {{(pid=104356) __call__ /opt/stack/placement/placement/requestlog.py:55}}
Mar 01 19:41:59.617319 n-d-831219-11 devstack@placement-api.service[104356]: INFO placement.requestlog [req-f38dcfd7-8163-49da-bd2c-a952ec8fbffa req-d45d11e3-4b39-48ea-b5cc-be636dcf8967 service placement] 10.222.0.16 "GET /placement/allocations/38ce51f7-d904-4159-935a-708706b6bf85" status: 200 len: 259 microversion: 1.28
Mar 01 19:41:59.618139 n-d-831219-11 devstack@placement-api.service[104356]: [pid: 104356|app: 0|req: 183/362] 10.222.0.16 () {60 vars in 1377 bytes} [Tue Mar 1 19:41:59 2022] GET /placement/allocations/38ce51f7-d904-4159-935a-708706b6bf85 => generated 259 bytes in 33 msecs (HTTP/1.1 200) 8 headers in 296 bytes (1 switches on core 0)
Mar 01 19:42:01.327887 n-d-831219-11 devstack@placement-api.service[104357]: DEBUG placement.requestlog [req-9b824f81-961a-4680-85e5-04746512d3d5 req-f16b9374-d346-4901-8b1c-47ede3251fd1 None None] Starting request: 10.222.0.60 "DELETE /placement/allocations/bb4aea54-b7b7-4cd2-83d9-916a5596d375" {{(pid=104357) __call__ /opt/stack/placement/placement/requestlog.py:55}}
Mar 01 19:42:01.393473 n-d-831219-11 devstack@placement-api.service[104357]: DEBUG placement.handlers.allocation [req-9b824f81-961a-4680-85e5-04746512d3d5 req-f16b9374-d346-4901-8b1c-47ede3251fd1 service placement] Successfully deleted allocations [, , ] {{(pid=104357) delete_allocations /opt/stack/placement/placement/handlers/allocation.py:627}}
Mar 01 19:42:01.394507 n-d-831219-11 devstack@placement-api.service[104357]: INFO placement.requestlog [req-9b824f81-961a-4680-85e5-04746512d3d5 req-f16b9374-d346-4901-8b1c-47ede3251fd1 service placement] 10.222.0.60 "DELETE /placement/allocations/bb4aea54-b7b7-4cd2-83d9-916a5596d375" status: 204 len: 0 microversion: 1.0
Mar 01 19:42:01.396526 n-d-831219-11 devstack@placement-api.service[104357]: [pid: 104357|app: 0|req: 180/363] 10.222.0.60 () {60 vars in 1355 bytes} [Tue Mar 1 19:42:01 2022] DELETE /placement/allocations/bb4aea54-b7b7-4cd2-83d9-916a5596d375 => generated 0 bytes in 69 msecs (HTTP/1.1 204) 5 headers in 198 bytes (1 switches on core 0)
Mar 01 19:42:03.828195 n-d-831219-11 devstack@placement-api.service[104356]: DEBUG placement.requestlog [req-4cd7a354-08b5-4b6a-a364-20dd4a347700 req-c6cc9f4b-3533-4368-8bc7-a7797f37a98d None None] Starting request: 10.222.0.16 "DELETE /placement/allocations/8bb3eb18-b04e-4f98-b2f6-8397a12b504e" {{(pid=104356) __call__ /opt/stack/placement/placement/requestlog.py:55}}
Mar 01 19:42:03.886726 n-d-831219-11 devstack@placement-api.service[104356]: DEBUG placement.handlers.allocation [req-4cd7a354-08b5-4b6a-a364-20dd4a347700 req-c6cc9f4b-3533-4368-8bc7-a7797f37a98d service placement] Successfully deleted allocations [, , ] {{(pid=104356) delete_allocations /opt/stack/placement/placement/handlers/allocation.py:627}}
Mar 01 19:42:03.887424 n-d-831219-11 devstack@placement-api.service[104356]: INFO placement.requestlog [req-4cd7a354-08b5-4b6a-a364-20dd4a347700 req-c6cc9f4b-3533-4368-8bc7-a7797f37a98d service placement] 10.222.0.16 "DELETE /placement/allocations/8bb3eb18-b04e-4f98-b2f6-8397a12b504e" status: 204 len: 0 microversion: 1.0
Mar 01 19:42:03.888124 n-d-831219-11 devstack@placement-api.service[104356]: [pid: 104356|app: 0|req: 184/364] 10.222.0.16 () {60 vars in 1355 bytes} [Tue Mar 1 19:42:03 2022] DELETE /placement/allocations/8bb3eb18-b04e-4f98-b2f6-8397a12b504e => generated 0 bytes in 60 msecs (HTTP/1.1 204) 5 headers in 198 bytes (1 switches on core 0)
Mar 01 19:42:07.745474 n-d-831219-11 devstack@placement-api.service[104357]: DEBUG placement.requestlog [req-26b92ec0-22fe-422c-9ad0-8006f8bdcc57 req-6561e315-a4e4-4e15-b4ac-09ca03bebf73 None None] Starting request: 10.222.0.16 "DELETE /placement/allocations/957763f6-fa6a-4db2-80e0-09dd24f61ff6" {{(pid=104357) __call__ /opt/stack/placement/placement/requestlog.py:55}}
Mar 01 19:42:07.781434 n-d-831219-11 devstack@placement-api.service[104357]: DEBUG placement.handlers.allocation [req-26b92ec0-22fe-422c-9ad0-8006f8bdcc57 req-6561e315-a4e4-4e15-b4ac-09ca03bebf73 service placement] Successfully deleted allocations [, , ] {{(pid=104357) delete_allocations /opt/stack/placement/placement/handlers/allocation.py:627}}
Mar 01 19:42:07.784504 n-d-831219-11 devstack@placement-api.service[104357]: INFO placement.requestlog [req-26b92ec0-22fe-422c-9ad0-8006f8bdcc57 req-6561e315-a4e4-4e15-b4ac-09ca03bebf73 service placement] 10.222.0.16 "DELETE /placement/allocations/957763f6-fa6a-4db2-80e0-09dd24f61ff6" status: 204 len: 0 microversion: 1.0
Mar 01 19:42:07.785364 n-d-831219-11 devstack@placement-api.service[104357]: [pid: 104357|app: 0|req: 181/365] 10.222.0.16 () {60 vars in 1355 bytes} [Tue Mar 1 19:42:07 2022] DELETE /placement/allocations/957763f6-fa6a-4db2-80e0-09dd24f61ff6 => generated 0 bytes in 40 msecs (HTTP/1.1 204) 5 headers in 198 bytes (1 switches on core 0)
Mar 01 19:42:09.503902 n-d-831219-11 devstack@placement-api.service[104356]: DEBUG placement.requestlog [None req-93be2092-b36a-45c1-8f47-3c6db9db1e49 None None] Starting request: 10.222.0.43 "GET /placement/" {{(pid=104356) __call__ /opt/stack/placement/placement/requestlog.py:55}}
Mar 01 19:42:09.504882 n-d-831219-11 devstack@placement-api.service[104356]: INFO placement.requestlog [None req-93be2092-b36a-45c1-8f47-3c6db9db1e49 None None] 10.222.0.43 "GET /placement/" status: 200 len: 136 microversion: 1.0
Mar 01 19:42:09.505461 n-d-831219-11 devstack@placement-api.service[104356]: [pid: 104356|app: 0|req: 185/366] 10.222.0.43 () {54 vars in 916 bytes} [Tue Mar 1 19:42:09 2022] GET /placement => generated 136 bytes in 2 msecs (HTTP/1.1 200) 6 headers in 224 bytes (1 switches on core 0)
Mar 01 19:42:09.513720 n-d-831219-11 devstack@placement-api.service[104357]: DEBUG placement.requestlog [req-4a960869-f304-4de7-a1d3-d29502cb9542 req-b3960fbf-5f34-43ee-9c9c-6de2dd081949 None None] Starting request: 10.222.0.43 "GET /placement/allocations/a3ac0d3c-78f5-4e76-8b1b-0ed3fa4b4c18" {{(pid=104357) __call__ /opt/stack/placement/placement/requestlog.py:55}}
Mar 01 19:42:09.591033 n-d-831219-11 devstack@placement-api.service[104357]: INFO placement.requestlog [req-4a960869-f304-4de7-a1d3-d29502cb9542 req-b3960fbf-5f34-43ee-9c9c-6de2dd081949 service placement] 10.222.0.43 "GET /placement/allocations/a3ac0d3c-78f5-4e76-8b1b-0ed3fa4b4c18" status: 200 len: 259 microversion: 1.28
Mar 01 19:42:09.592010 n-d-831219-11 devstack@placement-api.service[104357]: [pid: 104357|app: 0|req: 182/367] 10.222.0.43 () {60 vars in 1380 bytes} [Tue Mar 1 19:42:09 2022] GET /placement/allocations/a3ac0d3c-78f5-4e76-8b1b-0ed3fa4b4c18 => generated 259 bytes in 78 msecs (HTTP/1.1 200) 8 headers in 296 bytes (1 switches on core 0)
Mar 01 19:42:09.598268 n-d-831219-11 devstack@placement-api.service[104356]: DEBUG placement.requestlog [req-4a960869-f304-4de7-a1d3-d29502cb9542 req-a91be745-96d3-446d-8c9b-dfb59c2c34ca None None] Starting request: 10.222.0.43 "GET /placement/allocations/a3ac0d3c-78f5-4e76-8b1b-0ed3fa4b4c18" {{(pid=104356) __call__ /opt/stack/placement/placement/requestlog.py:55}}
Mar 01 19:42:09.606408 n-d-831219-11 devstack@placement-api.service[104357]: DEBUG placement.requestlog [req-55c73bd5-0833-449b-9210-94c3fc7c9c84 req-3da29950-a825-4212-977c-0b9613fb602a None None] Starting request: 10.222.0.43 "GET /placement/allocation_candidates?limit=1000&resources=DISK_GB%3A1%2CMEMORY_MB%3A1024%2CVCPU%3A1&root_required=%21COMPUTE_STATUS_DISABLED" {{(pid=104357) __call__ /opt/stack/placement/placement/requestlog.py:55}}
Mar 01 19:42:09.619344 n-d-831219-11 devstack@placement-api.service[104356]: INFO placement.requestlog [req-4a960869-f304-4de7-a1d3-d29502cb9542 req-a91be745-96d3-446d-8c9b-dfb59c2c34ca service placement] 10.222.0.43 "GET /placement/allocations/a3ac0d3c-78f5-4e76-8b1b-0ed3fa4b4c18" status: 200 len: 259 microversion: 1.28
Mar 01 19:42:09.620223 n-d-831219-11 devstack@placement-api.service[104356]: [pid: 104356|app: 0|req: 186/368] 10.222.0.43 () {60 vars in 1380 bytes} [Tue Mar 1 19:42:09 2022] GET /placement/allocations/a3ac0d3c-78f5-4e76-8b1b-0ed3fa4b4c18 => generated 259 bytes in 22 msecs (HTTP/1.1 200) 8 headers in 296 bytes (1 switches on core 0)
Mar 01 19:42:09.627485 n-d-831219-11 devstack@placement-api.service[104356]: DEBUG placement.requestlog [req-4a960869-f304-4de7-a1d3-d29502cb9542 req-448a0cf5-e7b7-4802-b55e-d4486308e7e6 None None] Starting request: 10.222.0.43 "GET /placement/allocations/6a8f0418-db01-445a-abd0-07edb3986976" {{(pid=104356) __call__ /opt/stack/placement/placement/requestlog.py:55}}
Mar 01 19:42:09.645258 n-d-831219-11 devstack@placement-api.service[104356]: INFO placement.requestlog [req-4a960869-f304-4de7-a1d3-d29502cb9542 req-448a0cf5-e7b7-4802-b55e-d4486308e7e6 service placement] 10.222.0.43 "GET /placement/allocations/6a8f0418-db01-445a-abd0-07edb3986976" status: 200 len: 19 microversion: 1.28
Mar 01 19:42:09.657948 n-d-831219-11 devstack@placement-api.service[104356]: [pid: 104356|app: 0|req: 187/369] 10.222.0.43 () {60 vars in 1380 bytes} [Tue Mar 1 19:42:09 2022] GET /placement/allocations/6a8f0418-db01-445a-abd0-07edb3986976 => generated 19 bytes in 30 msecs (HTTP/1.1 200) 8 headers in 295 bytes (1 switches on core 0)
Mar 01 19:42:09.661896 n-d-831219-11 devstack@placement-api.service[104357]: DEBUG placement.objects.research_context [req-55c73bd5-0833-449b-9210-94c3fc7c9c84 req-3da29950-a825-4212-977c-0b9613fb602a service placement] getting providers with 1 DISK_GB {{(pid=104357) __init__ /opt/stack/placement/placement/objects/research_context.py:136}}
Mar 01 19:42:09.664685 n-d-831219-11 devstack@placement-api.service[104356]: DEBUG placement.requestlog [req-4a960869-f304-4de7-a1d3-d29502cb9542 req-d95c15c4-95aa-4b3b-8260-b173fc938591 None None] Starting request: 10.222.0.43 "POST /placement/allocations" {{(pid=104356) __call__ /opt/stack/placement/placement/requestlog.py:55}}
Mar 01 19:42:09.669628 n-d-831219-11 devstack@placement-api.service[104357]: DEBUG placement.objects.research_context [req-55c73bd5-0833-449b-9210-94c3fc7c9c84 req-3da29950-a825-4212-977c-0b9613fb602a service placement] getting providers with 1024 MEMORY_MB {{(pid=104357) __init__ /opt/stack/placement/placement/objects/research_context.py:136}}
Mar 01 19:42:09.676195 n-d-831219-11 devstack@placement-api.service[104357]: DEBUG placement.objects.research_context [req-55c73bd5-0833-449b-9210-94c3fc7c9c84 req-3da29950-a825-4212-977c-0b9613fb602a service placement] getting providers with 1 VCPU {{(pid=104357) __init__ /opt/stack/placement/placement/objects/research_context.py:136}}
Mar 01 19:42:09.684315 n-d-831219-11 devstack@placement-api.service[104357]: DEBUG placement.objects.research_context [req-55c73bd5-0833-449b-9210-94c3fc7c9c84 req-3da29950-a825-4212-977c-0b9613fb602a service placement] found 2 providers with available 1 DISK_GB {{(pid=104357) get_provider_ids_matching /opt/stack/placement/placement/objects/research_context.py:559}}
Mar 01 19:42:09.684961 n-d-831219-11 devstack@placement-api.service[104357]: DEBUG placement.objects.research_context [req-55c73bd5-0833-449b-9210-94c3fc7c9c84 req-3da29950-a825-4212-977c-0b9613fb602a service placement] found 2 providers with available 1024 MEMORY_MB {{(pid=104357) get_provider_ids_matching /opt/stack/placement/placement/objects/research_context.py:559}}
Mar 01 19:42:09.685505 n-d-831219-11 devstack@placement-api.service[104357]: DEBUG placement.objects.research_context [req-55c73bd5-0833-449b-9210-94c3fc7c9c84 req-3da29950-a825-4212-977c-0b9613fb602a service placement] found 2 providers after filtering by previous result {{(pid=104357) get_provider_ids_matching /opt/stack/placement/placement/objects/research_context.py:590}}
