Mar 11 11:00:26.116647 n-d-831194-3 devstack@placement-api.service[110741]: DEBUG placement.handlers.allocation [req-709f8508-bcac-409d-a3d0-d987d79893ee req-b860e667-b92c-47e6-a26e-caa24da6ff1f service placement] Successfully wrote allocations [, , ] {{(pid=110741) _update_consumers_and_create_allocations /opt/stack/placement/placement/handlers/allocation.py:462}}
Mar 11 11:00:26.121173 n-d-831194-3 devstack@placement-api.service[110741]: INFO placement.requestlog [req-709f8508-bcac-409d-a3d0-d987d79893ee req-b860e667-b92c-47e6-a26e-caa24da6ff1f service placement] 10.222.0.60 "PUT /placement/allocations/e2ed9a48-502c-4d64-b25c-9cab747d9217" status: 204 len: 0 microversion: 1.36
Mar 11 11:00:26.121825 n-d-831194-3 devstack@placement-api.service[110741]: [pid: 110741|app: 0|req: 241/486] 10.222.0.60 () {64 vars in 1433 bytes} [Fri Mar 11 11:00:26 2022] PUT /placement/allocations/e2ed9a48-502c-4d64-b25c-9cab747d9217 => generated 0 bytes in 75 msecs (HTTP/1.1 204) 5 headers in 199 bytes (1 switches on core 0)
Mar 11 11:00:26.455000 n-d-831194-3 devstack@placement-api.service[110742]: DEBUG placement.requestlog [req-709f8508-bcac-409d-a3d0-d987d79893ee req-7d8f607e-77ea-42a4-b3f8-6e1d38251924 None None] Starting request: 10.222.0.16 "GET /placement/allocations/e2ed9a48-502c-4d64-b25c-9cab747d9217" {{(pid=110742) __call__ /opt/stack/placement/placement/requestlog.py:55}}
Mar 11 11:00:26.476909 n-d-831194-3 devstack@placement-api.service[110742]: INFO placement.requestlog [req-709f8508-bcac-409d-a3d0-d987d79893ee req-7d8f607e-77ea-42a4-b3f8-6e1d38251924 service placement] 10.222.0.16 "GET /placement/allocations/e2ed9a48-502c-4d64-b25c-9cab747d9217" status: 200 len: 259 microversion: 1.28
Mar 11 11:00:26.477218 n-d-831194-3 devstack@placement-api.service[110742]: [pid: 110742|app: 0|req: 246/487] 10.222.0.16 () {60 vars in 1377 bytes} [Fri Mar 11 11:00:26 2022] GET /placement/allocations/e2ed9a48-502c-4d64-b25c-9cab747d9217 => generated 259 bytes in 23 msecs (HTTP/1.1 200) 8 headers in 296 bytes (1 switches on core 0)
Mar 11 11:00:29.191407 n-d-831194-3 devstack@placement-api.service[110741]: DEBUG placement.requestlog [req-76a3f658-9035-4d5e-b9a5-00a911f41910 req-873dd6e5-1669-4f38-a73e-fb856a1f3438 None None] Starting request: 10.222.0.64 "DELETE /placement/allocations/39eb17bc-6761-4c77-a732-43029dacdc07" {{(pid=110741) __call__ /opt/stack/placement/placement/requestlog.py:55}}
Mar 11 11:00:29.247161 n-d-831194-3 devstack@placement-api.service[110741]: DEBUG placement.handlers.allocation [req-76a3f658-9035-4d5e-b9a5-00a911f41910 req-873dd6e5-1669-4f38-a73e-fb856a1f3438 service placement] Successfully deleted allocations [, , ] {{(pid=110741) delete_allocations /opt/stack/placement/placement/handlers/allocation.py:627}}
Mar 11 11:00:29.247894 n-d-831194-3 devstack@placement-api.service[110741]: INFO placement.requestlog [req-76a3f658-9035-4d5e-b9a5-00a911f41910 req-873dd6e5-1669-4f38-a73e-fb856a1f3438 service placement] 10.222.0.64 "DELETE /placement/allocations/39eb17bc-6761-4c77-a732-43029dacdc07" status: 204 len: 0 microversion: 1.0
Mar 11 11:00:29.248688 n-d-831194-3 devstack@placement-api.service[110741]: [pid: 110741|app: 0|req: 242/488] 10.222.0.64 () {60 vars in 1355 bytes} [Fri Mar 11 11:00:29 2022] DELETE /placement/allocations/39eb17bc-6761-4c77-a732-43029dacdc07 => generated 0 bytes in 58 msecs (HTTP/1.1 204) 5 headers in 198 bytes (1 switches on core 0)
Mar 11 11:00:41.648194 n-d-831194-3 devstack@placement-api.service[110742]: DEBUG placement.requestlog [req-f219a484-48c7-4d8f-afbe-769aaeb13300 req-61afb389-3b86-4c3e-bb78-88ee85ffe997 None None] Starting request: 10.222.0.60 "GET /placement/allocation_candidates?limit=1000&resources=DISK_GB%3A1%2CMEMORY_MB%3A1024%2CVCPU%3A1&root_required=%21COMPUTE_STATUS_DISABLED" {{(pid=110742) __call__ /opt/stack/placement/placement/requestlog.py:55}}
Mar 11 11:00:41.723857 n-d-831194-3 devstack@placement-api.service[110742]: DEBUG placement.objects.research_context [req-f219a484-48c7-4d8f-afbe-769aaeb13300 req-61afb389-3b86-4c3e-bb78-88ee85ffe997 service placement] getting providers with 1 DISK_GB {{(pid=110742) __init__ /opt/stack/placement/placement/objects/research_context.py:136}}
Mar 11 11:00:41.737535 n-d-831194-3 devstack@placement-api.service[110742]: DEBUG placement.objects.research_context [req-f219a484-48c7-4d8f-afbe-769aaeb13300 req-61afb389-3b86-4c3e-bb78-88ee85ffe997 service placement] getting providers with 1024 MEMORY_MB {{(pid=110742) __init__ /opt/stack/placement/placement/objects/research_context.py:136}}
Mar 11 11:00:41.747644 n-d-831194-3 devstack@placement-api.service[110742]: DEBUG placement.objects.research_context [req-f219a484-48c7-4d8f-afbe-769aaeb13300 req-61afb389-3b86-4c3e-bb78-88ee85ffe997 service placement] getting providers with 1 VCPU {{(pid=110742) __init__ /opt/stack/placement/placement/objects/research_context.py:136}}
Mar 11 11:00:41.755226 n-d-831194-3 devstack@placement-api.service[110742]: DEBUG placement.objects.research_context [req-f219a484-48c7-4d8f-afbe-769aaeb13300 req-61afb389-3b86-4c3e-bb78-88ee85ffe997 service placement] found 2 providers with available 1 DISK_GB {{(pid=110742) get_provider_ids_matching /opt/stack/placement/placement/objects/research_context.py:559}}
Mar 11 11:00:41.755848 n-d-831194-3 devstack@placement-api.service[110742]: DEBUG placement.objects.research_context [req-f219a484-48c7-4d8f-afbe-769aaeb13300 req-61afb389-3b86-4c3e-bb78-88ee85ffe997 service placement] found 2 providers with available 1024 MEMORY_MB {{(pid=110742) get_provider_ids_matching /opt/stack/placement/placement/objects/research_context.py:559}}
Mar 11 11:00:41.756236 n-d-831194-3 devstack@placement-api.service[110742]: DEBUG placement.objects.research_context [req-f219a484-48c7-4d8f-afbe-769aaeb13300 req-61afb389-3b86-4c3e-bb78-88ee85ffe997 service placement] found 2 providers after filtering by previous result {{(pid=110742) get_provider_ids_matching /opt/stack/placement/placement/objects/research_context.py:590}}
Mar 11 11:00:41.756695 n-d-831194-3 devstack@placement-api.service[110742]: DEBUG placement.objects.research_context [req-f219a484-48c7-4d8f-afbe-769aaeb13300 req-61afb389-3b86-4c3e-bb78-88ee85ffe997 service placement] found 2 providers with available 1 VCPU {{(pid=110742) get_provider_ids_matching /opt/stack/placement/placement/objects/research_context.py:559}}
Mar 11 11:00:41.757564 n-d-831194-3 devstack@placement-api.service[110742]: DEBUG placement.objects.research_context [req-f219a484-48c7-4d8f-afbe-769aaeb13300 req-61afb389-3b86-4c3e-bb78-88ee85ffe997 service placement] found 2 providers after filtering by previous result {{(pid=110742) get_provider_ids_matching /opt/stack/placement/placement/objects/research_context.py:590}}
Mar 11 11:00:41.773377 n-d-831194-3 devstack@placement-api.service[110742]: DEBUG placement.objects.allocation_candidate [req-f219a484-48c7-4d8f-afbe-769aaeb13300 req-61afb389-3b86-4c3e-bb78-88ee85ffe997 service placement] RequestGroup(use_same_provider=False, resources={DISK_GB:1, MEMORY_MB:1024, VCPU:1}, traits=(), aggregates=[]) (suffix '') returned 2 matches {{(pid=110742) _get_by_requests /opt/stack/placement/placement/objects/allocation_candidate.py:156}}
Mar 11 11:00:41.774021 n-d-831194-3 devstack@placement-api.service[110742]: DEBUG placement.objects.allocation_candidate [req-f219a484-48c7-4d8f-afbe-769aaeb13300 req-61afb389-3b86-4c3e-bb78-88ee85ffe997 service placement] Merging candidates yields 2 allocation requests and 2 provider summaries {{(pid=110742) _merge_candidates /opt/stack/placement/placement/objects/allocation_candidate.py:809}}
Mar 11 11:00:41.782664 n-d-831194-3 devstack@placement-api.service[110742]: INFO placement.requestlog [req-f219a484-48c7-4d8f-afbe-769aaeb13300 req-61afb389-3b86-4c3e-bb78-88ee85ffe997 service placement] 10.222.0.60 "GET /placement/allocation_candidates?limit=1000&resources=DISK_GB%3A1%2CMEMORY_MB%3A1024%2CVCPU%3A1&root_required=%21COMPUTE_STATUS_DISABLED" status: 200 len: 1309 microversion: 1.36
Mar 11 11:00:41.783600 n-d-831194-3 devstack@placement-api.service[110742]: [pid: 110742|app: 0|req: 247/489] 10.222.0.60 () {60 vars in 1506 bytes} [Fri Mar 11 11:00:41 2022] GET /placement/allocation_candidates?limit=1000&resources=DISK_GB%3A1%2CMEMORY_MB%3A1024%2CVCPU%3A1&root_required=%21COMPUTE_STATUS_DISABLED => generated 1309 bytes in 136 msecs (HTTP/1.1 200) 8 headers in 297 bytes (1 switches on core 0)
Mar 11 11:00:41.946407 n-d-831194-3 devstack@placement-api.service[110741]: DEBUG placement.requestlog [req-f219a484-48c7-4d8f-afbe-769aaeb13300 req-f6c2f2de-26f8-4043-811c-3aa0e3be0ecf None None] Starting request: 10.222.0.60 "GET /placement/allocations/ddc40569-af5d-44f0-b281-fa8408427bb2" {{(pid=110741) __call__ /opt/stack/placement/placement/requestlog.py:55}}
Mar 11 11:00:41.963765 n-d-831194-3 devstack@placement-api.service[110741]: INFO placement.requestlog [req-f219a484-48c7-4d8f-afbe-769aaeb13300 req-f6c2f2de-26f8-4043-811c-3aa0e3be0ecf service placement] 10.222.0.60 "GET /placement/allocations/ddc40569-af5d-44f0-b281-fa8408427bb2" status: 200 len: 19 microversion: 1.28
Mar 11 11:00:41.974589 n-d-831194-3 devstack@placement-api.service[110741]: [pid: 110741|app: 0|req: 243/490] 10.222.0.60 () {60 vars in 1380 bytes} [Fri Mar 11 11:00:41 2022] GET /placement/allocations/ddc40569-af5d-44f0-b281-fa8408427bb2 => generated 19 bytes in 27 msecs (HTTP/1.1 200) 8 headers in 295 bytes (1 switches on core 0)
Mar 11 11:00:41.976705 n-d-831194-3 devstack@placement-api.service[110742]: DEBUG placement.requestlog [req-f219a484-48c7-4d8f-afbe-769aaeb13300 req-a662eb4f-9897-44de-b4bd-58fb2e5d7a81 None None] Starting request: 10.222.0.60 "PUT /placement/allocations/ddc40569-af5d-44f0-b281-fa8408427bb2" {{(pid=110742) __call__ /opt/stack/placement/placement/requestlog.py:55}}
Mar 11 11:00:42.069008 n-d-831194-3 devstack@placement-api.service[110742]: DEBUG placement.handlers.allocation [req-f219a484-48c7-4d8f-afbe-769aaeb13300 req-a662eb4f-9897-44de-b4bd-58fb2e5d7a81 service placement] Successfully wrote allocations [, , ] {{(pid=110742) _update_consumers_and_create_allocations /opt/stack/placement/placement/handlers/allocation.py:462}}
Mar 11 11:00:42.078288 n-d-831194-3 devstack@placement-api.service[110742]: INFO placement.requestlog [req-f219a484-48c7-4d8f-afbe-769aaeb13300 req-a662eb4f-9897-44de-b4bd-58fb2e5d7a81 service placement] 10.222.0.60 "PUT /placement/allocations/ddc40569-af5d-44f0-b281-fa8408427bb2" status: 204 len: 0 microversion: 1.36
Mar 11 11:00:42.090232 n-d-831194-3 devstack@placement-api.service[110742]: [pid: 110742|app: 0|req: 248/491] 10.222.0.60 () {64 vars in 1433 bytes} [Fri Mar 11 11:00:41 2022] PUT /placement/allocations/ddc40569-af5d-44f0-b281-fa8408427bb2 => generated 0 bytes in 103 msecs (HTTP/1.1 204) 5 headers in 199 bytes (1 switches on core 0)
Mar 11 11:00:42.534051 n-d-831194-3 devstack@placement-api.service[110741]: DEBUG placement.requestlog [req-f219a484-48c7-4d8f-afbe-769aaeb13300 req-d455e457-ff22-4a49-9ec6-03aaa2a2a02a None None] Starting request: 10.222.0.64 "GET /placement/allocations/ddc40569-af5d-44f0-b281-fa8408427bb2" {{(pid=110741) __call__ /opt/stack/placement/placement/requestlog.py:55}}
Mar 11 11:00:42.559745 n-d-831194-3 devstack@placement-api.service[110741]: INFO placement.requestlog [req-f219a484-48c7-4d8f-afbe-769aaeb13300 req-d455e457-ff22-4a49-9ec6-03aaa2a2a02a service placement] 10.222.0.64 "GET /placement/allocations/ddc40569-af5d-44f0-b281-fa8408427bb2" status: 200 len: 259 microversion: 1.28
Mar 11 11:00:42.560783 n-d-831194-3 devstack@placement-api.service[110741]: [pid: 110741|app: 0|req: 244/492] 10.222.0.64 () {60 vars in 1377 bytes} [Fri Mar 11 11:00:42 2022] GET /placement/allocations/ddc40569-af5d-44f0-b281-fa8408427bb2 => generated 259 bytes in 27 msecs (HTTP/1.1 200) 8 headers in 296 bytes (2 switches on core 0)
Mar 11 11:00:44.043291 n-d-831194-3 devstack@placement-api.service[110742]: DEBUG placement.requestlog [req-9f3db141-882f-41b6-9114-67dd6dbe1e37 req-b8417bf5-1d7a-4128-afbe-777b2027a6ea None None] Starting request: 10.222.0.64 "DELETE /placement/allocations/19dfb7bd-3e36-4f56-98ac-238d631effa0" {{(pid=110742) __call__ /opt/stack/placement/placement/requestlog.py:55}}
Mar 11 11:00:44.140455 n-d-831194-3 devstack@placement-api.service[110741]: DEBUG placement.requestlog [req-bd295091-74fb-4f26-a538-934267ddbb23 req-0b423ec4-0c79-4825-a4d2-934a236d1734 None None] Starting request: 10.222.0.16 "DELETE /placement/allocations/08e5af7c-8522-4354-b51a-63d1252cc959" {{(pid=110741) __call__ /opt/stack/placement/placement/requestlog.py:55}}
Mar 11 11:00:44.181591 n-d-831194-3 devstack@placement-api.service[110742]: DEBUG placement.handlers.allocation [req-9f3db141-882f-41b6-9114-67dd6dbe1e37 req-b8417bf5-1d7a-4128-afbe-777b2027a6ea service placement] Successfully deleted allocations [, , ] {{(pid=110742) delete_allocations /opt/stack/placement/placement/handlers/allocation.py:627}}
Mar 11 11:00:44.182800 n-d-831194-3 devstack@placement-api.service[110742]: INFO placement.requestlog [req-9f3db141-882f-41b6-9114-67dd6dbe1e37 req-b8417bf5-1d7a-4128-afbe-777b2027a6ea service placement] 10.222.0.64 "DELETE /placement/allocations/19dfb7bd-3e36-4f56-98ac-238d631effa0" status: 204 len: 0 microversion: 1.0
Mar 11 11:00:44.183638 n-d-831194-3 devstack@placement-api.service[110742]: [pid: 110742|app: 0|req: 249/493] 10.222.0.64 () {60 vars in 1355 bytes} [Fri Mar 11 11:00:44 2022] DELETE /placement/allocations/19dfb7bd-3e36-4f56-98ac-238d631effa0 => generated 0 bytes in 141 msecs (HTTP/1.1 204) 5 headers in 198 bytes (2 switches on core 0)
Mar 11 11:00:44.184969 n-d-831194-3 devstack@placement-api.service[110742]: DEBUG placement.requestlog [req-1e8e2809-0ded-436f-af9d-790fabef1069 req-a58d12f7-8546-4f2d-b190-7103aed79dd2 None None] Starting request: 10.222.0.64 "DELETE /placement/allocations/4fa17a43-c84f-4d16-947c-578e33056fd3" {{(pid=110742) __call__ /opt/stack/placement/placement/requestlog.py:55}}
Mar 11 11:00:44.230048 n-d-831194-3 devstack@placement-api.service[110741]: DEBUG placement.handlers.allocation [req-bd295091-74fb-4f26-a538-934267ddbb23 req-0b423ec4-0c79-4825-a4d2-934a236d1734 service placement] Successfully deleted allocations [, , ] {{(pid=110741) delete_allocations /opt/stack/placement/placement/handlers/allocation.py:627}}
Mar 11 11:00:44.230876 n-d-831194-3 devstack@placement-api.service[110741]: INFO placement.requestlog [req-bd295091-74fb-4f26-a538-934267ddbb23 req-0b423ec4-0c79-4825-a4d2-934a236d1734 service placement] 10.222.0.16 "DELETE /placement/allocations/08e5af7c-8522-4354-b51a-63d1252cc959" status: 204 len: 0 microversion: 1.0
Mar 11 11:00:44.231916 n-d-831194-3 devstack@placement-api.service[110741]: [pid: 110741|app: 0|req: 245/494] 10.222.0.16 () {60 vars in 1355 bytes} [Fri Mar 11 11:00:44 2022] DELETE /placement/allocations/08e5af7c-8522-4354-b51a-63d1252cc959 => generated 0 bytes in 93 msecs (HTTP/1.1 204) 5 headers in 198 bytes (2 switches on core 0)
Mar 11 11:00:44.336296 n-d-831194-3 devstack@placement-api.service[110742]: DEBUG placement.handlers.allocation [req-1e8e2809-0ded-436f-af9d-790fabef1069 req-a58d12f7-8546-4f2d-b190-7103aed79dd2 service placement] Successfully deleted allocations [, , ] {{(pid=110742) delete_allocations /opt/stack/placement/placement/handlers/allocation.py:627}}
Mar 11 11:00:44.337718 n-d-831194-3 devstack@placement-api.service[110742]: INFO placement.requestlog [req-1e8e2809-0ded-436f-af9d-790fabef1069 req-a58d12f7-8546-4f2d-b190-7103aed79dd2 service placement] 10.222.0.64 "DELETE /placement/allocations/4fa17a43-c84f-4d16-947c-578e33056fd3" status: 204 len: 0 microversion: 1.0
Mar 11 11:00:44.338957 n-d-831194-3 devstack@placement-api.service[110742]: [pid: 110742|app: 0|req: 250/495] 10.222.0.64 () {60 vars in 1355 bytes} [Fri Mar 11 11:00:44 2022] DELETE /placement/allocations/4fa17a43-c84f-4d16-947c-578e33056fd3 => generated 0 bytes in 154 msecs (HTTP/1.1 204) 5 headers in 198 bytes (1 switches on core 0)
Mar 11 11:00:47.392795 n-d-831194-3 devstack@placement-api.service[110741]: DEBUG placement.requestlog [req-10fd295f-4ded-45eb-8918-7778c555ff34 req-a49180c9-010a-4285-aee0-58c2e4b6b90d None None] Starting request: 10.222.0.60 "GET /placement/allocation_candidates?limit=1000&resources=DISK_GB%3A1%2CMEMORY_MB%3A1024%2CVCPU%3A1&root_required=%21COMPUTE_STATUS_DISABLED" {{(pid=110741) __call__ /opt/stack/placement/placement/requestlog.py:55}}
Mar 11 11:00:47.458107 n-d-831194-3 devstack@placement-api.service[110741]: DEBUG placement.objects.research_context [req-10fd295f-4ded-45eb-8918-7778c555ff34 req-a49180c9-010a-4285-aee0-58c2e4b6b90d service placement] getting providers with 1 DISK_GB {{(pid=110741) __init__ /opt/stack/placement/placement/objects/research_context.py:136}}
Mar 11 11:00:47.476808 n-d-831194-3 devstack@placement-api.service[110741]: DEBUG placement.objects.research_context [req-10fd295f-4ded-45eb-8918-7778c555ff34 req-a49180c9-010a-4285-aee0-58c2e4b6b90d service placement] getting providers with 1024 MEMORY_MB {{(pid=110741) __init__ /opt/stack/placement/placement/objects/research_context.py:136}}
Mar 11 11:00:47.485197 n-d-831194-3 devstack@placement-api.service[110741]: DEBUG placement.objects.research_context [req-10fd295f-4ded-45eb-8918-7778c555ff34 req-a49180c9-010a-4285-aee0-58c2e4b6b90d service placement] getting providers with 1 VCPU {{(pid=110741) __init__ /opt/stack/placement/placement/objects/research_context.py:136}}
Mar 11 11:00:47.502568 n-d-831194-3 devstack@placement-api.service[110741]: DEBUG placement.objects.research_context [req-10fd295f-4ded-45eb-8918-7778c555ff34 req-a49180c9-010a-4285-aee0-58c2e4b6b90d service placement] found 2 providers with available 1 DISK_GB {{(pid=110741) get_provider_ids_matching /opt/stack/placement/placement/objects/research_context.py:559}}
Mar 11 11:00:47.502836 n-d-831194-3 devstack@placement-api.service[110741]: DEBUG placement.objects.research_context [req-10fd295f-4ded-45eb-8918-7778c555ff34 req-a49180c9-010a-4285-aee0-58c2e4b6b90d service placement] found 2 providers with available 1024 MEMORY_MB {{(pid=110741) get_provider_ids_matching /opt/stack/placement/placement/objects/research_context.py:559}}
Mar 11 11:00:47.503304 n-d-831194-3 devstack@placement-api.service[110741]: DEBUG placement.objects.research_context [req-10fd295f-4ded-45eb-8918-7778c555ff34 req-a49180c9-010a-4285-aee0-58c2e4b6b90d service placement] found 2 providers after filtering by previous result {{(pid=110741) get_provider_ids_matching /opt/stack/placement/placement/objects/research_context.py:590}}
Mar 11 11:00:47.503738 n-d-831194-3 devstack@placement-api.service[110741]: DEBUG placement.objects.research_context [req-10fd295f-4ded-45eb-8918-7778c555ff34 req-a49180c9-010a-4285-aee0-58c2e4b6b90d service placement] found 2 providers with available 1 VCPU {{(pid=110741) get_provider_ids_matching /opt/stack/placement/placement/objects/research_context.py:559}}
Mar 11 11:00:47.504165 n-d-831194-3 devstack@placement-api.service[110741]: DEBUG placement.objects.research_context [req-10fd295f-4ded-45eb-8918-7778c555ff34 req-a49180c9-010a-4285-aee0-58c2e4b6b90d service placement] found 2 providers after filtering by previous result {{(pid=110741) get_provider_ids_matching /opt/stack/placement/placement/objects/research_context.py:590}}
Mar 11 11:00:47.529377 n-d-831194-3 devstack@placement-api.service[110741]: DEBUG placement.objects.allocation_candidate [req-10fd295f-4ded-45eb-8918-7778c555ff34 req-a49180c9-010a-4285-aee0-58c2e4b6b90d service placement] RequestGroup(use_same_provider=False, resources={DISK_GB:1, MEMORY_MB:1024, VCPU:1}, traits=(), aggregates=[]) (suffix '') returned 2 matches {{(pid=110741) _get_by_requests /opt/stack/placement/placement/objects/allocation_candidate.py:156}}
Mar 11 11:00:47.530655 n-d-831194-3 devstack@placement-api.service[110741]: DEBUG placement.objects.allocation_candidate [req-10fd295f-4ded-45eb-8918-7778c555ff34 req-a49180c9-010a-4285-aee0-58c2e4b6b90d service placement] Merging candidates yields 2 allocation requests and 2 provider summaries {{(pid=110741) _merge_candidates /opt/stack/placement/placement/objects/allocation_candidate.py:809}}
Mar 11 11:00:47.533767 n-d-831194-3 devstack@placement-api.service[110741]: INFO placement.requestlog [req-10fd295f-4ded-45eb-8918-7778c555ff34 req-a49180c9-010a-4285-aee0-58c2e4b6b90d service placement] 10.222.0.60 "GET /placement/allocation_candidates?limit=1000&resources=DISK_GB%3A1%2CMEMORY_MB%3A1024%2CVCPU%3A1&root_required=%21COMPUTE_STATUS_DISABLED" status: 200 len: 1309 microversion: 1.36
Mar 11 11:00:47.536482 n-d-831194-3 devstack@placement-api.service[110741]: [pid: 110741|app: 0|req: 246/496] 10.222.0.60 () {60 vars in 1506 bytes} [Fri Mar 11 11:00:47 2022] GET /placement/allocation_candidates?limit=1000&resources=DISK_GB%3A1%2CMEMORY_MB%3A1024%2CVCPU%3A1&root_required=%21COMPUTE_STATUS_DISABLED => generated 1309 bytes in 143 msecs (HTTP/1.1 200) 8 headers in 297 bytes (1 switches on core 0)
Mar 11 11:00:47.652637 n-d-831194-3 devstack@placement-api.service[110742]: DEBUG placement.requestlog [req-10fd295f-4ded-45eb-8918-7778c555ff34 req-fdc4f990-912b-4af6-a524-a041c6403877 None None] Starting request: 10.222.0.60 "GET /placement/allocations/4a68cf8b-3d44-4884-8673-9fe3714d6709" {{(pid=110742) __call__ /opt/stack/placement/placement/requestlog.py:55}}
Mar 11 11:00:47.675317 n-d-831194-3 devstack@placement-api.service[110742]: INFO placement.requestlog [req-10fd295f-4ded-45eb-8918-7778c555ff34 req-fdc4f990-912b-4af6-a524-a041c6403877 service placement] 10.222.0.60 "GET /placement/allocations/4a68cf8b-3d44-4884-8673-9fe3714d6709" status: 200 len: 19 microversion: 1.28
Mar 11 11:00:47.675700 n-d-831194-3 devstack@placement-api.service[110742]: [pid: 110742|app: 0|req: 251/497] 10.222.0.60 () {60 vars in 1380 bytes} [Fri Mar 11 11:00:47 2022] GET /placement/allocations/4a68cf8b-3d44-4884-8673-9fe3714d6709 => generated 19 bytes in 23 msecs (HTTP/1.1 200) 8 headers in 295 bytes (1 switches on core 0)
Mar 11 11:00:47.682860 n-d-831194-3 devstack@placement-api.service[110741]: DEBUG placement.requestlog [req-10fd295f-4ded-45eb-8918-7778c555ff34 req-526a270e-dbcc-4ba7-ae95-c8c680e7522a None None] Starting request: 10.222.0.60 "PUT /placement/allocations/4a68cf8b-3d44-4884-8673-9fe3714d6709" {{(pid=110741) __call__ /opt/stack/placement/placement/requestlog.py:55}}
Mar 11 11:00:47.806704 n-d-831194-3 devstack@placement-api.service[110741]: DEBUG placement.handlers.allocation [req-10fd295f-4ded-45eb-8918-7778c555ff34 req-526a270e-dbcc-4ba7-ae95-c8c680e7522a service placement] Successfully wrote allocations [, , ] {{(pid=110741) _update_consumers_and_create_allocations /opt/stack/placement/placement/handlers/allocation.py:462}}
Mar 11 11:00:47.816026 n-d-831194-3 devstack@placement-api.service[110741]: INFO placement.requestlog [req-10fd295f-4ded-45eb-8918-7778c555ff34 req-526a270e-dbcc-4ba7-ae95-c8c680e7522a service placement] 10.222.0.60 "PUT /placement/allocations/4a68cf8b-3d44-4884-8673-9fe3714d6709" status: 204 len: 0 microversion: 1.36
Mar 11 11:00:47.816526 n-d-831194-3 devstack@placement-api.service[110741]: [pid: 110741|app: 0|req: 247/498] 10.222.0.60 () {64 vars in 1433 bytes} [Fri Mar 11 11:00:47 2022] PUT /placement/allocations/4a68cf8b-3d44-4884-8673-9fe3714d6709 => generated 0 bytes in 135 msecs (HTTP/1.1 204) 5 headers in 199 bytes (2 switches on core 0)
Mar 11 11:00:48.259192 n-d-831194-3 devstack@placement-api.service[110742]: DEBUG placement.requestlog [req-10fd295f-4ded-45eb-8918-7778c555ff34 req-e0430da5-9790-49a2-842d-841181c898db None None] Starting request: 10.222.0.64 "GET /placement/allocations/4a68cf8b-3d44-4884-8673-9fe3714d6709" {{(pid=110742) __call__ /opt/stack/placement/placement/requestlog.py:55}}
Mar 11 11:00:48.287090 n-d-831194-3 devstack@placement-api.service[110742]: INFO placement.requestlog [req-10fd295f-4ded-45eb-8918-7778c555ff34 req-e0430da5-9790-49a2-842d-841181c898db service placement] 10.222.0.64 "GET /placement/allocations/4a68cf8b-3d44-4884-8673-9fe3714d6709" status: 200 len: 259 microversion: 1.28
Mar 11 11:00:48.288108 n-d-831194-3 devstack@placement-api.service[110742]: [pid: 110742|app: 0|req: 252/499] 10.222.0.64 () {60 vars in 1377 bytes} [Fri Mar 11 11:00:48 2022] GET /placement/allocations/4a68cf8b-3d44-4884-8673-9fe3714d6709 => generated 259 bytes in 29 msecs (HTTP/1.1 200) 8 headers in 296 bytes (1 switches on core 0)
Mar 11 11:00:56.936190 n-d-831194-3 devstack@placement-api.service[110741]: DEBUG placement.requestlog [None req-87eb5ff4-5783-4bef-b2b8-2ef641a7caba None None] Starting request: 10.222.0.60 "GET /placement/" {{(pid=110741) __call__ /opt/stack/placement/placement/requestlog.py:55}}
Mar 11 11:00:56.937166 n-d-831194-3 devstack@placement-api.service[110741]: INFO placement.requestlog [None req-87eb5ff4-5783-4bef-b2b8-2ef641a7caba None None] 10.222.0.60 "GET /placement/" status: 200 len: 136 microversion: 1.0
Mar 11 11:00:56.937812 n-d-831194-3 devstack@placement-api.service[110741]: [pid: 110741|app: 0|req: 248/500] 10.222.0.60 () {54 vars in 916 bytes} [Fri Mar 11 11:00:56 2022] GET /placement => generated 136 bytes in 2 msecs (HTTP/1.1 200) 6 headers in 224 bytes (1 switches on core 0)
Mar 11 11:00:56.948772 n-d-831194-3 devstack@placement-api.service[110742]: DEBUG placement.requestlog [req-de8c2dca-90f3-44da-913d-22719f467046 req-7c7ffe18-1fbd-4359-aba9-fef76452fa61 None None] Starting request: 10.222.0.60 "GET /placement/allocations/649dac0a-c13e-4b5a-8dd6-23416a3ef894" {{(pid=110742) __call__ /opt/stack/placement/placement/requestlog.py:55}}
Mar 11 11:00:57.107333 n-d-831194-3 devstack@placement-api.service[110742]: INFO placement.requestlog [req-de8c2dca-90f3-44da-913d-22719f467046 req-7c7ffe18-1fbd-4359-aba9-fef76452fa61 service placement] 10.222.0.60 "GET /placement/allocations/649dac0a-c13e-4b5a-8dd6-23416a3ef894" status: 200 len: 259 microversion: 1.28
Mar 11 11:00:57.108286 n-d-831194-3 devstack@placement-api.service[110742]: [pid: 110742|app: 0|req: 253/501] 10.222.0.60 () {60 vars in 1380 bytes} [Fri Mar 11 11:00:56 2022] GET /placement/allocations/649dac0a-c13e-4b5a-8dd6-23416a3ef894 => generated 259 bytes in 160 msecs (HTTP/1.1 200) 8 headers in 296 bytes (1 switches on core 0)
Mar 11 11:00:57.122935 n-d-831194-3 devstack@placement-api.service[110741]: DEBUG placement.requestlog [req-de8c2dca-90f3-44da-913d-22719f467046 req-1fa3c90e-9c84-4ecd-bd6a-1ee9f1163efa None None] Starting request: 10.222.0.60 "GET /placement/allocations/649dac0a-c13e-4b5a-8dd6-23416a3ef894" {{(pid=110741) __call__ /opt/stack/placement/placement/requestlog.py:55}}
Mar 11 11:00:57.153030 n-d-831194-3 devstack@placement-api.service[110741]: INFO placement.requestlog [req-de8c2dca-90f3-44da-913d-22719f467046 req-1fa3c90e-9c84-4ecd-bd6a-1ee9f1163efa service placement] 10.222.0.60 "GET /placement/allocations/649dac0a-c13e-4b5a-8dd6-23416a3ef894" status: 200 len: 259 microversion: 1.28
Mar 11 11:00:57.159915 n-d-831194-3 devstack@placement-api.service[110741]: [pid: 110741|app: 0|req: 249/502] 10.222.0.60 () {60 vars in 1380 bytes} [Fri Mar 11 11:00:57 2022] GET /placement/allocations/649dac0a-c13e-4b5a-8dd6-23416a3ef894 => generated 259 bytes in 45 msecs (HTTP/1.1 200) 8 headers in 296 bytes (2 switches on core 0)
Mar 11 11:00:57.163996 n-d-831194-3 devstack@placement-api.service[110742]: DEBUG placement.requestlog [req-de8c2dca-90f3-44da-913d-22719f467046 req-e04d5a8b-48f6-41f9-81f7-00dd7567acb8 None None] Starting request: 10.222.0.60 "GET /placement/allocations/702b61fa-f972-4a4c-a2e6-41f5077cf185" {{(pid=110742) __call__ /opt/stack/placement/placement/requestlog.py:55}}
Mar 11 11:00:57.177648 n-d-831194-3 devstack@placement-api.service[110742]: INFO placement.requestlog [req-de8c2dca-90f3-44da-913d-22719f467046 req-e04d5a8b-48f6-41f9-81f7-00dd7567acb8 service placement] 10.222.0.60 "GET /placement/allocations/702b61fa-f972-4a4c-a2e6-41f5077cf185" status: 200 len: 19 microversion: 1.28
Mar 11 11:00:57.185099 n-d-831194-3 devstack@placement-api.service[110741]: DEBUG placement.requestlog [req-de8c2dca-90f3-44da-913d-22719f467046 req-cd2e4792-9b1b-410e-99a4-6b0dca27b39c None None] Starting request: 10.222.0.60 "POST /placement/allocations" {{(pid=110741) __call__ /opt/stack/placement/placement/requestlog.py:55}}
Mar 11 11:00:57.189410 n-d-831194-3 devstack@placement-api.service[110742]: [pid: 110742|app: 0|req: 254/503] 10.222.0.60 () {60 vars in 1380 bytes} [Fri Mar 11 11:00:57 2022] GET /placement/allocations/702b61fa-f972-4a4c-a2e6-41f5077cf185 => generated 19 bytes in 23 msecs (HTTP/1.1 200) 8 headers in 295 bytes (1 switches on core 0)
Mar 11 11:00:57.412005 n-d-831194-3 devstack@placement-api.service[110741]: DEBUG placement.handlers.allocation [req-de8c2dca-90f3-44da-913d-22719f467046 req-cd2e4792-9b1b-410e-99a4-6b0dca27b39c service placement] Successfully wrote allocations [, , , , , ] {{(pid=110741) _update_consumers_and_create_allocations /opt/stack/placement/placement/handlers/allocation.py:572}}
Mar 11 11:00:57.417596 n-d-831194-3 devstack@placement-api.service[110741]: INFO placement.requestlog [req-de8c2dca-90f3-44da-913d-22719f467046 req-cd2e4792-9b1b-410e-99a4-6b0dca27b39c service placement] 10.222.0.60 "POST /placement/allocations" status: 204 len: 0 microversion: 1.28
Mar 11 11:00:57.419879 n-d-831194-3 devstack@placement-api.service[110741]: [pid: 110741|app: 0|req: 250/504] 10.222.0.60 () {64 vars in 1323 bytes} [Fri Mar 11 11:00:57 2022] POST /placement/allocations => generated 0 bytes in 235 msecs (HTTP/1.1 204) 5 headers in 199 bytes (2 switches on core 0)
Mar 11 11:00:57.468439 n-d-831194-3 devstack@placement-api.service[110742]: DEBUG placement.requestlog [req-de8c2dca-90f3-44da-913d-22719f467046 req-44e5067a-8b5c-403d-bca9-027699db2f16 None None] Starting request: 10.222.0.60 "GET /placement/allocations/649dac0a-c13e-4b5a-8dd6-23416a3ef894" {{(pid=110742) __call__ /opt/stack/placement/placement/requestlog.py:55}}
Mar 11 11:00:57.484443 n-d-831194-3 devstack@placement-api.service[110742]: INFO placement.requestlog [req-de8c2dca-90f3-44da-913d-22719f467046 req-44e5067a-8b5c-403d-bca9-027699db2f16 service placement] 10.222.0.60 "GET /placement/allocations/649dac0a-c13e-4b5a-8dd6-23416a3ef894" status: 200 len: 19 microversion: 1.28
Mar 11 11:00:57.485055 n-d-831194-3 devstack@placement-api.service[110742]: [pid: 110742|app: 0|req: 255/505] 10.222.0.60 () {60 vars in 1380 bytes} [Fri Mar 11 11:00:57 2022] GET /placement/allocations/649dac0a-c13e-4b5a-8dd6-23416a3ef894 => generated 19 bytes in 17 msecs (HTTP/1.1 200) 8 headers in 295 bytes (2 switches on core 0)
Mar 11 11:00:57.499318 n-d-831194-3 devstack@placement-api.service[110741]: DEBUG placement.requestlog [req-de8c2dca-90f3-44da-913d-22719f467046 req-1a6883fa-0803-4cd8-925b-7997e486eded None None] Starting request: 10.222.0.60 "PUT /placement/allocations/649dac0a-c13e-4b5a-8dd6-23416a3ef894" {{(pid=110741) __call__ /opt/stack/placement/placement/requestlog.py:55}}
Mar 11 11:00:57.616575 n-d-831194-3 devstack@placement-api.service[110741]: DEBUG placement.handlers.allocation [req-de8c2dca-90f3-44da-913d-22719f467046 req-1a6883fa-0803-4cd8-925b-7997e486eded service placement] Successfully wrote allocations [, , ] {{(pid=110741) _update_consumers_and_create_allocations /opt/stack/placement/placement/handlers/allocation.py:462}}
Mar 11 11:00:57.629022 n-d-831194-3 devstack@placement-api.service[110741]: INFO placement.requestlog [req-de8c2dca-90f3-44da-913d-22719f467046 req-1a6883fa-0803-4cd8-925b-7997e486eded service placement] 10.222.0.60 "PUT /placement/allocations/649dac0a-c13e-4b5a-8dd6-23416a3ef894" status: 204 len: 0 microversion: 1.28
Mar 11 11:00:57.629464 n-d-831194-3 devstack@placement-api.service[110741]: [pid: 110741|app: 0|req: 251/506] 10.222.0.60 () {64 vars in 1433 bytes} [Fri Mar 11 11:00:57 2022] PUT /placement/allocations/649dac0a-c13e-4b5a-8dd6-23416a3ef894 => generated 0 bytes in 130 msecs (HTTP/1.1 204) 5 headers in 199 bytes (1 switches on core 0)
Mar 11 11:00:57.815281 n-d-831194-3 devstack@placement-api.service[110742]: DEBUG placement.requestlog [req-de8c2dca-90f3-44da-913d-22719f467046 req-e34d6c09-0564-4e36-b39b-3afb7f0fb9ed None None] Starting request: 10.222.0.64 "GET /placement/allocations/649dac0a-c13e-4b5a-8dd6-23416a3ef894" {{(pid=110742) __call__ /opt/stack/placement/placement/requestlog.py:55}}
Mar 11 11:00:57.837851 n-d-831194-3 devstack@placement-api.service[110742]: INFO placement.requestlog [req-de8c2dca-90f3-44da-913d-22719f467046 req-e34d6c09-0564-4e36-b39b-3afb7f0fb9ed service placement] 10.222.0.64 "GET /placement/allocations/649dac0a-c13e-4b5a-8dd6-23416a3ef894" status: 200 len: 259 microversion: 1.28
Mar 11 11:00:57.839168 n-d-831194-3 devstack@placement-api.service[110742]: [pid: 110742|app: 0|req: 256/507] 10.222.0.64 () {60 vars in 1377 bytes} [Fri Mar 11 11:00:57 2022] GET /placement/allocations/649dac0a-c13e-4b5a-8dd6-23416a3ef894 => generated 259 bytes in 24 msecs (HTTP/1.1 200) 8 headers in 296 bytes (1 switches on core 0)
Mar 11 11:00:58.777461 n-d-831194-3 devstack@placement-api.service[110741]: DEBUG placement.requestlog [req-012d7c42-5e38-4060-8f07-3d3a923f2e85 req-ead6fc33-d278-47e9-88b8-c4949a51e07e None None] Starting request: 10.222.0.16 "GET /placement/allocations/679a83ff-5744-48d4-bd16-e5aa0092db5b" {{(pid=110741) __call__ /opt/stack/placement/placement/requestlog.py:55}}
Mar 11 11:00:58.808412 n-d-831194-3 devstack@placement-api.service[110741]: INFO placement.requestlog [req-012d7c42-5e38-4060-8f07-3d3a923f2e85 req-ead6fc33-d278-47e9-88b8-c4949a51e07e service placement] 10.222.0.16 "GET /placement/allocations/679a83ff-5744-48d4-bd16-e5aa0092db5b" status: 200 len: 259 microversion: 1.28
Mar 11 11:00:58.811092 n-d-831194-3 devstack@placement-api.service[110741]: [pid: 110741|app: 0|req: 252/508] 10.222.0.16 () {60 vars in 1377 bytes} [Fri Mar 11 11:00:58 2022] GET /placement/allocations/679a83ff-5744-48d4-bd16-e5aa0092db5b => generated 259 bytes in 34 msecs (HTTP/1.1 200) 8 headers in 296 bytes (1 switches on core 0)
Mar 11 11:01:00.289820 n-d-831194-3 devstack@placement-api.service[110742]: DEBUG placement.requestlog [req-b9d3fea0-88aa-42da-bd54-e0f65f9bb912 req-c048653a-b723-495d-b4e5-3c52be6cd479 None None] Starting request: 10.222.0.16 "GET /placement/resource_providers/969b2254-8ad7-47da-943f-3cb7768300db/allocations" {{(pid=110742) __call__ /opt/stack/placement/placement/requestlog.py:55}}
Mar 11 11:01:00.318429 n-d-831194-3 devstack@placement-api.service[110742]: INFO placement.requestlog [req-b9d3fea0-88aa-42da-bd54-e0f65f9bb912 req-c048653a-b723-495d-b4e5-3c52be6cd479 service placement] 10.222.0.16 "GET /placement/resource_providers/969b2254-8ad7-47da-943f-3cb7768300db/allocations" status: 200 len: 558 microversion: 1.0
Mar 11 11:01:00.318802 n-d-831194-3 devstack@placement-api.service[110742]: [pid: 110742|app: 0|req: 257/509] 10.222.0.16 () {58 vars in 1390 bytes} [Fri Mar 11 11:01:00 2022] GET /placement/resource_providers/969b2254-8ad7-47da-943f-3cb7768300db/allocations => generated 558 bytes in 29 msecs (HTTP/1.1 200) 6 headers in 224 bytes (1 switches on core 0)
Mar 11 11:01:04.111193 n-d-831194-3 devstack@placement-api.service[110741]: DEBUG placement.requestlog [req-2fc4c2db-9813-4951-abbb-8a440ff8190f req-e0563378-17d6-411e-be95-ed83277ac5bd None None] Starting request: 10.222.0.60 "GET /placement/allocation_candidates?limit=1000&resources=DISK_GB%3A1%2CMEMORY_MB%3A1024%2CVCPU%3A1&root_required=%21COMPUTE_STATUS_DISABLED" {{(pid=110741) __call__ /opt/stack/placement/placement/requestlog.py:55}}
Mar 11 11:01:04.174201 n-d-831194-3 devstack@placement-api.service[110741]: DEBUG placement.objects.research_context [req-2fc4c2db-9813-4951-abbb-8a440ff8190f req-e0563378-17d6-411e-be95-ed83277ac5bd service placement] getting providers with 1 DISK_GB {{(pid=110741) __init__ /opt/stack/placement/placement/objects/research_context.py:136}}
Mar 11 11:01:04.182090 n-d-831194-3 devstack@placement-api.service[110741]: DEBUG placement.objects.research_context [req-2fc4c2db-9813-4951-abbb-8a440ff8190f req-e0563378-17d6-411e-be95-ed83277ac5bd service placement] getting providers with 1024 MEMORY_MB {{(pid=110741) __init__ /opt/stack/placement/placement/objects/research_context.py:136}}
Mar 11 11:01:04.198559 n-d-831194-3 devstack@placement-api.service[110741]: DEBUG placement.objects.research_context [req-2fc4c2db-9813-4951-abbb-8a440ff8190f req-e0563378-17d6-411e-be95-ed83277ac5bd service placement] getting providers with 1 VCPU {{(pid=110741) __init__ /opt/stack/placement/placement/objects/research_context.py:136}}
Mar 11 11:01:04.207145 n-d-831194-3 devstack@placement-api.service[110741]: DEBUG placement.objects.research_context [req-2fc4c2db-9813-4951-abbb-8a440ff8190f req-e0563378-17d6-411e-be95-ed83277ac5bd service placement] found 2 providers with available 1 DISK_GB {{(pid=110741) get_provider_ids_matching /opt/stack/placement/placement/objects/research_context.py:559}}
Mar 11 11:01:04.207409 n-d-831194-3 devstack@placement-api.service[110741]: DEBUG placement.objects.research_context [req-2fc4c2db-9813-4951-abbb-8a440ff8190f req-e0563378-17d6-411e-be95-ed83277ac5bd service placement] found 2 providers with available 1024 MEMORY_MB {{(pid=110741) get_provider_ids_matching /opt/stack/placement/placement/objects/research_context.py:559}}
Mar 11 11:01:04.207685 n-d-831194-3 devstack@placement-api.service[110741]: DEBUG placement.objects.research_context [req-2fc4c2db-9813-4951-abbb-8a440ff8190f req-e0563378-17d6-411e-be95-ed83277ac5bd service placement] found 2 providers after filtering by previous result {{(pid=110741) get_provider_ids_matching /opt/stack/placement/placement/objects/research_context.py:590}}
Mar 11 11:01:04.207938 n-d-831194-3 devstack@placement-api.service[110741]: DEBUG placement.objects.research_context [req-2fc4c2db-9813-4951-abbb-8a440ff8190f req-e0563378-17d6-411e-be95-ed83277ac5bd service placement] found 2 providers with available 1 VCPU {{(pid=110741) get_provider_ids_matching /opt/stack/placement/placement/objects/research_context.py:559}}
Mar 11 11:01:04.208366 n-d-831194-3 devstack@placement-api.service[110741]: DEBUG placement.objects.research_context [req-2fc4c2db-9813-4951-abbb-8a440ff8190f req-e0563378-17d6-411e-be95-ed83277ac5bd service placement] found 2 providers after filtering by previous result {{(pid=110741) get_provider_ids_matching /opt/stack/placement/placement/objects/research_context.py:590}}
Mar 11 11:01:04.231506 n-d-831194-3 devstack@placement-api.service[110741]: DEBUG placement.objects.allocation_candidate [req-2fc4c2db-9813-4951-abbb-8a440ff8190f req-e0563378-17d6-411e-be95-ed83277ac5bd service placement] RequestGroup(use_same_provider=False, resources={DISK_GB:1, MEMORY_MB:1024, VCPU:1}, traits=(), aggregates=[]) (suffix '') returned 2 matches {{(pid=110741) _get_by_requests /opt/stack/placement/placement/objects/allocation_candidate.py:156}}
Mar 11 11:01:04.232134 n-d-831194-3 devstack@placement-api.service[110741]: DEBUG placement.objects.allocation_candidate [req-2fc4c2db-9813-4951-abbb-8a440ff8190f req-e0563378-17d6-411e-be95-ed83277ac5bd service placement] Merging candidates yields 2 allocation requests and 2 provider summaries {{(pid=110741) _merge_candidates /opt/stack/placement/placement/objects/allocation_candidate.py:809}}
Mar 11 11:01:04.238605 n-d-831194-3 devstack@placement-api.service[110741]: INFO placement.requestlog [req-2fc4c2db-9813-4951-abbb-8a440ff8190f req-e0563378-17d6-411e-be95-ed83277ac5bd service placement] 10.222.0.60 "GET /placement/allocation_candidates?limit=1000&resources=DISK_GB%3A1%2CMEMORY_MB%3A1024%2CVCPU%3A1&root_required=%21COMPUTE_STATUS_DISABLED" status: 200 len: 1309 microversion: 1.36
Mar 11 11:01:04.247262 n-d-831194-3 devstack@placement-api.service[110741]: [pid: 110741|app: 0|req: 253/510] 10.222.0.60 () {60 vars in 1506 bytes} [Fri Mar 11 11:01:04 2022] GET /placement/allocation_candidates?limit=1000&resources=DISK_GB%3A1%2CMEMORY_MB%3A1024%2CVCPU%3A1&root_required=%21COMPUTE_STATUS_DISABLED => generated 1309 bytes in 133 msecs (HTTP/1.1 200) 8 headers in 297 bytes (1 switches on core 0)
Mar 11 11:01:04.377246 n-d-831194-3 devstack@placement-api.service[110742]: DEBUG placement.requestlog [req-2fc4c2db-9813-4951-abbb-8a440ff8190f req-7edf78ae-22e4-460a-b6cf-263ff78b4967 None None] Starting request: 10.222.0.60 "GET /placement/allocations/a65549e3-0962-46cd-a0e0-a807b1e3ff8e" {{(pid=110742) __call__ /opt/stack/placement/placement/requestlog.py:55}}
Mar 11 11:01:04.394833 n-d-831194-3 devstack@placement-api.service[110742]: INFO placement.requestlog [req-2fc4c2db-9813-4951-abbb-8a440ff8190f req-7edf78ae-22e4-460a-b6cf-263ff78b4967 service placement] 10.222.0.60 "GET /placement/allocations/a65549e3-0962-46cd-a0e0-a807b1e3ff8e" status: 200 len: 19 microversion: 1.28
Mar 11 11:01:04.401968 n-d-831194-3 devstack@placement-api.service[110742]: [pid: 110742|app: 0|req: 258/511] 10.222.0.60 () {60 vars in 1380 bytes} [Fri Mar 11 11:01:04 2022] GET /placement/allocations/a65549e3-0962-46cd-a0e0-a807b1e3ff8e => generated 19 bytes in 25 msecs (HTTP/1.1 200) 8 headers in 295 bytes (1 switches on core 0)
Mar 11 11:01:04.404377 n-d-831194-3 devstack@placement-api.service[110741]: DEBUG placement.requestlog [req-2fc4c2db-9813-4951-abbb-8a440ff8190f req-65761fd6-e64d-4dd6-b3d3-939bdfb13e60 None None] Starting request: 10.222.0.60 "PUT /placement/allocations/a65549e3-0962-46cd-a0e0-a807b1e3ff8e" {{(pid=110741) __call__ /opt/stack/placement/placement/requestlog.py:55}}
Mar 11 11:01:04.537782 n-d-831194-3 devstack@placement-api.service[110741]: DEBUG placement.handlers.allocation [req-2fc4c2db-9813-4951-abbb-8a440ff8190f req-65761fd6-e64d-4dd6-b3d3-939bdfb13e60 service placement] Successfully wrote allocations [, , ] {{(pid=110741) _update_consumers_and_create_allocations /opt/stack/placement/placement/handlers/allocation.py:462}}
Mar 11 11:01:04.549001 n-d-831194-3 devstack@placement-api.service[110741]: INFO placement.requestlog [req-2fc4c2db-9813-4951-abbb-8a440ff8190f req-65761fd6-e64d-4dd6-b3d3-939bdfb13e60 service placement] 10.222.0.60 "PUT /placement/allocations/a65549e3-0962-46cd-a0e0-a807b1e3ff8e" status: 204 len: 0 microversion: 1.36
Mar 11 11:01:04.549617 n-d-831194-3 devstack@placement-api.service[110741]: [pid: 110741|app: 0|req: 254/512] 10.222.0.60 () {64 vars in 1433 bytes} [Fri Mar 11 11:01:04 2022] PUT /placement/allocations/a65549e3-0962-46cd-a0e0-a807b1e3ff8e => generated 0 bytes in 146 msecs (HTTP/1.1 204) 5 headers in 199 bytes (2 switches on core 0)
Mar 11 11:01:05.257713 n-d-831194-3 devstack@placement-api.service[110742]: DEBUG placement.requestlog [req-2fc4c2db-9813-4951-abbb-8a440ff8190f req-fd6d6bec-dced-4650-98c8-181a3f372afc None None] Starting request: 10.222.0.16 "GET /placement/allocations/a65549e3-0962-46cd-a0e0-a807b1e3ff8e" {{(pid=110742) __call__ /opt/stack/placement/placement/requestlog.py:55}}
Mar 11 11:01:05.292566 n-d-831194-3 devstack@placement-api.service[110742]: INFO placement.requestlog [req-2fc4c2db-9813-4951-abbb-8a440ff8190f req-fd6d6bec-dced-4650-98c8-181a3f372afc service placement] 10.222.0.16 "GET /placement/allocations/a65549e3-0962-46cd-a0e0-a807b1e3ff8e" status: 200 len: 259 microversion: 1.28
Mar 11 11:01:05.293141 n-d-831194-3 devstack@placement-api.service[110742]: [pid: 110742|app: 0|req: 259/513] 10.222.0.16 () {60 vars in 1377 bytes} [Fri Mar 11 11:01:05 2022] GET /placement/allocations/a65549e3-0962-46cd-a0e0-a807b1e3ff8e => generated 259 bytes in 35 msecs (HTTP/1.1 200) 8 headers in 296 bytes (1 switches on core 0)
Mar 11 11:01:06.121038 n-d-831194-3 devstack@placement-api.service[110741]: DEBUG placement.requestlog [req-644dd8e6-ac90-4b7f-ba07-209c4330ddcb req-f24bb961-49a4-41f1-9153-541a2fed632b None None] Starting request: 10.222.0.60 "GET /placement/allocation_candidates?limit=1000&resources=DISK_GB%3A1%2CMEMORY_MB%3A1024%2CVCPU%3A1&root_required=%21COMPUTE_STATUS_DISABLED" {{(pid=110741) __call__ /opt/stack/placement/placement/requestlog.py:55}}
Mar 11 11:01:06.211274 n-d-831194-3 devstack@placement-api.service[110741]: DEBUG placement.objects.research_context [req-644dd8e6-ac90-4b7f-ba07-209c4330ddcb req-f24bb961-49a4-41f1-9153-541a2fed632b service placement] getting providers with 1 DISK_GB {{(pid=110741) __init__ /opt/stack/placement/placement/objects/research_context.py:136}}
Mar 11 11:01:06.224225 n-d-831194-3 devstack@placement-api.service[110741]: DEBUG placement.objects.research_context [req-644dd8e6-ac90-4b7f-ba07-209c4330ddcb req-f24bb961-49a4-41f1-9153-541a2fed632b service placement] getting providers with 1024 MEMORY_MB {{(pid=110741) __init__ /opt/stack/placement/placement/objects/research_context.py:136}}
Mar 11 11:01:06.250423 n-d-831194-3 devstack@placement-api.service[110741]: DEBUG placement.objects.research_context [req-644dd8e6-ac90-4b7f-ba07-209c4330ddcb req-f24bb961-49a4-41f1-9153-541a2fed632b service placement] getting providers with 1 VCPU {{(pid=110741) __init__ /opt/stack/placement/placement/objects/research_context.py:136}}
Mar 11 11:01:06.265040 n-d-831194-3 devstack@placement-api.service[110741]: DEBUG placement.objects.research_context [req-644dd8e6-ac90-4b7f-ba07-209c4330ddcb req-f24bb961-49a4-41f1-9153-541a2fed632b service placement] found 2 providers with available 1 DISK_GB {{(pid=110741) get_provider_ids_matching /opt/stack/placement/placement/objects/research_context.py:559}}
Mar 11 11:01:06.265637 n-d-831194-3 devstack@placement-api.service[110741]: DEBUG placement.objects.research_context [req-644dd8e6-ac90-4b7f-ba07-209c4330ddcb req-f24bb961-49a4-41f1-9153-541a2fed632b service placement] found 2 providers with available 1024 MEMORY_MB {{(pid=110741) get_provider_ids_matching /opt/stack/placement/placement/objects/research_context.py:559}}
Mar 11 11:01:06.266136 n-d-831194-3 devstack@placement-api.service[110741]: DEBUG placement.objects.research_context [req-644dd8e6-ac90-4b7f-ba07-209c4330ddcb req-f24bb961-49a4-41f1-9153-541a2fed632b service placement] found 2 providers after filtering by previous result {{(pid=110741) get_provider_ids_matching /opt/stack/placement/placement/objects/research_context.py:590}}
Mar 11 11:01:06.268517 n-d-831194-3 devstack@placement-api.service[110741]: DEBUG placement.objects.research_context [req-644dd8e6-ac90-4b7f-ba07-209c4330ddcb req-f24bb961-49a4-41f1-9153-541a2fed632b service placement] found 2 providers with available 1 VCPU {{(pid=110741) get_provider_ids_matching /opt/stack/placement/placement/objects/research_context.py:559}}
Mar 11 11:01:06.268881 n-d-831194-3 devstack@placement-api.service[110741]: DEBUG placement.objects.research_context [req-644dd8e6-ac90-4b7f-ba07-209c4330ddcb req-f24bb961-49a4-41f1-9153-541a2fed632b service placement] found 2 providers after filtering by previous result {{(pid=110741) get_provider_ids_matching /opt/stack/placement/placement/objects/research_context.py:590}}
Mar 11 11:01:06.350373 n-d-831194-3 devstack@placement-api.service[110741]: DEBUG placement.objects.allocation_candidate [req-644dd8e6-ac90-4b7f-ba07-209c4330ddcb req-f24bb961-49a4-41f1-9153-541a2fed632b service placement] RequestGroup(use_same_provider=False, resources={DISK_GB:1, MEMORY_MB:1024, VCPU:1}, traits=(), aggregates=[]) (suffix '') returned 2 matches {{(pid=110741) _get_by_requests /opt/stack/placement/placement/objects/allocation_candidate.py:156}}
Mar 11 11:01:06.358862 n-d-831194-3 devstack@placement-api.service[110741]: DEBUG placement.objects.allocation_candidate [req-644dd8e6-ac90-4b7f-ba07-209c4330ddcb req-f24bb961-49a4-41f1-9153-541a2fed632b service placement] Merging candidates yields 2 allocation requests and 2 provider summaries {{(pid=110741) _merge_candidates /opt/stack/placement/placement/objects/allocation_candidate.py:809}}
Mar 11 11:01:06.363534 n-d-831194-3 devstack@placement-api.service[110741]: INFO placement.requestlog [req-644dd8e6-ac90-4b7f-ba07-209c4330ddcb req-f24bb961-49a4-41f1-9153-541a2fed632b service placement] 10.222.0.60 "GET /placement/allocation_candidates?limit=1000&resources=DISK_GB%3A1%2CMEMORY_MB%3A1024%2CVCPU%3A1&root_required=%21COMPUTE_STATUS_DISABLED" status: 200 len: 1309 microversion: 1.36
Mar 11 11:01:06.365830 n-d-831194-3 devstack@placement-api.service[110741]: [pid: 110741|app: 0|req: 255/514] 10.222.0.60 () {60 vars in 1506 bytes} [Fri Mar 11 11:01:06 2022] GET /placement/allocation_candidates?limit=1000&resources=DISK_GB%3A1%2CMEMORY_MB%3A1024%2CVCPU%3A1&root_required=%21COMPUTE_STATUS_DISABLED => generated 1309 bytes in 245 msecs (HTTP/1.1 200) 8 headers in 297 bytes (1 switches on core 0)
Mar 11 11:01:06.630024 n-d-831194-3 devstack@placement-api.service[110742]: DEBUG placement.requestlog [req-644dd8e6-ac90-4b7f-ba07-209c4330ddcb req-accc070f-0303-4226-a911-d278921136da None None] Starting request: 10.222.0.60 "GET /placement/allocations/f09a36c4-3dec-465c-934d-a5c372187f48" {{(pid=110742) __call__ /opt/stack/placement/placement/requestlog.py:55}}
Mar 11 11:01:06.647451 n-d-831194-3 devstack@placement-api.service[110742]: INFO placement.requestlog [req-644dd8e6-ac90-4b7f-ba07-209c4330ddcb req-accc070f-0303-4226-a911-d278921136da service placement] 10.222.0.60 "GET /placement/allocations/f09a36c4-3dec-465c-934d-a5c372187f48" status: 200 len: 19 microversion: 1.28
Mar 11 11:01:06.648189 n-d-831194-3 devstack@placement-api.service[110742]: [pid: 110742|app: 0|req: 260/515] 10.222.0.60 () {60 vars in 1380 bytes} [Fri Mar 11 11:01:06 2022] GET /placement/allocations/f09a36c4-3dec-465c-934d-a5c372187f48 => generated 19 bytes in 19 msecs (HTTP/1.1 200) 8 headers in 295 bytes (1 switches on core 0)
