Aug 26 03:03:06.518026 n-d-831194-12 devstack@placement-api.service[107697]: INFO placement.requestlog [req-d91bf6f9-8724-4f0e-bcdb-1ed274188150 req-2ebf6cd8-0ad0-4ecd-99e9-479d13c736b8 service placement] 10.222.0.45 "GET /placement/resource_providers/e3868fe4-5e99-4742-b520-42fcbbe183b2/allocations" status: 200 len: 659 microversion: 1.0
Aug 26 03:03:06.518813 n-d-831194-12 devstack@placement-api.service[107697]: [pid: 107697|app: 0|req: 217/440] 10.222.0.45 () {58 vars in 1390 bytes} [Fri Aug 26 03:03:06 2022] GET /placement/resource_providers/e3868fe4-5e99-4742-b520-42fcbbe183b2/allocations => generated 659 bytes in 52 msecs (HTTP/1.1 200) 6 headers in 224 bytes (1 switches on core 0)
Aug 26 03:03:06.526666 n-d-831194-12 devstack@placement-api.service[107696]: DEBUG placement.requestlog [req-d91bf6f9-8724-4f0e-bcdb-1ed274188150 req-a5f577af-13b5-4a8b-b08b-d382b3430318 None None] Starting request: 10.222.0.45 "GET /placement/allocations/f2934702-37a7-4398-8729-ac749271862d" {{(pid=107696) __call__ /opt/stack/placement/placement/requestlog.py:55}}
Aug 26 03:03:06.562131 n-d-831194-12 devstack@placement-api.service[107696]: INFO placement.requestlog [req-d91bf6f9-8724-4f0e-bcdb-1ed274188150 req-a5f577af-13b5-4a8b-b08b-d382b3430318 service placement] 10.222.0.45 "GET /placement/allocations/f2934702-37a7-4398-8729-ac749271862d" status: 200 len: 259 microversion: 1.28
Aug 26 03:03:06.565727 n-d-831194-12 devstack@placement-api.service[107696]: [pid: 107696|app: 0|req: 224/441] 10.222.0.45 () {60 vars in 1377 bytes} [Fri Aug 26 03:03:06 2022] GET /placement/allocations/f2934702-37a7-4398-8729-ac749271862d => generated 259 bytes in 39 msecs (HTTP/1.1 200) 8 headers in 296 bytes (1 switches on core 0)
Aug 26 03:03:06.571012 n-d-831194-12 devstack@placement-api.service[107697]: DEBUG placement.requestlog [req-d91bf6f9-8724-4f0e-bcdb-1ed274188150 req-beba5fff-6ac5-40ea-8c76-815a0107ef78 None None] Starting request: 10.222.0.45 "GET /placement/allocations/7ca51016-542d-4076-8aaa-0bfa0a9c5360" {{(pid=107697) __call__ /opt/stack/placement/placement/requestlog.py:55}}
Aug 26 03:03:06.603815 n-d-831194-12 devstack@placement-api.service[107697]: INFO placement.requestlog [req-d91bf6f9-8724-4f0e-bcdb-1ed274188150 req-beba5fff-6ac5-40ea-8c76-815a0107ef78 service placement] 10.222.0.45 "GET /placement/allocations/7ca51016-542d-4076-8aaa-0bfa0a9c5360" status: 200 len: 259 microversion: 1.28
Aug 26 03:03:06.604499 n-d-831194-12 devstack@placement-api.service[107697]: [pid: 107697|app: 0|req: 218/442] 10.222.0.45 () {60 vars in 1377 bytes} [Fri Aug 26 03:03:06 2022] GET /placement/allocations/7ca51016-542d-4076-8aaa-0bfa0a9c5360 => generated 259 bytes in 34 msecs (HTTP/1.1 200) 8 headers in 296 bytes (2 switches on core 0)
Aug 26 03:03:06.616717 n-d-831194-12 devstack@placement-api.service[107696]: DEBUG placement.requestlog [req-d91bf6f9-8724-4f0e-bcdb-1ed274188150 req-c738ebbb-dada-4551-9627-88c9b5d7a184 None None] Starting request: 10.222.0.45 "GET /placement/allocations/f05bc710-c140-4f91-9c88-b1b8966b1ff9" {{(pid=107696) __call__ /opt/stack/placement/placement/requestlog.py:55}}
Aug 26 03:03:06.645459 n-d-831194-12 devstack@placement-api.service[107696]: DEBUG dbcounter [-] [107696] Writing DB stats placement:SELECT=90,placement:DELETE=4,placement:INSERT=4,placement:UPDATE=2 {{(pid=107696) stat_writer /usr/local/lib/python3.8/dist-packages/dbcounter.py:114}}
Aug 26 03:03:06.655588 n-d-831194-12 devstack@placement-api.service[107696]: INFO placement.requestlog [req-d91bf6f9-8724-4f0e-bcdb-1ed274188150 req-c738ebbb-dada-4551-9627-88c9b5d7a184 service placement] 10.222.0.45 "GET /placement/allocations/f05bc710-c140-4f91-9c88-b1b8966b1ff9" status: 200 len: 259 microversion: 1.28
Aug 26 03:03:06.658310 n-d-831194-12 devstack@placement-api.service[107696]: [pid: 107696|app: 0|req: 225/443] 10.222.0.45 () {60 vars in 1377 bytes} [Fri Aug 26 03:03:06 2022] GET /placement/allocations/f05bc710-c140-4f91-9c88-b1b8966b1ff9 => generated 259 bytes in 42 msecs (HTTP/1.1 200) 8 headers in 296 bytes (1 switches on core 0)
Aug 26 03:03:06.665623 n-d-831194-12 devstack@placement-api.service[107697]: DEBUG placement.requestlog [req-d91bf6f9-8724-4f0e-bcdb-1ed274188150 req-4d7dde33-026e-4adc-9310-ba17e1dc5ee9 None None] Starting request: 10.222.0.45 "GET /placement/allocations/a1664d6c-3096-4130-a8d0-5236879fd38d" {{(pid=107697) __call__ /opt/stack/placement/placement/requestlog.py:55}}
Aug 26 03:03:06.686222 n-d-831194-12 devstack@placement-api.service[107697]: INFO placement.requestlog [req-d91bf6f9-8724-4f0e-bcdb-1ed274188150 req-4d7dde33-026e-4adc-9310-ba17e1dc5ee9 service placement] 10.222.0.45 "GET /placement/allocations/a1664d6c-3096-4130-a8d0-5236879fd38d" status: 200 len: 259 microversion: 1.28
Aug 26 03:03:06.687371 n-d-831194-12 devstack@placement-api.service[107697]: [pid: 107697|app: 0|req: 219/444] 10.222.0.45 () {60 vars in 1377 bytes} [Fri Aug 26 03:03:06 2022] GET /placement/allocations/a1664d6c-3096-4130-a8d0-5236879fd38d => generated 259 bytes in 23 msecs (HTTP/1.1 200) 8 headers in 296 bytes (1 switches on core 0)
Aug 26 03:03:06.694942 n-d-831194-12 devstack@placement-api.service[107696]: DEBUG placement.requestlog [req-d91bf6f9-8724-4f0e-bcdb-1ed274188150 req-286cae88-1726-479c-9824-c8ed38c1ee3f None None] Starting request: 10.222.0.45 "GET /placement/allocations/d854babb-8b69-4242-8bdd-383658c1d0be" {{(pid=107696) __call__ /opt/stack/placement/placement/requestlog.py:55}}
Aug 26 03:03:06.723539 n-d-831194-12 devstack@placement-api.service[107696]: INFO placement.requestlog [req-d91bf6f9-8724-4f0e-bcdb-1ed274188150 req-286cae88-1726-479c-9824-c8ed38c1ee3f service placement] 10.222.0.45 "GET /placement/allocations/d854babb-8b69-4242-8bdd-383658c1d0be" status: 200 len: 259 microversion: 1.28
Aug 26 03:03:06.724222 n-d-831194-12 devstack@placement-api.service[107696]: [pid: 107696|app: 0|req: 226/445] 10.222.0.45 () {60 vars in 1377 bytes} [Fri Aug 26 03:03:06 2022] GET /placement/allocations/d854babb-8b69-4242-8bdd-383658c1d0be => generated 259 bytes in 29 msecs (HTTP/1.1 200) 8 headers in 296 bytes (2 switches on core 0)
Aug 26 03:03:06.732345 n-d-831194-12 devstack@placement-api.service[107697]: DEBUG placement.requestlog [req-d91bf6f9-8724-4f0e-bcdb-1ed274188150 req-b491fc2f-6ae9-4a54-8f08-55e559b16531 None None] Starting request: 10.222.0.45 "GET /placement/allocations/1f7af703-ce65-4e19-9775-38f95d6ea48f" {{(pid=107697) __call__ /opt/stack/placement/placement/requestlog.py:55}}
Aug 26 03:03:06.762012 n-d-831194-12 devstack@placement-api.service[107697]: INFO placement.requestlog [req-d91bf6f9-8724-4f0e-bcdb-1ed274188150 req-b491fc2f-6ae9-4a54-8f08-55e559b16531 service placement] 10.222.0.45 "GET /placement/allocations/1f7af703-ce65-4e19-9775-38f95d6ea48f" status: 200 len: 259 microversion: 1.28
Aug 26 03:03:06.762762 n-d-831194-12 devstack@placement-api.service[107697]: [pid: 107697|app: 0|req: 220/446] 10.222.0.45 () {60 vars in 1377 bytes} [Fri Aug 26 03:03:06 2022] GET /placement/allocations/1f7af703-ce65-4e19-9775-38f95d6ea48f => generated 259 bytes in 31 msecs (HTTP/1.1 200) 8 headers in 296 bytes (1 switches on core 0)
Aug 26 03:03:07.190709 n-d-831194-12 devstack@placement-api.service[107696]: DEBUG placement.requestlog [req-6b71725a-ec7d-4d65-a0ae-ee592d7f020a req-308bf1d8-25b9-4f10-8f58-3333dbee792e None None] Starting request: 10.222.0.60 "GET /placement/allocation_candidates?limit=1000&resources=DISK_GB%3A1%2CMEMORY_MB%3A1024%2CVCPU%3A1&root_required=%21COMPUTE_STATUS_DISABLED" {{(pid=107696) __call__ /opt/stack/placement/placement/requestlog.py:55}}
Aug 26 03:03:07.266677 n-d-831194-12 devstack@placement-api.service[107696]: DEBUG placement.objects.research_context [req-6b71725a-ec7d-4d65-a0ae-ee592d7f020a req-308bf1d8-25b9-4f10-8f58-3333dbee792e service placement] getting providers with 1 DISK_GB {{(pid=107696) __init__ /opt/stack/placement/placement/objects/research_context.py:136}}
Aug 26 03:03:07.276648 n-d-831194-12 devstack@placement-api.service[107696]: DEBUG placement.objects.research_context [req-6b71725a-ec7d-4d65-a0ae-ee592d7f020a req-308bf1d8-25b9-4f10-8f58-3333dbee792e service placement] getting providers with 1024 MEMORY_MB {{(pid=107696) __init__ /opt/stack/placement/placement/objects/research_context.py:136}}
Aug 26 03:03:07.288830 n-d-831194-12 devstack@placement-api.service[107696]: DEBUG placement.objects.research_context [req-6b71725a-ec7d-4d65-a0ae-ee592d7f020a req-308bf1d8-25b9-4f10-8f58-3333dbee792e service placement] getting providers with 1 VCPU {{(pid=107696) __init__ /opt/stack/placement/placement/objects/research_context.py:136}}
Aug 26 03:03:07.295530 n-d-831194-12 devstack@placement-api.service[107696]: DEBUG placement.objects.research_context [req-6b71725a-ec7d-4d65-a0ae-ee592d7f020a req-308bf1d8-25b9-4f10-8f58-3333dbee792e service placement] found 2 providers with available 1 DISK_GB {{(pid=107696) get_provider_ids_matching /opt/stack/placement/placement/objects/research_context.py:563}}
Aug 26 03:03:07.295849 n-d-831194-12 devstack@placement-api.service[107696]: DEBUG placement.objects.research_context [req-6b71725a-ec7d-4d65-a0ae-ee592d7f020a req-308bf1d8-25b9-4f10-8f58-3333dbee792e service placement] found 2 providers with available 1024 MEMORY_MB {{(pid=107696) get_provider_ids_matching /opt/stack/placement/placement/objects/research_context.py:563}}
Aug 26 03:03:07.296294 n-d-831194-12 devstack@placement-api.service[107696]: DEBUG placement.objects.research_context [req-6b71725a-ec7d-4d65-a0ae-ee592d7f020a req-308bf1d8-25b9-4f10-8f58-3333dbee792e service placement] found 2 providers after filtering by previous result {{(pid=107696) get_provider_ids_matching /opt/stack/placement/placement/objects/research_context.py:594}}
Aug 26 03:03:07.296552 n-d-831194-12 devstack@placement-api.service[107696]: DEBUG placement.objects.research_context [req-6b71725a-ec7d-4d65-a0ae-ee592d7f020a req-308bf1d8-25b9-4f10-8f58-3333dbee792e service placement] found 2 providers with available 1 VCPU {{(pid=107696) get_provider_ids_matching /opt/stack/placement/placement/objects/research_context.py:563}}
Aug 26 03:03:07.296869 n-d-831194-12 devstack@placement-api.service[107696]: DEBUG placement.objects.research_context [req-6b71725a-ec7d-4d65-a0ae-ee592d7f020a req-308bf1d8-25b9-4f10-8f58-3333dbee792e service placement] found 2 providers after filtering by previous result {{(pid=107696) get_provider_ids_matching /opt/stack/placement/placement/objects/research_context.py:594}}
Aug 26 03:03:07.320171 n-d-831194-12 devstack@placement-api.service[107696]: DEBUG placement.objects.allocation_candidate [req-6b71725a-ec7d-4d65-a0ae-ee592d7f020a req-308bf1d8-25b9-4f10-8f58-3333dbee792e service placement] RequestGroup(use_same_provider=False, resources={DISK_GB:1, MEMORY_MB:1024, VCPU:1}, traits=(), aggregates=[]) (suffix '') returned 2 matches {{(pid=107696) _get_by_requests /opt/stack/placement/placement/objects/allocation_candidate.py:156}}
Aug 26 03:03:07.320589 n-d-831194-12 devstack@placement-api.service[107696]: DEBUG placement.objects.allocation_candidate [req-6b71725a-ec7d-4d65-a0ae-ee592d7f020a req-308bf1d8-25b9-4f10-8f58-3333dbee792e service placement] Merging candidates yields 2 allocation requests and 2 provider summaries {{(pid=107696) _merge_candidates /opt/stack/placement/placement/objects/allocation_candidate.py:809}}
Aug 26 03:03:07.322473 n-d-831194-12 devstack@placement-api.service[107696]: INFO placement.requestlog [req-6b71725a-ec7d-4d65-a0ae-ee592d7f020a req-308bf1d8-25b9-4f10-8f58-3333dbee792e service placement] 10.222.0.60 "GET /placement/allocation_candidates?limit=1000&resources=DISK_GB%3A1%2CMEMORY_MB%3A1024%2CVCPU%3A1&root_required=%21COMPUTE_STATUS_DISABLED" status: 200 len: 1309 microversion: 1.36
Aug 26 03:03:07.337865 n-d-831194-12 devstack@placement-api.service[107696]: [pid: 107696|app: 0|req: 227/447] 10.222.0.60 () {60 vars in 1506 bytes} [Fri Aug 26 03:03:07 2022] GET /placement/allocation_candidates?limit=1000&resources=DISK_GB%3A1%2CMEMORY_MB%3A1024%2CVCPU%3A1&root_required=%21COMPUTE_STATUS_DISABLED => generated 1309 bytes in 147 msecs (HTTP/1.1 200) 8 headers in 297 bytes (1 switches on core 0)
Aug 26 03:03:07.409123 n-d-831194-12 devstack@placement-api.service[107697]: DEBUG placement.requestlog [req-6b71725a-ec7d-4d65-a0ae-ee592d7f020a req-ad136d99-6911-4f73-a252-d00f97ac7f98 None None] Starting request: 10.222.0.60 "GET /placement/allocations/319a68cf-06d6-47e8-b6e0-75908f17e3ac" {{(pid=107697) __call__ /opt/stack/placement/placement/requestlog.py:55}}
Aug 26 03:03:07.420007 n-d-831194-12 devstack@placement-api.service[107697]: INFO placement.requestlog [req-6b71725a-ec7d-4d65-a0ae-ee592d7f020a req-ad136d99-6911-4f73-a252-d00f97ac7f98 service placement] 10.222.0.60 "GET /placement/allocations/319a68cf-06d6-47e8-b6e0-75908f17e3ac" status: 200 len: 19 microversion: 1.28
Aug 26 03:03:07.420345 n-d-831194-12 devstack@placement-api.service[107697]: [pid: 107697|app: 0|req: 221/448] 10.222.0.60 () {60 vars in 1380 bytes} [Fri Aug 26 03:03:07 2022] GET /placement/allocations/319a68cf-06d6-47e8-b6e0-75908f17e3ac => generated 19 bytes in 12 msecs (HTTP/1.1 200) 8 headers in 295 bytes (1 switches on core 0)
Aug 26 03:03:07.427144 n-d-831194-12 devstack@placement-api.service[107696]: DEBUG placement.requestlog [req-6b71725a-ec7d-4d65-a0ae-ee592d7f020a req-d0ce25ac-e0e7-407d-a2fc-05f17f2d457f None None] Starting request: 10.222.0.60 "PUT /placement/allocations/319a68cf-06d6-47e8-b6e0-75908f17e3ac" {{(pid=107696) __call__ /opt/stack/placement/placement/requestlog.py:55}}
Aug 26 03:03:07.517158 n-d-831194-12 devstack@placement-api.service[107696]: DEBUG placement.handlers.allocation [req-6b71725a-ec7d-4d65-a0ae-ee592d7f020a req-d0ce25ac-e0e7-407d-a2fc-05f17f2d457f service placement] Successfully wrote allocations [, , ] {{(pid=107696) _update_consumers_and_create_allocations /opt/stack/placement/placement/handlers/allocation.py:462}}
Aug 26 03:03:07.522297 n-d-831194-12 devstack@placement-api.service[107696]: INFO placement.requestlog [req-6b71725a-ec7d-4d65-a0ae-ee592d7f020a req-d0ce25ac-e0e7-407d-a2fc-05f17f2d457f service placement] 10.222.0.60 "PUT /placement/allocations/319a68cf-06d6-47e8-b6e0-75908f17e3ac" status: 204 len: 0 microversion: 1.36
Aug 26 03:03:07.522771 n-d-831194-12 devstack@placement-api.service[107696]: [pid: 107696|app: 0|req: 228/449] 10.222.0.60 () {64 vars in 1433 bytes} [Fri Aug 26 03:03:07 2022] PUT /placement/allocations/319a68cf-06d6-47e8-b6e0-75908f17e3ac => generated 0 bytes in 96 msecs (HTTP/1.1 204) 5 headers in 199 bytes (1 switches on core 0)
Aug 26 03:03:08.425939 n-d-831194-12 devstack@placement-api.service[107697]: DEBUG placement.requestlog [req-d91bf6f9-8724-4f0e-bcdb-1ed274188150 req-062f537d-0337-4870-8d8e-60dc42c53cfa None None] Starting request: 10.222.0.45 "GET /placement/allocations/7ca51016-542d-4076-8aaa-0bfa0a9c5360" {{(pid=107697) __call__ /opt/stack/placement/placement/requestlog.py:55}}
Aug 26 03:03:08.444710 n-d-831194-12 devstack@placement-api.service[107697]: INFO placement.requestlog [req-d91bf6f9-8724-4f0e-bcdb-1ed274188150 req-062f537d-0337-4870-8d8e-60dc42c53cfa service placement] 10.222.0.45 "GET /placement/allocations/7ca51016-542d-4076-8aaa-0bfa0a9c5360" status: 200 len: 259 microversion: 1.28
Aug 26 03:03:08.445401 n-d-831194-12 devstack@placement-api.service[107697]: [pid: 107697|app: 0|req: 222/450] 10.222.0.45 () {60 vars in 1377 bytes} [Fri Aug 26 03:03:08 2022] GET /placement/allocations/7ca51016-542d-4076-8aaa-0bfa0a9c5360 => generated 259 bytes in 20 msecs (HTTP/1.1 200) 8 headers in 296 bytes (1 switches on core 0)
Aug 26 03:03:08.466185 n-d-831194-12 devstack@placement-api.service[107696]: DEBUG placement.requestlog [req-d91bf6f9-8724-4f0e-bcdb-1ed274188150 req-80815a42-2afd-4730-900d-1bf806e12c0b None None] Starting request: 10.222.0.45 "PUT /placement/allocations/7ca51016-542d-4076-8aaa-0bfa0a9c5360" {{(pid=107696) __call__ /opt/stack/placement/placement/requestlog.py:55}}
Aug 26 03:03:08.479809 n-d-831194-12 devstack@placement-api.service[107697]: DEBUG placement.requestlog [req-6b71725a-ec7d-4d65-a0ae-ee592d7f020a req-92f8e715-42e3-4a4c-b1a3-3d6a5d263c9a None None] Starting request: 10.222.0.45 "GET /placement/allocations/319a68cf-06d6-47e8-b6e0-75908f17e3ac" {{(pid=107697) __call__ /opt/stack/placement/placement/requestlog.py:55}}
Aug 26 03:03:08.506488 n-d-831194-12 devstack@placement-api.service[107697]: INFO placement.requestlog [req-6b71725a-ec7d-4d65-a0ae-ee592d7f020a req-92f8e715-42e3-4a4c-b1a3-3d6a5d263c9a service placement] 10.222.0.45 "GET /placement/allocations/319a68cf-06d6-47e8-b6e0-75908f17e3ac" status: 200 len: 259 microversion: 1.28
Aug 26 03:03:08.507441 n-d-831194-12 devstack@placement-api.service[107697]: [pid: 107697|app: 0|req: 223/451] 10.222.0.45 () {60 vars in 1377 bytes} [Fri Aug 26 03:03:08 2022] GET /placement/allocations/319a68cf-06d6-47e8-b6e0-75908f17e3ac => generated 259 bytes in 28 msecs (HTTP/1.1 200) 8 headers in 296 bytes (2 switches on core 0)
Aug 26 03:03:08.646933 n-d-831194-12 devstack@placement-api.service[107696]: DEBUG placement.handlers.allocation [req-d91bf6f9-8724-4f0e-bcdb-1ed274188150 req-80815a42-2afd-4730-900d-1bf806e12c0b service placement] Successfully wrote allocations [, , ] {{(pid=107696) _update_consumers_and_create_allocations /opt/stack/placement/placement/handlers/allocation.py:462}}
Aug 26 03:03:08.658397 n-d-831194-12 devstack@placement-api.service[107696]: INFO placement.requestlog [req-d91bf6f9-8724-4f0e-bcdb-1ed274188150 req-80815a42-2afd-4730-900d-1bf806e12c0b service placement] 10.222.0.45 "PUT /placement/allocations/7ca51016-542d-4076-8aaa-0bfa0a9c5360" status: 204 len: 0 microversion: 1.28
Aug 26 03:03:08.659329 n-d-831194-12 devstack@placement-api.service[107696]: [pid: 107696|app: 0|req: 229/452] 10.222.0.45 () {64 vars in 1430 bytes} [Fri Aug 26 03:03:08 2022] PUT /placement/allocations/7ca51016-542d-4076-8aaa-0bfa0a9c5360 => generated 0 bytes in 194 msecs (HTTP/1.1 204) 5 headers in 199 bytes (1 switches on core 0)
Aug 26 03:03:08.937307 n-d-831194-12 devstack@placement-api.service[107697]: DEBUG placement.requestlog [req-6b71725a-ec7d-4d65-a0ae-ee592d7f020a req-9e06fecb-37d1-4707-a772-28c6eedbe340 None None] Starting request: 10.222.0.45 "GET /placement/resource_providers/e3868fe4-5e99-4742-b520-42fcbbe183b2/allocations" {{(pid=107697) __call__ /opt/stack/placement/placement/requestlog.py:55}}
Aug 26 03:03:08.978774 n-d-831194-12 devstack@placement-api.service[107697]: INFO placement.requestlog [req-6b71725a-ec7d-4d65-a0ae-ee592d7f020a req-9e06fecb-37d1-4707-a772-28c6eedbe340 service placement] 10.222.0.45 "GET /placement/resource_providers/e3868fe4-5e99-4742-b520-42fcbbe183b2/allocations" status: 200 len: 659 microversion: 1.0
Aug 26 03:03:08.979520 n-d-831194-12 devstack@placement-api.service[107697]: [pid: 107697|app: 0|req: 224/453] 10.222.0.45 () {58 vars in 1390 bytes} [Fri Aug 26 03:03:08 2022] GET /placement/resource_providers/e3868fe4-5e99-4742-b520-42fcbbe183b2/allocations => generated 659 bytes in 43 msecs (HTTP/1.1 200) 6 headers in 224 bytes (1 switches on core 0)
Aug 26 03:03:08.988068 n-d-831194-12 devstack@placement-api.service[107696]: DEBUG placement.requestlog [req-6b71725a-ec7d-4d65-a0ae-ee592d7f020a req-14472366-5f2d-40fa-9efb-5736696b2abc None None] Starting request: 10.222.0.45 "GET /placement/allocations/f2934702-37a7-4398-8729-ac749271862d" {{(pid=107696) __call__ /opt/stack/placement/placement/requestlog.py:55}}
Aug 26 03:03:09.025679 n-d-831194-12 devstack@placement-api.service[107696]: INFO placement.requestlog [req-6b71725a-ec7d-4d65-a0ae-ee592d7f020a req-14472366-5f2d-40fa-9efb-5736696b2abc service placement] 10.222.0.45 "GET /placement/allocations/f2934702-37a7-4398-8729-ac749271862d" status: 200 len: 259 microversion: 1.28
Aug 26 03:03:09.032561 n-d-831194-12 devstack@placement-api.service[107696]: [pid: 107696|app: 0|req: 230/454] 10.222.0.45 () {60 vars in 1377 bytes} [Fri Aug 26 03:03:08 2022] GET /placement/allocations/f2934702-37a7-4398-8729-ac749271862d => generated 259 bytes in 41 msecs (HTTP/1.1 200) 8 headers in 296 bytes (2 switches on core 0)
Aug 26 03:03:09.036213 n-d-831194-12 devstack@placement-api.service[107697]: DEBUG placement.requestlog [req-6b71725a-ec7d-4d65-a0ae-ee592d7f020a req-9639e5e8-52fd-40da-9378-916a9831d23f None None] Starting request: 10.222.0.45 "GET /placement/allocations/f05bc710-c140-4f91-9c88-b1b8966b1ff9" {{(pid=107697) __call__ /opt/stack/placement/placement/requestlog.py:55}}
Aug 26 03:03:09.057016 n-d-831194-12 devstack@placement-api.service[107697]: INFO placement.requestlog [req-6b71725a-ec7d-4d65-a0ae-ee592d7f020a req-9639e5e8-52fd-40da-9378-916a9831d23f service placement] 10.222.0.45 "GET /placement/allocations/f05bc710-c140-4f91-9c88-b1b8966b1ff9" status: 200 len: 259 microversion: 1.28
Aug 26 03:03:09.058906 n-d-831194-12 devstack@placement-api.service[107697]: [pid: 107697|app: 0|req: 225/455] 10.222.0.45 () {60 vars in 1377 bytes} [Fri Aug 26 03:03:09 2022] GET /placement/allocations/f05bc710-c140-4f91-9c88-b1b8966b1ff9 => generated 259 bytes in 23 msecs (HTTP/1.1 200) 8 headers in 296 bytes (1 switches on core 0)
Aug 26 03:03:09.066972 n-d-831194-12 devstack@placement-api.service[107696]: DEBUG placement.requestlog [req-6b71725a-ec7d-4d65-a0ae-ee592d7f020a req-2b7beaa2-dc2f-4b70-b1ce-1f6087ce6c6e None None] Starting request: 10.222.0.45 "GET /placement/allocations/a1664d6c-3096-4130-a8d0-5236879fd38d" {{(pid=107696) __call__ /opt/stack/placement/placement/requestlog.py:55}}
Aug 26 03:03:09.089955 n-d-831194-12 devstack@placement-api.service[107696]: INFO placement.requestlog [req-6b71725a-ec7d-4d65-a0ae-ee592d7f020a req-2b7beaa2-dc2f-4b70-b1ce-1f6087ce6c6e service placement] 10.222.0.45 "GET /placement/allocations/a1664d6c-3096-4130-a8d0-5236879fd38d" status: 200 len: 259 microversion: 1.28
Aug 26 03:03:09.091340 n-d-831194-12 devstack@placement-api.service[107696]: [pid: 107696|app: 0|req: 231/456] 10.222.0.45 () {60 vars in 1377 bytes} [Fri Aug 26 03:03:09 2022] GET /placement/allocations/a1664d6c-3096-4130-a8d0-5236879fd38d => generated 259 bytes in 25 msecs (HTTP/1.1 200) 8 headers in 296 bytes (1 switches on core 0)
Aug 26 03:03:09.099474 n-d-831194-12 devstack@placement-api.service[107697]: DEBUG placement.requestlog [req-6b71725a-ec7d-4d65-a0ae-ee592d7f020a req-4c384064-32e8-455b-aa91-79982db01b77 None None] Starting request: 10.222.0.45 "GET /placement/allocations/d854babb-8b69-4242-8bdd-383658c1d0be" {{(pid=107697) __call__ /opt/stack/placement/placement/requestlog.py:55}}
Aug 26 03:03:09.123972 n-d-831194-12 devstack@placement-api.service[107697]: INFO placement.requestlog [req-6b71725a-ec7d-4d65-a0ae-ee592d7f020a req-4c384064-32e8-455b-aa91-79982db01b77 service placement] 10.222.0.45 "GET /placement/allocations/d854babb-8b69-4242-8bdd-383658c1d0be" status: 200 len: 259 microversion: 1.28
Aug 26 03:03:09.124781 n-d-831194-12 devstack@placement-api.service[107697]: [pid: 107697|app: 0|req: 226/457] 10.222.0.45 () {60 vars in 1377 bytes} [Fri Aug 26 03:03:09 2022] GET /placement/allocations/d854babb-8b69-4242-8bdd-383658c1d0be => generated 259 bytes in 25 msecs (HTTP/1.1 200) 8 headers in 296 bytes (1 switches on core 0)
Aug 26 03:03:09.195660 n-d-831194-12 devstack@placement-api.service[107696]: DEBUG placement.requestlog [req-6b71725a-ec7d-4d65-a0ae-ee592d7f020a req-2d044505-6124-45fd-b410-a9d37df74f96 None None] Starting request: 10.222.0.45 "GET /placement/allocations/319a68cf-06d6-47e8-b6e0-75908f17e3ac" {{(pid=107696) __call__ /opt/stack/placement/placement/requestlog.py:55}}
Aug 26 03:03:09.215922 n-d-831194-12 devstack@placement-api.service[107696]: INFO placement.requestlog [req-6b71725a-ec7d-4d65-a0ae-ee592d7f020a req-2d044505-6124-45fd-b410-a9d37df74f96 service placement] 10.222.0.45 "GET /placement/allocations/319a68cf-06d6-47e8-b6e0-75908f17e3ac" status: 200 len: 259 microversion: 1.28
Aug 26 03:03:09.216655 n-d-831194-12 devstack@placement-api.service[107696]: [pid: 107696|app: 0|req: 232/458] 10.222.0.45 () {60 vars in 1377 bytes} [Fri Aug 26 03:03:09 2022] GET /placement/allocations/319a68cf-06d6-47e8-b6e0-75908f17e3ac => generated 259 bytes in 21 msecs (HTTP/1.1 200) 8 headers in 296 bytes (1 switches on core 0)
Aug 26 03:03:09.226310 n-d-831194-12 devstack@placement-api.service[107697]: DEBUG placement.requestlog [req-6b71725a-ec7d-4d65-a0ae-ee592d7f020a req-61a117c3-6b07-4398-9c6f-ffc856f501ec None None] Starting request: 10.222.0.45 "GET /placement/allocations/1f7af703-ce65-4e19-9775-38f95d6ea48f" {{(pid=107697) __call__ /opt/stack/placement/placement/requestlog.py:55}}
Aug 26 03:03:09.244077 n-d-831194-12 devstack@placement-api.service[107697]: INFO placement.requestlog [req-6b71725a-ec7d-4d65-a0ae-ee592d7f020a req-61a117c3-6b07-4398-9c6f-ffc856f501ec service placement] 10.222.0.45 "GET /placement/allocations/1f7af703-ce65-4e19-9775-38f95d6ea48f" status: 200 len: 259 microversion: 1.28
Aug 26 03:03:09.244740 n-d-831194-12 devstack@placement-api.service[107697]: [pid: 107697|app: 0|req: 227/459] 10.222.0.45 () {60 vars in 1377 bytes} [Fri Aug 26 03:03:09 2022] GET /placement/allocations/1f7af703-ce65-4e19-9775-38f95d6ea48f => generated 259 bytes in 19 msecs (HTTP/1.1 200) 8 headers in 296 bytes (1 switches on core 0)
Aug 26 03:03:09.841192 n-d-831194-12 devstack@placement-api.service[107696]: DEBUG placement.requestlog [req-71beb71c-48de-4069-aa45-47f3dd33f263 req-676c69dc-c633-46de-8bdd-02edd2f8bc93 None None] Starting request: 10.222.0.45 "GET /placement/resource_providers/e3868fe4-5e99-4742-b520-42fcbbe183b2/allocations" {{(pid=107696) __call__ /opt/stack/placement/placement/requestlog.py:55}}
Aug 26 03:03:09.898830 n-d-831194-12 devstack@placement-api.service[107696]: INFO placement.requestlog [req-71beb71c-48de-4069-aa45-47f3dd33f263 req-676c69dc-c633-46de-8bdd-02edd2f8bc93 service placement] 10.222.0.45 "GET /placement/resource_providers/e3868fe4-5e99-4742-b520-42fcbbe183b2/allocations" status: 200 len: 659 microversion: 1.0
Aug 26 03:03:09.900025 n-d-831194-12 devstack@placement-api.service[107696]: [pid: 107696|app: 0|req: 233/460] 10.222.0.45 () {58 vars in 1390 bytes} [Fri Aug 26 03:03:09 2022] GET /placement/resource_providers/e3868fe4-5e99-4742-b520-42fcbbe183b2/allocations => generated 659 bytes in 59 msecs (HTTP/1.1 200) 6 headers in 224 bytes (1 switches on core 0)
Aug 26 03:03:09.907504 n-d-831194-12 devstack@placement-api.service[107697]: DEBUG placement.requestlog [req-6277ac6a-2c2b-42b2-9f36-b5d79d785ba2 req-280e1f97-cef1-40d6-b327-4828a9c0b588 None None] Starting request: 10.222.0.45 "GET /placement/resource_providers/e3868fe4-5e99-4742-b520-42fcbbe183b2/allocations" {{(pid=107697) __call__ /opt/stack/placement/placement/requestlog.py:55}}
Aug 26 03:03:09.910454 n-d-831194-12 devstack@placement-api.service[107696]: DEBUG placement.requestlog [req-71beb71c-48de-4069-aa45-47f3dd33f263 req-bfc2da6d-ab39-4406-ae8a-0bc5d1294b29 None None] Starting request: 10.222.0.45 "GET /placement/allocations/f2934702-37a7-4398-8729-ac749271862d" {{(pid=107696) __call__ /opt/stack/placement/placement/requestlog.py:55}}
Aug 26 03:03:09.951218 n-d-831194-12 devstack@placement-api.service[107696]: INFO placement.requestlog [req-71beb71c-48de-4069-aa45-47f3dd33f263 req-bfc2da6d-ab39-4406-ae8a-0bc5d1294b29 service placement] 10.222.0.45 "GET /placement/allocations/f2934702-37a7-4398-8729-ac749271862d" status: 200 len: 259 microversion: 1.28
Aug 26 03:03:09.952093 n-d-831194-12 devstack@placement-api.service[107696]: [pid: 107696|app: 0|req: 234/461] 10.222.0.45 () {60 vars in 1377 bytes} [Fri Aug 26 03:03:09 2022] GET /placement/allocations/f2934702-37a7-4398-8729-ac749271862d => generated 259 bytes in 42 msecs (HTTP/1.1 200) 8 headers in 296 bytes (1 switches on core 0)
Aug 26 03:03:09.964713 n-d-831194-12 devstack@placement-api.service[107697]: INFO placement.requestlog [req-6277ac6a-2c2b-42b2-9f36-b5d79d785ba2 req-280e1f97-cef1-40d6-b327-4828a9c0b588 service placement] 10.222.0.45 "GET /placement/resource_providers/e3868fe4-5e99-4742-b520-42fcbbe183b2/allocations" status: 200 len: 659 microversion: 1.0
Aug 26 03:03:09.967468 n-d-831194-12 devstack@placement-api.service[107697]: [pid: 107697|app: 0|req: 228/462] 10.222.0.45 () {58 vars in 1390 bytes} [Fri Aug 26 03:03:09 2022] GET /placement/resource_providers/e3868fe4-5e99-4742-b520-42fcbbe183b2/allocations => generated 659 bytes in 60 msecs (HTTP/1.1 200) 6 headers in 224 bytes (2 switches on core 0)
Aug 26 03:03:09.984782 n-d-831194-12 devstack@placement-api.service[107696]: DEBUG placement.requestlog [req-71beb71c-48de-4069-aa45-47f3dd33f263 req-52c16781-adfc-4e92-b2ca-36800bfd1954 None None] Starting request: 10.222.0.45 "GET /placement/allocations/f05bc710-c140-4f91-9c88-b1b8966b1ff9" {{(pid=107696) __call__ /opt/stack/placement/placement/requestlog.py:55}}
Aug 26 03:03:09.984992 n-d-831194-12 devstack@placement-api.service[107697]: DEBUG placement.requestlog [req-6277ac6a-2c2b-42b2-9f36-b5d79d785ba2 req-96fa54d8-b8a6-401b-971b-664eae0afc7c None None] Starting request: 10.222.0.45 "GET /placement/allocations/f2934702-37a7-4398-8729-ac749271862d" {{(pid=107697) __call__ /opt/stack/placement/placement/requestlog.py:55}}
Aug 26 03:03:10.021552 n-d-831194-12 devstack@placement-api.service[107696]: INFO placement.requestlog [req-71beb71c-48de-4069-aa45-47f3dd33f263 req-52c16781-adfc-4e92-b2ca-36800bfd1954 service placement] 10.222.0.45 "GET /placement/allocations/f05bc710-c140-4f91-9c88-b1b8966b1ff9" status: 200 len: 259 microversion: 1.28
Aug 26 03:03:10.023611 n-d-831194-12 devstack@placement-api.service[107697]: INFO placement.requestlog [req-6277ac6a-2c2b-42b2-9f36-b5d79d785ba2 req-96fa54d8-b8a6-401b-971b-664eae0afc7c service placement] 10.222.0.45 "GET /placement/allocations/f2934702-37a7-4398-8729-ac749271862d" status: 200 len: 259 microversion: 1.28
Aug 26 03:03:10.024343 n-d-831194-12 devstack@placement-api.service[107697]: [pid: 107697|app: 0|req: 229/463] 10.222.0.45 () {60 vars in 1377 bytes} [Fri Aug 26 03:03:09 2022] GET /placement/allocations/f2934702-37a7-4398-8729-ac749271862d => generated 259 bytes in 40 msecs (HTTP/1.1 200) 8 headers in 296 bytes (1 switches on core 0)
Aug 26 03:03:10.027943 n-d-831194-12 devstack@placement-api.service[107696]: [pid: 107696|app: 0|req: 235/464] 10.222.0.45 () {60 vars in 1377 bytes} [Fri Aug 26 03:03:09 2022] GET /placement/allocations/f05bc710-c140-4f91-9c88-b1b8966b1ff9 => generated 259 bytes in 44 msecs (HTTP/1.1 200) 8 headers in 296 bytes (1 switches on core 0)
Aug 26 03:03:10.047748 n-d-831194-12 devstack@placement-api.service[107697]: DEBUG placement.requestlog [req-6277ac6a-2c2b-42b2-9f36-b5d79d785ba2 req-79dab22a-94e6-4e77-ab07-59a5b219a99e None None] Starting request: 10.222.0.45 "GET /placement/allocations/f05bc710-c140-4f91-9c88-b1b8966b1ff9" {{(pid=107697) __call__ /opt/stack/placement/placement/requestlog.py:55}}
Aug 26 03:03:10.049072 n-d-831194-12 devstack@placement-api.service[107696]: DEBUG placement.requestlog [req-71beb71c-48de-4069-aa45-47f3dd33f263 req-7c1fbe51-4438-4570-ad97-0cc5e2a603ff None None] Starting request: 10.222.0.45 "GET /placement/allocations/a1664d6c-3096-4130-a8d0-5236879fd38d" {{(pid=107696) __call__ /opt/stack/placement/placement/requestlog.py:55}}
Aug 26 03:03:10.081080 n-d-831194-12 devstack@placement-api.service[107696]: INFO placement.requestlog [req-71beb71c-48de-4069-aa45-47f3dd33f263 req-7c1fbe51-4438-4570-ad97-0cc5e2a603ff service placement] 10.222.0.45 "GET /placement/allocations/a1664d6c-3096-4130-a8d0-5236879fd38d" status: 200 len: 259 microversion: 1.28
Aug 26 03:03:10.085034 n-d-831194-12 devstack@placement-api.service[107696]: [pid: 107696|app: 0|req: 236/465] 10.222.0.45 () {60 vars in 1377 bytes} [Fri Aug 26 03:03:10 2022] GET /placement/allocations/a1664d6c-3096-4130-a8d0-5236879fd38d => generated 259 bytes in 36 msecs (HTTP/1.1 200) 8 headers in 296 bytes (1 switches on core 0)
Aug 26 03:03:10.085165 n-d-831194-12 devstack@placement-api.service[107697]: INFO placement.requestlog [req-6277ac6a-2c2b-42b2-9f36-b5d79d785ba2 req-79dab22a-94e6-4e77-ab07-59a5b219a99e service placement] 10.222.0.45 "GET /placement/allocations/f05bc710-c140-4f91-9c88-b1b8966b1ff9" status: 200 len: 259 microversion: 1.28
Aug 26 03:03:10.085777 n-d-831194-12 devstack@placement-api.service[107697]: [pid: 107697|app: 0|req: 230/466] 10.222.0.45 () {60 vars in 1377 bytes} [Fri Aug 26 03:03:10 2022] GET /placement/allocations/f05bc710-c140-4f91-9c88-b1b8966b1ff9 => generated 259 bytes in 38 msecs (HTTP/1.1 200) 8 headers in 296 bytes (1 switches on core 0)
Aug 26 03:03:10.178529 n-d-831194-12 devstack@placement-api.service[107697]: DEBUG placement.requestlog [req-71beb71c-48de-4069-aa45-47f3dd33f263 req-12e5c747-b0a0-4204-9aa8-2f2bd8358f5c None None] Starting request: 10.222.0.45 "GET /placement/allocations/d854babb-8b69-4242-8bdd-383658c1d0be" {{(pid=107697) __call__ /opt/stack/placement/placement/requestlog.py:55}}
Aug 26 03:03:10.179495 n-d-831194-12 devstack@placement-api.service[107696]: DEBUG placement.requestlog [req-6277ac6a-2c2b-42b2-9f36-b5d79d785ba2 req-f4fc17a4-d47d-477e-b87d-61f5c17a2746 None None] Starting request: 10.222.0.45 "GET /placement/allocations/a1664d6c-3096-4130-a8d0-5236879fd38d" {{(pid=107696) __call__ /opt/stack/placement/placement/requestlog.py:55}}
Aug 26 03:03:10.202634 n-d-831194-12 devstack@placement-api.service[107696]: INFO placement.requestlog [req-6277ac6a-2c2b-42b2-9f36-b5d79d785ba2 req-f4fc17a4-d47d-477e-b87d-61f5c17a2746 service placement] 10.222.0.45 "GET /placement/allocations/a1664d6c-3096-4130-a8d0-5236879fd38d" status: 200 len: 259 microversion: 1.28
Aug 26 03:03:10.203265 n-d-831194-12 devstack@placement-api.service[107696]: [pid: 107696|app: 0|req: 237/467] 10.222.0.45 () {60 vars in 1377 bytes} [Fri Aug 26 03:03:10 2022] GET /placement/allocations/a1664d6c-3096-4130-a8d0-5236879fd38d => generated 259 bytes in 26 msecs (HTTP/1.1 200) 8 headers in 296 bytes (1 switches on core 0)
Aug 26 03:03:10.204709 n-d-831194-12 devstack@placement-api.service[107697]: INFO placement.requestlog [req-71beb71c-48de-4069-aa45-47f3dd33f263 req-12e5c747-b0a0-4204-9aa8-2f2bd8358f5c service placement] 10.222.0.45 "GET /placement/allocations/d854babb-8b69-4242-8bdd-383658c1d0be" status: 200 len: 259 microversion: 1.28
Aug 26 03:03:10.205306 n-d-831194-12 devstack@placement-api.service[107697]: [pid: 107697|app: 0|req: 231/468] 10.222.0.45 () {60 vars in 1377 bytes} [Fri Aug 26 03:03:10 2022] GET /placement/allocations/d854babb-8b69-4242-8bdd-383658c1d0be => generated 259 bytes in 27 msecs (HTTP/1.1 200) 8 headers in 296 bytes (1 switches on core 0)
Aug 26 03:03:10.218517 n-d-831194-12 devstack@placement-api.service[107697]: DEBUG placement.requestlog [req-71beb71c-48de-4069-aa45-47f3dd33f263 req-f682105f-9d38-4e2f-b736-45d77ec88802 None None] Starting request: 10.222.0.45 "GET /placement/allocations/319a68cf-06d6-47e8-b6e0-75908f17e3ac" {{(pid=107697) __call__ /opt/stack/placement/placement/requestlog.py:55}}
Aug 26 03:03:10.219023 n-d-831194-12 devstack@placement-api.service[107696]: DEBUG placement.requestlog [req-6277ac6a-2c2b-42b2-9f36-b5d79d785ba2 req-74246af8-8c66-4bbd-9259-43c7ca017908 None None] Starting request: 10.222.0.45 "GET /placement/allocations/d854babb-8b69-4242-8bdd-383658c1d0be" {{(pid=107696) __call__ /opt/stack/placement/placement/requestlog.py:55}}
Aug 26 03:03:10.238850 n-d-831194-12 devstack@placement-api.service[107697]: INFO placement.requestlog [req-71beb71c-48de-4069-aa45-47f3dd33f263 req-f682105f-9d38-4e2f-b736-45d77ec88802 service placement] 10.222.0.45 "GET /placement/allocations/319a68cf-06d6-47e8-b6e0-75908f17e3ac" status: 200 len: 259 microversion: 1.28
Aug 26 03:03:10.239940 n-d-831194-12 devstack@placement-api.service[107697]: [pid: 107697|app: 0|req: 232/469] 10.222.0.45 () {60 vars in 1377 bytes} [Fri Aug 26 03:03:10 2022] GET /placement/allocations/319a68cf-06d6-47e8-b6e0-75908f17e3ac => generated 259 bytes in 22 msecs (HTTP/1.1 200) 8 headers in 296 bytes (2 switches on core 0)
Aug 26 03:03:10.242119 n-d-831194-12 devstack@placement-api.service[107696]: INFO placement.requestlog [req-6277ac6a-2c2b-42b2-9f36-b5d79d785ba2 req-74246af8-8c66-4bbd-9259-43c7ca017908 service placement] 10.222.0.45 "GET /placement/allocations/d854babb-8b69-4242-8bdd-383658c1d0be" status: 200 len: 259 microversion: 1.28
Aug 26 03:03:10.242494 n-d-831194-12 devstack@placement-api.service[107696]: [pid: 107696|app: 0|req: 238/470] 10.222.0.45 () {60 vars in 1377 bytes} [Fri Aug 26 03:03:10 2022] GET /placement/allocations/d854babb-8b69-4242-8bdd-383658c1d0be => generated 259 bytes in 26 msecs (HTTP/1.1 200) 8 headers in 296 bytes (1 switches on core 0)
Aug 26 03:03:10.254657 n-d-831194-12 devstack@placement-api.service[107696]: DEBUG placement.requestlog [req-6277ac6a-2c2b-42b2-9f36-b5d79d785ba2 req-1f04f5ee-b909-4563-ba6a-974cba78c9d6 None None] Starting request: 10.222.0.45 "GET /placement/allocations/319a68cf-06d6-47e8-b6e0-75908f17e3ac" {{(pid=107696) __call__ /opt/stack/placement/placement/requestlog.py:55}}
Aug 26 03:03:10.254985 n-d-831194-12 devstack@placement-api.service[107697]: DEBUG placement.requestlog [req-71beb71c-48de-4069-aa45-47f3dd33f263 req-df5f3ffd-de21-4144-a0c4-fbcff9fe7a46 None None] Starting request: 10.222.0.45 "GET /placement/allocations/1f7af703-ce65-4e19-9775-38f95d6ea48f" {{(pid=107697) __call__ /opt/stack/placement/placement/requestlog.py:55}}
Aug 26 03:03:10.274505 n-d-831194-12 devstack@placement-api.service[107696]: DEBUG dbcounter [-] [107696] Writing DB stats placement:SELECT=86,placement:INSERT=6,placement:DELETE=4,placement:UPDATE=4 {{(pid=107696) stat_writer /usr/local/lib/python3.8/dist-packages/dbcounter.py:114}}
Aug 26 03:03:10.275007 n-d-831194-12 devstack@placement-api.service[107697]: INFO placement.requestlog [req-71beb71c-48de-4069-aa45-47f3dd33f263 req-df5f3ffd-de21-4144-a0c4-fbcff9fe7a46 service placement] 10.222.0.45 "GET /placement/allocations/1f7af703-ce65-4e19-9775-38f95d6ea48f" status: 200 len: 259 microversion: 1.28
Aug 26 03:03:10.276153 n-d-831194-12 devstack@placement-api.service[107697]: [pid: 107697|app: 0|req: 233/471] 10.222.0.45 () {60 vars in 1377 bytes} [Fri Aug 26 03:03:10 2022] GET /placement/allocations/1f7af703-ce65-4e19-9775-38f95d6ea48f => generated 259 bytes in 22 msecs (HTTP/1.1 200) 8 headers in 296 bytes (1 switches on core 0)
Aug 26 03:03:10.287681 n-d-831194-12 devstack@placement-api.service[107696]: INFO placement.requestlog [req-6277ac6a-2c2b-42b2-9f36-b5d79d785ba2 req-1f04f5ee-b909-4563-ba6a-974cba78c9d6 service placement] 10.222.0.45 "GET /placement/allocations/319a68cf-06d6-47e8-b6e0-75908f17e3ac" status: 200 len: 259 microversion: 1.28
Aug 26 03:03:10.288619 n-d-831194-12 devstack@placement-api.service[107696]: [pid: 107696|app: 0|req: 239/472] 10.222.0.45 () {60 vars in 1377 bytes} [Fri Aug 26 03:03:10 2022] GET /placement/allocations/319a68cf-06d6-47e8-b6e0-75908f17e3ac => generated 259 bytes in 34 msecs (HTTP/1.1 200) 8 headers in 296 bytes (2 switches on core 0)
Aug 26 03:03:10.622297 n-d-831194-12 devstack@placement-api.service[107697]: DEBUG placement.requestlog [req-6277ac6a-2c2b-42b2-9f36-b5d79d785ba2 req-d8570a25-ebd0-416c-b84b-092167a072ef None None] Starting request: 10.222.0.45 "GET /placement/allocations/1f7af703-ce65-4e19-9775-38f95d6ea48f" {{(pid=107697) __call__ /opt/stack/placement/placement/requestlog.py:55}}
Aug 26 03:03:10.651907 n-d-831194-12 devstack@placement-api.service[107697]: INFO placement.requestlog [req-6277ac6a-2c2b-42b2-9f36-b5d79d785ba2 req-d8570a25-ebd0-416c-b84b-092167a072ef service placement] 10.222.0.45 "GET /placement/allocations/1f7af703-ce65-4e19-9775-38f95d6ea48f" status: 200 len: 259 microversion: 1.28
Aug 26 03:03:10.652338 n-d-831194-12 devstack@placement-api.service[107697]: [pid: 107697|app: 0|req: 234/473] 10.222.0.45 () {60 vars in 1377 bytes} [Fri Aug 26 03:03:10 2022] GET /placement/allocations/1f7af703-ce65-4e19-9775-38f95d6ea48f => generated 259 bytes in 30 msecs (HTTP/1.1 200) 8 headers in 296 bytes (1 switches on core 0)
Aug 26 03:03:10.697075 n-d-831194-12 devstack@placement-api.service[107696]: DEBUG placement.requestlog [req-71beb71c-48de-4069-aa45-47f3dd33f263 req-deb8c6bf-95d3-4302-bfb8-6f88794a2f77 None None] Starting request: 10.222.0.45 "DELETE /placement/allocations/f2934702-37a7-4398-8729-ac749271862d" {{(pid=107696) __call__ /opt/stack/placement/placement/requestlog.py:55}}
Aug 26 03:03:10.734038 n-d-831194-12 devstack@placement-api.service[107697]: DEBUG placement.requestlog [req-4fbf94c6-4e3f-4dfc-96d4-0e9bfba69b99 req-6c9d56f9-f8d4-435b-b3f7-9e86c75ce1cf None None] Starting request: 10.222.0.60 "GET /placement/allocation_candidates?limit=1000&resources=DISK_GB%3A1%2CMEMORY_MB%3A1024%2CVCPU%3A1&root_required=%21COMPUTE_STATUS_DISABLED" {{(pid=107697) __call__ /opt/stack/placement/placement/requestlog.py:55}}
Aug 26 03:03:10.746508 n-d-831194-12 devstack@placement-api.service[107696]: DEBUG placement.handlers.allocation [req-71beb71c-48de-4069-aa45-47f3dd33f263 req-deb8c6bf-95d3-4302-bfb8-6f88794a2f77 service placement] Successfully deleted allocations [, , ] {{(pid=107696) delete_allocations /opt/stack/placement/placement/handlers/allocation.py:627}}
Aug 26 03:03:10.747013 n-d-831194-12 devstack@placement-api.service[107696]: INFO placement.requestlog [req-71beb71c-48de-4069-aa45-47f3dd33f263 req-deb8c6bf-95d3-4302-bfb8-6f88794a2f77 service placement] 10.222.0.45 "DELETE /placement/allocations/f2934702-37a7-4398-8729-ac749271862d" status: 204 len: 0 microversion: 1.0
Aug 26 03:03:10.747516 n-d-831194-12 devstack@placement-api.service[107696]: [pid: 107696|app: 0|req: 240/474] 10.222.0.45 () {60 vars in 1355 bytes} [Fri Aug 26 03:03:10 2022] DELETE /placement/allocations/f2934702-37a7-4398-8729-ac749271862d => generated 0 bytes in 51 msecs (HTTP/1.1 204) 5 headers in 198 bytes (1 switches on core 0)
Aug 26 03:03:10.767536 n-d-831194-12 devstack@placement-api.service[107697]: DEBUG dbcounter [-] [107697] Writing DB stats placement:SELECT=100 {{(pid=107697) stat_writer /usr/local/lib/python3.8/dist-packages/dbcounter.py:114}}
Aug 26 03:03:10.796908 n-d-831194-12 devstack@placement-api.service[107697]: DEBUG placement.objects.research_context [req-4fbf94c6-4e3f-4dfc-96d4-0e9bfba69b99 req-6c9d56f9-f8d4-435b-b3f7-9e86c75ce1cf service placement] getting providers with 1 DISK_GB {{(pid=107697) __init__ /opt/stack/placement/placement/objects/research_context.py:136}}
Aug 26 03:03:10.803685 n-d-831194-12 devstack@placement-api.service[107697]: DEBUG placement.objects.research_context [req-4fbf94c6-4e3f-4dfc-96d4-0e9bfba69b99 req-6c9d56f9-f8d4-435b-b3f7-9e86c75ce1cf service placement] getting providers with 1024 MEMORY_MB {{(pid=107697) __init__ /opt/stack/placement/placement/objects/research_context.py:136}}
Aug 26 03:03:10.810906 n-d-831194-12 devstack@placement-api.service[107697]: DEBUG placement.objects.research_context [req-4fbf94c6-4e3f-4dfc-96d4-0e9bfba69b99 req-6c9d56f9-f8d4-435b-b3f7-9e86c75ce1cf service placement] getting providers with 1 VCPU {{(pid=107697) __init__ /opt/stack/placement/placement/objects/research_context.py:136}}
Aug 26 03:03:10.817576 n-d-831194-12 devstack@placement-api.service[107697]: DEBUG placement.objects.research_context [req-4fbf94c6-4e3f-4dfc-96d4-0e9bfba69b99 req-6c9d56f9-f8d4-435b-b3f7-9e86c75ce1cf service placement] found 2 providers with available 1 DISK_GB {{(pid=107697) get_provider_ids_matching /opt/stack/placement/placement/objects/research_context.py:563}}
Aug 26 03:03:10.818191 n-d-831194-12 devstack@placement-api.service[107697]: DEBUG placement.objects.research_context [req-4fbf94c6-4e3f-4dfc-96d4-0e9bfba69b99 req-6c9d56f9-f8d4-435b-b3f7-9e86c75ce1cf service placement] found 2 providers with available 1024 MEMORY_MB {{(pid=107697) get_provider_ids_matching /opt/stack/placement/placement/objects/research_context.py:563}}
Aug 26 03:03:10.818796 n-d-831194-12 devstack@placement-api.service[107697]: DEBUG placement.objects.research_context [req-4fbf94c6-4e3f-4dfc-96d4-0e9bfba69b99 req-6c9d56f9-f8d4-435b-b3f7-9e86c75ce1cf service placement] found 2 providers after filtering by previous result {{(pid=107697) get_provider_ids_matching /opt/stack/placement/placement/objects/research_context.py:594}}
Aug 26 03:03:10.819206 n-d-831194-12 devstack@placement-api.service[107697]: DEBUG placement.objects.research_context [req-4fbf94c6-4e3f-4dfc-96d4-0e9bfba69b99 req-6c9d56f9-f8d4-435b-b3f7-9e86c75ce1cf service placement] found 2 providers with available 1 VCPU {{(pid=107697) get_provider_ids_matching /opt/stack/placement/placement/objects/research_context.py:563}}
Aug 26 03:03:10.819765 n-d-831194-12 devstack@placement-api.service[107697]: DEBUG placement.objects.research_context [req-4fbf94c6-4e3f-4dfc-96d4-0e9bfba69b99 req-6c9d56f9-f8d4-435b-b3f7-9e86c75ce1cf service placement] found 2 providers after filtering by previous result {{(pid=107697) get_provider_ids_matching /opt/stack/placement/placement/objects/research_context.py:594}}
Aug 26 03:03:10.832561 n-d-831194-12 devstack@placement-api.service[107697]: DEBUG placement.objects.allocation_candidate [req-4fbf94c6-4e3f-4dfc-96d4-0e9bfba69b99 req-6c9d56f9-f8d4-435b-b3f7-9e86c75ce1cf service placement] RequestGroup(use_same_provider=False, resources={DISK_GB:1, MEMORY_MB:1024, VCPU:1}, traits=(), aggregates=[]) (suffix '') returned 2 matches {{(pid=107697) _get_by_requests /opt/stack/placement/placement/objects/allocation_candidate.py:156}}
Aug 26 03:03:10.833281 n-d-831194-12 devstack@placement-api.service[107697]: DEBUG placement.objects.allocation_candidate [req-4fbf94c6-4e3f-4dfc-96d4-0e9bfba69b99 req-6c9d56f9-f8d4-435b-b3f7-9e86c75ce1cf service placement] Merging candidates yields 2 allocation requests and 2 provider summaries {{(pid=107697) _merge_candidates /opt/stack/placement/placement/objects/allocation_candidate.py:809}}
Aug 26 03:03:10.835749 n-d-831194-12 devstack@placement-api.service[107697]: INFO placement.requestlog [req-4fbf94c6-4e3f-4dfc-96d4-0e9bfba69b99 req-6c9d56f9-f8d4-435b-b3f7-9e86c75ce1cf service placement] 10.222.0.60 "GET /placement/allocation_candidates?limit=1000&resources=DISK_GB%3A1%2CMEMORY_MB%3A1024%2CVCPU%3A1&root_required=%21COMPUTE_STATUS_DISABLED" status: 200 len: 1309 microversion: 1.36
Aug 26 03:03:10.838921 n-d-831194-12 devstack@placement-api.service[107697]: [pid: 107697|app: 0|req: 235/475] 10.222.0.60 () {60 vars in 1506 bytes} [Fri Aug 26 03:03:10 2022] GET /placement/allocation_candidates?limit=1000&resources=DISK_GB%3A1%2CMEMORY_MB%3A1024%2CVCPU%3A1&root_required=%21COMPUTE_STATUS_DISABLED => generated 1309 bytes in 105 msecs (HTTP/1.1 200) 8 headers in 297 bytes (2 switches on core 0)
Aug 26 03:03:10.926410 n-d-831194-12 devstack@placement-api.service[107696]: DEBUG placement.requestlog [req-4fbf94c6-4e3f-4dfc-96d4-0e9bfba69b99 req-c48adf97-c1eb-4fbd-b2e6-386b99e75d37 None None] Starting request: 10.222.0.60 "GET /placement/allocations/91596f1e-1be3-45b2-9d42-00ca1790eb73" {{(pid=107696) __call__ /opt/stack/placement/placement/requestlog.py:55}}
Aug 26 03:03:10.938331 n-d-831194-12 devstack@placement-api.service[107696]: INFO placement.requestlog [req-4fbf94c6-4e3f-4dfc-96d4-0e9bfba69b99 req-c48adf97-c1eb-4fbd-b2e6-386b99e75d37 service placement] 10.222.0.60 "GET /placement/allocations/91596f1e-1be3-45b2-9d42-00ca1790eb73" status: 200 len: 19 microversion: 1.28
Aug 26 03:03:10.938907 n-d-831194-12 devstack@placement-api.service[107696]: [pid: 107696|app: 0|req: 241/476] 10.222.0.60 () {60 vars in 1380 bytes} [Fri Aug 26 03:03:10 2022] GET /placement/allocations/91596f1e-1be3-45b2-9d42-00ca1790eb73 => generated 19 bytes in 13 msecs (HTTP/1.1 200) 8 headers in 295 bytes (1 switches on core 0)
Aug 26 03:03:10.946772 n-d-831194-12 devstack@placement-api.service[107697]: DEBUG placement.requestlog [req-4fbf94c6-4e3f-4dfc-96d4-0e9bfba69b99 req-29448c22-b915-404b-aa35-074ce5922f7b None None] Starting request: 10.222.0.60 "PUT /placement/allocations/91596f1e-1be3-45b2-9d42-00ca1790eb73" {{(pid=107697) __call__ /opt/stack/placement/placement/requestlog.py:55}}
Aug 26 03:03:11.017219 n-d-831194-12 devstack@placement-api.service[107697]: DEBUG placement.handlers.allocation [req-4fbf94c6-4e3f-4dfc-96d4-0e9bfba69b99 req-29448c22-b915-404b-aa35-074ce5922f7b service placement] Successfully wrote allocations [, , ] {{(pid=107697) _update_consumers_and_create_allocations /opt/stack/placement/placement/handlers/allocation.py:462}}
Aug 26 03:03:11.034647 n-d-831194-12 devstack@placement-api.service[107697]: INFO placement.requestlog [req-4fbf94c6-4e3f-4dfc-96d4-0e9bfba69b99 req-29448c22-b915-404b-aa35-074ce5922f7b service placement] 10.222.0.60 "PUT /placement/allocations/91596f1e-1be3-45b2-9d42-00ca1790eb73" status: 204 len: 0 microversion: 1.36
Aug 26 03:03:11.035368 n-d-831194-12 devstack@placement-api.service[107697]: [pid: 107697|app: 0|req: 236/477] 10.222.0.60 () {64 vars in 1433 bytes} [Fri Aug 26 03:03:10 2022] PUT /placement/allocations/91596f1e-1be3-45b2-9d42-00ca1790eb73 => generated 0 bytes in 90 msecs (HTTP/1.1 204) 5 headers in 199 bytes (2 switches on core 0)
Aug 26 03:03:11.293992 n-d-831194-12 devstack@placement-api.service[107696]: DEBUG placement.requestlog [req-6277ac6a-2c2b-42b2-9f36-b5d79d785ba2 req-7e4f02fe-74e5-4a34-b1b6-4f5d83556587 None None] Starting request: 10.222.0.45 "DELETE /placement/allocations/1f7af703-ce65-4e19-9775-38f95d6ea48f" {{(pid=107696) __call__ /opt/stack/placement/placement/requestlog.py:55}}
Aug 26 03:03:11.356059 n-d-831194-12 devstack@placement-api.service[107696]: DEBUG placement.handlers.allocation [req-6277ac6a-2c2b-42b2-9f36-b5d79d785ba2 req-7e4f02fe-74e5-4a34-b1b6-4f5d83556587 service placement] Successfully deleted allocations [, , ] {{(pid=107696) delete_allocations /opt/stack/placement/placement/handlers/allocation.py:627}}
