Jun 17 08:33:28.054931 n-d-831193-6 devstack@placement-api.service[105021]: [pid: 105021|app: 0|req: 65/127] 10.222.0.77 () {58 vars in 1390 bytes} [Fri Jun 17 08:33:27 2022] GET /placement/resource_providers/69406ae7-961e-49e9-81b2-6e418725ef51/allocations => generated 255 bytes in 66 msecs (HTTP/1.1 200) 6 headers in 224 bytes (2 switches on core 0)
Jun 17 08:33:28.102018 n-d-831193-6 devstack@placement-api.service[105020]: DEBUG placement.objects.research_context [req-cba29199-4577-4081-8273-ec3c0f0e6924 req-a16e49d6-dfdc-47a1-88eb-33ae616584e9 service placement] getting providers with 1024 MEMORY_MB {{(pid=105020) __init__ /opt/stack/placement/placement/objects/research_context.py:136}}
Jun 17 08:33:28.115251 n-d-831193-6 devstack@placement-api.service[105020]: DEBUG placement.objects.research_context [req-cba29199-4577-4081-8273-ec3c0f0e6924 req-a16e49d6-dfdc-47a1-88eb-33ae616584e9 service placement] getting providers with 1 VCPU {{(pid=105020) __init__ /opt/stack/placement/placement/objects/research_context.py:136}}
Jun 17 08:33:28.136310 n-d-831193-6 devstack@placement-api.service[105020]: DEBUG placement.objects.research_context [req-cba29199-4577-4081-8273-ec3c0f0e6924 req-a16e49d6-dfdc-47a1-88eb-33ae616584e9 service placement] found 2 providers with available 1 DISK_GB {{(pid=105020) get_provider_ids_matching /opt/stack/placement/placement/objects/research_context.py:563}}
Jun 17 08:33:28.138004 n-d-831193-6 devstack@placement-api.service[105020]: DEBUG placement.objects.research_context [req-cba29199-4577-4081-8273-ec3c0f0e6924 req-a16e49d6-dfdc-47a1-88eb-33ae616584e9 service placement] found 2 providers with available 1024 MEMORY_MB {{(pid=105020) get_provider_ids_matching /opt/stack/placement/placement/objects/research_context.py:563}}
Jun 17 08:33:28.139200 n-d-831193-6 devstack@placement-api.service[105020]: DEBUG placement.objects.research_context [req-cba29199-4577-4081-8273-ec3c0f0e6924 req-a16e49d6-dfdc-47a1-88eb-33ae616584e9 service placement] found 2 providers after filtering by previous result {{(pid=105020) get_provider_ids_matching /opt/stack/placement/placement/objects/research_context.py:594}}
Jun 17 08:33:28.139637 n-d-831193-6 devstack@placement-api.service[105020]: DEBUG placement.objects.research_context [req-cba29199-4577-4081-8273-ec3c0f0e6924 req-a16e49d6-dfdc-47a1-88eb-33ae616584e9 service placement] found 2 providers with available 1 VCPU {{(pid=105020) get_provider_ids_matching /opt/stack/placement/placement/objects/research_context.py:563}}
Jun 17 08:33:28.141461 n-d-831193-6 devstack@placement-api.service[105020]: DEBUG placement.objects.research_context [req-cba29199-4577-4081-8273-ec3c0f0e6924 req-a16e49d6-dfdc-47a1-88eb-33ae616584e9 service placement] found 2 providers after filtering by previous result {{(pid=105020) get_provider_ids_matching /opt/stack/placement/placement/objects/research_context.py:594}}
Jun 17 08:33:28.167148 n-d-831193-6 devstack@placement-api.service[105020]: DEBUG placement.objects.allocation_candidate [req-cba29199-4577-4081-8273-ec3c0f0e6924 req-a16e49d6-dfdc-47a1-88eb-33ae616584e9 service placement] RequestGroup(use_same_provider=False, resources={DISK_GB:1, MEMORY_MB:1024, VCPU:1}, traits=(), aggregates=[]) (suffix '') returned 2 matches {{(pid=105020) _get_by_requests /opt/stack/placement/placement/objects/allocation_candidate.py:156}}
Jun 17 08:33:28.167952 n-d-831193-6 devstack@placement-api.service[105020]: DEBUG placement.objects.allocation_candidate [req-cba29199-4577-4081-8273-ec3c0f0e6924 req-a16e49d6-dfdc-47a1-88eb-33ae616584e9 service placement] Merging candidates yields 2 allocation requests and 2 provider summaries {{(pid=105020) _merge_candidates /opt/stack/placement/placement/objects/allocation_candidate.py:809}}
Jun 17 08:33:28.170072 n-d-831193-6 devstack@placement-api.service[105020]: INFO placement.requestlog [req-cba29199-4577-4081-8273-ec3c0f0e6924 req-a16e49d6-dfdc-47a1-88eb-33ae616584e9 service placement] 10.222.0.23 "GET /placement/allocation_candidates?limit=1000&resources=DISK_GB%3A1%2CMEMORY_MB%3A1024%2CVCPU%3A1&root_required=%21COMPUTE_STATUS_DISABLED" status: 200 len: 1309 microversion: 1.36
Jun 17 08:33:28.186233 n-d-831193-6 devstack@placement-api.service[105020]: [pid: 105020|app: 0|req: 63/128] 10.222.0.23 () {60 vars in 1506 bytes} [Fri Jun 17 08:33:27 2022] GET /placement/allocation_candidates?limit=1000&resources=DISK_GB%3A1%2CMEMORY_MB%3A1024%2CVCPU%3A1&root_required=%21COMPUTE_STATUS_DISABLED => generated 1309 bytes in 234 msecs (HTTP/1.1 200) 8 headers in 297 bytes (1 switches on core 0)
Jun 17 08:33:28.295492 n-d-831193-6 devstack@placement-api.service[105021]: DEBUG placement.requestlog [req-cba29199-4577-4081-8273-ec3c0f0e6924 req-33022e76-b543-4fce-95a3-e962a20d9f8f None None] Starting request: 10.222.0.23 "GET /placement/allocations/7a468044-d4b6-4f48-ac47-4165747dd526" {{(pid=105021) __call__ /opt/stack/placement/placement/requestlog.py:55}}
Jun 17 08:33:28.314860 n-d-831193-6 devstack@placement-api.service[105021]: INFO placement.requestlog [req-cba29199-4577-4081-8273-ec3c0f0e6924 req-33022e76-b543-4fce-95a3-e962a20d9f8f service placement] 10.222.0.23 "GET /placement/allocations/7a468044-d4b6-4f48-ac47-4165747dd526" status: 200 len: 19 microversion: 1.28
Jun 17 08:33:28.315264 n-d-831193-6 devstack@placement-api.service[105021]: [pid: 105021|app: 0|req: 66/129] 10.222.0.23 () {60 vars in 1380 bytes} [Fri Jun 17 08:33:28 2022] GET /placement/allocations/7a468044-d4b6-4f48-ac47-4165747dd526 => generated 19 bytes in 20 msecs (HTTP/1.1 200) 8 headers in 295 bytes (1 switches on core 0)
Jun 17 08:33:28.323067 n-d-831193-6 devstack@placement-api.service[105020]: DEBUG placement.requestlog [req-cba29199-4577-4081-8273-ec3c0f0e6924 req-87b02b0b-4b47-4614-8965-a82546c37dfd None None] Starting request: 10.222.0.23 "PUT /placement/allocations/7a468044-d4b6-4f48-ac47-4165747dd526" {{(pid=105020) __call__ /opt/stack/placement/placement/requestlog.py:55}}
Jun 17 08:33:28.399751 n-d-831193-6 devstack@placement-api.service[105020]: DEBUG dbcounter [-] [105020] Writing DB stats placement:SELECT=82,placement:DELETE=5,placement:UPDATE=4,placement:INSERT=9 {{(pid=105020) stat_writer /usr/local/lib/python3.8/dist-packages/dbcounter.py:114}}
Jun 17 08:33:28.417789 n-d-831193-6 devstack@placement-api.service[105020]: DEBUG placement.handlers.allocation [req-cba29199-4577-4081-8273-ec3c0f0e6924 req-87b02b0b-4b47-4614-8965-a82546c37dfd service placement] Successfully wrote allocations [, , ] {{(pid=105020) _update_consumers_and_create_allocations /opt/stack/placement/placement/handlers/allocation.py:462}}
Jun 17 08:33:28.437828 n-d-831193-6 devstack@placement-api.service[105020]: INFO placement.requestlog [req-cba29199-4577-4081-8273-ec3c0f0e6924 req-87b02b0b-4b47-4614-8965-a82546c37dfd service placement] 10.222.0.23 "PUT /placement/allocations/7a468044-d4b6-4f48-ac47-4165747dd526" status: 204 len: 0 microversion: 1.36
Jun 17 08:33:28.438496 n-d-831193-6 devstack@placement-api.service[105020]: [pid: 105020|app: 0|req: 64/130] 10.222.0.23 () {64 vars in 1433 bytes} [Fri Jun 17 08:33:28 2022] PUT /placement/allocations/7a468044-d4b6-4f48-ac47-4165747dd526 => generated 0 bytes in 116 msecs (HTTP/1.1 204) 5 headers in 199 bytes (1 switches on core 0)
Jun 17 08:33:28.879579 n-d-831193-6 devstack@placement-api.service[105021]: DEBUG placement.requestlog [req-cba29199-4577-4081-8273-ec3c0f0e6924 req-21dde4b3-be7e-454c-ac7d-55e86e09387b None None] Starting request: 10.222.0.77 "GET /placement/allocations/7a468044-d4b6-4f48-ac47-4165747dd526" {{(pid=105021) __call__ /opt/stack/placement/placement/requestlog.py:55}}
Jun 17 08:33:28.919110 n-d-831193-6 devstack@placement-api.service[105021]: INFO placement.requestlog [req-cba29199-4577-4081-8273-ec3c0f0e6924 req-21dde4b3-be7e-454c-ac7d-55e86e09387b service placement] 10.222.0.77 "GET /placement/allocations/7a468044-d4b6-4f48-ac47-4165747dd526" status: 200 len: 259 microversion: 1.28
Jun 17 08:33:28.919691 n-d-831193-6 devstack@placement-api.service[105021]: [pid: 105021|app: 0|req: 67/131] 10.222.0.77 () {60 vars in 1377 bytes} [Fri Jun 17 08:33:28 2022] GET /placement/allocations/7a468044-d4b6-4f48-ac47-4165747dd526 => generated 259 bytes in 40 msecs (HTTP/1.1 200) 8 headers in 296 bytes (1 switches on core 0)
Jun 17 08:33:29.997049 n-d-831193-6 devstack@placement-api.service[105020]: DEBUG placement.requestlog [None req-5f4d43d6-83df-4087-a762-459eae1ff4e7 None None] Starting request: 10.222.0.23 "GET /placement/resource_providers/bfc5c716-9302-49d2-a55d-8efb78ae8f53/aggregates" {{(pid=105020) __call__ /opt/stack/placement/placement/requestlog.py:55}}
Jun 17 08:33:30.012560 n-d-831193-6 devstack@placement-api.service[105020]: INFO placement.requestlog [None req-5f4d43d6-83df-4087-a762-459eae1ff4e7 service placement] 10.222.0.23 "GET /placement/resource_providers/bfc5c716-9302-49d2-a55d-8efb78ae8f53/aggregates" status: 404 len: 235 microversion: 1.1
Jun 17 08:33:30.017618 n-d-831193-6 devstack@placement-api.service[105020]: [pid: 105020|app: 0|req: 65/132] 10.222.0.23 () {58 vars in 1362 bytes} [Fri Jun 17 08:33:29 2022] GET /placement/resource_providers/bfc5c716-9302-49d2-a55d-8efb78ae8f53/aggregates => generated 235 bytes in 20 msecs (HTTP/1.1 404) 5 headers in 202 bytes (1 switches on core 0)
Jun 17 08:33:30.113353 n-d-831193-6 devstack@placement-api.service[105021]: DEBUG placement.requestlog [None req-cf37de74-e61e-4503-8791-4afb63d677d2 None None] Starting request: 10.222.0.23 "DELETE /placement/resource_providers/bfc5c716-9302-49d2-a55d-8efb78ae8f53" {{(pid=105021) __call__ /opt/stack/placement/placement/requestlog.py:55}}
Jun 17 08:33:30.154571 n-d-831193-6 devstack@placement-api.service[105021]: DEBUG placement.wsgi_wrapper [None req-cf37de74-e61e-4503-8791-4afb63d677d2 service placement] Placement API returning an error response: No resource provider with uuid bfc5c716-9302-49d2-a55d-8efb78ae8f53 found for delete {{(pid=105021) call_func /opt/stack/placement/placement/wsgi_wrapper.py:31}}
Jun 17 08:33:30.156052 n-d-831193-6 devstack@placement-api.service[105021]: INFO placement.requestlog [None req-cf37de74-e61e-4503-8791-4afb63d677d2 service placement] 10.222.0.23 "DELETE /placement/resource_providers/bfc5c716-9302-49d2-a55d-8efb78ae8f53" status: 404 len: 246 microversion: 1.1
Jun 17 08:33:30.159962 n-d-831193-6 devstack@placement-api.service[105021]: [pid: 105021|app: 0|req: 68/133] 10.222.0.23 () {60 vars in 1351 bytes} [Fri Jun 17 08:33:30 2022] DELETE /placement/resource_providers/bfc5c716-9302-49d2-a55d-8efb78ae8f53 => generated 246 bytes in 48 msecs (HTTP/1.1 404) 6 headers in 231 bytes (1 switches on core 0)
Jun 17 08:33:32.066021 n-d-831193-6 devstack@placement-api.service[105020]: DEBUG placement.requestlog [req-980cd16a-e8ee-4f3f-addc-689808dadf68 req-e8d9a83c-e0b9-49fc-9428-c07ee4c682d7 None None] Starting request: 10.222.0.45 "GET /placement/resource_providers/bae1f7bc-c298-434d-b2c9-327b92cbf74e/allocations" {{(pid=105020) __call__ /opt/stack/placement/placement/requestlog.py:55}}
Jun 17 08:33:32.101895 n-d-831193-6 devstack@placement-api.service[105020]: INFO placement.requestlog [req-980cd16a-e8ee-4f3f-addc-689808dadf68 req-e8d9a83c-e0b9-49fc-9428-c07ee4c682d7 service placement] 10.222.0.45 "GET /placement/resource_providers/bae1f7bc-c298-434d-b2c9-327b92cbf74e/allocations" status: 200 len: 254 microversion: 1.0
Jun 17 08:33:32.102876 n-d-831193-6 devstack@placement-api.service[105020]: [pid: 105020|app: 0|req: 66/134] 10.222.0.45 () {58 vars in 1390 bytes} [Fri Jun 17 08:33:32 2022] GET /placement/resource_providers/bae1f7bc-c298-434d-b2c9-327b92cbf74e/allocations => generated 254 bytes in 37 msecs (HTTP/1.1 200) 6 headers in 224 bytes (1 switches on core 0)
Jun 17 08:33:37.324203 n-d-831193-6 devstack@placement-api.service[105021]: DEBUG placement.requestlog [req-21124c9d-79d6-431d-ae41-8df44410f00c req-2bcc8e67-bae5-4e8b-89e6-ecc099a3ccbc None None] Starting request: 10.222.0.23 "GET /placement/allocation_candidates?limit=1000&resources=DISK_GB%3A1%2CMEMORY_MB%3A1024%2CVCPU%3A1&root_required=%21COMPUTE_STATUS_DISABLED" {{(pid=105021) __call__ /opt/stack/placement/placement/requestlog.py:55}}
Jun 17 08:33:37.332285 n-d-831193-6 devstack@placement-api.service[105021]: DEBUG dbcounter [-] [105021] Writing DB stats placement:SELECT=69,placement:INSERT=4,placement:DELETE=4,placement:UPDATE=4 {{(pid=105021) stat_writer /usr/local/lib/python3.8/dist-packages/dbcounter.py:114}}
Jun 17 08:33:37.513581 n-d-831193-6 devstack@placement-api.service[105021]: DEBUG placement.objects.research_context [req-21124c9d-79d6-431d-ae41-8df44410f00c req-2bcc8e67-bae5-4e8b-89e6-ecc099a3ccbc service placement] getting providers with 1 DISK_GB {{(pid=105021) __init__ /opt/stack/placement/placement/objects/research_context.py:136}}
Jun 17 08:33:37.535585 n-d-831193-6 devstack@placement-api.service[105021]: DEBUG placement.objects.research_context [req-21124c9d-79d6-431d-ae41-8df44410f00c req-2bcc8e67-bae5-4e8b-89e6-ecc099a3ccbc service placement] getting providers with 1024 MEMORY_MB {{(pid=105021) __init__ /opt/stack/placement/placement/objects/research_context.py:136}}
Jun 17 08:33:37.557953 n-d-831193-6 devstack@placement-api.service[105021]: DEBUG placement.objects.research_context [req-21124c9d-79d6-431d-ae41-8df44410f00c req-2bcc8e67-bae5-4e8b-89e6-ecc099a3ccbc service placement] getting providers with 1 VCPU {{(pid=105021) __init__ /opt/stack/placement/placement/objects/research_context.py:136}}
Jun 17 08:33:37.583868 n-d-831193-6 devstack@placement-api.service[105021]: DEBUG placement.objects.research_context [req-21124c9d-79d6-431d-ae41-8df44410f00c req-2bcc8e67-bae5-4e8b-89e6-ecc099a3ccbc service placement] found 2 providers with available 1 DISK_GB {{(pid=105021) get_provider_ids_matching /opt/stack/placement/placement/objects/research_context.py:563}}
Jun 17 08:33:37.584942 n-d-831193-6 devstack@placement-api.service[105021]: DEBUG placement.objects.research_context [req-21124c9d-79d6-431d-ae41-8df44410f00c req-2bcc8e67-bae5-4e8b-89e6-ecc099a3ccbc service placement] found 2 providers with available 1024 MEMORY_MB {{(pid=105021) get_provider_ids_matching /opt/stack/placement/placement/objects/research_context.py:563}}
Jun 17 08:33:37.586012 n-d-831193-6 devstack@placement-api.service[105021]: DEBUG placement.objects.research_context [req-21124c9d-79d6-431d-ae41-8df44410f00c req-2bcc8e67-bae5-4e8b-89e6-ecc099a3ccbc service placement] found 2 providers after filtering by previous result {{(pid=105021) get_provider_ids_matching /opt/stack/placement/placement/objects/research_context.py:594}}
Jun 17 08:33:37.587224 n-d-831193-6 devstack@placement-api.service[105021]: DEBUG placement.objects.research_context [req-21124c9d-79d6-431d-ae41-8df44410f00c req-2bcc8e67-bae5-4e8b-89e6-ecc099a3ccbc service placement] found 2 providers with available 1 VCPU {{(pid=105021) get_provider_ids_matching /opt/stack/placement/placement/objects/research_context.py:563}}
Jun 17 08:33:37.587758 n-d-831193-6 devstack@placement-api.service[105021]: DEBUG placement.objects.research_context [req-21124c9d-79d6-431d-ae41-8df44410f00c req-2bcc8e67-bae5-4e8b-89e6-ecc099a3ccbc service placement] found 2 providers after filtering by previous result {{(pid=105021) get_provider_ids_matching /opt/stack/placement/placement/objects/research_context.py:594}}
Jun 17 08:33:37.616413 n-d-831193-6 devstack@placement-api.service[105021]: DEBUG placement.objects.allocation_candidate [req-21124c9d-79d6-431d-ae41-8df44410f00c req-2bcc8e67-bae5-4e8b-89e6-ecc099a3ccbc service placement] RequestGroup(use_same_provider=False, resources={DISK_GB:1, MEMORY_MB:1024, VCPU:1}, traits=(), aggregates=[]) (suffix '') returned 2 matches {{(pid=105021) _get_by_requests /opt/stack/placement/placement/objects/allocation_candidate.py:156}}
Jun 17 08:33:37.617790 n-d-831193-6 devstack@placement-api.service[105021]: DEBUG placement.objects.allocation_candidate [req-21124c9d-79d6-431d-ae41-8df44410f00c req-2bcc8e67-bae5-4e8b-89e6-ecc099a3ccbc service placement] Merging candidates yields 2 allocation requests and 2 provider summaries {{(pid=105021) _merge_candidates /opt/stack/placement/placement/objects/allocation_candidate.py:809}}
Jun 17 08:33:37.627824 n-d-831193-6 devstack@placement-api.service[105021]: INFO placement.requestlog [req-21124c9d-79d6-431d-ae41-8df44410f00c req-2bcc8e67-bae5-4e8b-89e6-ecc099a3ccbc service placement] 10.222.0.23 "GET /placement/allocation_candidates?limit=1000&resources=DISK_GB%3A1%2CMEMORY_MB%3A1024%2CVCPU%3A1&root_required=%21COMPUTE_STATUS_DISABLED" status: 200 len: 1309 microversion: 1.36
Jun 17 08:33:37.644186 n-d-831193-6 devstack@placement-api.service[105021]: [pid: 105021|app: 0|req: 69/135] 10.222.0.23 () {60 vars in 1506 bytes} [Fri Jun 17 08:33:37 2022] GET /placement/allocation_candidates?limit=1000&resources=DISK_GB%3A1%2CMEMORY_MB%3A1024%2CVCPU%3A1&root_required=%21COMPUTE_STATUS_DISABLED => generated 1309 bytes in 320 msecs (HTTP/1.1 200) 8 headers in 297 bytes (1 switches on core 0)
Jun 17 08:33:37.814208 n-d-831193-6 devstack@placement-api.service[105020]: DEBUG placement.requestlog [req-21124c9d-79d6-431d-ae41-8df44410f00c req-ae4f7e3f-29c0-44e1-8c70-dd8f92a74023 None None] Starting request: 10.222.0.23 "GET /placement/allocations/efcf5ec7-67e6-4ead-b768-caa769dbb4f1" {{(pid=105020) __call__ /opt/stack/placement/placement/requestlog.py:55}}
Jun 17 08:33:37.829920 n-d-831193-6 devstack@placement-api.service[105020]: INFO placement.requestlog [req-21124c9d-79d6-431d-ae41-8df44410f00c req-ae4f7e3f-29c0-44e1-8c70-dd8f92a74023 service placement] 10.222.0.23 "GET /placement/allocations/efcf5ec7-67e6-4ead-b768-caa769dbb4f1" status: 200 len: 19 microversion: 1.28
Jun 17 08:33:37.837251 n-d-831193-6 devstack@placement-api.service[105020]: [pid: 105020|app: 0|req: 67/136] 10.222.0.23 () {60 vars in 1380 bytes} [Fri Jun 17 08:33:37 2022] GET /placement/allocations/efcf5ec7-67e6-4ead-b768-caa769dbb4f1 => generated 19 bytes in 23 msecs (HTTP/1.1 200) 8 headers in 295 bytes (1 switches on core 0)
Jun 17 08:33:37.841093 n-d-831193-6 devstack@placement-api.service[105021]: DEBUG placement.requestlog [req-21124c9d-79d6-431d-ae41-8df44410f00c req-c5e018c9-da89-45a7-9a2b-045ff936acf6 None None] Starting request: 10.222.0.23 "PUT /placement/allocations/efcf5ec7-67e6-4ead-b768-caa769dbb4f1" {{(pid=105021) __call__ /opt/stack/placement/placement/requestlog.py:55}}
Jun 17 08:33:38.013132 n-d-831193-6 devstack@placement-api.service[105021]: DEBUG placement.handlers.allocation [req-21124c9d-79d6-431d-ae41-8df44410f00c req-c5e018c9-da89-45a7-9a2b-045ff936acf6 service placement] Successfully wrote allocations [, , ] {{(pid=105021) _update_consumers_and_create_allocations /opt/stack/placement/placement/handlers/allocation.py:462}}
Jun 17 08:33:38.020374 n-d-831193-6 devstack@placement-api.service[105021]: INFO placement.requestlog [req-21124c9d-79d6-431d-ae41-8df44410f00c req-c5e018c9-da89-45a7-9a2b-045ff936acf6 service placement] 10.222.0.23 "PUT /placement/allocations/efcf5ec7-67e6-4ead-b768-caa769dbb4f1" status: 204 len: 0 microversion: 1.36
Jun 17 08:33:38.021366 n-d-831193-6 devstack@placement-api.service[105021]: [pid: 105021|app: 0|req: 70/137] 10.222.0.23 () {64 vars in 1433 bytes} [Fri Jun 17 08:33:37 2022] PUT /placement/allocations/efcf5ec7-67e6-4ead-b768-caa769dbb4f1 => generated 0 bytes in 181 msecs (HTTP/1.1 204) 5 headers in 199 bytes (2 switches on core 0)
Jun 17 08:33:39.322372 n-d-831193-6 devstack@placement-api.service[105020]: DEBUG placement.requestlog [req-21124c9d-79d6-431d-ae41-8df44410f00c req-86a73534-8afc-4203-8204-f78d53c560b4 None None] Starting request: 10.222.0.45 "GET /placement/allocations/efcf5ec7-67e6-4ead-b768-caa769dbb4f1" {{(pid=105020) __call__ /opt/stack/placement/placement/requestlog.py:55}}
Jun 17 08:33:39.410267 n-d-831193-6 devstack@placement-api.service[105020]: INFO placement.requestlog [req-21124c9d-79d6-431d-ae41-8df44410f00c req-86a73534-8afc-4203-8204-f78d53c560b4 service placement] 10.222.0.45 "GET /placement/allocations/efcf5ec7-67e6-4ead-b768-caa769dbb4f1" status: 200 len: 259 microversion: 1.28
Jun 17 08:33:39.413337 n-d-831193-6 devstack@placement-api.service[105020]: [pid: 105020|app: 0|req: 68/138] 10.222.0.45 () {60 vars in 1377 bytes} [Fri Jun 17 08:33:39 2022] GET /placement/allocations/efcf5ec7-67e6-4ead-b768-caa769dbb4f1 => generated 259 bytes in 91 msecs (HTTP/1.1 200) 8 headers in 296 bytes (1 switches on core 0)
Jun 17 08:33:41.655718 n-d-831193-6 devstack@placement-api.service[105021]: DEBUG placement.requestlog [req-4989a435-d0ae-43e4-a7bc-671187fd062e req-2974365c-adb9-4fe0-886d-2e8ef8c02902 None None] Starting request: 10.222.0.23 "GET /placement/allocation_candidates?limit=1000&resources=DISK_GB%3A1%2CMEMORY_MB%3A1024%2CVCPU%3A1&root_required=%21COMPUTE_STATUS_DISABLED" {{(pid=105021) __call__ /opt/stack/placement/placement/requestlog.py:55}}
Jun 17 08:33:41.720656 n-d-831193-6 devstack@placement-api.service[105021]: DEBUG placement.objects.research_context [req-4989a435-d0ae-43e4-a7bc-671187fd062e req-2974365c-adb9-4fe0-886d-2e8ef8c02902 service placement] getting providers with 1 DISK_GB {{(pid=105021) __init__ /opt/stack/placement/placement/objects/research_context.py:136}}
Jun 17 08:33:41.739752 n-d-831193-6 devstack@placement-api.service[105021]: DEBUG placement.objects.research_context [req-4989a435-d0ae-43e4-a7bc-671187fd062e req-2974365c-adb9-4fe0-886d-2e8ef8c02902 service placement] getting providers with 1024 MEMORY_MB {{(pid=105021) __init__ /opt/stack/placement/placement/objects/research_context.py:136}}
Jun 17 08:33:41.752535 n-d-831193-6 devstack@placement-api.service[105021]: DEBUG placement.objects.research_context [req-4989a435-d0ae-43e4-a7bc-671187fd062e req-2974365c-adb9-4fe0-886d-2e8ef8c02902 service placement] getting providers with 1 VCPU {{(pid=105021) __init__ /opt/stack/placement/placement/objects/research_context.py:136}}
Jun 17 08:33:41.765660 n-d-831193-6 devstack@placement-api.service[105021]: DEBUG placement.objects.research_context [req-4989a435-d0ae-43e4-a7bc-671187fd062e req-2974365c-adb9-4fe0-886d-2e8ef8c02902 service placement] found 2 providers with available 1 DISK_GB {{(pid=105021) get_provider_ids_matching /opt/stack/placement/placement/objects/research_context.py:563}}
Jun 17 08:33:41.766234 n-d-831193-6 devstack@placement-api.service[105021]: DEBUG placement.objects.research_context [req-4989a435-d0ae-43e4-a7bc-671187fd062e req-2974365c-adb9-4fe0-886d-2e8ef8c02902 service placement] found 2 providers with available 1024 MEMORY_MB {{(pid=105021) get_provider_ids_matching /opt/stack/placement/placement/objects/research_context.py:563}}
Jun 17 08:33:41.766725 n-d-831193-6 devstack@placement-api.service[105021]: DEBUG placement.objects.research_context [req-4989a435-d0ae-43e4-a7bc-671187fd062e req-2974365c-adb9-4fe0-886d-2e8ef8c02902 service placement] found 2 providers after filtering by previous result {{(pid=105021) get_provider_ids_matching /opt/stack/placement/placement/objects/research_context.py:594}}
Jun 17 08:33:41.771086 n-d-831193-6 devstack@placement-api.service[105021]: DEBUG placement.objects.research_context [req-4989a435-d0ae-43e4-a7bc-671187fd062e req-2974365c-adb9-4fe0-886d-2e8ef8c02902 service placement] found 2 providers with available 1 VCPU {{(pid=105021) get_provider_ids_matching /opt/stack/placement/placement/objects/research_context.py:563}}
Jun 17 08:33:41.771873 n-d-831193-6 devstack@placement-api.service[105021]: DEBUG placement.objects.research_context [req-4989a435-d0ae-43e4-a7bc-671187fd062e req-2974365c-adb9-4fe0-886d-2e8ef8c02902 service placement] found 2 providers after filtering by previous result {{(pid=105021) get_provider_ids_matching /opt/stack/placement/placement/objects/research_context.py:594}}
Jun 17 08:33:41.802925 n-d-831193-6 devstack@placement-api.service[105021]: DEBUG placement.objects.allocation_candidate [req-4989a435-d0ae-43e4-a7bc-671187fd062e req-2974365c-adb9-4fe0-886d-2e8ef8c02902 service placement] RequestGroup(use_same_provider=False, resources={DISK_GB:1, MEMORY_MB:1024, VCPU:1}, traits=(), aggregates=[]) (suffix '') returned 2 matches {{(pid=105021) _get_by_requests /opt/stack/placement/placement/objects/allocation_candidate.py:156}}
Jun 17 08:33:41.803617 n-d-831193-6 devstack@placement-api.service[105021]: DEBUG placement.objects.allocation_candidate [req-4989a435-d0ae-43e4-a7bc-671187fd062e req-2974365c-adb9-4fe0-886d-2e8ef8c02902 service placement] Merging candidates yields 2 allocation requests and 2 provider summaries {{(pid=105021) _merge_candidates /opt/stack/placement/placement/objects/allocation_candidate.py:809}}
Jun 17 08:33:41.805423 n-d-831193-6 devstack@placement-api.service[105021]: INFO placement.requestlog [req-4989a435-d0ae-43e4-a7bc-671187fd062e req-2974365c-adb9-4fe0-886d-2e8ef8c02902 service placement] 10.222.0.23 "GET /placement/allocation_candidates?limit=1000&resources=DISK_GB%3A1%2CMEMORY_MB%3A1024%2CVCPU%3A1&root_required=%21COMPUTE_STATUS_DISABLED" status: 200 len: 1309 microversion: 1.36
Jun 17 08:33:41.816284 n-d-831193-6 devstack@placement-api.service[105021]: [pid: 105021|app: 0|req: 71/139] 10.222.0.23 () {60 vars in 1506 bytes} [Fri Jun 17 08:33:41 2022] GET /placement/allocation_candidates?limit=1000&resources=DISK_GB%3A1%2CMEMORY_MB%3A1024%2CVCPU%3A1&root_required=%21COMPUTE_STATUS_DISABLED => generated 1309 bytes in 161 msecs (HTTP/1.1 200) 8 headers in 297 bytes (1 switches on core 0)
Jun 17 08:33:41.931842 n-d-831193-6 devstack@placement-api.service[105020]: DEBUG placement.requestlog [req-4989a435-d0ae-43e4-a7bc-671187fd062e req-a5563a4b-b824-4a03-90e1-1ab1bdb57409 None None] Starting request: 10.222.0.23 "GET /placement/allocations/6c19991e-1b55-4a77-a5e7-18ce0d17b7a0" {{(pid=105020) __call__ /opt/stack/placement/placement/requestlog.py:55}}
Jun 17 08:33:41.974958 n-d-831193-6 devstack@placement-api.service[105020]: INFO placement.requestlog [req-4989a435-d0ae-43e4-a7bc-671187fd062e req-a5563a4b-b824-4a03-90e1-1ab1bdb57409 service placement] 10.222.0.23 "GET /placement/allocations/6c19991e-1b55-4a77-a5e7-18ce0d17b7a0" status: 200 len: 19 microversion: 1.28
Jun 17 08:33:41.982924 n-d-831193-6 devstack@placement-api.service[105021]: DEBUG placement.requestlog [req-4989a435-d0ae-43e4-a7bc-671187fd062e req-e777e594-bf06-488c-88d1-3ce7ed3fc870 None None] Starting request: 10.222.0.23 "PUT /placement/allocations/6c19991e-1b55-4a77-a5e7-18ce0d17b7a0" {{(pid=105021) __call__ /opt/stack/placement/placement/requestlog.py:55}}
Jun 17 08:33:41.989300 n-d-831193-6 devstack@placement-api.service[105020]: [pid: 105020|app: 0|req: 69/140] 10.222.0.23 () {60 vars in 1380 bytes} [Fri Jun 17 08:33:41 2022] GET /placement/allocations/6c19991e-1b55-4a77-a5e7-18ce0d17b7a0 => generated 19 bytes in 58 msecs (HTTP/1.1 200) 8 headers in 295 bytes (1 switches on core 0)
Jun 17 08:33:42.158329 n-d-831193-6 devstack@placement-api.service[105021]: DEBUG placement.handlers.allocation [req-4989a435-d0ae-43e4-a7bc-671187fd062e req-e777e594-bf06-488c-88d1-3ce7ed3fc870 service placement] Successfully wrote allocations [, , ] {{(pid=105021) _update_consumers_and_create_allocations /opt/stack/placement/placement/handlers/allocation.py:462}}
Jun 17 08:33:42.164861 n-d-831193-6 devstack@placement-api.service[105021]: INFO placement.requestlog [req-4989a435-d0ae-43e4-a7bc-671187fd062e req-e777e594-bf06-488c-88d1-3ce7ed3fc870 service placement] 10.222.0.23 "PUT /placement/allocations/6c19991e-1b55-4a77-a5e7-18ce0d17b7a0" status: 204 len: 0 microversion: 1.36
Jun 17 08:33:42.187470 n-d-831193-6 devstack@placement-api.service[105021]: [pid: 105021|app: 0|req: 72/141] 10.222.0.23 () {64 vars in 1433 bytes} [Fri Jun 17 08:33:41 2022] PUT /placement/allocations/6c19991e-1b55-4a77-a5e7-18ce0d17b7a0 => generated 0 bytes in 183 msecs (HTTP/1.1 204) 5 headers in 199 bytes (3 switches on core 0)
Jun 17 08:33:42.975794 n-d-831193-6 devstack@placement-api.service[105020]: DEBUG placement.requestlog [req-4989a435-d0ae-43e4-a7bc-671187fd062e req-faf1e896-4cac-4c89-9964-25ea6835995d None None] Starting request: 10.222.0.45 "GET /placement/allocations/6c19991e-1b55-4a77-a5e7-18ce0d17b7a0" {{(pid=105020) __call__ /opt/stack/placement/placement/requestlog.py:55}}
Jun 17 08:33:43.017294 n-d-831193-6 devstack@placement-api.service[105020]: INFO placement.requestlog [req-4989a435-d0ae-43e4-a7bc-671187fd062e req-faf1e896-4cac-4c89-9964-25ea6835995d service placement] 10.222.0.45 "GET /placement/allocations/6c19991e-1b55-4a77-a5e7-18ce0d17b7a0" status: 200 len: 259 microversion: 1.28
Jun 17 08:33:43.028843 n-d-831193-6 devstack@placement-api.service[105020]: [pid: 105020|app: 0|req: 70/142] 10.222.0.45 () {60 vars in 1377 bytes} [Fri Jun 17 08:33:42 2022] GET /placement/allocations/6c19991e-1b55-4a77-a5e7-18ce0d17b7a0 => generated 259 bytes in 53 msecs (HTTP/1.1 200) 8 headers in 296 bytes (1 switches on core 0)
Jun 17 08:33:45.981746 n-d-831193-6 devstack@placement-api.service[105021]: DEBUG placement.requestlog [req-4968ab23-4196-45f9-a6a4-0333336be268 req-1172c8b4-c15b-48ec-a610-1617e20b19d5 None None] Starting request: 10.222.0.23 "GET /placement/allocation_candidates?limit=1000&resources=DISK_GB%3A1%2CMEMORY_MB%3A1024%2CVCPU%3A1&root_required=%21COMPUTE_STATUS_DISABLED" {{(pid=105021) __call__ /opt/stack/placement/placement/requestlog.py:55}}
Jun 17 08:33:46.042562 n-d-831193-6 devstack@placement-api.service[105021]: DEBUG placement.objects.research_context [req-4968ab23-4196-45f9-a6a4-0333336be268 req-1172c8b4-c15b-48ec-a610-1617e20b19d5 service placement] getting providers with 1 DISK_GB {{(pid=105021) __init__ /opt/stack/placement/placement/objects/research_context.py:136}}
Jun 17 08:33:46.056010 n-d-831193-6 devstack@placement-api.service[105021]: DEBUG placement.objects.research_context [req-4968ab23-4196-45f9-a6a4-0333336be268 req-1172c8b4-c15b-48ec-a610-1617e20b19d5 service placement] getting providers with 1024 MEMORY_MB {{(pid=105021) __init__ /opt/stack/placement/placement/objects/research_context.py:136}}
Jun 17 08:33:46.079098 n-d-831193-6 devstack@placement-api.service[105021]: DEBUG placement.objects.research_context [req-4968ab23-4196-45f9-a6a4-0333336be268 req-1172c8b4-c15b-48ec-a610-1617e20b19d5 service placement] getting providers with 1 VCPU {{(pid=105021) __init__ /opt/stack/placement/placement/objects/research_context.py:136}}
Jun 17 08:33:46.087759 n-d-831193-6 devstack@placement-api.service[105021]: DEBUG placement.objects.research_context [req-4968ab23-4196-45f9-a6a4-0333336be268 req-1172c8b4-c15b-48ec-a610-1617e20b19d5 service placement] found 2 providers with available 1 DISK_GB {{(pid=105021) get_provider_ids_matching /opt/stack/placement/placement/objects/research_context.py:563}}
Jun 17 08:33:46.088707 n-d-831193-6 devstack@placement-api.service[105021]: DEBUG placement.objects.research_context [req-4968ab23-4196-45f9-a6a4-0333336be268 req-1172c8b4-c15b-48ec-a610-1617e20b19d5 service placement] found 2 providers with available 1024 MEMORY_MB {{(pid=105021) get_provider_ids_matching /opt/stack/placement/placement/objects/research_context.py:563}}
Jun 17 08:33:46.089155 n-d-831193-6 devstack@placement-api.service[105021]: DEBUG placement.objects.research_context [req-4968ab23-4196-45f9-a6a4-0333336be268 req-1172c8b4-c15b-48ec-a610-1617e20b19d5 service placement] found 2 providers after filtering by previous result {{(pid=105021) get_provider_ids_matching /opt/stack/placement/placement/objects/research_context.py:594}}
Jun 17 08:33:46.089583 n-d-831193-6 devstack@placement-api.service[105021]: DEBUG placement.objects.research_context [req-4968ab23-4196-45f9-a6a4-0333336be268 req-1172c8b4-c15b-48ec-a610-1617e20b19d5 service placement] found 2 providers with available 1 VCPU {{(pid=105021) get_provider_ids_matching /opt/stack/placement/placement/objects/research_context.py:563}}
Jun 17 08:33:46.090004 n-d-831193-6 devstack@placement-api.service[105021]: DEBUG placement.objects.research_context [req-4968ab23-4196-45f9-a6a4-0333336be268 req-1172c8b4-c15b-48ec-a610-1617e20b19d5 service placement] found 2 providers after filtering by previous result {{(pid=105021) get_provider_ids_matching /opt/stack/placement/placement/objects/research_context.py:594}}
Jun 17 08:33:46.114629 n-d-831193-6 devstack@placement-api.service[105021]: DEBUG placement.objects.allocation_candidate [req-4968ab23-4196-45f9-a6a4-0333336be268 req-1172c8b4-c15b-48ec-a610-1617e20b19d5 service placement] RequestGroup(use_same_provider=False, resources={DISK_GB:1, MEMORY_MB:1024, VCPU:1}, traits=(), aggregates=[]) (suffix '') returned 2 matches {{(pid=105021) _get_by_requests /opt/stack/placement/placement/objects/allocation_candidate.py:156}}
Jun 17 08:33:46.115000 n-d-831193-6 devstack@placement-api.service[105021]: DEBUG placement.objects.allocation_candidate [req-4968ab23-4196-45f9-a6a4-0333336be268 req-1172c8b4-c15b-48ec-a610-1617e20b19d5 service placement] Merging candidates yields 2 allocation requests and 2 provider summaries {{(pid=105021) _merge_candidates /opt/stack/placement/placement/objects/allocation_candidate.py:809}}
Jun 17 08:33:46.122959 n-d-831193-6 devstack@placement-api.service[105021]: INFO placement.requestlog [req-4968ab23-4196-45f9-a6a4-0333336be268 req-1172c8b4-c15b-48ec-a610-1617e20b19d5 service placement] 10.222.0.23 "GET /placement/allocation_candidates?limit=1000&resources=DISK_GB%3A1%2CMEMORY_MB%3A1024%2CVCPU%3A1&root_required=%21COMPUTE_STATUS_DISABLED" status: 200 len: 1309 microversion: 1.36
Jun 17 08:33:46.123370 n-d-831193-6 devstack@placement-api.service[105021]: [pid: 105021|app: 0|req: 73/143] 10.222.0.23 () {60 vars in 1506 bytes} [Fri Jun 17 08:33:45 2022] GET /placement/allocation_candidates?limit=1000&resources=DISK_GB%3A1%2CMEMORY_MB%3A1024%2CVCPU%3A1&root_required=%21COMPUTE_STATUS_DISABLED => generated 1309 bytes in 142 msecs (HTTP/1.1 200) 8 headers in 297 bytes (1 switches on core 0)
Jun 17 08:33:46.289493 n-d-831193-6 devstack@placement-api.service[105020]: DEBUG placement.requestlog [req-4968ab23-4196-45f9-a6a4-0333336be268 req-d198355a-ab0e-4267-a1c5-d3691f51f23e None None] Starting request: 10.222.0.23 "GET /placement/allocations/7863625a-ac2c-4d75-956c-062eb46dd3cb" {{(pid=105020) __call__ /opt/stack/placement/placement/requestlog.py:55}}
Jun 17 08:33:46.303608 n-d-831193-6 devstack@placement-api.service[105020]: INFO placement.requestlog [req-4968ab23-4196-45f9-a6a4-0333336be268 req-d198355a-ab0e-4267-a1c5-d3691f51f23e service placement] 10.222.0.23 "GET /placement/allocations/7863625a-ac2c-4d75-956c-062eb46dd3cb" status: 200 len: 19 microversion: 1.28
Jun 17 08:33:46.310364 n-d-831193-6 devstack@placement-api.service[105020]: [pid: 105020|app: 0|req: 71/144] 10.222.0.23 () {60 vars in 1380 bytes} [Fri Jun 17 08:33:46 2022] GET /placement/allocations/7863625a-ac2c-4d75-956c-062eb46dd3cb => generated 19 bytes in 21 msecs (HTTP/1.1 200) 8 headers in 295 bytes (1 switches on core 0)
Jun 17 08:33:46.310848 n-d-831193-6 devstack@placement-api.service[105021]: DEBUG placement.requestlog [req-4968ab23-4196-45f9-a6a4-0333336be268 req-5f768615-aa1c-4f68-9fa6-6e6ad0eca1a8 None None] Starting request: 10.222.0.23 "PUT /placement/allocations/7863625a-ac2c-4d75-956c-062eb46dd3cb" {{(pid=105021) __call__ /opt/stack/placement/placement/requestlog.py:55}}
Jun 17 08:33:46.392844 n-d-831193-6 devstack@placement-api.service[105021]: DEBUG dbcounter [-] [105021] Writing DB stats placement:SELECT=77,placement:INSERT=15,placement:DELETE=4,placement:UPDATE=4 {{(pid=105021) stat_writer /usr/local/lib/python3.8/dist-packages/dbcounter.py:114}}
Jun 17 08:33:46.445540 n-d-831193-6 devstack@placement-api.service[105021]: DEBUG placement.handlers.allocation [req-4968ab23-4196-45f9-a6a4-0333336be268 req-5f768615-aa1c-4f68-9fa6-6e6ad0eca1a8 service placement] Successfully wrote allocations [, , ] {{(pid=105021) _update_consumers_and_create_allocations /opt/stack/placement/placement/handlers/allocation.py:462}}
Jun 17 08:33:46.453142 n-d-831193-6 devstack@placement-api.service[105021]: INFO placement.requestlog [req-4968ab23-4196-45f9-a6a4-0333336be268 req-5f768615-aa1c-4f68-9fa6-6e6ad0eca1a8 service placement] 10.222.0.23 "PUT /placement/allocations/7863625a-ac2c-4d75-956c-062eb46dd3cb" status: 204 len: 0 microversion: 1.36
Jun 17 08:33:46.453860 n-d-831193-6 devstack@placement-api.service[105021]: [pid: 105021|app: 0|req: 74/145] 10.222.0.23 () {64 vars in 1433 bytes} [Fri Jun 17 08:33:46 2022] PUT /placement/allocations/7863625a-ac2c-4d75-956c-062eb46dd3cb => generated 0 bytes in 143 msecs (HTTP/1.1 204) 5 headers in 199 bytes (2 switches on core 0)
Jun 17 08:33:47.018298 n-d-831193-6 devstack@placement-api.service[105020]: DEBUG placement.requestlog [req-4968ab23-4196-45f9-a6a4-0333336be268 req-a035569e-a595-4589-8528-843dfb3daea4 None None] Starting request: 10.222.0.77 "GET /placement/allocations/7863625a-ac2c-4d75-956c-062eb46dd3cb" {{(pid=105020) __call__ /opt/stack/placement/placement/requestlog.py:55}}
Jun 17 08:33:47.077172 n-d-831193-6 devstack@placement-api.service[105020]: INFO placement.requestlog [req-4968ab23-4196-45f9-a6a4-0333336be268 req-a035569e-a595-4589-8528-843dfb3daea4 service placement] 10.222.0.77 "GET /placement/allocations/7863625a-ac2c-4d75-956c-062eb46dd3cb" status: 200 len: 259 microversion: 1.28
Jun 17 08:33:47.077573 n-d-831193-6 devstack@placement-api.service[105020]: [pid: 105020|app: 0|req: 72/146] 10.222.0.77 () {60 vars in 1377 bytes} [Fri Jun 17 08:33:47 2022] GET /placement/allocations/7863625a-ac2c-4d75-956c-062eb46dd3cb => generated 259 bytes in 60 msecs (HTTP/1.1 200) 8 headers in 296 bytes (1 switches on core 0)
Jun 17 08:33:47.966198 n-d-831193-6 devstack@placement-api.service[105021]: DEBUG placement.requestlog [None req-ce5dec6d-a4f4-40e8-9665-1d3048845df9 None None] Starting request: 10.222.0.23 "GET /placement/" {{(pid=105021) __call__ /opt/stack/placement/placement/requestlog.py:55}}
Jun 17 08:33:47.967493 n-d-831193-6 devstack@placement-api.service[105021]: INFO placement.requestlog [None req-ce5dec6d-a4f4-40e8-9665-1d3048845df9 None None] 10.222.0.23 "GET /placement/" status: 200 len: 136 microversion: 1.0
Jun 17 08:33:47.968324 n-d-831193-6 devstack@placement-api.service[105021]: [pid: 105021|app: 0|req: 75/147] 10.222.0.23 () {54 vars in 916 bytes} [Fri Jun 17 08:33:47 2022] GET /placement => generated 136 bytes in 2 msecs (HTTP/1.1 200) 6 headers in 224 bytes (1 switches on core 0)
Jun 17 08:33:47.982066 n-d-831193-6 devstack@placement-api.service[105020]: DEBUG placement.requestlog [req-f5e13454-c1a4-48c2-bc09-b558b2d26892 req-e667e9e0-2db0-434e-91f4-e2585a8cda1f None None] Starting request: 10.222.0.23 "GET /placement/allocations/90ea478b-3cee-479c-8f42-b58814460c12" {{(pid=105020) __call__ /opt/stack/placement/placement/requestlog.py:55}}
Jun 17 08:33:48.163628 n-d-831193-6 devstack@placement-api.service[105020]: INFO placement.requestlog [req-f5e13454-c1a4-48c2-bc09-b558b2d26892 req-e667e9e0-2db0-434e-91f4-e2585a8cda1f service placement] 10.222.0.23 "GET /placement/allocations/90ea478b-3cee-479c-8f42-b58814460c12" status: 200 len: 259 microversion: 1.28
Jun 17 08:33:48.167383 n-d-831193-6 devstack@placement-api.service[105020]: [pid: 105020|app: 0|req: 73/148] 10.222.0.23 () {60 vars in 1380 bytes} [Fri Jun 17 08:33:47 2022] GET /placement/allocations/90ea478b-3cee-479c-8f42-b58814460c12 => generated 259 bytes in 185 msecs (HTTP/1.1 200) 8 headers in 296 bytes (1 switches on core 0)
Jun 17 08:33:48.172197 n-d-831193-6 devstack@placement-api.service[105021]: DEBUG placement.requestlog [req-f5e13454-c1a4-48c2-bc09-b558b2d26892 req-78876553-3156-443f-9474-b9ff62d6d536 None None] Starting request: 10.222.0.23 "GET /placement/allocations/90ea478b-3cee-479c-8f42-b58814460c12" {{(pid=105021) __call__ /opt/stack/placement/placement/requestlog.py:55}}
Jun 17 08:33:48.219435 n-d-831193-6 devstack@placement-api.service[105021]: INFO placement.requestlog [req-f5e13454-c1a4-48c2-bc09-b558b2d26892 req-78876553-3156-443f-9474-b9ff62d6d536 service placement] 10.222.0.23 "GET /placement/allocations/90ea478b-3cee-479c-8f42-b58814460c12" status: 200 len: 259 microversion: 1.28
Jun 17 08:33:48.223942 n-d-831193-6 devstack@placement-api.service[105021]: [pid: 105021|app: 0|req: 76/149] 10.222.0.23 () {60 vars in 1380 bytes} [Fri Jun 17 08:33:48 2022] GET /placement/allocations/90ea478b-3cee-479c-8f42-b58814460c12 => generated 259 bytes in 52 msecs (HTTP/1.1 200) 8 headers in 296 bytes (1 switches on core 0)
Jun 17 08:33:48.230040 n-d-831193-6 devstack@placement-api.service[105020]: DEBUG placement.requestlog [req-f5e13454-c1a4-48c2-bc09-b558b2d26892 req-7b07438b-b4c9-4d2f-860b-408d3a791e23 None None] Starting request: 10.222.0.23 "GET /placement/allocations/6d062fac-0f2c-432b-81e3-a74e35865fba" {{(pid=105020) __call__ /opt/stack/placement/placement/requestlog.py:55}}
Jun 17 08:33:48.242021 n-d-831193-6 devstack@placement-api.service[105020]: INFO placement.requestlog [req-f5e13454-c1a4-48c2-bc09-b558b2d26892 req-7b07438b-b4c9-4d2f-860b-408d3a791e23 service placement] 10.222.0.23 "GET /placement/allocations/6d062fac-0f2c-432b-81e3-a74e35865fba" status: 200 len: 19 microversion: 1.28
Jun 17 08:33:48.243270 n-d-831193-6 devstack@placement-api.service[105020]: [pid: 105020|app: 0|req: 74/150] 10.222.0.23 () {60 vars in 1380 bytes} [Fri Jun 17 08:33:48 2022] GET /placement/allocations/6d062fac-0f2c-432b-81e3-a74e35865fba => generated 19 bytes in 13 msecs (HTTP/1.1 200) 8 headers in 295 bytes (1 switches on core 0)
Jun 17 08:33:48.250810 n-d-831193-6 devstack@placement-api.service[105021]: DEBUG placement.requestlog [req-f5e13454-c1a4-48c2-bc09-b558b2d26892 req-782ef9c1-d6f7-496c-835e-251cf7b4343b None None] Starting request: 10.222.0.23 "POST /placement/allocations" {{(pid=105021) __call__ /opt/stack/placement/placement/requestlog.py:55}}
Jun 17 08:33:48.411123 n-d-831193-6 devstack@placement-api.service[105021]: DEBUG placement.handlers.allocation [req-f5e13454-c1a4-48c2-bc09-b558b2d26892 req-782ef9c1-d6f7-496c-835e-251cf7b4343b service placement] Successfully wrote allocations [, , , , , ] {{(pid=105021) _update_consumers_and_create_allocations /opt/stack/placement/placement/handlers/allocation.py:572}}
Jun 17 08:33:48.438641 n-d-831193-6 devstack@placement-api.service[105021]: INFO placement.requestlog [req-f5e13454-c1a4-48c2-bc09-b558b2d26892 req-782ef9c1-d6f7-496c-835e-251cf7b4343b service placement] 10.222.0.23 "POST /placement/allocations" status: 204 len: 0 microversion: 1.28
Jun 17 08:33:48.441464 n-d-831193-6 devstack@placement-api.service[105021]: [pid: 105021|app: 0|req: 77/151] 10.222.0.23 () {64 vars in 1323 bytes} [Fri Jun 17 08:33:48 2022] POST /placement/allocations => generated 0 bytes in 190 msecs (HTTP/1.1 204) 5 headers in 199 bytes (1 switches on core 0)
Jun 17 08:33:48.546321 n-d-831193-6 devstack@placement-api.service[105020]: DEBUG placement.requestlog [req-f5e13454-c1a4-48c2-bc09-b558b2d26892 req-ed22eb24-fbe9-402a-93f5-e3e0ba2b4afe None None] Starting request: 10.222.0.23 "GET /placement/allocations/90ea478b-3cee-479c-8f42-b58814460c12" {{(pid=105020) __call__ /opt/stack/placement/placement/requestlog.py:55}}
Jun 17 08:33:48.560531 n-d-831193-6 devstack@placement-api.service[105020]: INFO placement.requestlog [req-f5e13454-c1a4-48c2-bc09-b558b2d26892 req-ed22eb24-fbe9-402a-93f5-e3e0ba2b4afe service placement] 10.222.0.23 "GET /placement/allocations/90ea478b-3cee-479c-8f42-b58814460c12" status: 200 len: 19 microversion: 1.28
Jun 17 08:33:48.561730 n-d-831193-6 devstack@placement-api.service[105020]: [pid: 105020|app: 0|req: 75/152] 10.222.0.23 () {60 vars in 1380 bytes} [Fri Jun 17 08:33:48 2022] GET /placement/allocations/90ea478b-3cee-479c-8f42-b58814460c12 => generated 19 bytes in 16 msecs (HTTP/1.1 200) 8 headers in 295 bytes (1 switches on core 0)
Jun 17 08:33:48.567671 n-d-831193-6 devstack@placement-api.service[105021]: DEBUG placement.requestlog [req-f5e13454-c1a4-48c2-bc09-b558b2d26892 req-146a9ac2-87f9-434e-ac19-0b0b667403f5 None None] Starting request: 10.222.0.23 "PUT /placement/allocations/90ea478b-3cee-479c-8f42-b58814460c12" {{(pid=105021) __call__ /opt/stack/placement/placement/requestlog.py:55}}
Jun 17 08:33:48.782236 n-d-831193-6 devstack@placement-api.service[105021]: DEBUG placement.handlers.allocation [req-f5e13454-c1a4-48c2-bc09-b558b2d26892 req-146a9ac2-87f9-434e-ac19-0b0b667403f5 service placement] Successfully wrote allocations [, , ] {{(pid=105021) _update_consumers_and_create_allocations /opt/stack/placement/placement/handlers/allocation.py:462}}
Jun 17 08:33:48.789585 n-d-831193-6 devstack@placement-api.service[105021]: INFO placement.requestlog [req-f5e13454-c1a4-48c2-bc09-b558b2d26892 req-146a9ac2-87f9-434e-ac19-0b0b667403f5 service placement] 10.222.0.23 "PUT /placement/allocations/90ea478b-3cee-479c-8f42-b58814460c12" status: 204 len: 0 microversion: 1.28
Jun 17 08:33:48.790815 n-d-831193-6 devstack@placement-api.service[105021]: [pid: 105021|app: 0|req: 78/153] 10.222.0.23 () {64 vars in 1433 bytes} [Fri Jun 17 08:33:48 2022] PUT /placement/allocations/90ea478b-3cee-479c-8f42-b58814460c12 => generated 0 bytes in 223 msecs (HTTP/1.1 204) 5 headers in 199 bytes (2 switches on core 0)
Jun 17 08:33:48.973759 n-d-831193-6 devstack@placement-api.service[105020]: DEBUG placement.requestlog [req-f5e13454-c1a4-48c2-bc09-b558b2d26892 req-ba2f002b-3f6e-4956-bb39-e1a370ab0b6c None None] Starting request: 10.222.0.45 "GET /placement/allocations/90ea478b-3cee-479c-8f42-b58814460c12" {{(pid=105020) __call__ /opt/stack/placement/placement/requestlog.py:55}}
Jun 17 08:33:49.020512 n-d-831193-6 devstack@placement-api.service[105020]: INFO placement.requestlog [req-f5e13454-c1a4-48c2-bc09-b558b2d26892 req-ba2f002b-3f6e-4956-bb39-e1a370ab0b6c service placement] 10.222.0.45 "GET /placement/allocations/90ea478b-3cee-479c-8f42-b58814460c12" status: 200 len: 259 microversion: 1.28
Jun 17 08:33:49.023158 n-d-831193-6 devstack@placement-api.service[105020]: [pid: 105020|app: 0|req: 76/154] 10.222.0.45 () {60 vars in 1377 bytes} [Fri Jun 17 08:33:48 2022] GET /placement/allocations/90ea478b-3cee-479c-8f42-b58814460c12 => generated 259 bytes in 50 msecs (HTTP/1.1 200) 8 headers in 296 bytes (1 switches on core 0)
Jun 17 08:33:54.963052 n-d-831193-6 devstack@placement-api.service[105021]: DEBUG placement.requestlog [None req-ef0d83b7-80ec-41bd-8b90-7f362e172daa None None] Starting request: 10.222.0.23 "GET /placement/" {{(pid=105021) __call__ /opt/stack/placement/placement/requestlog.py:55}}
Jun 17 08:33:54.963052 n-d-831193-6 devstack@placement-api.service[105021]: INFO placement.requestlog [None req-ef0d83b7-80ec-41bd-8b90-7f362e172daa None None] 10.222.0.23 "GET /placement/" status: 200 len: 136 microversion: 1.0
Jun 17 08:33:54.963052 n-d-831193-6 devstack@placement-api.service[105021]: [pid: 105021|app: 0|req: 79/155] 10.222.0.23 () {54 vars in 916 bytes} [Fri Jun 17 08:33:54 2022] GET /placement => generated 136 bytes in 2 msecs (HTTP/1.1 200) 6 headers in 224 bytes (1 switches on core 0)
Jun 17 08:33:54.980655 n-d-831193-6 devstack@placement-api.service[105020]: DEBUG placement.requestlog [req-3c318f55-52d7-44b1-839e-2780020b5f1b req-c71b36c5-55f9-4f31-b006-142e5d1be0fd None None] Starting request: 10.222.0.23 "GET /placement/allocations/7a468044-d4b6-4f48-ac47-4165747dd526" {{(pid=105020) __call__ /opt/stack/placement/placement/requestlog.py:55}}
Jun 17 08:33:55.079964 n-d-831193-6 devstack@placement-api.service[105020]: INFO placement.requestlog [req-3c318f55-52d7-44b1-839e-2780020b5f1b req-c71b36c5-55f9-4f31-b006-142e5d1be0fd service placement] 10.222.0.23 "GET /placement/allocations/7a468044-d4b6-4f48-ac47-4165747dd526" status: 200 len: 259 microversion: 1.28
Jun 17 08:33:55.080733 n-d-831193-6 devstack@placement-api.service[105020]: [pid: 105020|app: 0|req: 77/156] 10.222.0.23 () {60 vars in 1380 bytes} [Fri Jun 17 08:33:54 2022] GET /placement/allocations/7a468044-d4b6-4f48-ac47-4165747dd526 => generated 259 bytes in 100 msecs (HTTP/1.1 200) 8 headers in 296 bytes (1 switches on core 0)
Jun 17 08:33:55.086459 n-d-831193-6 devstack@placement-api.service[105021]: DEBUG placement.requestlog [req-3c318f55-52d7-44b1-839e-2780020b5f1b req-3eaf689a-f4ca-45d4-8c3f-574f42b45151 None None] Starting request: 10.222.0.23 "GET /placement/allocations/7a468044-d4b6-4f48-ac47-4165747dd526" {{(pid=105021) __call__ /opt/stack/placement/placement/requestlog.py:55}}
Jun 17 08:33:55.125712 n-d-831193-6 devstack@placement-api.service[105021]: INFO placement.requestlog [req-3c318f55-52d7-44b1-839e-2780020b5f1b req-3eaf689a-f4ca-45d4-8c3f-574f42b45151 service placement] 10.222.0.23 "GET /placement/allocations/7a468044-d4b6-4f48-ac47-4165747dd526" status: 200 len: 259 microversion: 1.28
Jun 17 08:33:55.126969 n-d-831193-6 devstack@placement-api.service[105021]: [pid: 105021|app: 0|req: 80/157] 10.222.0.23 () {60 vars in 1380 bytes} [Fri Jun 17 08:33:55 2022] GET /placement/allocations/7a468044-d4b6-4f48-ac47-4165747dd526 => generated 259 bytes in 41 msecs (HTTP/1.1 200) 8 headers in 296 bytes (1 switches on core 0)
Jun 17 08:33:55.142885 n-d-831193-6 devstack@placement-api.service[105020]: DEBUG placement.requestlog [req-3c318f55-52d7-44b1-839e-2780020b5f1b req-80bef66e-2dce-48c5-b64f-efc5966703ca None None] Starting request: 10.222.0.23 "GET /placement/allocations/1caa56bd-f8f2-4240-8637-8cb91184759c" {{(pid=105020) __call__ /opt/stack/placement/placement/requestlog.py:55}}
Jun 17 08:33:55.158468 n-d-831193-6 devstack@placement-api.service[105020]: INFO placement.requestlog [req-3c318f55-52d7-44b1-839e-2780020b5f1b req-80bef66e-2dce-48c5-b64f-efc5966703ca service placement] 10.222.0.23 "GET /placement/allocations/1caa56bd-f8f2-4240-8637-8cb91184759c" status: 200 len: 19 microversion: 1.28
