Sep 14 08:39:30.640603 n-d-831193-16 devstack@placement-api.service[107959]: [pid: 107959|app: 0|req: 29/59] 10.222.0.48 () {58 vars in 1390 bytes} [Wed Sep 14 08:39:30 2022] GET /placement/resource_providers/bdbd38a2-d71f-4271-af1e-45d1160c6aad/allocations => generated 254 bytes in 41 msecs (HTTP/1.1 200) 6 headers in 224 bytes (1 switches on core 0)
Sep 14 08:39:30.648461 n-d-831193-16 devstack@placement-api.service[107960]: DEBUG placement.requestlog [req-494b358f-3ac1-4fe7-9778-5335e7cdaf77 req-fd0e0915-ed1c-424d-ac45-b430ffd9773a None None] Starting request: 10.222.0.48 "GET /placement/allocations/49348711-ae26-46df-89c4-f7a743c0885e" {{(pid=107960) __call__ /opt/stack/placement/placement/requestlog.py:55}}
Sep 14 08:39:30.666302 n-d-831193-16 devstack@placement-api.service[107960]: INFO placement.requestlog [req-494b358f-3ac1-4fe7-9778-5335e7cdaf77 req-fd0e0915-ed1c-424d-ac45-b430ffd9773a service placement] 10.222.0.48 "GET /placement/allocations/49348711-ae26-46df-89c4-f7a743c0885e" status: 200 len: 258 microversion: 1.28
Sep 14 08:39:30.666935 n-d-831193-16 devstack@placement-api.service[107960]: [pid: 107960|app: 0|req: 31/60] 10.222.0.48 () {60 vars in 1377 bytes} [Wed Sep 14 08:39:30 2022] GET /placement/allocations/49348711-ae26-46df-89c4-f7a743c0885e => generated 258 bytes in 19 msecs (HTTP/1.1 200) 8 headers in 296 bytes (1 switches on core 0)
Sep 14 08:39:30.673767 n-d-831193-16 devstack@placement-api.service[107959]: DEBUG placement.requestlog [req-494b358f-3ac1-4fe7-9778-5335e7cdaf77 req-2e5c8947-d38a-4dc0-a578-c35285a7a2c1 None None] Starting request: 10.222.0.48 "GET /placement/allocations/1661d401-d771-4547-8ba2-718100e62431" {{(pid=107959) __call__ /opt/stack/placement/placement/requestlog.py:55}}
Sep 14 08:39:30.690899 n-d-831193-16 devstack@placement-api.service[107959]: INFO placement.requestlog [req-494b358f-3ac1-4fe7-9778-5335e7cdaf77 req-2e5c8947-d38a-4dc0-a578-c35285a7a2c1 service placement] 10.222.0.48 "GET /placement/allocations/1661d401-d771-4547-8ba2-718100e62431" status: 200 len: 258 microversion: 1.28
Sep 14 08:39:30.691265 n-d-831193-16 devstack@placement-api.service[107959]: [pid: 107959|app: 0|req: 30/61] 10.222.0.48 () {60 vars in 1377 bytes} [Wed Sep 14 08:39:30 2022] GET /placement/allocations/1661d401-d771-4547-8ba2-718100e62431 => generated 258 bytes in 18 msecs (HTTP/1.1 200) 8 headers in 296 bytes (2 switches on core 0)
Sep 14 08:39:30.924686 n-d-831193-16 devstack@placement-api.service[107960]: DEBUG placement.requestlog [req-494b358f-3ac1-4fe7-9778-5335e7cdaf77 req-74a1e1c9-5cb8-4404-895a-18681f9835b9 None None] Starting request: 10.222.0.48 "DELETE /placement/allocations/1661d401-d771-4547-8ba2-718100e62431" {{(pid=107960) __call__ /opt/stack/placement/placement/requestlog.py:55}}
Sep 14 08:39:30.968544 n-d-831193-16 devstack@placement-api.service[107960]: DEBUG placement.handlers.allocation [req-494b358f-3ac1-4fe7-9778-5335e7cdaf77 req-74a1e1c9-5cb8-4404-895a-18681f9835b9 service placement] Successfully deleted allocations [, , ] {{(pid=107960) delete_allocations /opt/stack/placement/placement/handlers/allocation.py:627}}
Sep 14 08:39:30.969187 n-d-831193-16 devstack@placement-api.service[107960]: INFO placement.requestlog [req-494b358f-3ac1-4fe7-9778-5335e7cdaf77 req-74a1e1c9-5cb8-4404-895a-18681f9835b9 service placement] 10.222.0.48 "DELETE /placement/allocations/1661d401-d771-4547-8ba2-718100e62431" status: 204 len: 0 microversion: 1.0
Sep 14 08:39:30.969698 n-d-831193-16 devstack@placement-api.service[107960]: [pid: 107960|app: 0|req: 32/62] 10.222.0.48 () {60 vars in 1355 bytes} [Wed Sep 14 08:39:30 2022] DELETE /placement/allocations/1661d401-d771-4547-8ba2-718100e62431 => generated 0 bytes in 45 msecs (HTTP/1.1 204) 5 headers in 198 bytes (1 switches on core 0)
Sep 14 08:39:31.637038 n-d-831193-16 devstack@placement-api.service[107959]: DEBUG placement.requestlog [req-e977c383-a9c2-40e1-836b-c073ce98f3d8 req-d26e2476-b0c4-4570-8445-f54d8e399dd0 None None] Starting request: 10.222.0.49 "GET /placement/resource_providers/35e3407f-7ab4-4911-80bb-4673945837fe/allocations" {{(pid=107959) __call__ /opt/stack/placement/placement/requestlog.py:55}}
Sep 14 08:39:31.681147 n-d-831193-16 devstack@placement-api.service[107959]: INFO placement.requestlog [req-e977c383-a9c2-40e1-836b-c073ce98f3d8 req-d26e2476-b0c4-4570-8445-f54d8e399dd0 service placement] 10.222.0.49 "GET /placement/resource_providers/35e3407f-7ab4-4911-80bb-4673945837fe/allocations" status: 200 len: 254 microversion: 1.0
Sep 14 08:39:31.681971 n-d-831193-16 devstack@placement-api.service[107959]: [pid: 107959|app: 0|req: 31/63] 10.222.0.49 () {58 vars in 1390 bytes} [Wed Sep 14 08:39:31 2022] GET /placement/resource_providers/35e3407f-7ab4-4911-80bb-4673945837fe/allocations => generated 254 bytes in 45 msecs (HTTP/1.1 200) 6 headers in 224 bytes (1 switches on core 0)
Sep 14 08:39:31.689305 n-d-831193-16 devstack@placement-api.service[107960]: DEBUG placement.requestlog [req-e977c383-a9c2-40e1-836b-c073ce98f3d8 req-0660f5ca-00d5-4e59-8448-2a3b8f482468 None None] Starting request: 10.222.0.49 "GET /placement/allocations/8dc96de6-2d4e-40f2-8af9-2bfe2c1c8f85" {{(pid=107960) __call__ /opt/stack/placement/placement/requestlog.py:55}}
Sep 14 08:39:31.718108 n-d-831193-16 devstack@placement-api.service[107960]: INFO placement.requestlog [req-e977c383-a9c2-40e1-836b-c073ce98f3d8 req-0660f5ca-00d5-4e59-8448-2a3b8f482468 service placement] 10.222.0.49 "GET /placement/allocations/8dc96de6-2d4e-40f2-8af9-2bfe2c1c8f85" status: 200 len: 258 microversion: 1.28
Sep 14 08:39:31.718506 n-d-831193-16 devstack@placement-api.service[107960]: [pid: 107960|app: 0|req: 33/64] 10.222.0.49 () {60 vars in 1377 bytes} [Wed Sep 14 08:39:31 2022] GET /placement/allocations/8dc96de6-2d4e-40f2-8af9-2bfe2c1c8f85 => generated 258 bytes in 29 msecs (HTTP/1.1 200) 8 headers in 296 bytes (1 switches on core 0)
Sep 14 08:39:31.725861 n-d-831193-16 devstack@placement-api.service[107959]: DEBUG placement.requestlog [req-e977c383-a9c2-40e1-836b-c073ce98f3d8 req-4a20a09e-4865-4f39-bafb-7ec86d156306 None None] Starting request: 10.222.0.49 "GET /placement/allocations/3c36c8b8-2149-4470-927a-acd0b803f64e" {{(pid=107959) __call__ /opt/stack/placement/placement/requestlog.py:55}}
Sep 14 08:39:31.752608 n-d-831193-16 devstack@placement-api.service[107959]: INFO placement.requestlog [req-e977c383-a9c2-40e1-836b-c073ce98f3d8 req-4a20a09e-4865-4f39-bafb-7ec86d156306 service placement] 10.222.0.49 "GET /placement/allocations/3c36c8b8-2149-4470-927a-acd0b803f64e" status: 200 len: 258 microversion: 1.28
Sep 14 08:39:31.753400 n-d-831193-16 devstack@placement-api.service[107959]: [pid: 107959|app: 0|req: 32/65] 10.222.0.49 () {60 vars in 1377 bytes} [Wed Sep 14 08:39:31 2022] GET /placement/allocations/3c36c8b8-2149-4470-927a-acd0b803f64e => generated 258 bytes in 28 msecs (HTTP/1.1 200) 8 headers in 296 bytes (1 switches on core 0)
Sep 14 08:39:31.999394 n-d-831193-16 devstack@placement-api.service[107960]: DEBUG placement.requestlog [req-e977c383-a9c2-40e1-836b-c073ce98f3d8 req-7ea16d18-a866-421f-9049-09c2f723536f None None] Starting request: 10.222.0.49 "DELETE /placement/allocations/8dc96de6-2d4e-40f2-8af9-2bfe2c1c8f85" {{(pid=107960) __call__ /opt/stack/placement/placement/requestlog.py:55}}
Sep 14 08:39:32.031950 n-d-831193-16 devstack@placement-api.service[107960]: DEBUG placement.handlers.allocation [req-e977c383-a9c2-40e1-836b-c073ce98f3d8 req-7ea16d18-a866-421f-9049-09c2f723536f service placement] Successfully deleted allocations [, , ] {{(pid=107960) delete_allocations /opt/stack/placement/placement/handlers/allocation.py:627}}
Sep 14 08:39:32.033434 n-d-831193-16 devstack@placement-api.service[107960]: INFO placement.requestlog [req-e977c383-a9c2-40e1-836b-c073ce98f3d8 req-7ea16d18-a866-421f-9049-09c2f723536f service placement] 10.222.0.49 "DELETE /placement/allocations/8dc96de6-2d4e-40f2-8af9-2bfe2c1c8f85" status: 204 len: 0 microversion: 1.0
Sep 14 08:39:32.034422 n-d-831193-16 devstack@placement-api.service[107960]: [pid: 107960|app: 0|req: 34/66] 10.222.0.49 () {60 vars in 1355 bytes} [Wed Sep 14 08:39:31 2022] DELETE /placement/allocations/8dc96de6-2d4e-40f2-8af9-2bfe2c1c8f85 => generated 0 bytes in 35 msecs (HTTP/1.1 204) 5 headers in 198 bytes (1 switches on core 0)
Sep 14 08:39:33.082648 n-d-831193-16 devstack@placement-api.service[107959]: DEBUG placement.requestlog [req-b2ceab5d-fe29-47cc-870e-cc262d685b55 req-47ebc50f-cb3c-4b44-ab52-752b44f43bc8 None None] Starting request: 10.222.0.52 "GET /placement/resource_providers?name=n-h2-831193-16" {{(pid=107959) __call__ /opt/stack/placement/placement/requestlog.py:55}}
Sep 14 08:39:33.105780 n-d-831193-16 devstack@placement-api.service[107959]: INFO placement.requestlog [req-b2ceab5d-fe29-47cc-870e-cc262d685b55 req-47ebc50f-cb3c-4b44-ab52-752b44f43bc8 service placement] 10.222.0.52 "GET /placement/resource_providers?name=n-h2-831193-16" status: 200 len: 441 microversion: 1.0
Sep 14 08:39:33.106851 n-d-831193-16 devstack@placement-api.service[107959]: [pid: 107959|app: 0|req: 33/67] 10.222.0.52 () {58 vars in 1276 bytes} [Wed Sep 14 08:39:33 2022] GET /placement/resource_providers?name=n-h2-831193-16 => generated 441 bytes in 25 msecs (HTTP/1.1 200) 6 headers in 224 bytes (1 switches on core 0)
Sep 14 08:39:33.120027 n-d-831193-16 devstack@placement-api.service[107960]: DEBUG placement.requestlog [req-b2ceab5d-fe29-47cc-870e-cc262d685b55 req-5104b410-1f4b-49c3-832c-2eac5008eacd None None] Starting request: 10.222.0.52 "GET /placement/resource_providers/35e3407f-7ab4-4911-80bb-4673945837fe/aggregates" {{(pid=107960) __call__ /opt/stack/placement/placement/requestlog.py:55}}
Sep 14 08:39:33.137241 n-d-831193-16 devstack@placement-api.service[107960]: INFO placement.requestlog [req-b2ceab5d-fe29-47cc-870e-cc262d685b55 req-5104b410-1f4b-49c3-832c-2eac5008eacd service placement] 10.222.0.52 "GET /placement/resource_providers/35e3407f-7ab4-4911-80bb-4673945837fe/aggregates" status: 200 len: 91 microversion: 1.19
Sep 14 08:39:33.137906 n-d-831193-16 devstack@placement-api.service[107960]: [pid: 107960|app: 0|req: 35/68] 10.222.0.52 () {60 vars in 1425 bytes} [Wed Sep 14 08:39:33 2022] GET /placement/resource_providers/35e3407f-7ab4-4911-80bb-4673945837fe/aggregates => generated 91 bytes in 18 msecs (HTTP/1.1 200) 8 headers in 295 bytes (1 switches on core 0)
Sep 14 08:39:33.145466 n-d-831193-16 devstack@placement-api.service[107959]: DEBUG placement.requestlog [req-b2ceab5d-fe29-47cc-870e-cc262d685b55 req-e4aac0b5-c005-471e-835c-77dd5832fa54 None None] Starting request: 10.222.0.52 "PUT /placement/resource_providers/35e3407f-7ab4-4911-80bb-4673945837fe/aggregates" {{(pid=107959) __call__ /opt/stack/placement/placement/requestlog.py:55}}
Sep 14 08:39:33.162631 n-d-831193-16 devstack@placement-api.service[107960]: DEBUG placement.requestlog [req-8f3a7fab-58ee-462b-9000-529a582cfba7 req-309f06f1-2b0a-4f4e-80f4-1030c744d003 None None] Starting request: 10.222.0.52 "GET /placement/allocation_candidates?limit=1000&resources=DISK_GB%3A1%2CMEMORY_MB%3A1024%2CVCPU%3A1&root_required=%21COMPUTE_STATUS_DISABLED" {{(pid=107960) __call__ /opt/stack/placement/placement/requestlog.py:55}}
Sep 14 08:39:33.193301 n-d-831193-16 devstack@placement-api.service[107959]: DEBUG placement.objects.resource_provider [req-b2ceab5d-fe29-47cc-870e-cc262d685b55 req-e4aac0b5-c005-471e-835c-77dd5832fa54 service placement] Setting aggregates for provider 35e3407f-7ab4-4911-80bb-4673945837fe. Successfully disassociated aggregate fd6450b2-6fe0-4cbb-ad0b-a24656b44039. {{(pid=107959) _set_aggregates /opt/stack/placement/placement/objects/resource_provider.py:404}}
Sep 14 08:39:33.211111 n-d-831193-16 devstack@placement-api.service[107959]: INFO placement.requestlog [req-b2ceab5d-fe29-47cc-870e-cc262d685b55 req-e4aac0b5-c005-471e-835c-77dd5832fa54 service placement] 10.222.0.52 "PUT /placement/resource_providers/35e3407f-7ab4-4911-80bb-4673945837fe/aggregates" status: 200 len: 53 microversion: 1.19
Sep 14 08:39:33.211989 n-d-831193-16 devstack@placement-api.service[107959]: [pid: 107959|app: 0|req: 34/69] 10.222.0.52 () {64 vars in 1477 bytes} [Wed Sep 14 08:39:33 2022] PUT /placement/resource_providers/35e3407f-7ab4-4911-80bb-4673945837fe/aggregates => generated 53 bytes in 67 msecs (HTTP/1.1 200) 8 headers in 295 bytes (2 switches on core 0)
Sep 14 08:39:33.215023 n-d-831193-16 devstack@placement-api.service[107960]: DEBUG placement.objects.research_context [req-8f3a7fab-58ee-462b-9000-529a582cfba7 req-309f06f1-2b0a-4f4e-80f4-1030c744d003 service placement] getting providers with 1 DISK_GB {{(pid=107960) __init__ /opt/stack/placement/placement/objects/research_context.py:136}}
Sep 14 08:39:33.221506 n-d-831193-16 devstack@placement-api.service[107960]: DEBUG placement.objects.research_context [req-8f3a7fab-58ee-462b-9000-529a582cfba7 req-309f06f1-2b0a-4f4e-80f4-1030c744d003 service placement] getting providers with 1024 MEMORY_MB {{(pid=107960) __init__ /opt/stack/placement/placement/objects/research_context.py:136}}
Sep 14 08:39:33.229041 n-d-831193-16 devstack@placement-api.service[107960]: DEBUG placement.objects.research_context [req-8f3a7fab-58ee-462b-9000-529a582cfba7 req-309f06f1-2b0a-4f4e-80f4-1030c744d003 service placement] getting providers with 1 VCPU {{(pid=107960) __init__ /opt/stack/placement/placement/objects/research_context.py:136}}
Sep 14 08:39:33.236356 n-d-831193-16 devstack@placement-api.service[107960]: DEBUG placement.objects.research_context [req-8f3a7fab-58ee-462b-9000-529a582cfba7 req-309f06f1-2b0a-4f4e-80f4-1030c744d003 service placement] found 2 providers with available 1 DISK_GB {{(pid=107960) get_provider_ids_matching /opt/stack/placement/placement/objects/research_context.py:563}}
Sep 14 08:39:33.236642 n-d-831193-16 devstack@placement-api.service[107960]: DEBUG placement.objects.research_context [req-8f3a7fab-58ee-462b-9000-529a582cfba7 req-309f06f1-2b0a-4f4e-80f4-1030c744d003 service placement] found 2 providers with available 1024 MEMORY_MB {{(pid=107960) get_provider_ids_matching /opt/stack/placement/placement/objects/research_context.py:563}}
Sep 14 08:39:33.237742 n-d-831193-16 devstack@placement-api.service[107960]: DEBUG placement.objects.research_context [req-8f3a7fab-58ee-462b-9000-529a582cfba7 req-309f06f1-2b0a-4f4e-80f4-1030c744d003 service placement] found 2 providers after filtering by previous result {{(pid=107960) get_provider_ids_matching /opt/stack/placement/placement/objects/research_context.py:594}}
Sep 14 08:39:33.238041 n-d-831193-16 devstack@placement-api.service[107960]: DEBUG placement.objects.research_context [req-8f3a7fab-58ee-462b-9000-529a582cfba7 req-309f06f1-2b0a-4f4e-80f4-1030c744d003 service placement] found 2 providers with available 1 VCPU {{(pid=107960) get_provider_ids_matching /opt/stack/placement/placement/objects/research_context.py:563}}
Sep 14 08:39:33.238334 n-d-831193-16 devstack@placement-api.service[107960]: DEBUG placement.objects.research_context [req-8f3a7fab-58ee-462b-9000-529a582cfba7 req-309f06f1-2b0a-4f4e-80f4-1030c744d003 service placement] found 2 providers after filtering by previous result {{(pid=107960) get_provider_ids_matching /opt/stack/placement/placement/objects/research_context.py:594}}
Sep 14 08:39:33.267370 n-d-831193-16 devstack@placement-api.service[107960]: DEBUG placement.objects.allocation_candidate [req-8f3a7fab-58ee-462b-9000-529a582cfba7 req-309f06f1-2b0a-4f4e-80f4-1030c744d003 service placement] RequestGroup(use_same_provider=False, resources={DISK_GB:1, MEMORY_MB:1024, VCPU:1}, traits=(), aggregates=[]) (suffix '') returned 2 matches {{(pid=107960) _get_by_requests /opt/stack/placement/placement/objects/allocation_candidate.py:156}}
Sep 14 08:39:33.267807 n-d-831193-16 devstack@placement-api.service[107960]: DEBUG placement.objects.allocation_candidate [req-8f3a7fab-58ee-462b-9000-529a582cfba7 req-309f06f1-2b0a-4f4e-80f4-1030c744d003 service placement] Merging candidates yields 2 allocation requests and 2 provider summaries {{(pid=107960) _merge_candidates /opt/stack/placement/placement/objects/allocation_candidate.py:809}}
Sep 14 08:39:33.269702 n-d-831193-16 devstack@placement-api.service[107960]: INFO placement.requestlog [req-8f3a7fab-58ee-462b-9000-529a582cfba7 req-309f06f1-2b0a-4f4e-80f4-1030c744d003 service placement] 10.222.0.52 "GET /placement/allocation_candidates?limit=1000&resources=DISK_GB%3A1%2CMEMORY_MB%3A1024%2CVCPU%3A1&root_required=%21COMPUTE_STATUS_DISABLED" status: 200 len: 1309 microversion: 1.36
Sep 14 08:39:33.270715 n-d-831193-16 devstack@placement-api.service[107960]: [pid: 107960|app: 0|req: 36/70] 10.222.0.52 () {60 vars in 1506 bytes} [Wed Sep 14 08:39:33 2022] GET /placement/allocation_candidates?limit=1000&resources=DISK_GB%3A1%2CMEMORY_MB%3A1024%2CVCPU%3A1&root_required=%21COMPUTE_STATUS_DISABLED => generated 1309 bytes in 108 msecs (HTTP/1.1 200) 8 headers in 297 bytes (1 switches on core 0)
Sep 14 08:39:33.357461 n-d-831193-16 devstack@placement-api.service[107959]: DEBUG placement.requestlog [req-8f3a7fab-58ee-462b-9000-529a582cfba7 req-fee5d6e0-8fbd-4c41-9a03-c2e1478c718d None None] Starting request: 10.222.0.52 "GET /placement/allocations/54e41bea-5133-43d3-aeb9-3cd0b4171c70" {{(pid=107959) __call__ /opt/stack/placement/placement/requestlog.py:55}}
Sep 14 08:39:33.378326 n-d-831193-16 devstack@placement-api.service[107959]: INFO placement.requestlog [req-8f3a7fab-58ee-462b-9000-529a582cfba7 req-fee5d6e0-8fbd-4c41-9a03-c2e1478c718d service placement] 10.222.0.52 "GET /placement/allocations/54e41bea-5133-43d3-aeb9-3cd0b4171c70" status: 200 len: 19 microversion: 1.28
Sep 14 08:39:33.386010 n-d-831193-16 devstack@placement-api.service[107959]: [pid: 107959|app: 0|req: 35/71] 10.222.0.52 () {60 vars in 1380 bytes} [Wed Sep 14 08:39:33 2022] GET /placement/allocations/54e41bea-5133-43d3-aeb9-3cd0b4171c70 => generated 19 bytes in 29 msecs (HTTP/1.1 200) 8 headers in 295 bytes (1 switches on core 0)
Sep 14 08:39:33.386162 n-d-831193-16 devstack@placement-api.service[107960]: DEBUG placement.requestlog [req-8f3a7fab-58ee-462b-9000-529a582cfba7 req-76a1eab2-93fa-4be3-8efc-aeddd083a213 None None] Starting request: 10.222.0.52 "PUT /placement/allocations/54e41bea-5133-43d3-aeb9-3cd0b4171c70" {{(pid=107960) __call__ /opt/stack/placement/placement/requestlog.py:55}}
Sep 14 08:39:33.413330 n-d-831193-16 devstack@placement-api.service[107960]: DEBUG dbcounter [-] [107960] Writing DB stats placement:SELECT=86,placement:INSERT=6,placement:DELETE=6,placement:UPDATE=2 {{(pid=107960) stat_writer /usr/local/lib/python3.8/dist-packages/dbcounter.py:114}}
Sep 14 08:39:33.488497 n-d-831193-16 devstack@placement-api.service[107960]: DEBUG placement.handlers.allocation [req-8f3a7fab-58ee-462b-9000-529a582cfba7 req-76a1eab2-93fa-4be3-8efc-aeddd083a213 service placement] Successfully wrote allocations [, , ] {{(pid=107960) _update_consumers_and_create_allocations /opt/stack/placement/placement/handlers/allocation.py:462}}
Sep 14 08:39:33.500892 n-d-831193-16 devstack@placement-api.service[107960]: INFO placement.requestlog [req-8f3a7fab-58ee-462b-9000-529a582cfba7 req-76a1eab2-93fa-4be3-8efc-aeddd083a213 service placement] 10.222.0.52 "PUT /placement/allocations/54e41bea-5133-43d3-aeb9-3cd0b4171c70" status: 204 len: 0 microversion: 1.36
Sep 14 08:39:33.503861 n-d-831193-16 devstack@placement-api.service[107960]: [pid: 107960|app: 0|req: 37/72] 10.222.0.52 () {64 vars in 1433 bytes} [Wed Sep 14 08:39:33 2022] PUT /placement/allocations/54e41bea-5133-43d3-aeb9-3cd0b4171c70 => generated 0 bytes in 116 msecs (HTTP/1.1 204) 5 headers in 199 bytes (2 switches on core 0)
Sep 14 08:39:33.536592 n-d-831193-16 devstack@placement-api.service[107959]: DEBUG placement.requestlog [req-4b0cb62b-7f00-4c34-bb00-b8e5269d24cc req-3167a71a-d21d-43bc-8d44-947b791a469e None None] Starting request: 10.222.0.52 "GET /placement/resource_providers?name=n-h2-831193-16" {{(pid=107959) __call__ /opt/stack/placement/placement/requestlog.py:55}}
Sep 14 08:39:33.582122 n-d-831193-16 devstack@placement-api.service[107959]: INFO placement.requestlog [req-4b0cb62b-7f00-4c34-bb00-b8e5269d24cc req-3167a71a-d21d-43bc-8d44-947b791a469e service placement] 10.222.0.52 "GET /placement/resource_providers?name=n-h2-831193-16" status: 200 len: 441 microversion: 1.0
Sep 14 08:39:33.583871 n-d-831193-16 devstack@placement-api.service[107959]: [pid: 107959|app: 0|req: 36/73] 10.222.0.52 () {58 vars in 1276 bytes} [Wed Sep 14 08:39:33 2022] GET /placement/resource_providers?name=n-h2-831193-16 => generated 441 bytes in 47 msecs (HTTP/1.1 200) 6 headers in 224 bytes (1 switches on core 0)
Sep 14 08:39:33.592816 n-d-831193-16 devstack@placement-api.service[107960]: DEBUG placement.requestlog [req-4b0cb62b-7f00-4c34-bb00-b8e5269d24cc req-1853f985-6606-4a27-809d-8fd6fb448954 None None] Starting request: 10.222.0.52 "GET /placement/resource_providers/35e3407f-7ab4-4911-80bb-4673945837fe/aggregates" {{(pid=107960) __call__ /opt/stack/placement/placement/requestlog.py:55}}
Sep 14 08:39:33.620889 n-d-831193-16 devstack@placement-api.service[107960]: INFO placement.requestlog [req-4b0cb62b-7f00-4c34-bb00-b8e5269d24cc req-1853f985-6606-4a27-809d-8fd6fb448954 service placement] 10.222.0.52 "GET /placement/resource_providers/35e3407f-7ab4-4911-80bb-4673945837fe/aggregates" status: 200 len: 53 microversion: 1.19
Sep 14 08:39:33.621317 n-d-831193-16 devstack@placement-api.service[107960]: [pid: 107960|app: 0|req: 38/74] 10.222.0.52 () {60 vars in 1425 bytes} [Wed Sep 14 08:39:33 2022] GET /placement/resource_providers/35e3407f-7ab4-4911-80bb-4673945837fe/aggregates => generated 53 bytes in 29 msecs (HTTP/1.1 200) 8 headers in 295 bytes (1 switches on core 0)
Sep 14 08:39:33.632314 n-d-831193-16 devstack@placement-api.service[107959]: DEBUG placement.requestlog [req-4b0cb62b-7f00-4c34-bb00-b8e5269d24cc req-076a3d4b-c857-405a-a782-b4ca72e47c57 None None] Starting request: 10.222.0.52 "PUT /placement/resource_providers/35e3407f-7ab4-4911-80bb-4673945837fe/aggregates" {{(pid=107959) __call__ /opt/stack/placement/placement/requestlog.py:55}}
Sep 14 08:39:33.658778 n-d-831193-16 devstack@placement-api.service[107959]: DEBUG placement.objects.resource_provider [req-4b0cb62b-7f00-4c34-bb00-b8e5269d24cc req-076a3d4b-c857-405a-a782-b4ca72e47c57 service placement] _ensure_aggregate() did not find aggregate e6a61cd3-9ac0-4bfc-bbe9-cd31a27944f6. Attempting to create it. {{(pid=107959) _ensure_aggregate /opt/stack/placement/placement/objects/resource_provider.py:321}}
Sep 14 08:39:33.661749 n-d-831193-16 devstack@placement-api.service[107959]: DEBUG placement.objects.resource_provider [req-4b0cb62b-7f00-4c34-bb00-b8e5269d24cc req-076a3d4b-c857-405a-a782-b4ca72e47c57 service placement] _ensure_aggregate() created new aggregate e6a61cd3-9ac0-4bfc-bbe9-cd31a27944f6 (id=2). {{(pid=107959) _ensure_aggregate /opt/stack/placement/placement/objects/resource_provider.py:327}}
Sep 14 08:39:33.664050 n-d-831193-16 devstack@placement-api.service[107959]: DEBUG placement.objects.resource_provider [req-4b0cb62b-7f00-4c34-bb00-b8e5269d24cc req-076a3d4b-c857-405a-a782-b4ca72e47c57 service placement] Setting aggregates for provider 35e3407f-7ab4-4911-80bb-4673945837fe. Successfully associated aggregate e6a61cd3-9ac0-4bfc-bbe9-cd31a27944f6. {{(pid=107959) _set_aggregates /opt/stack/placement/placement/objects/resource_provider.py:389}}
Sep 14 08:39:33.676710 n-d-831193-16 devstack@placement-api.service[107959]: INFO placement.requestlog [req-4b0cb62b-7f00-4c34-bb00-b8e5269d24cc req-076a3d4b-c857-405a-a782-b4ca72e47c57 service placement] 10.222.0.52 "PUT /placement/resource_providers/35e3407f-7ab4-4911-80bb-4673945837fe/aggregates" status: 200 len: 91 microversion: 1.19
Sep 14 08:39:33.678299 n-d-831193-16 devstack@placement-api.service[107959]: [pid: 107959|app: 0|req: 37/75] 10.222.0.52 () {64 vars in 1477 bytes} [Wed Sep 14 08:39:33 2022] PUT /placement/resource_providers/35e3407f-7ab4-4911-80bb-4673945837fe/aggregates => generated 91 bytes in 46 msecs (HTTP/1.1 200) 8 headers in 295 bytes (1 switches on core 0)
Sep 14 08:39:33.919610 n-d-831193-16 devstack@placement-api.service[107960]: DEBUG placement.requestlog [req-8f3a7fab-58ee-462b-9000-529a582cfba7 req-3437815d-2de6-4648-9b92-fc10b426fb88 None None] Starting request: 10.222.0.49 "GET /placement/allocations/54e41bea-5133-43d3-aeb9-3cd0b4171c70" {{(pid=107960) __call__ /opt/stack/placement/placement/requestlog.py:55}}
Sep 14 08:39:33.937127 n-d-831193-16 devstack@placement-api.service[107960]: INFO placement.requestlog [req-8f3a7fab-58ee-462b-9000-529a582cfba7 req-3437815d-2de6-4648-9b92-fc10b426fb88 service placement] 10.222.0.49 "GET /placement/allocations/54e41bea-5133-43d3-aeb9-3cd0b4171c70" status: 200 len: 258 microversion: 1.28
Sep 14 08:39:33.938152 n-d-831193-16 devstack@placement-api.service[107960]: [pid: 107960|app: 0|req: 39/76] 10.222.0.49 () {60 vars in 1377 bytes} [Wed Sep 14 08:39:33 2022] GET /placement/allocations/54e41bea-5133-43d3-aeb9-3cd0b4171c70 => generated 258 bytes in 19 msecs (HTTP/1.1 200) 8 headers in 296 bytes (1 switches on core 0)
Sep 14 08:39:34.103794 n-d-831193-16 devstack@placement-api.service[107959]: DEBUG placement.requestlog [req-8f3a7fab-58ee-462b-9000-529a582cfba7 req-2afa841c-f907-4026-9701-d300c2830c55 None None] Starting request: 10.222.0.49 "GET /placement/resource_providers/35e3407f-7ab4-4911-80bb-4673945837fe/allocations" {{(pid=107959) __call__ /opt/stack/placement/placement/requestlog.py:55}}
Sep 14 08:39:34.126280 n-d-831193-16 devstack@placement-api.service[107959]: DEBUG dbcounter [-] [107959] Writing DB stats placement:SELECT=85,placement:INSERT=8,placement:DELETE=3,placement:UPDATE=4 {{(pid=107959) stat_writer /usr/local/lib/python3.8/dist-packages/dbcounter.py:114}}
Sep 14 08:39:34.141783 n-d-831193-16 devstack@placement-api.service[107959]: INFO placement.requestlog [req-8f3a7fab-58ee-462b-9000-529a582cfba7 req-2afa841c-f907-4026-9701-d300c2830c55 service placement] 10.222.0.49 "GET /placement/resource_providers/35e3407f-7ab4-4911-80bb-4673945837fe/allocations" status: 200 len: 254 microversion: 1.0
Sep 14 08:39:34.143140 n-d-831193-16 devstack@placement-api.service[107959]: [pid: 107959|app: 0|req: 38/77] 10.222.0.49 () {58 vars in 1390 bytes} [Wed Sep 14 08:39:34 2022] GET /placement/resource_providers/35e3407f-7ab4-4911-80bb-4673945837fe/allocations => generated 254 bytes in 43 msecs (HTTP/1.1 200) 6 headers in 224 bytes (1 switches on core 0)
Sep 14 08:39:34.149497 n-d-831193-16 devstack@placement-api.service[107960]: DEBUG placement.requestlog [req-8f3a7fab-58ee-462b-9000-529a582cfba7 req-be7d0248-374d-44ed-86a7-0cb88da28cf1 None None] Starting request: 10.222.0.49 "GET /placement/allocations/3c36c8b8-2149-4470-927a-acd0b803f64e" {{(pid=107960) __call__ /opt/stack/placement/placement/requestlog.py:55}}
Sep 14 08:39:34.179046 n-d-831193-16 devstack@placement-api.service[107960]: INFO placement.requestlog [req-8f3a7fab-58ee-462b-9000-529a582cfba7 req-be7d0248-374d-44ed-86a7-0cb88da28cf1 service placement] 10.222.0.49 "GET /placement/allocations/3c36c8b8-2149-4470-927a-acd0b803f64e" status: 200 len: 258 microversion: 1.28
Sep 14 08:39:34.180296 n-d-831193-16 devstack@placement-api.service[107960]: [pid: 107960|app: 0|req: 40/78] 10.222.0.49 () {60 vars in 1377 bytes} [Wed Sep 14 08:39:34 2022] GET /placement/allocations/3c36c8b8-2149-4470-927a-acd0b803f64e => generated 258 bytes in 31 msecs (HTTP/1.1 200) 8 headers in 296 bytes (1 switches on core 0)
Sep 14 08:39:34.187063 n-d-831193-16 devstack@placement-api.service[107959]: DEBUG placement.requestlog [req-8f3a7fab-58ee-462b-9000-529a582cfba7 req-87fec849-ef25-46d3-be43-4785e77f4be0 None None] Starting request: 10.222.0.49 "GET /placement/allocations/54e41bea-5133-43d3-aeb9-3cd0b4171c70" {{(pid=107959) __call__ /opt/stack/placement/placement/requestlog.py:55}}
Sep 14 08:39:34.216185 n-d-831193-16 devstack@placement-api.service[107959]: INFO placement.requestlog [req-8f3a7fab-58ee-462b-9000-529a582cfba7 req-87fec849-ef25-46d3-be43-4785e77f4be0 service placement] 10.222.0.49 "GET /placement/allocations/54e41bea-5133-43d3-aeb9-3cd0b4171c70" status: 200 len: 258 microversion: 1.28
Sep 14 08:39:34.216879 n-d-831193-16 devstack@placement-api.service[107959]: [pid: 107959|app: 0|req: 39/79] 10.222.0.49 () {60 vars in 1377 bytes} [Wed Sep 14 08:39:34 2022] GET /placement/allocations/54e41bea-5133-43d3-aeb9-3cd0b4171c70 => generated 258 bytes in 30 msecs (HTTP/1.1 200) 8 headers in 296 bytes (1 switches on core 0)
Sep 14 08:39:34.370200 n-d-831193-16 devstack@placement-api.service[107960]: DEBUG placement.requestlog [None req-9de6984d-ecfe-4f50-98e5-24dd49400944 None None] Starting request: 10.222.0.52 "GET /placement/" {{(pid=107960) __call__ /opt/stack/placement/placement/requestlog.py:55}}
Sep 14 08:39:34.371214 n-d-831193-16 devstack@placement-api.service[107960]: INFO placement.requestlog [None req-9de6984d-ecfe-4f50-98e5-24dd49400944 None None] 10.222.0.52 "GET /placement/" status: 200 len: 136 microversion: 1.0
Sep 14 08:39:34.371545 n-d-831193-16 devstack@placement-api.service[107960]: [pid: 107960|app: 0|req: 41/80] 10.222.0.52 () {54 vars in 907 bytes} [Wed Sep 14 08:39:34 2022] GET /placement => generated 136 bytes in 2 msecs (HTTP/1.1 200) 6 headers in 224 bytes (2 switches on core 0)
Sep 14 08:39:34.384513 n-d-831193-16 devstack@placement-api.service[107959]: DEBUG placement.requestlog [req-1ab01459-6edc-48ed-9a68-e338c56b7560 req-9cc65509-25da-4123-aaf4-293f9ab8348f None None] Starting request: 10.222.0.52 "GET /placement/resource_providers?name=n-h2-831193-16" {{(pid=107959) __call__ /opt/stack/placement/placement/requestlog.py:55}}
Sep 14 08:39:34.539825 n-d-831193-16 devstack@placement-api.service[107959]: INFO placement.requestlog [req-1ab01459-6edc-48ed-9a68-e338c56b7560 req-9cc65509-25da-4123-aaf4-293f9ab8348f service placement] 10.222.0.52 "GET /placement/resource_providers?name=n-h2-831193-16" status: 200 len: 441 microversion: 1.0
Sep 14 08:39:34.548865 n-d-831193-16 devstack@placement-api.service[107960]: DEBUG placement.requestlog [req-1ab01459-6edc-48ed-9a68-e338c56b7560 req-8426538a-c9c9-40c7-b103-b2a113ca87b7 None None] Starting request: 10.222.0.52 "GET /placement/resource_providers/35e3407f-7ab4-4911-80bb-4673945837fe/aggregates" {{(pid=107960) __call__ /opt/stack/placement/placement/requestlog.py:55}}
Sep 14 08:39:34.565078 n-d-831193-16 devstack@placement-api.service[107959]: [pid: 107959|app: 0|req: 40/81] 10.222.0.52 () {58 vars in 1276 bytes} [Wed Sep 14 08:39:34 2022] GET /placement/resource_providers?name=n-h2-831193-16 => generated 441 bytes in 163 msecs (HTTP/1.1 200) 6 headers in 224 bytes (1 switches on core 0)
Sep 14 08:39:34.573281 n-d-831193-16 devstack@placement-api.service[107960]: INFO placement.requestlog [req-1ab01459-6edc-48ed-9a68-e338c56b7560 req-8426538a-c9c9-40c7-b103-b2a113ca87b7 service placement] 10.222.0.52 "GET /placement/resource_providers/35e3407f-7ab4-4911-80bb-4673945837fe/aggregates" status: 200 len: 91 microversion: 1.19
Sep 14 08:39:34.573768 n-d-831193-16 devstack@placement-api.service[107960]: [pid: 107960|app: 0|req: 42/82] 10.222.0.52 () {60 vars in 1425 bytes} [Wed Sep 14 08:39:34 2022] GET /placement/resource_providers/35e3407f-7ab4-4911-80bb-4673945837fe/aggregates => generated 91 bytes in 25 msecs (HTTP/1.1 200) 8 headers in 295 bytes (1 switches on core 0)
Sep 14 08:39:34.581338 n-d-831193-16 devstack@placement-api.service[107959]: DEBUG placement.requestlog [req-1ab01459-6edc-48ed-9a68-e338c56b7560 req-f6d07d32-0636-4846-9a92-1dcf3842cdb2 None None] Starting request: 10.222.0.52 "PUT /placement/resource_providers/35e3407f-7ab4-4911-80bb-4673945837fe/aggregates" {{(pid=107959) __call__ /opt/stack/placement/placement/requestlog.py:55}}
Sep 14 08:39:34.622385 n-d-831193-16 devstack@placement-api.service[107959]: DEBUG placement.objects.resource_provider [req-1ab01459-6edc-48ed-9a68-e338c56b7560 req-f6d07d32-0636-4846-9a92-1dcf3842cdb2 service placement] Setting aggregates for provider 35e3407f-7ab4-4911-80bb-4673945837fe. Successfully disassociated aggregate e6a61cd3-9ac0-4bfc-bbe9-cd31a27944f6. {{(pid=107959) _set_aggregates /opt/stack/placement/placement/objects/resource_provider.py:404}}
Sep 14 08:39:34.638345 n-d-831193-16 devstack@placement-api.service[107959]: INFO placement.requestlog [req-1ab01459-6edc-48ed-9a68-e338c56b7560 req-f6d07d32-0636-4846-9a92-1dcf3842cdb2 service placement] 10.222.0.52 "PUT /placement/resource_providers/35e3407f-7ab4-4911-80bb-4673945837fe/aggregates" status: 200 len: 53 microversion: 1.19
Sep 14 08:39:34.639041 n-d-831193-16 devstack@placement-api.service[107959]: [pid: 107959|app: 0|req: 41/83] 10.222.0.52 () {64 vars in 1477 bytes} [Wed Sep 14 08:39:34 2022] PUT /placement/resource_providers/35e3407f-7ab4-4911-80bb-4673945837fe/aggregates => generated 53 bytes in 58 msecs (HTTP/1.1 200) 8 headers in 295 bytes (1 switches on core 0)
Sep 14 08:39:35.123079 n-d-831193-16 devstack@placement-api.service[107960]: DEBUG placement.requestlog [req-105a84d0-0ac9-491a-8d88-09ab5d93b286 req-9472d5b2-4d3a-4a7c-99a0-4ed575e89f25 None None] Starting request: 10.222.0.52 "GET /placement/resource_providers?name=n-h2-831193-16" {{(pid=107960) __call__ /opt/stack/placement/placement/requestlog.py:55}}
Sep 14 08:39:35.147491 n-d-831193-16 devstack@placement-api.service[107960]: INFO placement.requestlog [req-105a84d0-0ac9-491a-8d88-09ab5d93b286 req-9472d5b2-4d3a-4a7c-99a0-4ed575e89f25 service placement] 10.222.0.52 "GET /placement/resource_providers?name=n-h2-831193-16" status: 200 len: 441 microversion: 1.0
Sep 14 08:39:35.154171 n-d-831193-16 devstack@placement-api.service[107960]: [pid: 107960|app: 0|req: 43/84] 10.222.0.52 () {58 vars in 1276 bytes} [Wed Sep 14 08:39:35 2022] GET /placement/resource_providers?name=n-h2-831193-16 => generated 441 bytes in 31 msecs (HTTP/1.1 200) 6 headers in 224 bytes (1 switches on core 0)
Sep 14 08:39:35.155255 n-d-831193-16 devstack@placement-api.service[107959]: DEBUG placement.requestlog [req-105a84d0-0ac9-491a-8d88-09ab5d93b286 req-b22fec91-d715-4f4a-a6e7-6eaeda49e8ed None None] Starting request: 10.222.0.52 "GET /placement/resource_providers/35e3407f-7ab4-4911-80bb-4673945837fe/aggregates" {{(pid=107959) __call__ /opt/stack/placement/placement/requestlog.py:55}}
Sep 14 08:39:35.178387 n-d-831193-16 devstack@placement-api.service[107959]: INFO placement.requestlog [req-105a84d0-0ac9-491a-8d88-09ab5d93b286 req-b22fec91-d715-4f4a-a6e7-6eaeda49e8ed service placement] 10.222.0.52 "GET /placement/resource_providers/35e3407f-7ab4-4911-80bb-4673945837fe/aggregates" status: 200 len: 53 microversion: 1.19
Sep 14 08:39:35.180529 n-d-831193-16 devstack@placement-api.service[107959]: [pid: 107959|app: 0|req: 42/85] 10.222.0.52 () {60 vars in 1425 bytes} [Wed Sep 14 08:39:35 2022] GET /placement/resource_providers/35e3407f-7ab4-4911-80bb-4673945837fe/aggregates => generated 53 bytes in 26 msecs (HTTP/1.1 200) 8 headers in 295 bytes (2 switches on core 0)
Sep 14 08:39:35.188808 n-d-831193-16 devstack@placement-api.service[107960]: DEBUG placement.requestlog [req-105a84d0-0ac9-491a-8d88-09ab5d93b286 req-3b44454f-a097-4b2c-a479-feda6464bf94 None None] Starting request: 10.222.0.52 "PUT /placement/resource_providers/35e3407f-7ab4-4911-80bb-4673945837fe/aggregates" {{(pid=107960) __call__ /opt/stack/placement/placement/requestlog.py:55}}
Sep 14 08:39:35.229835 n-d-831193-16 devstack@placement-api.service[107960]: DEBUG placement.objects.resource_provider [req-105a84d0-0ac9-491a-8d88-09ab5d93b286 req-3b44454f-a097-4b2c-a479-feda6464bf94 service placement] _ensure_aggregate() did not find aggregate 413f39a1-decf-416c-883c-a659e3d41435. Attempting to create it. {{(pid=107960) _ensure_aggregate /opt/stack/placement/placement/objects/resource_provider.py:321}}
Sep 14 08:39:35.229835 n-d-831193-16 devstack@placement-api.service[107960]: DEBUG placement.objects.resource_provider [req-105a84d0-0ac9-491a-8d88-09ab5d93b286 req-3b44454f-a097-4b2c-a479-feda6464bf94 service placement] _ensure_aggregate() created new aggregate 413f39a1-decf-416c-883c-a659e3d41435 (id=3). {{(pid=107960) _ensure_aggregate /opt/stack/placement/placement/objects/resource_provider.py:327}}
Sep 14 08:39:35.229835 n-d-831193-16 devstack@placement-api.service[107960]: DEBUG placement.objects.resource_provider [req-105a84d0-0ac9-491a-8d88-09ab5d93b286 req-3b44454f-a097-4b2c-a479-feda6464bf94 service placement] Setting aggregates for provider 35e3407f-7ab4-4911-80bb-4673945837fe. Successfully associated aggregate 413f39a1-decf-416c-883c-a659e3d41435. {{(pid=107960) _set_aggregates /opt/stack/placement/placement/objects/resource_provider.py:389}}
Sep 14 08:39:35.242392 n-d-831193-16 devstack@placement-api.service[107960]: INFO placement.requestlog [req-105a84d0-0ac9-491a-8d88-09ab5d93b286 req-3b44454f-a097-4b2c-a479-feda6464bf94 service placement] 10.222.0.52 "PUT /placement/resource_providers/35e3407f-7ab4-4911-80bb-4673945837fe/aggregates" status: 200 len: 92 microversion: 1.19
Sep 14 08:39:35.243045 n-d-831193-16 devstack@placement-api.service[107960]: [pid: 107960|app: 0|req: 44/86] 10.222.0.52 () {64 vars in 1477 bytes} [Wed Sep 14 08:39:35 2022] PUT /placement/resource_providers/35e3407f-7ab4-4911-80bb-4673945837fe/aggregates => generated 92 bytes in 55 msecs (HTTP/1.1 200) 8 headers in 295 bytes (1 switches on core 0)
Sep 14 08:39:35.496942 n-d-831193-16 devstack@placement-api.service[107959]: DEBUG placement.requestlog [req-2d7219f9-eb28-4c3d-8d1a-2b5dfbf918ce req-f042f350-57b6-4635-983a-a7510cc992c5 None None] Starting request: 10.222.0.52 "GET /placement/resource_providers?name=n-h2-831193-16" {{(pid=107959) __call__ /opt/stack/placement/placement/requestlog.py:55}}
Sep 14 08:39:35.525081 n-d-831193-16 devstack@placement-api.service[107959]: INFO placement.requestlog [req-2d7219f9-eb28-4c3d-8d1a-2b5dfbf918ce req-f042f350-57b6-4635-983a-a7510cc992c5 service placement] 10.222.0.52 "GET /placement/resource_providers?name=n-h2-831193-16" status: 200 len: 442 microversion: 1.0
Sep 14 08:39:35.532879 n-d-831193-16 devstack@placement-api.service[107960]: DEBUG placement.requestlog [req-2d7219f9-eb28-4c3d-8d1a-2b5dfbf918ce req-cfb2a2dd-6c6a-43c8-9d91-47cdb9a98075 None None] Starting request: 10.222.0.52 "GET /placement/resource_providers/35e3407f-7ab4-4911-80bb-4673945837fe/aggregates" {{(pid=107960) __call__ /opt/stack/placement/placement/requestlog.py:55}}
Sep 14 08:39:35.533525 n-d-831193-16 devstack@placement-api.service[107959]: [pid: 107959|app: 0|req: 43/87] 10.222.0.52 () {58 vars in 1276 bytes} [Wed Sep 14 08:39:35 2022] GET /placement/resource_providers?name=n-h2-831193-16 => generated 442 bytes in 37 msecs (HTTP/1.1 200) 6 headers in 224 bytes (1 switches on core 0)
Sep 14 08:39:35.550666 n-d-831193-16 devstack@placement-api.service[107960]: INFO placement.requestlog [req-2d7219f9-eb28-4c3d-8d1a-2b5dfbf918ce req-cfb2a2dd-6c6a-43c8-9d91-47cdb9a98075 service placement] 10.222.0.52 "GET /placement/resource_providers/35e3407f-7ab4-4911-80bb-4673945837fe/aggregates" status: 200 len: 92 microversion: 1.19
Sep 14 08:39:35.551491 n-d-831193-16 devstack@placement-api.service[107960]: [pid: 107960|app: 0|req: 45/88] 10.222.0.52 () {60 vars in 1425 bytes} [Wed Sep 14 08:39:35 2022] GET /placement/resource_providers/35e3407f-7ab4-4911-80bb-4673945837fe/aggregates => generated 92 bytes in 19 msecs (HTTP/1.1 200) 8 headers in 295 bytes (1 switches on core 0)
Sep 14 08:39:35.562790 n-d-831193-16 devstack@placement-api.service[107959]: DEBUG placement.requestlog [req-2d7219f9-eb28-4c3d-8d1a-2b5dfbf918ce req-64d76c03-5844-4aa1-a2c2-63b00350f1d3 None None] Starting request: 10.222.0.52 "PUT /placement/resource_providers/35e3407f-7ab4-4911-80bb-4673945837fe/aggregates" {{(pid=107959) __call__ /opt/stack/placement/placement/requestlog.py:55}}
Sep 14 08:39:35.595654 n-d-831193-16 devstack@placement-api.service[107959]: DEBUG placement.objects.resource_provider [req-2d7219f9-eb28-4c3d-8d1a-2b5dfbf918ce req-64d76c03-5844-4aa1-a2c2-63b00350f1d3 service placement] Setting aggregates for provider 35e3407f-7ab4-4911-80bb-4673945837fe. Successfully disassociated aggregate 413f39a1-decf-416c-883c-a659e3d41435. {{(pid=107959) _set_aggregates /opt/stack/placement/placement/objects/resource_provider.py:404}}
Sep 14 08:39:35.604972 n-d-831193-16 devstack@placement-api.service[107959]: INFO placement.requestlog [req-2d7219f9-eb28-4c3d-8d1a-2b5dfbf918ce req-64d76c03-5844-4aa1-a2c2-63b00350f1d3 service placement] 10.222.0.52 "PUT /placement/resource_providers/35e3407f-7ab4-4911-80bb-4673945837fe/aggregates" status: 200 len: 54 microversion: 1.19
Sep 14 08:39:35.605860 n-d-831193-16 devstack@placement-api.service[107959]: [pid: 107959|app: 0|req: 44/89] 10.222.0.52 () {64 vars in 1477 bytes} [Wed Sep 14 08:39:35 2022] PUT /placement/resource_providers/35e3407f-7ab4-4911-80bb-4673945837fe/aggregates => generated 54 bytes in 44 msecs (HTTP/1.1 200) 8 headers in 295 bytes (1 switches on core 0)
Sep 14 08:39:36.196692 n-d-831193-16 devstack@placement-api.service[107960]: DEBUG placement.requestlog [req-c5ec956c-8127-4d37-a3ff-76b9012c43c1 req-aa0dbd1e-8004-4c71-ba18-5a7d8ff20ae8 None None] Starting request: 10.222.0.52 "GET /placement/resource_providers?name=n-h2-831193-16" {{(pid=107960) __call__ /opt/stack/placement/placement/requestlog.py:55}}
Sep 14 08:39:36.220150 n-d-831193-16 devstack@placement-api.service[107960]: INFO placement.requestlog [req-c5ec956c-8127-4d37-a3ff-76b9012c43c1 req-aa0dbd1e-8004-4c71-ba18-5a7d8ff20ae8 service placement] 10.222.0.52 "GET /placement/resource_providers?name=n-h2-831193-16" status: 200 len: 442 microversion: 1.0
Sep 14 08:39:36.221453 n-d-831193-16 devstack@placement-api.service[107960]: [pid: 107960|app: 0|req: 46/90] 10.222.0.52 () {58 vars in 1276 bytes} [Wed Sep 14 08:39:36 2022] GET /placement/resource_providers?name=n-h2-831193-16 => generated 442 bytes in 25 msecs (HTTP/1.1 200) 6 headers in 224 bytes (2 switches on core 0)
Sep 14 08:39:36.228771 n-d-831193-16 devstack@placement-api.service[107959]: DEBUG placement.requestlog [req-c5ec956c-8127-4d37-a3ff-76b9012c43c1 req-eccbd980-9163-481a-97fe-586ee96784f4 None None] Starting request: 10.222.0.52 "GET /placement/resource_providers/35e3407f-7ab4-4911-80bb-4673945837fe/aggregates" {{(pid=107959) __call__ /opt/stack/placement/placement/requestlog.py:55}}
Sep 14 08:39:36.243898 n-d-831193-16 devstack@placement-api.service[107959]: INFO placement.requestlog [req-c5ec956c-8127-4d37-a3ff-76b9012c43c1 req-eccbd980-9163-481a-97fe-586ee96784f4 service placement] 10.222.0.52 "GET /placement/resource_providers/35e3407f-7ab4-4911-80bb-4673945837fe/aggregates" status: 200 len: 54 microversion: 1.19
Sep 14 08:39:36.252046 n-d-831193-16 devstack@placement-api.service[107959]: [pid: 107959|app: 0|req: 45/91] 10.222.0.52 () {60 vars in 1425 bytes} [Wed Sep 14 08:39:36 2022] GET /placement/resource_providers/35e3407f-7ab4-4911-80bb-4673945837fe/aggregates => generated 54 bytes in 23 msecs (HTTP/1.1 200) 8 headers in 295 bytes (1 switches on core 0)
Sep 14 08:39:36.252551 n-d-831193-16 devstack@placement-api.service[107960]: DEBUG placement.requestlog [req-c5ec956c-8127-4d37-a3ff-76b9012c43c1 req-5d75ae85-cbc4-4931-9210-c75f76fd305e None None] Starting request: 10.222.0.52 "PUT /placement/resource_providers/35e3407f-7ab4-4911-80bb-4673945837fe/aggregates" {{(pid=107960) __call__ /opt/stack/placement/placement/requestlog.py:55}}
Sep 14 08:39:36.281852 n-d-831193-16 devstack@placement-api.service[107960]: DEBUG placement.objects.resource_provider [req-c5ec956c-8127-4d37-a3ff-76b9012c43c1 req-5d75ae85-cbc4-4931-9210-c75f76fd305e service placement] _ensure_aggregate() did not find aggregate c96df7cc-a7eb-41ec-9023-6e0332cacd2b. Attempting to create it. {{(pid=107960) _ensure_aggregate /opt/stack/placement/placement/objects/resource_provider.py:321}}
Sep 14 08:39:36.283904 n-d-831193-16 devstack@placement-api.service[107960]: DEBUG placement.objects.resource_provider [req-c5ec956c-8127-4d37-a3ff-76b9012c43c1 req-5d75ae85-cbc4-4931-9210-c75f76fd305e service placement] _ensure_aggregate() created new aggregate c96df7cc-a7eb-41ec-9023-6e0332cacd2b (id=4). {{(pid=107960) _ensure_aggregate /opt/stack/placement/placement/objects/resource_provider.py:327}}
Sep 14 08:39:36.287845 n-d-831193-16 devstack@placement-api.service[107960]: DEBUG placement.objects.resource_provider [req-c5ec956c-8127-4d37-a3ff-76b9012c43c1 req-5d75ae85-cbc4-4931-9210-c75f76fd305e service placement] Setting aggregates for provider 35e3407f-7ab4-4911-80bb-4673945837fe. Successfully associated aggregate c96df7cc-a7eb-41ec-9023-6e0332cacd2b. {{(pid=107960) _set_aggregates /opt/stack/placement/placement/objects/resource_provider.py:389}}
Sep 14 08:39:36.300995 n-d-831193-16 devstack@placement-api.service[107960]: INFO placement.requestlog [req-c5ec956c-8127-4d37-a3ff-76b9012c43c1 req-5d75ae85-cbc4-4931-9210-c75f76fd305e service placement] 10.222.0.52 "PUT /placement/resource_providers/35e3407f-7ab4-4911-80bb-4673945837fe/aggregates" status: 200 len: 92 microversion: 1.19
Sep 14 08:39:36.302112 n-d-831193-16 devstack@placement-api.service[107960]: [pid: 107960|app: 0|req: 47/92] 10.222.0.52 () {64 vars in 1477 bytes} [Wed Sep 14 08:39:36 2022] PUT /placement/resource_providers/35e3407f-7ab4-4911-80bb-4673945837fe/aggregates => generated 92 bytes in 50 msecs (HTTP/1.1 200) 8 headers in 295 bytes (2 switches on core 0)
Sep 14 08:39:36.418273 n-d-831193-16 devstack@placement-api.service[107959]: DEBUG placement.requestlog [req-092e178e-fcbc-49f3-aa54-c989f1eb0a59 req-5a310243-d756-4175-8b2a-1dc8bb47612d None None] Starting request: 10.222.0.52 "GET /placement/resource_providers?name=n-h2-831193-16" {{(pid=107959) __call__ /opt/stack/placement/placement/requestlog.py:55}}
Sep 14 08:39:36.534658 n-d-831193-16 devstack@placement-api.service[107959]: INFO placement.requestlog [req-092e178e-fcbc-49f3-aa54-c989f1eb0a59 req-5a310243-d756-4175-8b2a-1dc8bb47612d service placement] 10.222.0.52 "GET /placement/resource_providers?name=n-h2-831193-16" status: 200 len: 442 microversion: 1.0
Sep 14 08:39:36.536292 n-d-831193-16 devstack@placement-api.service[107959]: [pid: 107959|app: 0|req: 46/93] 10.222.0.52 () {58 vars in 1276 bytes} [Wed Sep 14 08:39:36 2022] GET /placement/resource_providers?name=n-h2-831193-16 => generated 442 bytes in 118 msecs (HTTP/1.1 200) 6 headers in 224 bytes (1 switches on core 0)
Sep 14 08:39:36.555781 n-d-831193-16 devstack@placement-api.service[107960]: DEBUG placement.requestlog [req-092e178e-fcbc-49f3-aa54-c989f1eb0a59 req-949ed1a7-b9b7-49e2-a76d-f0af70d7b39a None None] Starting request: 10.222.0.52 "GET /placement/resource_providers/35e3407f-7ab4-4911-80bb-4673945837fe/aggregates" {{(pid=107960) __call__ /opt/stack/placement/placement/requestlog.py:55}}
Sep 14 08:39:36.569509 n-d-831193-16 devstack@placement-api.service[107960]: INFO placement.requestlog [req-092e178e-fcbc-49f3-aa54-c989f1eb0a59 req-949ed1a7-b9b7-49e2-a76d-f0af70d7b39a service placement] 10.222.0.52 "GET /placement/resource_providers/35e3407f-7ab4-4911-80bb-4673945837fe/aggregates" status: 200 len: 92 microversion: 1.19
Sep 14 08:39:36.569896 n-d-831193-16 devstack@placement-api.service[107960]: [pid: 107960|app: 0|req: 48/94] 10.222.0.52 () {60 vars in 1425 bytes} [Wed Sep 14 08:39:36 2022] GET /placement/resource_providers/35e3407f-7ab4-4911-80bb-4673945837fe/aggregates => generated 92 bytes in 14 msecs (HTTP/1.1 200) 8 headers in 295 bytes (1 switches on core 0)
Sep 14 08:39:36.576963 n-d-831193-16 devstack@placement-api.service[107959]: DEBUG placement.requestlog [req-092e178e-fcbc-49f3-aa54-c989f1eb0a59 req-6b93f4ff-c30d-438e-88eb-52e61157f35a None None] Starting request: 10.222.0.52 "PUT /placement/resource_providers/35e3407f-7ab4-4911-80bb-4673945837fe/aggregates" {{(pid=107959) __call__ /opt/stack/placement/placement/requestlog.py:55}}
Sep 14 08:39:36.598300 n-d-831193-16 devstack@placement-api.service[107959]: DEBUG placement.objects.resource_provider [req-092e178e-fcbc-49f3-aa54-c989f1eb0a59 req-6b93f4ff-c30d-438e-88eb-52e61157f35a service placement] Setting aggregates for provider 35e3407f-7ab4-4911-80bb-4673945837fe. Successfully disassociated aggregate c96df7cc-a7eb-41ec-9023-6e0332cacd2b. {{(pid=107959) _set_aggregates /opt/stack/placement/placement/objects/resource_provider.py:404}}
Sep 14 08:39:36.604981 n-d-831193-16 devstack@placement-api.service[107959]: INFO placement.requestlog [req-092e178e-fcbc-49f3-aa54-c989f1eb0a59 req-6b93f4ff-c30d-438e-88eb-52e61157f35a service placement] 10.222.0.52 "PUT /placement/resource_providers/35e3407f-7ab4-4911-80bb-4673945837fe/aggregates" status: 200 len: 54 microversion: 1.19
Sep 14 08:39:36.605421 n-d-831193-16 devstack@placement-api.service[107959]: [pid: 107959|app: 0|req: 47/95] 10.222.0.52 () {64 vars in 1477 bytes} [Wed Sep 14 08:39:36 2022] PUT /placement/resource_providers/35e3407f-7ab4-4911-80bb-4673945837fe/aggregates => generated 54 bytes in 29 msecs (HTTP/1.1 200) 8 headers in 295 bytes (1 switches on core 0)
Sep 14 08:39:36.785340 n-d-831193-16 devstack@placement-api.service[107960]: DEBUG placement.requestlog [req-171edff8-1d99-4521-aae7-9df2cabbc6c1 req-7c21cf21-e759-4c56-91d5-9fd7e3db0882 None None] Starting request: 10.222.0.52 "GET /placement/resource_providers?name=n-h2-831193-16" {{(pid=107960) __call__ /opt/stack/placement/placement/requestlog.py:55}}
Sep 14 08:39:36.801699 n-d-831193-16 devstack@placement-api.service[107960]: INFO placement.requestlog [req-171edff8-1d99-4521-aae7-9df2cabbc6c1 req-7c21cf21-e759-4c56-91d5-9fd7e3db0882 service placement] 10.222.0.52 "GET /placement/resource_providers?name=n-h2-831193-16" status: 200 len: 442 microversion: 1.0
