Sep 07 09:20:13.723623 n-d-831193-15 devstack@keystone.service[81916]: DEBUG keystone.server.flask.request_processing.middleware.auth_context [None req-20a62a2b-2a0a-4c9e-8a71-0132478e7859 None admin] RBAC: auth_context: {'token': , 'domain_id': None, 'trust_id': None, 'trustor_id': None, 'trustee_id': None, 'domain_name': None, 'group_ids': [], 'user_id': '94819a1284ba4e44ab1945a72c120f51', 'user_domain_id': 'default', 'system_scope': 'all', 'project_id': None, 'project_domain_id': None, 'roles': ['admin', 'member', 'reader'], 'is_admin_project': True, 'service_user_id': None, 'service_user_domain_id': None, 'service_project_id': None, 'service_project_domain_id': None, 'service_roles': []} {{(pid=81916) fill_context /opt/stack/keystone/keystone/server/flask/request_processing/middleware/auth_context.py:478}}
Sep 07 09:20:13.724591 n-d-831193-15 devstack@keystone.service[81916]: DEBUG keystone.server.flask.request_processing.req_logging [None req-20a62a2b-2a0a-4c9e-8a71-0132478e7859 None admin] REQUEST_METHOD: `GET` {{(pid=81916) log_request_info /opt/stack/keystone/keystone/server/flask/request_processing/req_logging.py:27}}
Sep 07 09:20:13.725134 n-d-831193-15 devstack@keystone.service[81916]: DEBUG keystone.server.flask.request_processing.req_logging [None req-20a62a2b-2a0a-4c9e-8a71-0132478e7859 None admin] SCRIPT_NAME: `/identity` {{(pid=81916) log_request_info /opt/stack/keystone/keystone/server/flask/request_processing/req_logging.py:28}}
Sep 07 09:20:13.725651 n-d-831193-15 devstack@keystone.service[81916]: DEBUG keystone.server.flask.request_processing.req_logging [None req-20a62a2b-2a0a-4c9e-8a71-0132478e7859 None admin] PATH_INFO: `/v3/auth/tokens` {{(pid=81916) log_request_info /opt/stack/keystone/keystone/server/flask/request_processing/req_logging.py:29}}
Sep 07 09:20:13.786331 n-d-831193-15 devstack@keystone.service[81916]: DEBUG dbcounter [-] [81916] Writing DB stats keystone:SELECT=100 {{(pid=81916) stat_writer /usr/local/lib/python3.8/dist-packages/dbcounter.py:114}}
Sep 07 09:20:13.793866 n-d-831193-15 devstack@keystone.service[81917]: DEBUG keystone.server.flask.request_processing.middleware.auth_context [None req-6f9cddba-4fdb-4129-a4bc-82504f2c0930 None admin] Validating token access rules against request {{(pid=81917) validate_allowed_request /usr/local/lib/python3.8/dist-packages/keystonemiddleware/auth_token/__init__.py:545}}
Sep 07 09:20:13.807055 n-d-831193-15 devstack@keystone.service[81916]: DEBUG keystone.common.rbac_enforcer.enforcer [None req-20a62a2b-2a0a-4c9e-8a71-0132478e7859 None admin] RBAC: Authorizing `identity:validate_token()` {{(pid=81916) enforce_call /opt/stack/keystone/keystone/common/rbac_enforcer/enforcer.py:449}}
Sep 07 09:20:13.808599 n-d-831193-15 devstack@keystone.service[81916]: DEBUG keystone.common.rbac_enforcer.enforcer [None req-20a62a2b-2a0a-4c9e-8a71-0132478e7859 None admin] RBAC: Authorization granted {{(pid=81916) enforce_call /opt/stack/keystone/keystone/common/rbac_enforcer/enforcer.py:457}}
Sep 07 09:20:13.831963 n-d-831193-15 devstack@keystone.service[81917]: DEBUG dbcounter [-] [81917] Writing DB stats keystone:SELECT=100 {{(pid=81917) stat_writer /usr/local/lib/python3.8/dist-packages/dbcounter.py:114}}
Sep 07 09:20:13.840180 n-d-831193-15 devstack@keystone.service[81917]: DEBUG keystone.server.flask.request_processing.middleware.auth_context [None req-52fa31b4-a42c-49fc-bac6-3269bf833757 None admin] RBAC: auth_context: {'token': , 'domain_id': None, 'trust_id': None, 'trustor_id': None, 'trustee_id': None, 'domain_name': None, 'group_ids': [], 'user_id': '94819a1284ba4e44ab1945a72c120f51', 'user_domain_id': 'default', 'system_scope': 'all', 'project_id': None, 'project_domain_id': None, 'roles': ['admin', 'member', 'reader'], 'is_admin_project': True, 'service_user_id': None, 'service_user_domain_id': None, 'service_project_id': None, 'service_project_domain_id': None, 'service_roles': []} {{(pid=81917) fill_context /opt/stack/keystone/keystone/server/flask/request_processing/middleware/auth_context.py:478}}
Sep 07 09:20:13.841171 n-d-831193-15 devstack@keystone.service[81917]: DEBUG keystone.server.flask.request_processing.req_logging [None req-52fa31b4-a42c-49fc-bac6-3269bf833757 None admin] REQUEST_METHOD: `GET` {{(pid=81917) log_request_info /opt/stack/keystone/keystone/server/flask/request_processing/req_logging.py:27}}
Sep 07 09:20:13.841665 n-d-831193-15 devstack@keystone.service[81917]: DEBUG keystone.server.flask.request_processing.req_logging [None req-52fa31b4-a42c-49fc-bac6-3269bf833757 None admin] SCRIPT_NAME: `/identity` {{(pid=81917) log_request_info /opt/stack/keystone/keystone/server/flask/request_processing/req_logging.py:28}}
Sep 07 09:20:13.842257 n-d-831193-15 devstack@keystone.service[81917]: DEBUG keystone.server.flask.request_processing.req_logging [None req-52fa31b4-a42c-49fc-bac6-3269bf833757 None admin] PATH_INFO: `/v3/roles` {{(pid=81917) log_request_info /opt/stack/keystone/keystone/server/flask/request_processing/req_logging.py:29}}
Sep 07 09:20:13.843282 n-d-831193-15 devstack@keystone.service[81917]: DEBUG keystone.common.rbac_enforcer.enforcer [None req-52fa31b4-a42c-49fc-bac6-3269bf833757 None admin] RBAC: Adding query filter params (name=member) {{(pid=81917) _extract_filter_values /opt/stack/keystone/keystone/common/rbac_enforcer/enforcer.py:167}}
Sep 07 09:20:13.843802 n-d-831193-15 devstack@keystone.service[81917]: DEBUG keystone.common.rbac_enforcer.enforcer [None req-52fa31b4-a42c-49fc-bac6-3269bf833757 None admin] RBAC: Authorizing `identity:list_roles()` {{(pid=81917) enforce_call /opt/stack/keystone/keystone/common/rbac_enforcer/enforcer.py:449}}
Sep 07 09:20:13.845453 n-d-831193-15 devstack@keystone.service[81917]: DEBUG keystone.common.rbac_enforcer.enforcer [None req-52fa31b4-a42c-49fc-bac6-3269bf833757 None admin] RBAC: Authorization granted {{(pid=81917) enforce_call /opt/stack/keystone/keystone/common/rbac_enforcer/enforcer.py:457}}
Sep 07 09:20:13.855857 n-d-831193-15 devstack@keystone.service[81917]: [pid: 81917|app: 0|req: 181/345] 10.222.0.25 () {56 vars in 1101 bytes} [Wed Sep 7 09:20:13 2022] GET /identity/v3/roles?name=member => generated 341 bytes in 254 msecs (HTTP/1.1 200) 5 headers in 177 bytes (1 switches on core 0)
Sep 07 09:20:13.857425 n-d-831193-15 devstack@keystone.service[81917]: DEBUG keystone.server.flask.request_processing.req_logging [None req-9580dee4-b41c-4aaa-871c-6b9180053749 None None] REQUEST_METHOD: `GET` {{(pid=81917) log_request_info /opt/stack/keystone/keystone/server/flask/request_processing/req_logging.py:27}}
Sep 07 09:20:13.858024 n-d-831193-15 devstack@keystone.service[81917]: DEBUG keystone.server.flask.request_processing.req_logging [None req-9580dee4-b41c-4aaa-871c-6b9180053749 None None] SCRIPT_NAME: `/identity` {{(pid=81917) log_request_info /opt/stack/keystone/keystone/server/flask/request_processing/req_logging.py:28}}
Sep 07 09:20:13.858514 n-d-831193-15 devstack@keystone.service[81917]: DEBUG keystone.server.flask.request_processing.req_logging [None req-9580dee4-b41c-4aaa-871c-6b9180053749 None None] PATH_INFO: `/` {{(pid=81917) log_request_info /opt/stack/keystone/keystone/server/flask/request_processing/req_logging.py:29}}
Sep 07 09:20:13.860054 n-d-831193-15 devstack@keystone.service[81917]: [pid: 81917|app: 0|req: 182/346] 10.222.0.25 () {54 vars in 927 bytes} [Wed Sep 7 09:20:13 2022] GET /identity => generated 270 bytes in 3 msecs (HTTP/1.1 300) 6 headers in 234 bytes (1 switches on core 0)
Sep 07 09:20:13.861007 n-d-831193-15 devstack@keystone.service[81917]: DEBUG keystone.server.flask.request_processing.middleware.auth_context [None req-9580dee4-b41c-4aaa-871c-6b9180053749 None None] Authenticating user token {{(pid=81917) process_request /usr/local/lib/python3.8/dist-packages/keystonemiddleware/auth_token/__init__.py:407}}
Sep 07 09:20:13.920124 n-d-831193-15 devstack@keystone.service[81916]: [pid: 81916|app: 0|req: 165/347] 10.222.0.25 () {58 vars in 1282 bytes} [Wed Sep 7 09:20:13 2022] GET /identity/v3/auth/tokens => generated 799 bytes in 391 msecs (HTTP/1.1 200) 6 headers in 358 bytes (1 switches on core 0)
Sep 07 09:20:13.921016 n-d-831193-15 devstack@keystone.service[81916]: DEBUG keystone.server.flask.request_processing.middleware.auth_context [None req-20a62a2b-2a0a-4c9e-8a71-0132478e7859 None admin] Authenticating user token {{(pid=81916) process_request /usr/local/lib/python3.8/dist-packages/keystonemiddleware/auth_token/__init__.py:407}}
Sep 07 09:20:13.986678 n-d-831193-15 devstack@keystone.service[81917]: DEBUG keystone.server.flask.request_processing.middleware.auth_context [None req-9580dee4-b41c-4aaa-871c-6b9180053749 None None] Validating token access rules against request {{(pid=81917) validate_allowed_request /usr/local/lib/python3.8/dist-packages/keystonemiddleware/auth_token/__init__.py:545}}
Sep 07 09:20:14.021794 n-d-831193-15 devstack@keystone.service[81916]: DEBUG dbcounter [-] [81916] Writing DB stats keystone:SELECT=100 {{(pid=81916) stat_writer /usr/local/lib/python3.8/dist-packages/dbcounter.py:114}}
Sep 07 09:20:14.026691 n-d-831193-15 devstack@keystone.service[81917]: DEBUG keystone.server.flask.request_processing.middleware.auth_context [None req-c2bb65d6-e297-410f-9e5b-e34d48cbb3d2 None admin] RBAC: auth_context: {'token': , 'domain_id': None, 'trust_id': None, 'trustor_id': None, 'trustee_id': None, 'domain_name': None, 'group_ids': [], 'user_id': '94819a1284ba4e44ab1945a72c120f51', 'user_domain_id': 'default', 'system_scope': 'all', 'project_id': None, 'project_domain_id': None, 'roles': ['admin', 'member', 'reader'], 'is_admin_project': True, 'service_user_id': None, 'service_user_domain_id': None, 'service_project_id': None, 'service_project_domain_id': None, 'service_roles': []} {{(pid=81917) fill_context /opt/stack/keystone/keystone/server/flask/request_processing/middleware/auth_context.py:478}}
Sep 07 09:20:14.027277 n-d-831193-15 devstack@keystone.service[81917]: DEBUG keystone.server.flask.request_processing.req_logging [None req-c2bb65d6-e297-410f-9e5b-e34d48cbb3d2 None admin] REQUEST_METHOD: `GET` {{(pid=81917) log_request_info /opt/stack/keystone/keystone/server/flask/request_processing/req_logging.py:27}}
Sep 07 09:20:14.027559 n-d-831193-15 devstack@keystone.service[81917]: DEBUG keystone.server.flask.request_processing.req_logging [None req-c2bb65d6-e297-410f-9e5b-e34d48cbb3d2 None admin] SCRIPT_NAME: `/identity` {{(pid=81917) log_request_info /opt/stack/keystone/keystone/server/flask/request_processing/req_logging.py:28}}
Sep 07 09:20:14.027830 n-d-831193-15 devstack@keystone.service[81917]: DEBUG keystone.server.flask.request_processing.req_logging [None req-c2bb65d6-e297-410f-9e5b-e34d48cbb3d2 None admin] PATH_INFO: `/v3/roles` {{(pid=81917) log_request_info /opt/stack/keystone/keystone/server/flask/request_processing/req_logging.py:29}}
Sep 07 09:20:14.029639 n-d-831193-15 devstack@keystone.service[81917]: DEBUG keystone.common.rbac_enforcer.enforcer [None req-c2bb65d6-e297-410f-9e5b-e34d48cbb3d2 None admin] RBAC: Adding query filter params (name=member) {{(pid=81917) _extract_filter_values /opt/stack/keystone/keystone/common/rbac_enforcer/enforcer.py:167}}
Sep 07 09:20:14.029946 n-d-831193-15 devstack@keystone.service[81917]: DEBUG keystone.common.rbac_enforcer.enforcer [None req-c2bb65d6-e297-410f-9e5b-e34d48cbb3d2 None admin] RBAC: Authorizing `identity:list_roles()` {{(pid=81917) enforce_call /opt/stack/keystone/keystone/common/rbac_enforcer/enforcer.py:449}}
Sep 07 09:20:14.031321 n-d-831193-15 devstack@keystone.service[81917]: DEBUG keystone.common.rbac_enforcer.enforcer [None req-c2bb65d6-e297-410f-9e5b-e34d48cbb3d2 None admin] RBAC: Authorization granted {{(pid=81917) enforce_call /opt/stack/keystone/keystone/common/rbac_enforcer/enforcer.py:457}}
Sep 07 09:20:14.043839 n-d-831193-15 devstack@keystone.service[81917]: [pid: 81917|app: 0|req: 183/348] 10.222.0.25 () {56 vars in 1101 bytes} [Wed Sep 7 09:20:13 2022] GET /identity/v3/roles?name=member => generated 341 bytes in 183 msecs (HTTP/1.1 200) 5 headers in 177 bytes (1 switches on core 0)
Sep 07 09:20:14.045446 n-d-831193-15 devstack@keystone.service[81917]: DEBUG keystone.server.flask.request_processing.req_logging [None req-518130a9-6aac-4636-8fad-8f8fa7fd97c2 None None] REQUEST_METHOD: `POST` {{(pid=81917) log_request_info /opt/stack/keystone/keystone/server/flask/request_processing/req_logging.py:27}}
Sep 07 09:20:14.046035 n-d-831193-15 devstack@keystone.service[81917]: DEBUG keystone.server.flask.request_processing.req_logging [None req-518130a9-6aac-4636-8fad-8f8fa7fd97c2 None None] SCRIPT_NAME: `/identity` {{(pid=81917) log_request_info /opt/stack/keystone/keystone/server/flask/request_processing/req_logging.py:28}}
Sep 07 09:20:14.046548 n-d-831193-15 devstack@keystone.service[81917]: DEBUG keystone.server.flask.request_processing.req_logging [None req-518130a9-6aac-4636-8fad-8f8fa7fd97c2 None None] PATH_INFO: `/v3/auth/tokens` {{(pid=81917) log_request_info /opt/stack/keystone/keystone/server/flask/request_processing/req_logging.py:29}}
Sep 07 09:20:14.047069 n-d-831193-15 devstack@keystone.service[81916]: DEBUG keystone.server.flask.request_processing.middleware.auth_context [None req-20a62a2b-2a0a-4c9e-8a71-0132478e7859 None admin] Validating token access rules against request {{(pid=81916) validate_allowed_request /usr/local/lib/python3.8/dist-packages/keystonemiddleware/auth_token/__init__.py:545}}
Sep 07 09:20:14.072397 n-d-831193-15 devstack@keystone.service[81917]: DEBUG keystone.auth.core [None req-518130a9-6aac-4636-8fad-8f8fa7fd97c2 None None] MFA Rules not processed for user `94819a1284ba4e44ab1945a72c120f51`. Rule list: `[]` (Enabled: `True`). {{(pid=81917) check_auth_methods_against_rules /opt/stack/keystone/keystone/auth/core.py:438}}
Sep 07 09:20:14.073879 n-d-831193-15 devstack@keystone.service[81917]: DEBUG keystone.common.fernet_utils [None req-518130a9-6aac-4636-8fad-8f8fa7fd97c2 None None] Loaded 2 Fernet keys from /etc/keystone/fernet-keys/, but `[fernet_tokens] max_active_keys = 3`; perhaps there have not been enough key rotations to reach `max_active_keys` yet? {{(pid=81917) load_keys /opt/stack/keystone/keystone/common/fernet_utils.py:286}}
Sep 07 09:20:14.090571 n-d-831193-15 devstack@keystone.service[81916]: DEBUG keystone.server.flask.request_processing.middleware.auth_context [None req-44c86107-b12d-4846-a92e-fc41647645f7 None admin] RBAC: auth_context: {'token': , 'domain_id': None, 'trust_id': None, 'trustor_id': None, 'trustee_id': None, 'domain_name': None, 'group_ids': [], 'user_id': '94819a1284ba4e44ab1945a72c120f51', 'user_domain_id': 'default', 'system_scope': 'all', 'project_id': None, 'project_domain_id': None, 'roles': ['admin', 'member', 'reader'], 'is_admin_project': True, 'service_user_id': None, 'service_user_domain_id': None, 'service_project_id': None, 'service_project_domain_id': None, 'service_roles': []} {{(pid=81916) fill_context /opt/stack/keystone/keystone/server/flask/request_processing/middleware/auth_context.py:478}}
Sep 07 09:20:14.091192 n-d-831193-15 devstack@keystone.service[81916]: DEBUG keystone.server.flask.request_processing.req_logging [None req-44c86107-b12d-4846-a92e-fc41647645f7 None admin] REQUEST_METHOD: `GET` {{(pid=81916) log_request_info /opt/stack/keystone/keystone/server/flask/request_processing/req_logging.py:27}}
Sep 07 09:20:14.091472 n-d-831193-15 devstack@keystone.service[81916]: DEBUG keystone.server.flask.request_processing.req_logging [None req-44c86107-b12d-4846-a92e-fc41647645f7 None admin] SCRIPT_NAME: `/identity` {{(pid=81916) log_request_info /opt/stack/keystone/keystone/server/flask/request_processing/req_logging.py:28}}
Sep 07 09:20:14.091744 n-d-831193-15 devstack@keystone.service[81916]: DEBUG keystone.server.flask.request_processing.req_logging [None req-44c86107-b12d-4846-a92e-fc41647645f7 None admin] PATH_INFO: `/v3/auth/tokens` {{(pid=81916) log_request_info /opt/stack/keystone/keystone/server/flask/request_processing/req_logging.py:29}}
Sep 07 09:20:14.137304 n-d-831193-15 devstack@keystone.service[81917]: DEBUG dbcounter [-] [81917] Writing DB stats keystone:SELECT=100 {{(pid=81917) stat_writer /usr/local/lib/python3.8/dist-packages/dbcounter.py:114}}
Sep 07 09:20:14.162030 n-d-831193-15 devstack@keystone.service[81917]: [pid: 81917|app: 0|req: 184/349] 10.222.0.25 () {58 vars in 1024 bytes} [Wed Sep 7 09:20:14 2022] POST /identity/v3/auth/tokens => generated 799 bytes in 116 msecs (HTTP/1.1 201) 6 headers in 363 bytes (1 switches on core 0)
Sep 07 09:20:14.162030 n-d-831193-15 devstack@keystone.service[81917]: DEBUG keystone.server.flask.request_processing.middleware.auth_context [None req-518130a9-6aac-4636-8fad-8f8fa7fd97c2 None None] Authenticating user token {{(pid=81917) process_request /usr/local/lib/python3.8/dist-packages/keystonemiddleware/auth_token/__init__.py:407}}
Sep 07 09:20:14.189035 n-d-831193-15 devstack@keystone.service[81916]: DEBUG keystone.common.rbac_enforcer.enforcer [None req-44c86107-b12d-4846-a92e-fc41647645f7 None admin] RBAC: Authorizing `identity:validate_token()` {{(pid=81916) enforce_call /opt/stack/keystone/keystone/common/rbac_enforcer/enforcer.py:449}}
Sep 07 09:20:14.190619 n-d-831193-15 devstack@keystone.service[81916]: DEBUG keystone.common.rbac_enforcer.enforcer [None req-44c86107-b12d-4846-a92e-fc41647645f7 None admin] RBAC: Authorization granted {{(pid=81916) enforce_call /opt/stack/keystone/keystone/common/rbac_enforcer/enforcer.py:457}}
Sep 07 09:20:14.287817 n-d-831193-15 devstack@keystone.service[81916]: DEBUG dbcounter [-] [81916] Writing DB stats keystone:SELECT=100 {{(pid=81916) stat_writer /usr/local/lib/python3.8/dist-packages/dbcounter.py:114}}
Sep 07 09:20:14.289767 n-d-831193-15 devstack@keystone.service[81917]: DEBUG keystone.server.flask.request_processing.middleware.auth_context [None req-518130a9-6aac-4636-8fad-8f8fa7fd97c2 None None] Validating token access rules against request {{(pid=81917) validate_allowed_request /usr/local/lib/python3.8/dist-packages/keystonemiddleware/auth_token/__init__.py:545}}
Sep 07 09:20:14.313260 n-d-831193-15 devstack@keystone.service[81916]: [pid: 81916|app: 0|req: 166/350] 10.222.0.25 () {58 vars in 1282 bytes} [Wed Sep 7 09:20:13 2022] GET /identity/v3/auth/tokens => generated 799 bytes in 392 msecs (HTTP/1.1 200) 6 headers in 358 bytes (1 switches on core 0)
Sep 07 09:20:14.314481 n-d-831193-15 devstack@keystone.service[81916]: DEBUG keystone.server.flask.request_processing.req_logging [None req-43ed17d8-1fbf-4035-bd9e-0b7ed788aaa8 None None] REQUEST_METHOD: `GET` {{(pid=81916) log_request_info /opt/stack/keystone/keystone/server/flask/request_processing/req_logging.py:27}}
Sep 07 09:20:14.314759 n-d-831193-15 devstack@keystone.service[81916]: DEBUG keystone.server.flask.request_processing.req_logging [None req-43ed17d8-1fbf-4035-bd9e-0b7ed788aaa8 None None] SCRIPT_NAME: `/identity` {{(pid=81916) log_request_info /opt/stack/keystone/keystone/server/flask/request_processing/req_logging.py:28}}
Sep 07 09:20:14.315036 n-d-831193-15 devstack@keystone.service[81916]: DEBUG keystone.server.flask.request_processing.req_logging [None req-43ed17d8-1fbf-4035-bd9e-0b7ed788aaa8 None None] PATH_INFO: `/` {{(pid=81916) log_request_info /opt/stack/keystone/keystone/server/flask/request_processing/req_logging.py:29}}
Sep 07 09:20:14.316598 n-d-831193-15 devstack@keystone.service[81916]: [pid: 81916|app: 0|req: 167/351] 10.222.0.25 () {54 vars in 927 bytes} [Wed Sep 7 09:20:14 2022] GET /identity => generated 270 bytes in 3 msecs (HTTP/1.1 300) 6 headers in 234 bytes (1 switches on core 0)
Sep 07 09:20:14.317325 n-d-831193-15 devstack@keystone.service[81916]: DEBUG keystone.server.flask.request_processing.middleware.auth_context [None req-43ed17d8-1fbf-4035-bd9e-0b7ed788aaa8 None None] Authenticating user token {{(pid=81916) process_request /usr/local/lib/python3.8/dist-packages/keystonemiddleware/auth_token/__init__.py:407}}
Sep 07 09:20:14.345754 n-d-831193-15 devstack@keystone.service[81917]: DEBUG keystone.server.flask.request_processing.middleware.auth_context [None req-ffc86e5d-d8d4-4dec-9c18-faae871acfa7 None admin] RBAC: auth_context: {'token': , 'domain_id': None, 'trust_id': None, 'trustor_id': None, 'trustee_id': None, 'domain_name': None, 'group_ids': [], 'user_id': '94819a1284ba4e44ab1945a72c120f51', 'user_domain_id': 'default', 'system_scope': 'all', 'project_id': None, 'project_domain_id': None, 'roles': ['admin', 'member', 'reader'], 'is_admin_project': True, 'service_user_id': None, 'service_user_domain_id': None, 'service_project_id': None, 'service_project_domain_id': None, 'service_roles': []} {{(pid=81917) fill_context /opt/stack/keystone/keystone/server/flask/request_processing/middleware/auth_context.py:478}}
Sep 07 09:20:14.346405 n-d-831193-15 devstack@keystone.service[81917]: DEBUG keystone.server.flask.request_processing.req_logging [None req-ffc86e5d-d8d4-4dec-9c18-faae871acfa7 None admin] REQUEST_METHOD: `GET` {{(pid=81917) log_request_info /opt/stack/keystone/keystone/server/flask/request_processing/req_logging.py:27}}
Sep 07 09:20:14.346689 n-d-831193-15 devstack@keystone.service[81917]: DEBUG keystone.server.flask.request_processing.req_logging [None req-ffc86e5d-d8d4-4dec-9c18-faae871acfa7 None admin] SCRIPT_NAME: `/identity` {{(pid=81917) log_request_info /opt/stack/keystone/keystone/server/flask/request_processing/req_logging.py:28}}
Sep 07 09:20:14.347002 n-d-831193-15 devstack@keystone.service[81917]: DEBUG keystone.server.flask.request_processing.req_logging [None req-ffc86e5d-d8d4-4dec-9c18-faae871acfa7 None admin] PATH_INFO: `/v3/projects/88a51c0583d3475787d28453b0571f99` {{(pid=81917) log_request_info /opt/stack/keystone/keystone/server/flask/request_processing/req_logging.py:29}}
Sep 07 09:20:14.348155 n-d-831193-15 devstack@keystone.service[81917]: DEBUG keystone.common.rbac_enforcer.enforcer [None req-ffc86e5d-d8d4-4dec-9c18-faae871acfa7 None admin] RBAC: Authorizing `identity:get_project(project_id=88a51c0583d3475787d28453b0571f99)` {{(pid=81917) enforce_call /opt/stack/keystone/keystone/common/rbac_enforcer/enforcer.py:449}}
Sep 07 09:20:14.349645 n-d-831193-15 devstack@keystone.service[81917]: DEBUG keystone.common.rbac_enforcer.enforcer [None req-ffc86e5d-d8d4-4dec-9c18-faae871acfa7 None admin] RBAC: Authorization granted {{(pid=81917) enforce_call /opt/stack/keystone/keystone/common/rbac_enforcer/enforcer.py:457}}
Sep 07 09:20:14.351438 n-d-831193-15 devstack@keystone.service[81917]: [pid: 81917|app: 0|req: 185/352] 10.222.0.25 () {56 vars in 1186 bytes} [Wed Sep 7 09:20:14 2022] GET /identity/v3/projects/88a51c0583d3475787d28453b0571f99 => generated 298 bytes in 190 msecs (HTTP/1.1 200) 5 headers in 177 bytes (1 switches on core 0)
Sep 07 09:20:14.356826 n-d-831193-15 devstack@keystone.service[81917]: DEBUG keystone.server.flask.request_processing.req_logging [None req-aa053889-41d6-4ced-8794-22f63a5e38ee None None] REQUEST_METHOD: `POST` {{(pid=81917) log_request_info /opt/stack/keystone/keystone/server/flask/request_processing/req_logging.py:27}}
Sep 07 09:20:14.357115 n-d-831193-15 devstack@keystone.service[81917]: DEBUG keystone.server.flask.request_processing.req_logging [None req-aa053889-41d6-4ced-8794-22f63a5e38ee None None] SCRIPT_NAME: `/identity` {{(pid=81917) log_request_info /opt/stack/keystone/keystone/server/flask/request_processing/req_logging.py:28}}
Sep 07 09:20:14.357394 n-d-831193-15 devstack@keystone.service[81917]: DEBUG keystone.server.flask.request_processing.req_logging [None req-aa053889-41d6-4ced-8794-22f63a5e38ee None None] PATH_INFO: `/v3/auth/tokens` {{(pid=81917) log_request_info /opt/stack/keystone/keystone/server/flask/request_processing/req_logging.py:29}}
Sep 07 09:20:14.379861 n-d-831193-15 devstack@keystone.service[81917]: DEBUG keystone.auth.core [None req-aa053889-41d6-4ced-8794-22f63a5e38ee None None] MFA Rules not processed for user `94819a1284ba4e44ab1945a72c120f51`. Rule list: `[]` (Enabled: `True`). {{(pid=81917) check_auth_methods_against_rules /opt/stack/keystone/keystone/auth/core.py:438}}
Sep 07 09:20:14.381123 n-d-831193-15 devstack@keystone.service[81917]: DEBUG keystone.common.fernet_utils [None req-aa053889-41d6-4ced-8794-22f63a5e38ee None None] Loaded 2 Fernet keys from /etc/keystone/fernet-keys/, but `[fernet_tokens] max_active_keys = 3`; perhaps there have not been enough key rotations to reach `max_active_keys` yet? {{(pid=81917) load_keys /opt/stack/keystone/keystone/common/fernet_utils.py:286}}
Sep 07 09:20:14.438393 n-d-831193-15 devstack@keystone.service[81917]: DEBUG dbcounter [-] [81917] Writing DB stats keystone:SELECT=100 {{(pid=81917) stat_writer /usr/local/lib/python3.8/dist-packages/dbcounter.py:114}}
Sep 07 09:20:14.454996 n-d-831193-15 devstack@keystone.service[81916]: DEBUG keystone.server.flask.request_processing.middleware.auth_context [None req-43ed17d8-1fbf-4035-bd9e-0b7ed788aaa8 None None] Validating token access rules against request {{(pid=81916) validate_allowed_request /usr/local/lib/python3.8/dist-packages/keystonemiddleware/auth_token/__init__.py:545}}
Sep 07 09:20:14.461668 n-d-831193-15 devstack@keystone.service[81917]: [pid: 81917|app: 0|req: 186/353] 10.222.0.25 () {58 vars in 1024 bytes} [Wed Sep 7 09:20:14 2022] POST /identity/v3/auth/tokens => generated 799 bytes in 110 msecs (HTTP/1.1 201) 6 headers in 363 bytes (1 switches on core 0)
Sep 07 09:20:14.469275 n-d-831193-15 devstack@keystone.service[81917]: DEBUG keystone.server.flask.request_processing.middleware.auth_context [None req-aa053889-41d6-4ced-8794-22f63a5e38ee None None] Authenticating user token {{(pid=81917) process_request /usr/local/lib/python3.8/dist-packages/keystonemiddleware/auth_token/__init__.py:407}}
Sep 07 09:20:14.493742 n-d-831193-15 devstack@keystone.service[81916]: DEBUG keystone.server.flask.request_processing.middleware.auth_context [None req-5a5b1f7f-cafe-4cfa-a16f-6036d5f49664 None admin] RBAC: auth_context: {'token': , 'domain_id': None, 'trust_id': None, 'trustor_id': None, 'trustee_id': None, 'domain_name': None, 'group_ids': [], 'user_id': '94819a1284ba4e44ab1945a72c120f51', 'user_domain_id': 'default', 'system_scope': 'all', 'project_id': None, 'project_domain_id': None, 'roles': ['admin', 'member', 'reader'], 'is_admin_project': True, 'service_user_id': None, 'service_user_domain_id': None, 'service_project_id': None, 'service_project_domain_id': None, 'service_roles': []} {{(pid=81916) fill_context /opt/stack/keystone/keystone/server/flask/request_processing/middleware/auth_context.py:478}}
Sep 07 09:20:14.494351 n-d-831193-15 devstack@keystone.service[81916]: DEBUG keystone.server.flask.request_processing.req_logging [None req-5a5b1f7f-cafe-4cfa-a16f-6036d5f49664 None admin] REQUEST_METHOD: `GET` {{(pid=81916) log_request_info /opt/stack/keystone/keystone/server/flask/request_processing/req_logging.py:27}}
Sep 07 09:20:14.494680 n-d-831193-15 devstack@keystone.service[81916]: DEBUG keystone.server.flask.request_processing.req_logging [None req-5a5b1f7f-cafe-4cfa-a16f-6036d5f49664 None admin] SCRIPT_NAME: `/identity` {{(pid=81916) log_request_info /opt/stack/keystone/keystone/server/flask/request_processing/req_logging.py:28}}
Sep 07 09:20:14.494945 n-d-831193-15 devstack@keystone.service[81916]: DEBUG keystone.server.flask.request_processing.req_logging [None req-5a5b1f7f-cafe-4cfa-a16f-6036d5f49664 None admin] PATH_INFO: `/v3/auth/tokens` {{(pid=81916) log_request_info /opt/stack/keystone/keystone/server/flask/request_processing/req_logging.py:29}}
Sep 07 09:20:14.549491 n-d-831193-15 devstack@keystone.service[81916]: DEBUG dbcounter [-] [81916] Writing DB stats keystone:SELECT=100 {{(pid=81916) stat_writer /usr/local/lib/python3.8/dist-packages/dbcounter.py:114}}
Sep 07 09:20:14.571960 n-d-831193-15 devstack@keystone.service[81916]: DEBUG keystone.common.rbac_enforcer.enforcer [None req-5a5b1f7f-cafe-4cfa-a16f-6036d5f49664 None admin] RBAC: Authorizing `identity:validate_token()` {{(pid=81916) enforce_call /opt/stack/keystone/keystone/common/rbac_enforcer/enforcer.py:449}}
Sep 07 09:20:14.573816 n-d-831193-15 devstack@keystone.service[81916]: DEBUG keystone.common.rbac_enforcer.enforcer [None req-5a5b1f7f-cafe-4cfa-a16f-6036d5f49664 None admin] RBAC: Authorization granted {{(pid=81916) enforce_call /opt/stack/keystone/keystone/common/rbac_enforcer/enforcer.py:457}}
Sep 07 09:20:14.595779 n-d-831193-15 devstack@keystone.service[81917]: DEBUG keystone.server.flask.request_processing.middleware.auth_context [None req-aa053889-41d6-4ced-8794-22f63a5e38ee None None] Validating token access rules against request {{(pid=81917) validate_allowed_request /usr/local/lib/python3.8/dist-packages/keystonemiddleware/auth_token/__init__.py:545}}
Sep 07 09:20:14.637938 n-d-831193-15 devstack@keystone.service[81917]: DEBUG keystone.server.flask.request_processing.middleware.auth_context [None req-f531b68e-9115-44b1-b205-17a9e7e38f95 None admin] RBAC: auth_context: {'token': , 'domain_id': None, 'trust_id': None, 'trustor_id': None, 'trustee_id': None, 'domain_name': None, 'group_ids': [], 'user_id': '94819a1284ba4e44ab1945a72c120f51', 'user_domain_id': 'default', 'system_scope': 'all', 'project_id': None, 'project_domain_id': None, 'roles': ['admin', 'member', 'reader'], 'is_admin_project': True, 'service_user_id': None, 'service_user_domain_id': None, 'service_project_id': None, 'service_project_domain_id': None, 'service_roles': []} {{(pid=81917) fill_context /opt/stack/keystone/keystone/server/flask/request_processing/middleware/auth_context.py:478}}
Sep 07 09:20:14.638597 n-d-831193-15 devstack@keystone.service[81917]: DEBUG keystone.server.flask.request_processing.req_logging [None req-f531b68e-9115-44b1-b205-17a9e7e38f95 None admin] REQUEST_METHOD: `GET` {{(pid=81917) log_request_info /opt/stack/keystone/keystone/server/flask/request_processing/req_logging.py:27}}
Sep 07 09:20:14.638878 n-d-831193-15 devstack@keystone.service[81917]: DEBUG keystone.server.flask.request_processing.req_logging [None req-f531b68e-9115-44b1-b205-17a9e7e38f95 None admin] SCRIPT_NAME: `/identity` {{(pid=81917) log_request_info /opt/stack/keystone/keystone/server/flask/request_processing/req_logging.py:28}}
Sep 07 09:20:14.639154 n-d-831193-15 devstack@keystone.service[81917]: DEBUG keystone.server.flask.request_processing.req_logging [None req-f531b68e-9115-44b1-b205-17a9e7e38f95 None admin] PATH_INFO: `/v3/projects/88a51c0583d3475787d28453b0571f99` {{(pid=81917) log_request_info /opt/stack/keystone/keystone/server/flask/request_processing/req_logging.py:29}}
Sep 07 09:20:14.640511 n-d-831193-15 devstack@keystone.service[81917]: DEBUG keystone.common.rbac_enforcer.enforcer [None req-f531b68e-9115-44b1-b205-17a9e7e38f95 None admin] RBAC: Authorizing `identity:get_project(project_id=88a51c0583d3475787d28453b0571f99)` {{(pid=81917) enforce_call /opt/stack/keystone/keystone/common/rbac_enforcer/enforcer.py:449}}
Sep 07 09:20:14.642010 n-d-831193-15 devstack@keystone.service[81917]: DEBUG keystone.common.rbac_enforcer.enforcer [None req-f531b68e-9115-44b1-b205-17a9e7e38f95 None admin] RBAC: Authorization granted {{(pid=81917) enforce_call /opt/stack/keystone/keystone/common/rbac_enforcer/enforcer.py:457}}
Sep 07 09:20:14.643769 n-d-831193-15 devstack@keystone.service[81917]: [pid: 81917|app: 0|req: 187/354] 10.222.0.25 () {56 vars in 1186 bytes} [Wed Sep 7 09:20:14 2022] GET /identity/v3/projects/88a51c0583d3475787d28453b0571f99 => generated 298 bytes in 182 msecs (HTTP/1.1 200) 5 headers in 177 bytes (1 switches on core 0)
Sep 07 09:20:14.649871 n-d-831193-15 devstack@keystone.service[81917]: DEBUG keystone.server.flask.request_processing.middleware.auth_context [None req-f531b68e-9115-44b1-b205-17a9e7e38f95 None admin] Authenticating user token {{(pid=81917) process_request /usr/local/lib/python3.8/dist-packages/keystonemiddleware/auth_token/__init__.py:407}}
Sep 07 09:20:14.713334 n-d-831193-15 devstack@keystone.service[81916]: [pid: 81916|app: 0|req: 168/355] 10.222.0.25 () {58 vars in 1282 bytes} [Wed Sep 7 09:20:14 2022] GET /identity/v3/auth/tokens => generated 799 bytes in 396 msecs (HTTP/1.1 200) 6 headers in 358 bytes (1 switches on core 0)
Sep 07 09:20:14.714682 n-d-831193-15 devstack@keystone.service[81916]: DEBUG keystone.server.flask.request_processing.middleware.auth_context [None req-5a5b1f7f-cafe-4cfa-a16f-6036d5f49664 None admin] Authenticating user token {{(pid=81916) process_request /usr/local/lib/python3.8/dist-packages/keystonemiddleware/auth_token/__init__.py:407}}
Sep 07 09:20:14.739156 n-d-831193-15 devstack@keystone.service[81917]: DEBUG dbcounter [-] [81917] Writing DB stats keystone:SELECT=100 {{(pid=81917) stat_writer /usr/local/lib/python3.8/dist-packages/dbcounter.py:114}}
Sep 07 09:20:14.794881 n-d-831193-15 devstack@keystone.service[81917]: DEBUG keystone.server.flask.request_processing.middleware.auth_context [None req-f531b68e-9115-44b1-b205-17a9e7e38f95 None admin] Validating token access rules against request {{(pid=81917) validate_allowed_request /usr/local/lib/python3.8/dist-packages/keystonemiddleware/auth_token/__init__.py:545}}
Sep 07 09:20:14.822088 n-d-831193-15 devstack@keystone.service[81916]: DEBUG dbcounter [-] [81916] Writing DB stats keystone:SELECT=100 {{(pid=81916) stat_writer /usr/local/lib/python3.8/dist-packages/dbcounter.py:114}}
Sep 07 09:20:14.836046 n-d-831193-15 devstack@keystone.service[81917]: DEBUG keystone.server.flask.request_processing.middleware.auth_context [None req-2fc50822-dd34-4a57-86aa-030a25177a40 None admin] RBAC: auth_context: {'token': , 'domain_id': None, 'trust_id': None, 'trustor_id': None, 'trustee_id': None, 'domain_name': None, 'group_ids': [], 'user_id': '94819a1284ba4e44ab1945a72c120f51', 'user_domain_id': 'default', 'system_scope': 'all', 'project_id': None, 'project_domain_id': None, 'roles': ['admin', 'member', 'reader'], 'is_admin_project': True, 'service_user_id': None, 'service_user_domain_id': None, 'service_project_id': None, 'service_project_domain_id': None, 'service_roles': []} {{(pid=81917) fill_context /opt/stack/keystone/keystone/server/flask/request_processing/middleware/auth_context.py:478}}
Sep 07 09:20:14.836754 n-d-831193-15 devstack@keystone.service[81917]: DEBUG keystone.server.flask.request_processing.req_logging [None req-2fc50822-dd34-4a57-86aa-030a25177a40 None admin] REQUEST_METHOD: `GET` {{(pid=81917) log_request_info /opt/stack/keystone/keystone/server/flask/request_processing/req_logging.py:27}}
Sep 07 09:20:14.837068 n-d-831193-15 devstack@keystone.service[81917]: DEBUG keystone.server.flask.request_processing.req_logging [None req-2fc50822-dd34-4a57-86aa-030a25177a40 None admin] SCRIPT_NAME: `/identity` {{(pid=81917) log_request_info /opt/stack/keystone/keystone/server/flask/request_processing/req_logging.py:28}}
Sep 07 09:20:14.837625 n-d-831193-15 devstack@keystone.service[81917]: DEBUG keystone.server.flask.request_processing.req_logging [None req-2fc50822-dd34-4a57-86aa-030a25177a40 None admin] PATH_INFO: `/v3/groups/1c93cd27edc8454a914051fc97e7d218` {{(pid=81917) log_request_info /opt/stack/keystone/keystone/server/flask/request_processing/req_logging.py:29}}
Sep 07 09:20:14.841880 n-d-831193-15 devstack@keystone.service[81916]: DEBUG keystone.server.flask.request_processing.middleware.auth_context [None req-5a5b1f7f-cafe-4cfa-a16f-6036d5f49664 None admin] Validating token access rules against request {{(pid=81916) validate_allowed_request /usr/local/lib/python3.8/dist-packages/keystonemiddleware/auth_token/__init__.py:545}}
Sep 07 09:20:14.844551 n-d-831193-15 devstack@keystone.service[81917]: DEBUG keystone.common.rbac_enforcer.enforcer [None req-2fc50822-dd34-4a57-86aa-030a25177a40 None admin] RBAC: Authorizing `identity:get_group(group_id=1c93cd27edc8454a914051fc97e7d218)` {{(pid=81917) enforce_call /opt/stack/keystone/keystone/common/rbac_enforcer/enforcer.py:449}}
Sep 07 09:20:14.846087 n-d-831193-15 devstack@keystone.service[81917]: DEBUG keystone.common.rbac_enforcer.enforcer [None req-2fc50822-dd34-4a57-86aa-030a25177a40 None admin] RBAC: Authorization granted {{(pid=81917) enforce_call /opt/stack/keystone/keystone/common/rbac_enforcer/enforcer.py:457}}
Sep 07 09:20:14.847729 n-d-831193-15 devstack@keystone.service[81917]: [pid: 81917|app: 0|req: 188/356] 10.222.0.25 () {56 vars in 1180 bytes} [Wed Sep 7 09:20:14 2022] GET /identity/v3/groups/1c93cd27edc8454a914051fc97e7d218 => generated 226 bytes in 203 msecs (HTTP/1.1 200) 5 headers in 177 bytes (1 switches on core 0)
Sep 07 09:20:14.849768 n-d-831193-15 devstack@keystone.service[81917]: DEBUG keystone.server.flask.request_processing.middleware.auth_context [None req-2fc50822-dd34-4a57-86aa-030a25177a40 None admin] Authenticating user token {{(pid=81917) process_request /usr/local/lib/python3.8/dist-packages/keystonemiddleware/auth_token/__init__.py:407}}
Sep 07 09:20:14.881119 n-d-831193-15 devstack@keystone.service[81916]: DEBUG keystone.server.flask.request_processing.middleware.auth_context [None req-0f123cd1-9bd3-4cbc-b1b5-04eaf6244ac9 None admin] RBAC: auth_context: {'token': , 'domain_id': None, 'trust_id': None, 'trustor_id': None, 'trustee_id': None, 'domain_name': None, 'group_ids': [], 'user_id': '94819a1284ba4e44ab1945a72c120f51', 'user_domain_id': 'default', 'system_scope': 'all', 'project_id': None, 'project_domain_id': None, 'roles': ['admin', 'member', 'reader'], 'is_admin_project': True, 'service_user_id': None, 'service_user_domain_id': None, 'service_project_id': None, 'service_project_domain_id': None, 'service_roles': []} {{(pid=81916) fill_context /opt/stack/keystone/keystone/server/flask/request_processing/middleware/auth_context.py:478}}
Sep 07 09:20:14.881740 n-d-831193-15 devstack@keystone.service[81916]: DEBUG keystone.server.flask.request_processing.req_logging [None req-0f123cd1-9bd3-4cbc-b1b5-04eaf6244ac9 None admin] REQUEST_METHOD: `GET` {{(pid=81916) log_request_info /opt/stack/keystone/keystone/server/flask/request_processing/req_logging.py:27}}
Sep 07 09:20:14.882014 n-d-831193-15 devstack@keystone.service[81916]: DEBUG keystone.server.flask.request_processing.req_logging [None req-0f123cd1-9bd3-4cbc-b1b5-04eaf6244ac9 None admin] SCRIPT_NAME: `/identity` {{(pid=81916) log_request_info /opt/stack/keystone/keystone/server/flask/request_processing/req_logging.py:28}}
Sep 07 09:20:14.882278 n-d-831193-15 devstack@keystone.service[81916]: DEBUG keystone.server.flask.request_processing.req_logging [None req-0f123cd1-9bd3-4cbc-b1b5-04eaf6244ac9 None admin] PATH_INFO: `/v3/roles/reader` {{(pid=81916) log_request_info /opt/stack/keystone/keystone/server/flask/request_processing/req_logging.py:29}}
Sep 07 09:20:14.894462 n-d-831193-15 devstack@keystone.service[81916]: DEBUG keystone.common.rbac_enforcer.enforcer [None req-0f123cd1-9bd3-4cbc-b1b5-04eaf6244ac9 None admin] Extracting inferred target data resulted in "NOT FOUND (404)". {{(pid=81916) enforce_call /opt/stack/keystone/keystone/common/rbac_enforcer/enforcer.py:409}}
Sep 07 09:20:14.899518 n-d-831193-15 devstack@keystone.service[81916]: ERROR keystone.server.flask.application [None req-0f123cd1-9bd3-4cbc-b1b5-04eaf6244ac9 None admin] Could not find role: reader.: keystone.exception.RoleNotFound: Could not find role: reader.
Sep 07 09:20:14.899518 n-d-831193-15 devstack@keystone.service[81916]: ERROR keystone.server.flask.application
Traceback (most recent call last):
Sep 07 09:20:14.899518 n-d-831193-15 devstack@keystone.service[81916]: ERROR keystone.server.flask.application
File "/usr/local/lib/python3.8/dist-packages/flask/app.py", line 1820, in full_dispatch_request
Sep 07 09:20:14.899518 n-d-831193-15 devstack@keystone.service[81916]: ERROR keystone.server.flask.application rv = self.dispatch_request()
Sep 07 09:20:14.899518 n-d-831193-15 devstack@keystone.service[81916]: ERROR keystone.server.flask.application
File "/usr/local/lib/python3.8/dist-packages/flask/app.py", line 1796, in dispatch_request
Sep 07 09:20:14.899518 n-d-831193-15 devstack@keystone.service[81916]: ERROR keystone.server.flask.application return self.ensure_sync(self.view_functions[rule.endpoint])(**view_args)
Sep 07 09:20:14.899518 n-d-831193-15 devstack@keystone.service[81916]: ERROR keystone.server.flask.application
File "/usr/local/lib/python3.8/dist-packages/flask_restful/__init__.py", line 467, in wrapper
Sep 07 09:20:14.899518 n-d-831193-15 devstack@keystone.service[81916]: ERROR keystone.server.flask.application resp = resource(*args, **kwargs)
Sep 07 09:20:14.899518 n-d-831193-15 devstack@keystone.service[81916]: ERROR keystone.server.flask.application
File "/usr/local/lib/python3.8/dist-packages/flask/views.py", line 107, in view
Sep 07 09:20:14.899518 n-d-831193-15 devstack@keystone.service[81916]: ERROR keystone.server.flask.application return current_app.ensure_sync(self.dispatch_request)(**kwargs)
Sep 07 09:20:14.899518 n-d-831193-15 devstack@keystone.service[81916]: ERROR keystone.server.flask.application
File "/usr/local/lib/python3.8/dist-packages/flask_restful/__init__.py", line 582, in dispatch_request
Sep 07 09:20:14.899518 n-d-831193-15 devstack@keystone.service[81916]: ERROR keystone.server.flask.application resp = meth(*args, **kwargs)
Sep 07 09:20:14.899518 n-d-831193-15 devstack@keystone.service[81916]: ERROR keystone.server.flask.application
File "/opt/stack/keystone/keystone/api/roles.py", line 50, in get
Sep 07 09:20:14.899518 n-d-831193-15 devstack@keystone.service[81916]: ERROR keystone.server.flask.application return self._get_role(role_id)
Sep 07 09:20:14.899518 n-d-831193-15 devstack@keystone.service[81916]: ERROR keystone.server.flask.application
File "/opt/stack/keystone/keystone/api/roles.py", line 70, in _get_role
Sep 07 09:20:14.899518 n-d-831193-15 devstack@keystone.service[81916]: ERROR keystone.server.flask.application ENFORCER.enforce_call(action='identity:get_role')
Sep 07 09:20:14.900494 n-d-831193-15 devstack@keystone.service[81916]: ERROR keystone.server.flask.application
File "/opt/stack/keystone/keystone/common/rbac_enforcer/enforcer.py", line 402, in enforce_call
Sep 07 09:20:14.900494 n-d-831193-15 devstack@keystone.service[81916]: ERROR keystone.server.flask.application policy_dict.update(cls._extract_member_target_data(
Sep 07 09:20:14.900494 n-d-831193-15 devstack@keystone.service[81916]: ERROR keystone.server.flask.application
File "/opt/stack/keystone/keystone/common/rbac_enforcer/enforcer.py", line 234, in _extract_member_target_data
Sep 07 09:20:14.900494 n-d-831193-15 devstack@keystone.service[81916]: ERROR keystone.server.flask.application member_name: func(flask.request.view_args[key])
Sep 07 09:20:14.900494 n-d-831193-15 devstack@keystone.service[81916]: ERROR keystone.server.flask.application
File "/opt/stack/keystone/keystone/common/manager.py", line 115, in wrapped
Sep 07 09:20:14.900494 n-d-831193-15 devstack@keystone.service[81916]: ERROR keystone.server.flask.application __ret_val = __f(*args, **kwargs)
Sep 07 09:20:14.900494 n-d-831193-15 devstack@keystone.service[81916]: ERROR keystone.server.flask.application
File "/usr/local/lib/python3.8/dist-packages/decorator.py", line 232, in fun
Sep 07 09:20:14.900494 n-d-831193-15 devstack@keystone.service[81916]: ERROR keystone.server.flask.application return caller(func, *(extras + args), **kw)
Sep 07 09:20:14.900494 n-d-831193-15 devstack@keystone.service[81916]: ERROR keystone.server.flask.application
File "/usr/local/lib/python3.8/dist-packages/dogpile/cache/region.py", line 1577, in get_or_create_for_user_func
Sep 07 09:20:14.900494 n-d-831193-15 devstack@keystone.service[81916]: ERROR keystone.server.flask.application return self.get_or_create(
Sep 07 09:20:14.900494 n-d-831193-15 devstack@keystone.service[81916]: ERROR keystone.server.flask.application
File "/usr/local/lib/python3.8/dist-packages/dogpile/cache/region.py", line 1042, in get_or_create
Sep 07 09:20:14.900494 n-d-831193-15 devstack@keystone.service[81916]: ERROR keystone.server.flask.application with Lock(
Sep 07 09:20:14.900494 n-d-831193-15 devstack@keystone.service[81916]: ERROR keystone.server.flask.application
File "/usr/local/lib/python3.8/dist-packages/dogpile/lock.py", line 185, in __enter__
Sep 07 09:20:14.900494 n-d-831193-15 devstack@keystone.service[81916]: ERROR keystone.server.flask.application return self._enter()
Sep 07 09:20:14.900494 n-d-831193-15 devstack@keystone.service[81916]: ERROR keystone.server.flask.application
File "/usr/local/lib/python3.8/dist-packages/dogpile/lock.py", line 94, in _enter
Sep 07 09:20:14.900494 n-d-831193-15 devstack@keystone.service[81916]: ERROR keystone.server.flask.application generated = self._enter_create(value, createdtime)
Sep 07 09:20:14.901310 n-d-831193-15 devstack@keystone.service[81916]: ERROR keystone.server.flask.application
File "/usr/local/lib/python3.8/dist-packages/dogpile/lock.py", line 178, in _enter_create
Sep 07 09:20:14.901310 n-d-831193-15 devstack@keystone.service[81916]: ERROR keystone.server.flask.application return self.creator()
Sep 07 09:20:14.901310 n-d-831193-15 devstack@keystone.service[81916]: ERROR keystone.server.flask.application
File "/usr/local/lib/python3.8/dist-packages/dogpile/cache/region.py", line 995, in gen_value
Sep 07 09:20:14.901310 n-d-831193-15 devstack@keystone.service[81916]: ERROR keystone.server.flask.application created_value = creator(
Sep 07 09:20:14.901310 n-d-831193-15 devstack@keystone.service[81916]: ERROR keystone.server.flask.application
File "/opt/stack/keystone/keystone/assignment/core.py", line 1276, in get_role
Sep 07 09:20:14.901310 n-d-831193-15 devstack@keystone.service[81916]: ERROR keystone.server.flask.application return self.driver.get_role(role_id)
Sep 07 09:20:14.901310 n-d-831193-15 devstack@keystone.service[81916]: ERROR keystone.server.flask.application
File "/opt/stack/keystone/keystone/assignment/role_backends/sql.py", line 70, in get_role
Sep 07 09:20:14.901310 n-d-831193-15 devstack@keystone.service[81916]: ERROR keystone.server.flask.application return self._get_role(session, role_id).to_dict()
Sep 07 09:20:14.901310 n-d-831193-15 devstack@keystone.service[81916]: ERROR keystone.server.flask.application
File "/opt/stack/keystone/keystone/assignment/role_backends/sql.py", line 65, in _get_role
Sep 07 09:20:14.901310 n-d-831193-15 devstack@keystone.service[81916]: ERROR keystone.server.flask.application raise exception.RoleNotFound(role_id=role_id)
Sep 07 09:20:14.901310 n-d-831193-15 devstack@keystone.service[81916]: ERROR keystone.server.flask.application keystone.exception.RoleNotFound: Could not find role: reader.
Sep 07 09:20:14.901310 n-d-831193-15 devstack@keystone.service[81916]: ERROR keystone.server.flask.application
Sep 07 09:20:14.901310 n-d-831193-15 devstack@keystone.service[81916]: [pid: 81916|app: 0|req: 169/357] 10.222.0.25 () {56 vars in 1099 bytes} [Wed Sep 7 09:20:14 2022] GET /identity/v3/roles/reader => generated 84 bytes in 187 msecs (HTTP/1.1 404) 5 headers in 183 bytes (1 switches on core 0)
Sep 07 09:20:14.901977 n-d-831193-15 devstack@keystone.service[81916]: DEBUG keystone.server.flask.request_processing.middleware.auth_context [None req-0f123cd1-9bd3-4cbc-b1b5-04eaf6244ac9 None admin] Authenticating user token {{(pid=81916) process_request /usr/local/lib/python3.8/dist-packages/keystonemiddleware/auth_token/__init__.py:407}}
Sep 07 09:20:14.982727 n-d-831193-15 devstack@keystone.service[81917]: DEBUG keystone.server.flask.request_processing.middleware.auth_context [None req-2fc50822-dd34-4a57-86aa-030a25177a40 None admin] Validating token access rules against request {{(pid=81917) validate_allowed_request /usr/local/lib/python3.8/dist-packages/keystonemiddleware/auth_token/__init__.py:545}}
Sep 07 09:20:15.005747 n-d-831193-15 devstack@keystone.service[81917]: DEBUG dbcounter [-] [81917] Writing DB stats keystone:SELECT=100 {{(pid=81917) stat_writer /usr/local/lib/python3.8/dist-packages/dbcounter.py:114}}
Sep 07 09:20:15.019484 n-d-831193-15 devstack@keystone.service[81916]: DEBUG keystone.server.flask.request_processing.middleware.auth_context [None req-0f123cd1-9bd3-4cbc-b1b5-04eaf6244ac9 None admin] Validating token access rules against request {{(pid=81916) validate_allowed_request /usr/local/lib/python3.8/dist-packages/keystonemiddleware/auth_token/__init__.py:545}}
Sep 07 09:20:15.031479 n-d-831193-15 devstack@keystone.service[81917]: DEBUG keystone.server.flask.request_processing.middleware.auth_context [None req-824614ec-7111-45ce-9f05-338477fd51b7 None admin] RBAC: auth_context: {'token': , 'domain_id': None, 'trust_id': None, 'trustor_id': None, 'trustee_id': None, 'domain_name': None, 'group_ids': [], 'user_id': '94819a1284ba4e44ab1945a72c120f51', 'user_domain_id': 'default', 'system_scope': 'all', 'project_id': None, 'project_domain_id': None, 'roles': ['admin', 'member', 'reader'], 'is_admin_project': True, 'service_user_id': None, 'service_user_domain_id': None, 'service_project_id': None, 'service_project_domain_id': None, 'service_roles': []} {{(pid=81917) fill_context /opt/stack/keystone/keystone/server/flask/request_processing/middleware/auth_context.py:478}}
Sep 07 09:20:15.031915 n-d-831193-15 devstack@keystone.service[81917]: DEBUG keystone.server.flask.request_processing.req_logging [None req-824614ec-7111-45ce-9f05-338477fd51b7 None admin] REQUEST_METHOD: `GET` {{(pid=81917) log_request_info /opt/stack/keystone/keystone/server/flask/request_processing/req_logging.py:27}}
Sep 07 09:20:15.032191 n-d-831193-15 devstack@keystone.service[81917]: DEBUG keystone.server.flask.request_processing.req_logging [None req-824614ec-7111-45ce-9f05-338477fd51b7 None admin] SCRIPT_NAME: `/identity` {{(pid=81917) log_request_info /opt/stack/keystone/keystone/server/flask/request_processing/req_logging.py:28}}
