Mar 24 19:32:29.905690 n-d-831084-2 devstack@n-api.service[124978]: INFO nova.api.openstack.requestlog [None req-c257e4f7-e10c-470a-89c0-54b5526b41da tempest-ServersWithSpecificFlavorTestJSON-516760432 tempest-ServersWithSpecificFlavorTestJSON-516760432-project] 10.222.0.23 "POST /compute/v2.1/os-keypairs" status: 200 len: 2300 microversion: 2.1 time: 0.418410
Mar 24 19:32:29.912769 n-d-831084-2 devstack@n-api.service[124978]: [pid: 124978|app: 0|req: 82/156] 10.222.0.23 () {60 vars in 1157 bytes} [Thu Mar 24 19:32:29 2022] POST /compute/v2.1/os-keypairs => generated 2300 bytes in 427 msecs (HTTP/1.1 200) 9 headers in 358 bytes (1 switches on core 0)
Mar 24 19:32:29.919196 n-d-831084-2 devstack@n-api.service[124979]: DEBUG nova.api.openstack.wsgi [req-77fba574-4398-4430-a454-3a4bd7b109ca req-9daa007e-c843-41cf-8469-9788e51a398f service nova] Action: 'create', calling method: >, body: {"events": [{"server_uuid": "73860c63-7ddd-4480-973b-6c9dacdc2db1", "name": "network-vif-plugged", "status": "completed", "tag": "d03c6728-7197-43ec-98ad-b1f91277c809"}, {"server_uuid": "41abfd9d-87bf-454a-ac90-3bf2849b531c", "name": "network-vif-plugged", "status": "completed", "tag": "64f00f3b-36f9-4726-8405-7c2fb120e195"}]} {{(pid=124979) _process_stack /opt/stack/nova/nova/api/openstack/wsgi.py:511}}
Mar 24 19:32:29.925476 n-d-831084-2 devstack@n-api.service[124978]: DEBUG nova.api.openstack.wsgi [None req-2cb39ab2-c302-420a-836b-803eaf10505c tempest-DeleteServersAdminTestJSON-118644169 tempest-DeleteServersAdminTestJSON-118644169-project] Calling method '>' {{(pid=124978) _process_stack /opt/stack/nova/nova/api/openstack/wsgi.py:513}}
Mar 24 19:32:29.926485 n-d-831084-2 devstack@n-api.service[124978]: DEBUG nova.compute.api [None req-2cb39ab2-c302-420a-836b-803eaf10505c tempest-DeleteServersAdminTestJSON-118644169 tempest-DeleteServersAdminTestJSON-118644169-project] [instance: 73860c63-7ddd-4480-973b-6c9dacdc2db1] Fetching instance by UUID {{(pid=124978) get /opt/stack/nova/nova/compute/api.py:2918}}
Mar 24 19:32:29.939221 n-d-831084-2 devstack@n-api.service[124978]: DEBUG oslo_concurrency.lockutils [None req-2cb39ab2-c302-420a-836b-803eaf10505c tempest-DeleteServersAdminTestJSON-118644169 tempest-DeleteServersAdminTestJSON-118644169-project] Lock "498b35c1-95d7-4493-bb6f-08f2593cb981" acquired by "nova.context.set_target_cell..get_or_set_cached_cell_and_set_connections" :: waited 0.000s {{(pid=124978) inner /usr/local/lib/python3.8/dist-packages/oslo_concurrency/lockutils.py:386}}
Mar 24 19:32:29.940046 n-d-831084-2 devstack@n-api.service[124979]: DEBUG oslo_concurrency.lockutils [req-77fba574-4398-4430-a454-3a4bd7b109ca req-9daa007e-c843-41cf-8469-9788e51a398f service nova] Lock "498b35c1-95d7-4493-bb6f-08f2593cb981" acquired by "nova.context.set_target_cell..get_or_set_cached_cell_and_set_connections" :: waited 0.000s {{(pid=124979) inner /usr/local/lib/python3.8/dist-packages/oslo_concurrency/lockutils.py:386}}
Mar 24 19:32:29.941155 n-d-831084-2 devstack@n-api.service[124979]: DEBUG oslo_concurrency.lockutils [req-77fba574-4398-4430-a454-3a4bd7b109ca req-9daa007e-c843-41cf-8469-9788e51a398f service nova] Lock "498b35c1-95d7-4493-bb6f-08f2593cb981" "released" by "nova.context.set_target_cell..get_or_set_cached_cell_and_set_connections" :: held 0.007s {{(pid=124979) inner /usr/local/lib/python3.8/dist-packages/oslo_concurrency/lockutils.py:400}}
Mar 24 19:32:29.947181 n-d-831084-2 devstack@n-api.service[124978]: DEBUG oslo_concurrency.lockutils [None req-2cb39ab2-c302-420a-836b-803eaf10505c tempest-DeleteServersAdminTestJSON-118644169 tempest-DeleteServersAdminTestJSON-118644169-project] Lock "498b35c1-95d7-4493-bb6f-08f2593cb981" "released" by "nova.context.set_target_cell..get_or_set_cached_cell_and_set_connections" :: held 0.006s {{(pid=124978) inner /usr/local/lib/python3.8/dist-packages/oslo_concurrency/lockutils.py:400}}
Mar 24 19:32:29.948262 n-d-831084-2 devstack@n-api.service[124978]: DEBUG oslo_concurrency.lockutils [None req-2cb39ab2-c302-420a-836b-803eaf10505c tempest-DeleteServersAdminTestJSON-118644169 tempest-DeleteServersAdminTestJSON-118644169-project] Lock "498b35c1-95d7-4493-bb6f-08f2593cb981" acquired by "nova.context.set_target_cell..get_or_set_cached_cell_and_set_connections" :: waited 0.000s {{(pid=124978) inner /usr/local/lib/python3.8/dist-packages/oslo_concurrency/lockutils.py:386}}
Mar 24 19:32:29.949734 n-d-831084-2 devstack@n-api.service[124978]: DEBUG oslo_concurrency.lockutils [None req-2cb39ab2-c302-420a-836b-803eaf10505c tempest-DeleteServersAdminTestJSON-118644169 tempest-DeleteServersAdminTestJSON-118644169-project] Lock "498b35c1-95d7-4493-bb6f-08f2593cb981" "released" by "nova.context.set_target_cell..get_or_set_cached_cell_and_set_connections" :: held 0.001s {{(pid=124978) inner /usr/local/lib/python3.8/dist-packages/oslo_concurrency/lockutils.py:400}}
Mar 24 19:32:29.969235 n-d-831084-2 devstack@n-api.service[124979]: INFO nova.api.openstack.compute.server_external_events [req-77fba574-4398-4430-a454-3a4bd7b109ca req-9daa007e-c843-41cf-8469-9788e51a398f service nova] Creating event network-vif-plugged:d03c6728-7197-43ec-98ad-b1f91277c809 for instance 73860c63-7ddd-4480-973b-6c9dacdc2db1 on n-h1-831084-2
Mar 24 19:32:29.974900 n-d-831084-2 devstack@n-api.service[124979]: INFO nova.api.openstack.compute.server_external_events [req-77fba574-4398-4430-a454-3a4bd7b109ca req-9daa007e-c843-41cf-8469-9788e51a398f service nova] Creating event network-vif-plugged:64f00f3b-36f9-4726-8405-7c2fb120e195 for instance 41abfd9d-87bf-454a-ac90-3bf2849b531c on n-h1-831084-2
Mar 24 19:32:29.988755 n-d-831084-2 devstack@n-api.service[124979]: INFO nova.api.openstack.requestlog [req-77fba574-4398-4430-a454-3a4bd7b109ca req-9daa007e-c843-41cf-8469-9788e51a398f service nova] 10.222.0.23 "POST /compute/v2.1/os-server-external-events" status: 200 len: 354 microversion: 2.1 time: 0.086676
Mar 24 19:32:29.992469 n-d-831084-2 devstack@n-api.service[124979]: [pid: 124979|app: 0|req: 75/157] 10.222.0.23 () {64 vars in 1317 bytes} [Thu Mar 24 19:32:29 2022] POST /compute/v2.1/os-server-external-events => generated 354 bytes in 94 msecs (HTTP/1.1 200) 9 headers in 357 bytes (1 switches on core 0)
Mar 24 19:32:30.010767 n-d-831084-2 devstack@n-api.service[124979]: DEBUG nova.api.openstack.wsgi [None req-dd30dfb6-8cd2-4594-a208-f3672763699b tempest-FlavorsAdminTestJSON-500255969 tempest-FlavorsAdminTestJSON-500255969-project-admin] Calling method '>' {{(pid=124979) _process_stack /opt/stack/nova/nova/api/openstack/wsgi.py:513}}
Mar 24 19:32:30.012075 n-d-831084-2 devstack@n-api.service[124979]: /usr/local/lib/python3.8/dist-packages/oslo_policy/policy.py:1119: UserWarning: Policy "os_compute_api:os-flavor-manage:delete": "rule:context_is_admin" failed scope check. The token used to make the request was project scoped but the policy requires ['system'] scope. This behavior may change in the future where using the intended scope is required
Mar 24 19:32:30.012075 n-d-831084-2 devstack@n-api.service[124979]: warnings.warn(msg)
Mar 24 19:32:30.042379 n-d-831084-2 devstack@n-api.service[124979]: INFO nova.api.openstack.requestlog [None req-dd30dfb6-8cd2-4594-a208-f3672763699b tempest-FlavorsAdminTestJSON-500255969 tempest-FlavorsAdminTestJSON-500255969-project-admin] 10.222.0.23 "DELETE /compute/v2.1/flavors/1953783832" status: 202 len: 0 microversion: 2.1 time: 0.048332
Mar 24 19:32:30.043912 n-d-831084-2 devstack@n-api.service[124979]: [pid: 124979|app: 0|req: 76/158] 10.222.0.23 () {58 vars in 1160 bytes} [Thu Mar 24 19:32:29 2022] DELETE /compute/v2.1/flavors/1953783832 => generated 0 bytes in 50 msecs (HTTP/1.1 202) 9 headers in 361 bytes (1 switches on core 0)
Mar 24 19:32:30.054650 n-d-831084-2 devstack@n-api.service[124979]: DEBUG nova.api.openstack.wsgi [None req-088ac1e4-f4d8-4376-a289-126fb22a612a tempest-FlavorsAdminTestJSON-500255969 tempest-FlavorsAdminTestJSON-500255969-project-admin] Calling method '>' {{(pid=124979) _process_stack /opt/stack/nova/nova/api/openstack/wsgi.py:513}}
Mar 24 19:32:30.079804 n-d-831084-2 devstack@n-api.service[124979]: INFO nova.api.openstack.requestlog [None req-088ac1e4-f4d8-4376-a289-126fb22a612a tempest-FlavorsAdminTestJSON-500255969 tempest-FlavorsAdminTestJSON-500255969-project-admin] 10.222.0.23 "GET /compute/v2.1/flavors/detail" status: 200 len: 5815 microversion: 2.1 time: 0.030796
Mar 24 19:32:30.081900 n-d-831084-2 devstack@n-api.service[124979]: [pid: 124979|app: 0|req: 77/159] 10.222.0.23 () {58 vars in 1145 bytes} [Thu Mar 24 19:32:30 2022] GET /compute/v2.1/flavors/detail => generated 5815 bytes in 34 msecs (HTTP/1.1 200) 9 headers in 358 bytes (1 switches on core 0)
Mar 24 19:32:30.100926 n-d-831084-2 devstack@n-api.service[124979]: DEBUG nova.api.openstack.wsgi [None req-70669708-0006-47da-a41f-a86af81c4b23 tempest-FlavorsAdminTestJSON-500255969 tempest-FlavorsAdminTestJSON-500255969-project-admin] Action: 'create', calling method: >, body: {"flavor": {"ram": 512, "vcpus": 1, "disk": 10, "name": "tempest-FlavorsAdminTestJSON-flavor-61890392", "id": null, "os-flavor-access:is_public": "True"}} {{(pid=124979) _process_stack /opt/stack/nova/nova/api/openstack/wsgi.py:511}}
Mar 24 19:32:30.104070 n-d-831084-2 devstack@n-api.service[124979]: /usr/local/lib/python3.8/dist-packages/oslo_policy/policy.py:1119: UserWarning: Policy "os_compute_api:os-flavor-manage:create": "rule:context_is_admin" failed scope check. The token used to make the request was project scoped but the policy requires ['system'] scope. This behavior may change in the future where using the intended scope is required
Mar 24 19:32:30.104070 n-d-831084-2 devstack@n-api.service[124979]: warnings.warn(msg)
Mar 24 19:32:30.129549 n-d-831084-2 devstack@n-api.service[124979]: INFO nova.api.openstack.requestlog [None req-70669708-0006-47da-a41f-a86af81c4b23 tempest-FlavorsAdminTestJSON-500255969 tempest-FlavorsAdminTestJSON-500255969-project-admin] 10.222.0.23 "POST /compute/v2.1/flavors" status: 200 len: 505 microversion: 2.1 time: 0.031658
Mar 24 19:32:30.130851 n-d-831084-2 devstack@n-api.service[124979]: [pid: 124979|app: 0|req: 78/160] 10.222.0.23 () {60 vars in 1146 bytes} [Thu Mar 24 19:32:30 2022] POST /compute/v2.1/flavors => generated 505 bytes in 36 msecs (HTTP/1.1 200) 9 headers in 357 bytes (1 switches on core 0)
Mar 24 19:32:30.145925 n-d-831084-2 devstack@n-api.service[124979]: DEBUG nova.api.openstack.wsgi [None req-9db8d6c6-5f6c-44d7-a322-b1c8d19fc54e tempest-FlavorsAdminTestJSON-500255969 tempest-FlavorsAdminTestJSON-500255969-project-admin] Calling method '>' {{(pid=124979) _process_stack /opt/stack/nova/nova/api/openstack/wsgi.py:513}}
Mar 24 19:32:30.171565 n-d-831084-2 devstack@n-api.service[124979]: INFO nova.api.openstack.requestlog [None req-9db8d6c6-5f6c-44d7-a322-b1c8d19fc54e tempest-FlavorsAdminTestJSON-500255969 tempest-FlavorsAdminTestJSON-500255969-project-admin] 10.222.0.23 "DELETE /compute/v2.1/flavors/1a769d4c-c317-462a-bf8d-9d89b8b36fbe" status: 202 len: 0 microversion: 2.1 time: 0.032719
Mar 24 19:32:30.176275 n-d-831084-2 devstack@n-api.service[124979]: [pid: 124979|app: 0|req: 79/161] 10.222.0.23 () {58 vars in 1238 bytes} [Thu Mar 24 19:32:30 2022] DELETE /compute/v2.1/flavors/1a769d4c-c317-462a-bf8d-9d89b8b36fbe => generated 0 bytes in 40 msecs (HTTP/1.1 202) 9 headers in 361 bytes (1 switches on core 0)
Mar 24 19:32:30.196524 n-d-831084-2 devstack@n-api.service[124979]: DEBUG nova.api.openstack.wsgi [None req-0112b6d4-8678-4f7e-a482-63b86e15ff09 tempest-FlavorsAdminTestJSON-500255969 tempest-FlavorsAdminTestJSON-500255969-project-admin] Calling method '>' {{(pid=124979) _process_stack /opt/stack/nova/nova/api/openstack/wsgi.py:513}}
Mar 24 19:32:30.235964 n-d-831084-2 devstack@n-api.service[124979]: INFO nova.api.openstack.requestlog [None req-0112b6d4-8678-4f7e-a482-63b86e15ff09 tempest-FlavorsAdminTestJSON-500255969 tempest-FlavorsAdminTestJSON-500255969-project-admin] 10.222.0.23 "GET /compute/v2.1/flavors/detail" status: 200 len: 5815 microversion: 2.1 time: 0.045581
Mar 24 19:32:30.246470 n-d-831084-2 devstack@n-api.service[124979]: [pid: 124979|app: 0|req: 80/162] 10.222.0.23 () {58 vars in 1145 bytes} [Thu Mar 24 19:32:30 2022] GET /compute/v2.1/flavors/detail => generated 5815 bytes in 49 msecs (HTTP/1.1 200) 9 headers in 358 bytes (1 switches on core 0)
Mar 24 19:32:30.266294 n-d-831084-2 devstack@n-api.service[124979]: DEBUG nova.api.openstack.wsgi [None req-5b95d38d-50fa-44a3-9945-6d1aed251726 tempest-AggregatesAdminTestJSON-1431439433 tempest-AggregatesAdminTestJSON-1431439433-project] Calling method '>' {{(pid=124979) _process_stack /opt/stack/nova/nova/api/openstack/wsgi.py:513}}
Mar 24 19:32:30.267059 n-d-831084-2 devstack@n-api.service[124979]: DEBUG nova.compute.api [None req-5b95d38d-50fa-44a3-9945-6d1aed251726 tempest-AggregatesAdminTestJSON-1431439433 tempest-AggregatesAdminTestJSON-1431439433-project] [instance: 41abfd9d-87bf-454a-ac90-3bf2849b531c] Fetching instance by UUID {{(pid=124979) get /opt/stack/nova/nova/compute/api.py:2918}}
Mar 24 19:32:30.292447 n-d-831084-2 devstack@n-api.service[124979]: DEBUG oslo_concurrency.lockutils [None req-5b95d38d-50fa-44a3-9945-6d1aed251726 tempest-AggregatesAdminTestJSON-1431439433 tempest-AggregatesAdminTestJSON-1431439433-project] Lock "498b35c1-95d7-4493-bb6f-08f2593cb981" acquired by "nova.context.set_target_cell..get_or_set_cached_cell_and_set_connections" :: waited 0.000s {{(pid=124979) inner /usr/local/lib/python3.8/dist-packages/oslo_concurrency/lockutils.py:386}}
Mar 24 19:32:30.294722 n-d-831084-2 devstack@n-api.service[124979]: DEBUG oslo_concurrency.lockutils [None req-5b95d38d-50fa-44a3-9945-6d1aed251726 tempest-AggregatesAdminTestJSON-1431439433 tempest-AggregatesAdminTestJSON-1431439433-project] Lock "498b35c1-95d7-4493-bb6f-08f2593cb981" "released" by "nova.context.set_target_cell..get_or_set_cached_cell_and_set_connections" :: held 0.005s {{(pid=124979) inner /usr/local/lib/python3.8/dist-packages/oslo_concurrency/lockutils.py:400}}
Mar 24 19:32:30.296383 n-d-831084-2 devstack@n-api.service[124979]: DEBUG oslo_concurrency.lockutils [None req-5b95d38d-50fa-44a3-9945-6d1aed251726 tempest-AggregatesAdminTestJSON-1431439433 tempest-AggregatesAdminTestJSON-1431439433-project] Lock "498b35c1-95d7-4493-bb6f-08f2593cb981" acquired by "nova.context.set_target_cell..get_or_set_cached_cell_and_set_connections" :: waited 0.000s {{(pid=124979) inner /usr/local/lib/python3.8/dist-packages/oslo_concurrency/lockutils.py:386}}
Mar 24 19:32:30.302034 n-d-831084-2 devstack@n-api.service[124979]: DEBUG oslo_concurrency.lockutils [None req-5b95d38d-50fa-44a3-9945-6d1aed251726 tempest-AggregatesAdminTestJSON-1431439433 tempest-AggregatesAdminTestJSON-1431439433-project] Lock "498b35c1-95d7-4493-bb6f-08f2593cb981" "released" by "nova.context.set_target_cell..get_or_set_cached_cell_and_set_connections" :: held 0.005s {{(pid=124979) inner /usr/local/lib/python3.8/dist-packages/oslo_concurrency/lockutils.py:400}}
Mar 24 19:32:30.484465 n-d-831084-2 devstack@n-api.service[124978]: DEBUG nova.policy [None req-2cb39ab2-c302-420a-836b-803eaf10505c tempest-DeleteServersAdminTestJSON-118644169 tempest-DeleteServersAdminTestJSON-118644169-project] Policy check for os_compute_api:os-extended-server-attributes failed with credentials {'is_admin': False, 'user_id': 'bb89aa6171234eb69b1b70d9affb6bd8', 'user_domain_id': 'default', 'system_scope': None, 'domain_id': None, 'project_id': '34dd920f6c3c4a1ab085c82de94b4e92', 'project_domain_id': 'default', 'roles': ['reader', 'member'], 'is_admin_project': True, 'service_user_id': None, 'service_user_domain_id': None, 'service_project_id': None, 'service_project_domain_id': None, 'service_roles': []} {{(pid=124978) authorize /opt/stack/nova/nova/policy.py:199}}
Mar 24 19:32:30.497542 n-d-831084-2 devstack@n-api.service[124978]: INFO nova.api.openstack.requestlog [None req-2cb39ab2-c302-420a-836b-803eaf10505c tempest-DeleteServersAdminTestJSON-118644169 tempest-DeleteServersAdminTestJSON-118644169-project] 10.222.0.23 "GET /compute/v2.1/servers/73860c63-7ddd-4480-973b-6c9dacdc2db1" status: 200 len: 1342 microversion: 2.1 time: 0.583212
Mar 24 19:32:30.500724 n-d-831084-2 devstack@n-api.service[124978]: [pid: 124978|app: 0|req: 83/163] 10.222.0.23 () {58 vars in 1235 bytes} [Thu Mar 24 19:32:29 2022] GET /compute/v2.1/servers/73860c63-7ddd-4480-973b-6c9dacdc2db1 => generated 1342 bytes in 587 msecs (HTTP/1.1 200) 9 headers in 358 bytes (1 switches on core 0)
Mar 24 19:32:30.509371 n-d-831084-2 devstack@n-api.service[124978]: DEBUG nova.api.openstack.wsgi [None req-9bcf22bd-1f79-42b4-b386-38fdaca14439 tempest-FlavorsAdminTestJSON-500255969 tempest-FlavorsAdminTestJSON-500255969-project-admin] Action: 'create', calling method: >, body: {"flavor": {"ram": 512, "vcpus": 1, "disk": 10, "name": "tempest-FlavorsAdminTestJSON-flavor-663325023", "id": "6585f175-07d8-4816-b46f-418b8f856226", "os-flavor-access:is_public": "True"}} {{(pid=124978) _process_stack /opt/stack/nova/nova/api/openstack/wsgi.py:511}}
Mar 24 19:32:30.520701 n-d-831084-2 devstack@n-api.service[124978]: /usr/local/lib/python3.8/dist-packages/oslo_policy/policy.py:1119: UserWarning: Policy "os_compute_api:os-flavor-manage:create": "rule:context_is_admin" failed scope check. The token used to make the request was project scoped but the policy requires ['system'] scope. This behavior may change in the future where using the intended scope is required
Mar 24 19:32:30.520701 n-d-831084-2 devstack@n-api.service[124978]: warnings.warn(msg)
Mar 24 19:32:30.547762 n-d-831084-2 devstack@n-api.service[124978]: INFO nova.api.openstack.requestlog [None req-9bcf22bd-1f79-42b4-b386-38fdaca14439 tempest-FlavorsAdminTestJSON-500255969 tempest-FlavorsAdminTestJSON-500255969-project-admin] 10.222.0.23 "POST /compute/v2.1/flavors" status: 200 len: 506 microversion: 2.1 time: 0.044567
Mar 24 19:32:30.548461 n-d-831084-2 devstack@n-api.service[124978]: [pid: 124978|app: 0|req: 84/164] 10.222.0.23 () {60 vars in 1146 bytes} [Thu Mar 24 19:32:30 2022] POST /compute/v2.1/flavors => generated 506 bytes in 47 msecs (HTTP/1.1 200) 9 headers in 357 bytes (1 switches on core 0)
Mar 24 19:32:30.570046 n-d-831084-2 devstack@n-api.service[124978]: DEBUG nova.api.openstack.wsgi [None req-0f46e1f2-884e-40aa-a77d-0f8fcb4d8dde tempest-FlavorsAdminTestJSON-500255969 tempest-FlavorsAdminTestJSON-500255969-project-admin] Calling method '>' {{(pid=124978) _process_stack /opt/stack/nova/nova/api/openstack/wsgi.py:513}}
Mar 24 19:32:30.570923 n-d-831084-2 devstack@n-api.service[124978]: /usr/local/lib/python3.8/dist-packages/oslo_policy/policy.py:1119: UserWarning: Policy "os_compute_api:os-flavor-manage:delete": "rule:context_is_admin" failed scope check. The token used to make the request was project scoped but the policy requires ['system'] scope. This behavior may change in the future where using the intended scope is required
Mar 24 19:32:30.570923 n-d-831084-2 devstack@n-api.service[124978]: warnings.warn(msg)
Mar 24 19:32:30.602248 n-d-831084-2 devstack@n-api.service[124979]: DEBUG nova.policy [None req-5b95d38d-50fa-44a3-9945-6d1aed251726 tempest-AggregatesAdminTestJSON-1431439433 tempest-AggregatesAdminTestJSON-1431439433-project] Policy check for os_compute_api:os-extended-server-attributes failed with credentials {'is_admin': False, 'user_id': 'e4597421c9fa4c4ea3107745d035fdfc', 'user_domain_id': 'default', 'system_scope': None, 'domain_id': None, 'project_id': '83bb2912ef1649d380b92f93d75bbe38', 'project_domain_id': 'default', 'roles': ['reader', 'member'], 'is_admin_project': True, 'service_user_id': None, 'service_user_domain_id': None, 'service_project_id': None, 'service_project_domain_id': None, 'service_roles': []} {{(pid=124979) authorize /opt/stack/nova/nova/policy.py:199}}
Mar 24 19:32:30.615201 n-d-831084-2 devstack@n-api.service[124979]: INFO nova.api.openstack.requestlog [None req-5b95d38d-50fa-44a3-9945-6d1aed251726 tempest-AggregatesAdminTestJSON-1431439433 tempest-AggregatesAdminTestJSON-1431439433-project] 10.222.0.23 "GET /compute/v2.1/servers/41abfd9d-87bf-454a-ac90-3bf2849b531c" status: 200 len: 1339 microversion: 2.1 time: 0.372412
Mar 24 19:32:30.616000 n-d-831084-2 devstack@n-api.service[124979]: [pid: 124979|app: 0|req: 81/165] 10.222.0.23 () {58 vars in 1235 bytes} [Thu Mar 24 19:32:30 2022] GET /compute/v2.1/servers/41abfd9d-87bf-454a-ac90-3bf2849b531c => generated 1339 bytes in 377 msecs (HTTP/1.1 200) 9 headers in 358 bytes (1 switches on core 0)
Mar 24 19:32:30.628382 n-d-831084-2 devstack@n-api.service[124978]: INFO nova.api.openstack.requestlog [None req-0f46e1f2-884e-40aa-a77d-0f8fcb4d8dde tempest-FlavorsAdminTestJSON-500255969 tempest-FlavorsAdminTestJSON-500255969-project-admin] 10.222.0.23 "DELETE /compute/v2.1/flavors/6585f175-07d8-4816-b46f-418b8f856226" status: 202 len: 0 microversion: 2.1 time: 0.062315
Mar 24 19:32:30.632938 n-d-831084-2 devstack@n-api.service[124978]: [pid: 124978|app: 0|req: 85/166] 10.222.0.23 () {58 vars in 1238 bytes} [Thu Mar 24 19:32:30 2022] DELETE /compute/v2.1/flavors/6585f175-07d8-4816-b46f-418b8f856226 => generated 0 bytes in 68 msecs (HTTP/1.1 202) 9 headers in 361 bytes (1 switches on core 0)
Mar 24 19:32:30.641586 n-d-831084-2 devstack@n-api.service[124979]: DEBUG nova.api.openstack.wsgi [None req-82467700-951c-47de-b50d-08c33f926316 tempest-FlavorsAdminTestJSON-500255969 tempest-FlavorsAdminTestJSON-500255969-project-admin] Calling method '>' {{(pid=124979) _process_stack /opt/stack/nova/nova/api/openstack/wsgi.py:513}}
Mar 24 19:32:30.665773 n-d-831084-2 devstack@n-api.service[124979]: INFO nova.api.openstack.requestlog [None req-82467700-951c-47de-b50d-08c33f926316 tempest-FlavorsAdminTestJSON-500255969 tempest-FlavorsAdminTestJSON-500255969-project-admin] 10.222.0.23 "GET /compute/v2.1/flavors/detail" status: 200 len: 5815 microversion: 2.1 time: 0.030336
Mar 24 19:32:30.667095 n-d-831084-2 devstack@n-api.service[124979]: [pid: 124979|app: 0|req: 82/167] 10.222.0.23 () {58 vars in 1145 bytes} [Thu Mar 24 19:32:30 2022] GET /compute/v2.1/flavors/detail => generated 5815 bytes in 32 msecs (HTTP/1.1 200) 9 headers in 358 bytes (1 switches on core 0)
Mar 24 19:32:30.688503 n-d-831084-2 devstack@n-api.service[124978]: DEBUG nova.api.openstack.wsgi [None req-4b7458af-73b1-4763-bf08-98a77a1020a4 tempest-FlavorsAdminTestJSON-500255969 tempest-FlavorsAdminTestJSON-500255969-project-admin] Action: 'create', calling method: >, body: {"flavor": {"ram": 512, "vcpus": 1, "disk": 10, "name": "tempest-test_flavor_-83811482", "id": 850388682, "os-flavor-access:is_public": "True"}} {{(pid=124978) _process_stack /opt/stack/nova/nova/api/openstack/wsgi.py:511}}
Mar 24 19:32:30.736955 n-d-831084-2 devstack@n-api.service[124978]: INFO nova.api.openstack.requestlog [None req-4b7458af-73b1-4763-bf08-98a77a1020a4 tempest-FlavorsAdminTestJSON-500255969 tempest-FlavorsAdminTestJSON-500255969-project-admin] 10.222.0.23 "POST /compute/v2.1/flavors" status: 200 len: 409 microversion: 2.1 time: 0.052316
Mar 24 19:32:30.737625 n-d-831084-2 devstack@n-api.service[124978]: [pid: 124978|app: 0|req: 86/168] 10.222.0.23 () {60 vars in 1146 bytes} [Thu Mar 24 19:32:30 2022] POST /compute/v2.1/flavors => generated 409 bytes in 54 msecs (HTTP/1.1 200) 9 headers in 357 bytes (1 switches on core 0)
Mar 24 19:32:30.752654 n-d-831084-2 devstack@n-api.service[124979]: DEBUG nova.api.openstack.wsgi [None req-dc39e66a-c162-4f9f-83a7-5e9243e23b73 tempest-FlavorsAdminTestJSON-500255969 tempest-FlavorsAdminTestJSON-500255969-project-admin] Calling method '>' {{(pid=124979) _process_stack /opt/stack/nova/nova/api/openstack/wsgi.py:513}}
Mar 24 19:32:30.775929 n-d-831084-2 devstack@n-api.service[124979]: INFO nova.api.openstack.requestlog [None req-dc39e66a-c162-4f9f-83a7-5e9243e23b73 tempest-FlavorsAdminTestJSON-500255969 tempest-FlavorsAdminTestJSON-500255969-project-admin] 10.222.0.23 "GET /compute/v2.1/flavors/850388682" status: 200 len: 409 microversion: 2.1 time: 0.030836
Mar 24 19:32:30.777509 n-d-831084-2 devstack@n-api.service[124979]: [pid: 124979|app: 0|req: 83/169] 10.222.0.23 () {58 vars in 1154 bytes} [Thu Mar 24 19:32:30 2022] GET /compute/v2.1/flavors/850388682 => generated 409 bytes in 33 msecs (HTTP/1.1 200) 9 headers in 357 bytes (1 switches on core 0)
Mar 24 19:32:30.863090 n-d-831084-2 devstack@n-api.service[124979]: DEBUG nova.api.openstack.wsgi [None req-ef59b770-701b-4909-a999-50d0ddcc5afd tempest-LiveAutoBlockMigrationV225Test-671399450 tempest-LiveAutoBlockMigrationV225Test-671399450-project] Calling method '>' {{(pid=124979) _process_stack /opt/stack/nova/nova/api/openstack/wsgi.py:513}}
Mar 24 19:32:30.863695 n-d-831084-2 devstack@n-api.service[124979]: DEBUG nova.compute.api [None req-ef59b770-701b-4909-a999-50d0ddcc5afd tempest-LiveAutoBlockMigrationV225Test-671399450 tempest-LiveAutoBlockMigrationV225Test-671399450-project] [instance: a64df19e-fa1a-430d-91fa-ad5636f7acf4] Fetching instance by UUID {{(pid=124979) get /opt/stack/nova/nova/compute/api.py:2918}}
Mar 24 19:32:30.876820 n-d-831084-2 devstack@n-api.service[124979]: DEBUG oslo_concurrency.lockutils [None req-ef59b770-701b-4909-a999-50d0ddcc5afd tempest-LiveAutoBlockMigrationV225Test-671399450 tempest-LiveAutoBlockMigrationV225Test-671399450-project] Lock "498b35c1-95d7-4493-bb6f-08f2593cb981" acquired by "nova.context.set_target_cell..get_or_set_cached_cell_and_set_connections" :: waited 0.000s {{(pid=124979) inner /usr/local/lib/python3.8/dist-packages/oslo_concurrency/lockutils.py:386}}
Mar 24 19:32:30.877608 n-d-831084-2 devstack@n-api.service[124979]: DEBUG oslo_concurrency.lockutils [None req-ef59b770-701b-4909-a999-50d0ddcc5afd tempest-LiveAutoBlockMigrationV225Test-671399450 tempest-LiveAutoBlockMigrationV225Test-671399450-project] Lock "498b35c1-95d7-4493-bb6f-08f2593cb981" "released" by "nova.context.set_target_cell..get_or_set_cached_cell_and_set_connections" :: held 0.001s {{(pid=124979) inner /usr/local/lib/python3.8/dist-packages/oslo_concurrency/lockutils.py:400}}
Mar 24 19:32:30.878389 n-d-831084-2 devstack@n-api.service[124979]: DEBUG oslo_concurrency.lockutils [None req-ef59b770-701b-4909-a999-50d0ddcc5afd tempest-LiveAutoBlockMigrationV225Test-671399450 tempest-LiveAutoBlockMigrationV225Test-671399450-project] Lock "498b35c1-95d7-4493-bb6f-08f2593cb981" acquired by "nova.context.set_target_cell..get_or_set_cached_cell_and_set_connections" :: waited 0.000s {{(pid=124979) inner /usr/local/lib/python3.8/dist-packages/oslo_concurrency/lockutils.py:386}}
Mar 24 19:32:30.878829 n-d-831084-2 devstack@n-api.service[124979]: DEBUG oslo_concurrency.lockutils [None req-ef59b770-701b-4909-a999-50d0ddcc5afd tempest-LiveAutoBlockMigrationV225Test-671399450 tempest-LiveAutoBlockMigrationV225Test-671399450-project] Lock "498b35c1-95d7-4493-bb6f-08f2593cb981" "released" by "nova.context.set_target_cell..get_or_set_cached_cell_and_set_connections" :: held 0.001s {{(pid=124979) inner /usr/local/lib/python3.8/dist-packages/oslo_concurrency/lockutils.py:400}}
Mar 24 19:32:31.193956 n-d-831084-2 devstack@n-api.service[124979]: DEBUG nova.policy [None req-ef59b770-701b-4909-a999-50d0ddcc5afd tempest-LiveAutoBlockMigrationV225Test-671399450 tempest-LiveAutoBlockMigrationV225Test-671399450-project] Policy check for os_compute_api:os-extended-server-attributes failed with credentials {'is_admin': False, 'user_id': '795c71d978894d069fb0f5bd46cf558c', 'user_domain_id': 'default', 'system_scope': None, 'domain_id': None, 'project_id': 'c41db7144ee0430eaf01d547051caffa', 'project_domain_id': 'default', 'roles': ['reader', 'member'], 'is_admin_project': True, 'service_user_id': None, 'service_user_domain_id': None, 'service_project_id': None, 'service_project_domain_id': None, 'service_roles': []} {{(pid=124979) authorize /opt/stack/nova/nova/policy.py:199}}
Mar 24 19:32:31.207444 n-d-831084-2 devstack@n-api.service[124979]: DEBUG nova.policy [None req-ef59b770-701b-4909-a999-50d0ddcc5afd tempest-LiveAutoBlockMigrationV225Test-671399450 tempest-LiveAutoBlockMigrationV225Test-671399450-project] Policy check for os_compute_api:servers:show:host_status failed with credentials {'is_admin': False, 'user_id': '795c71d978894d069fb0f5bd46cf558c', 'user_domain_id': 'default', 'system_scope': None, 'domain_id': None, 'project_id': 'c41db7144ee0430eaf01d547051caffa', 'project_domain_id': 'default', 'roles': ['reader', 'member'], 'is_admin_project': True, 'service_user_id': None, 'service_user_domain_id': None, 'service_project_id': None, 'service_project_domain_id': None, 'service_roles': []} {{(pid=124979) authorize /opt/stack/nova/nova/policy.py:199}}
Mar 24 19:32:31.212202 n-d-831084-2 devstack@n-api.service[124979]: DEBUG nova.policy [None req-ef59b770-701b-4909-a999-50d0ddcc5afd tempest-LiveAutoBlockMigrationV225Test-671399450 tempest-LiveAutoBlockMigrationV225Test-671399450-project] Policy check for os_compute_api:servers:show:host_status:unknown-only failed with credentials {'is_admin': False, 'user_id': '795c71d978894d069fb0f5bd46cf558c', 'user_domain_id': 'default', 'system_scope': None, 'domain_id': None, 'project_id': 'c41db7144ee0430eaf01d547051caffa', 'project_domain_id': 'default', 'roles': ['reader', 'member'], 'is_admin_project': True, 'service_user_id': None, 'service_user_domain_id': None, 'service_project_id': None, 'service_project_domain_id': None, 'service_roles': []} {{(pid=124979) authorize /opt/stack/nova/nova/policy.py:199}}
Mar 24 19:32:31.215950 n-d-831084-2 devstack@n-api.service[124979]: INFO nova.api.openstack.requestlog [None req-ef59b770-701b-4909-a999-50d0ddcc5afd tempest-LiveAutoBlockMigrationV225Test-671399450 tempest-LiveAutoBlockMigrationV225Test-671399450-project] 10.222.0.23 "GET /compute/v2.1/servers/a64df19e-fa1a-430d-91fa-ad5636f7acf4" status: 200 len: 1384 microversion: 2.25 time: 0.357058
Mar 24 19:32:31.218544 n-d-831084-2 devstack@n-api.service[124979]: [pid: 124979|app: 0|req: 84/170] 10.222.0.23 () {60 vars in 1276 bytes} [Thu Mar 24 19:32:30 2022] GET /compute/v2.1/servers/a64df19e-fa1a-430d-91fa-ad5636f7acf4 => generated 1384 bytes in 360 msecs (HTTP/1.1 200) 9 headers in 360 bytes (1 switches on core 0)
Mar 24 19:32:31.343298 n-d-831084-2 devstack@n-api.service[124978]: DEBUG nova.api.openstack.wsgi [None req-a08144c2-1712-4e08-a8aa-d12a6fecb6bb tempest-FlavorsAdminTestJSON-434412278 tempest-FlavorsAdminTestJSON-434412278-project] Calling method '>' {{(pid=124978) _process_stack /opt/stack/nova/nova/api/openstack/wsgi.py:513}}
Mar 24 19:32:31.382709 n-d-831084-2 devstack@n-api.service[124978]: INFO nova.api.openstack.requestlog [None req-a08144c2-1712-4e08-a8aa-d12a6fecb6bb tempest-FlavorsAdminTestJSON-434412278 tempest-FlavorsAdminTestJSON-434412278-project] 10.222.0.23 "GET /compute/v2.1/flavors/detail" status: 200 len: 6214 microversion: 2.1 time: 0.598723
Mar 24 19:32:31.383927 n-d-831084-2 devstack@n-api.service[124978]: [pid: 124978|app: 0|req: 87/171] 10.222.0.23 () {58 vars in 1145 bytes} [Thu Mar 24 19:32:30 2022] GET /compute/v2.1/flavors/detail => generated 6214 bytes in 601 msecs (HTTP/1.1 200) 9 headers in 358 bytes (1 switches on core 0)
Mar 24 19:32:31.399245 n-d-831084-2 devstack@n-api.service[124979]: DEBUG nova.api.openstack.wsgi [None req-b8e47377-803a-4be4-8cfe-6a012dd845d4 tempest-FlavorsAdminTestJSON-500255969 tempest-FlavorsAdminTestJSON-500255969-project-admin] Calling method '>' {{(pid=124979) _process_stack /opt/stack/nova/nova/api/openstack/wsgi.py:513}}
Mar 24 19:32:31.400351 n-d-831084-2 devstack@n-api.service[124979]: /usr/local/lib/python3.8/dist-packages/oslo_policy/policy.py:1119: UserWarning: Policy "os_compute_api:os-flavor-manage:delete": "rule:context_is_admin" failed scope check. The token used to make the request was project scoped but the policy requires ['system'] scope. This behavior may change in the future where using the intended scope is required
Mar 24 19:32:31.400351 n-d-831084-2 devstack@n-api.service[124979]: warnings.warn(msg)
Mar 24 19:32:31.440442 n-d-831084-2 devstack@n-api.service[124979]: INFO nova.api.openstack.requestlog [None req-b8e47377-803a-4be4-8cfe-6a012dd845d4 tempest-FlavorsAdminTestJSON-500255969 tempest-FlavorsAdminTestJSON-500255969-project-admin] 10.222.0.23 "DELETE /compute/v2.1/flavors/850388682" status: 202 len: 0 microversion: 2.1 time: 0.045572
Mar 24 19:32:31.445269 n-d-831084-2 devstack@n-api.service[124979]: [pid: 124979|app: 0|req: 85/172] 10.222.0.23 () {58 vars in 1157 bytes} [Thu Mar 24 19:32:31 2022] DELETE /compute/v2.1/flavors/850388682 => generated 0 bytes in 51 msecs (HTTP/1.1 202) 9 headers in 361 bytes (1 switches on core 0)
Mar 24 19:32:31.451216 n-d-831084-2 devstack@n-api.service[124978]: DEBUG nova.api.openstack.wsgi [None req-7f69e67e-b53a-485e-bf3a-2061ce0b5b8a tempest-FlavorsAdminTestJSON-500255969 tempest-FlavorsAdminTestJSON-500255969-project-admin] Calling method '>' {{(pid=124978) _process_stack /opt/stack/nova/nova/api/openstack/wsgi.py:513}}
Mar 24 19:32:31.488150 n-d-831084-2 devstack@n-api.service[124978]: INFO nova.api.openstack.requestlog [None req-7f69e67e-b53a-485e-bf3a-2061ce0b5b8a tempest-FlavorsAdminTestJSON-500255969 tempest-FlavorsAdminTestJSON-500255969-project-admin] 10.222.0.23 "GET /compute/v2.1/flavors/detail" status: 200 len: 5815 microversion: 2.1 time: 0.041959
Mar 24 19:32:31.489858 n-d-831084-2 devstack@n-api.service[124978]: [pid: 124978|app: 0|req: 88/173] 10.222.0.23 () {58 vars in 1145 bytes} [Thu Mar 24 19:32:31 2022] GET /compute/v2.1/flavors/detail => generated 5815 bytes in 44 msecs (HTTP/1.1 200) 9 headers in 358 bytes (2 switches on core 0)
Mar 24 19:32:31.512136 n-d-831084-2 devstack@n-api.service[124979]: DEBUG nova.api.openstack.wsgi [None req-cb4e6a4a-8ead-4fdf-8570-044ca9582bb1 tempest-FlavorsAdminTestJSON-500255969 tempest-FlavorsAdminTestJSON-500255969-project-admin] Action: 'create', calling method: >, body: {"flavor": {"ram": 512, "vcpus": 1, "disk": 10, "name": "tempest-FlavorsAdminTestJSON-flavor-1846407883", "id": 823463876, "os-flavor-access:is_public": "False"}} {{(pid=124979) _process_stack /opt/stack/nova/nova/api/openstack/wsgi.py:511}}
Mar 24 19:32:31.514143 n-d-831084-2 devstack@n-api.service[124979]: /usr/local/lib/python3.8/dist-packages/oslo_policy/policy.py:1119: UserWarning: Policy "os_compute_api:os-flavor-manage:create": "rule:context_is_admin" failed scope check. The token used to make the request was project scoped but the policy requires ['system'] scope. This behavior may change in the future where using the intended scope is required
Mar 24 19:32:31.514143 n-d-831084-2 devstack@n-api.service[124979]: warnings.warn(msg)
Mar 24 19:32:31.518505 n-d-831084-2 devstack@n-api.service[124978]: DEBUG nova.api.openstack.wsgi [None req-29e6be79-827d-4d07-8e04-21caa5ecbf2d tempest-DeleteServersAdminTestJSON-118644169 tempest-DeleteServersAdminTestJSON-118644169-project] Calling method '>' {{(pid=124978) _process_stack /opt/stack/nova/nova/api/openstack/wsgi.py:513}}
Mar 24 19:32:31.519204 n-d-831084-2 devstack@n-api.service[124978]: DEBUG nova.compute.api [None req-29e6be79-827d-4d07-8e04-21caa5ecbf2d tempest-DeleteServersAdminTestJSON-118644169 tempest-DeleteServersAdminTestJSON-118644169-project] [instance: 73860c63-7ddd-4480-973b-6c9dacdc2db1] Fetching instance by UUID {{(pid=124978) get /opt/stack/nova/nova/compute/api.py:2918}}
Mar 24 19:32:31.529965 n-d-831084-2 devstack@n-api.service[124978]: DEBUG oslo_concurrency.lockutils [None req-29e6be79-827d-4d07-8e04-21caa5ecbf2d tempest-DeleteServersAdminTestJSON-118644169 tempest-DeleteServersAdminTestJSON-118644169-project] Lock "498b35c1-95d7-4493-bb6f-08f2593cb981" acquired by "nova.context.set_target_cell..get_or_set_cached_cell_and_set_connections" :: waited 0.000s {{(pid=124978) inner /usr/local/lib/python3.8/dist-packages/oslo_concurrency/lockutils.py:386}}
Mar 24 19:32:31.530874 n-d-831084-2 devstack@n-api.service[124978]: DEBUG oslo_concurrency.lockutils [None req-29e6be79-827d-4d07-8e04-21caa5ecbf2d tempest-DeleteServersAdminTestJSON-118644169 tempest-DeleteServersAdminTestJSON-118644169-project] Lock "498b35c1-95d7-4493-bb6f-08f2593cb981" "released" by "nova.context.set_target_cell..get_or_set_cached_cell_and_set_connections" :: held 0.002s {{(pid=124978) inner /usr/local/lib/python3.8/dist-packages/oslo_concurrency/lockutils.py:400}}
Mar 24 19:32:31.532066 n-d-831084-2 devstack@n-api.service[124978]: DEBUG oslo_concurrency.lockutils [None req-29e6be79-827d-4d07-8e04-21caa5ecbf2d tempest-DeleteServersAdminTestJSON-118644169 tempest-DeleteServersAdminTestJSON-118644169-project] Lock "498b35c1-95d7-4493-bb6f-08f2593cb981" acquired by "nova.context.set_target_cell..get_or_set_cached_cell_and_set_connections" :: waited 0.000s {{(pid=124978) inner /usr/local/lib/python3.8/dist-packages/oslo_concurrency/lockutils.py:386}}
Mar 24 19:32:31.532788 n-d-831084-2 devstack@n-api.service[124978]: DEBUG oslo_concurrency.lockutils [None req-29e6be79-827d-4d07-8e04-21caa5ecbf2d tempest-DeleteServersAdminTestJSON-118644169 tempest-DeleteServersAdminTestJSON-118644169-project] Lock "498b35c1-95d7-4493-bb6f-08f2593cb981" "released" by "nova.context.set_target_cell..get_or_set_cached_cell_and_set_connections" :: held 0.001s {{(pid=124978) inner /usr/local/lib/python3.8/dist-packages/oslo_concurrency/lockutils.py:400}}
Mar 24 19:32:31.551958 n-d-831084-2 devstack@n-api.service[124979]: INFO nova.api.openstack.requestlog [None req-cb4e6a4a-8ead-4fdf-8570-044ca9582bb1 tempest-FlavorsAdminTestJSON-500255969 tempest-FlavorsAdminTestJSON-500255969-project-admin] 10.222.0.23 "POST /compute/v2.1/flavors" status: 200 len: 427 microversion: 2.1 time: 0.041871
Mar 24 19:32:31.554369 n-d-831084-2 devstack@n-api.service[124979]: [pid: 124979|app: 0|req: 86/174] 10.222.0.23 () {60 vars in 1146 bytes} [Thu Mar 24 19:32:31 2022] POST /compute/v2.1/flavors => generated 427 bytes in 49 msecs (HTTP/1.1 200) 9 headers in 357 bytes (1 switches on core 0)
Mar 24 19:32:31.582946 n-d-831084-2 devstack@n-api.service[124979]: DEBUG nova.api.openstack.wsgi [None req-84d427c2-e575-4aed-9024-d5ecbcdc6cd3 tempest-FlavorsAdminTestJSON-434412278 tempest-FlavorsAdminTestJSON-434412278-project] Action: 'create', calling method: >, body: {"server": {"name": "test", "imageRef": "f96510b0-e3d7-41c4-a4af-022ce774f16f", "flavorRef": "823463876"}} {{(pid=124979) _process_stack /opt/stack/nova/nova/api/openstack/wsgi.py:511}}
Mar 24 19:32:31.610676 n-d-831084-2 devstack@n-api.service[124979]: INFO nova.api.openstack.wsgi [None req-84d427c2-e575-4aed-9024-d5ecbcdc6cd3 tempest-FlavorsAdminTestJSON-434412278 tempest-FlavorsAdminTestJSON-434412278-project] HTTP exception thrown: Flavor 823463876 could not be found.
Mar 24 19:32:31.612290 n-d-831084-2 devstack@n-api.service[124979]: DEBUG nova.api.openstack.wsgi [None req-84d427c2-e575-4aed-9024-d5ecbcdc6cd3 tempest-FlavorsAdminTestJSON-434412278 tempest-FlavorsAdminTestJSON-434412278-project] Returning 400 to user: Flavor 823463876 could not be found. {{(pid=124979) __call__ /opt/stack/nova/nova/api/openstack/wsgi.py:936}}
Mar 24 19:32:31.613328 n-d-831084-2 devstack@n-api.service[124979]: INFO nova.api.openstack.requestlog [None req-84d427c2-e575-4aed-9024-d5ecbcdc6cd3 tempest-FlavorsAdminTestJSON-434412278 tempest-FlavorsAdminTestJSON-434412278-project] 10.222.0.23 "POST /compute/v2.1/servers" status: 400 len: 80 microversion: 2.1 time: 0.047027
Mar 24 19:32:31.617713 n-d-831084-2 devstack@n-api.service[124979]: [pid: 124979|app: 0|req: 87/175] 10.222.0.23 () {60 vars in 1146 bytes} [Thu Mar 24 19:32:31 2022] POST /compute/v2.1/servers => generated 80 bytes in 54 msecs (HTTP/1.1 400) 9 headers in 380 bytes (1 switches on core 0)
Mar 24 19:32:31.622714 n-d-831084-2 devstack@n-api.service[124979]: DEBUG nova.api.openstack.wsgi [None req-445c210a-7338-4b61-8992-47d4ce81247d tempest-FlavorsAdminTestJSON-500255969 tempest-FlavorsAdminTestJSON-500255969-project-admin] Calling method '>' {{(pid=124979) _process_stack /opt/stack/nova/nova/api/openstack/wsgi.py:513}}
Mar 24 19:32:31.647774 n-d-831084-2 devstack@n-api.service[124979]: INFO nova.api.openstack.requestlog [None req-445c210a-7338-4b61-8992-47d4ce81247d tempest-FlavorsAdminTestJSON-500255969 tempest-FlavorsAdminTestJSON-500255969-project-admin] 10.222.0.23 "DELETE /compute/v2.1/flavors/823463876" status: 202 len: 0 microversion: 2.1 time: 0.028401
Mar 24 19:32:31.648700 n-d-831084-2 devstack@n-api.service[124979]: [pid: 124979|app: 0|req: 88/176] 10.222.0.23 () {58 vars in 1157 bytes} [Thu Mar 24 19:32:31 2022] DELETE /compute/v2.1/flavors/823463876 => generated 0 bytes in 30 msecs (HTTP/1.1 202) 9 headers in 361 bytes (1 switches on core 0)
Mar 24 19:32:31.656277 n-d-831084-2 devstack@n-api.service[124979]: DEBUG nova.api.openstack.wsgi [None req-71cb2c8d-4966-4b80-82a7-37a13a1d689b tempest-AggregatesAdminTestJSON-1431439433 tempest-AggregatesAdminTestJSON-1431439433-project] Calling method '>' {{(pid=124979) _process_stack /opt/stack/nova/nova/api/openstack/wsgi.py:513}}
Mar 24 19:32:31.662791 n-d-831084-2 devstack@n-api.service[124979]: DEBUG nova.compute.api [None req-71cb2c8d-4966-4b80-82a7-37a13a1d689b tempest-AggregatesAdminTestJSON-1431439433 tempest-AggregatesAdminTestJSON-1431439433-project] [instance: 41abfd9d-87bf-454a-ac90-3bf2849b531c] Fetching instance by UUID {{(pid=124979) get /opt/stack/nova/nova/compute/api.py:2918}}
Mar 24 19:32:31.677666 n-d-831084-2 devstack@n-api.service[124979]: DEBUG oslo_concurrency.lockutils [None req-71cb2c8d-4966-4b80-82a7-37a13a1d689b tempest-AggregatesAdminTestJSON-1431439433 tempest-AggregatesAdminTestJSON-1431439433-project] Lock "498b35c1-95d7-4493-bb6f-08f2593cb981" acquired by "nova.context.set_target_cell..get_or_set_cached_cell_and_set_connections" :: waited 0.000s {{(pid=124979) inner /usr/local/lib/python3.8/dist-packages/oslo_concurrency/lockutils.py:386}}
Mar 24 19:32:31.679970 n-d-831084-2 devstack@n-api.service[124979]: DEBUG oslo_concurrency.lockutils [None req-71cb2c8d-4966-4b80-82a7-37a13a1d689b tempest-AggregatesAdminTestJSON-1431439433 tempest-AggregatesAdminTestJSON-1431439433-project] Lock "498b35c1-95d7-4493-bb6f-08f2593cb981" "released" by "nova.context.set_target_cell..get_or_set_cached_cell_and_set_connections" :: held 0.002s {{(pid=124979) inner /usr/local/lib/python3.8/dist-packages/oslo_concurrency/lockutils.py:400}}
Mar 24 19:32:31.680911 n-d-831084-2 devstack@n-api.service[124979]: DEBUG oslo_concurrency.lockutils [None req-71cb2c8d-4966-4b80-82a7-37a13a1d689b tempest-AggregatesAdminTestJSON-1431439433 tempest-AggregatesAdminTestJSON-1431439433-project] Lock "498b35c1-95d7-4493-bb6f-08f2593cb981" acquired by "nova.context.set_target_cell..get_or_set_cached_cell_and_set_connections" :: waited 0.000s {{(pid=124979) inner /usr/local/lib/python3.8/dist-packages/oslo_concurrency/lockutils.py:386}}
Mar 24 19:32:31.682385 n-d-831084-2 devstack@n-api.service[124979]: DEBUG oslo_concurrency.lockutils [None req-71cb2c8d-4966-4b80-82a7-37a13a1d689b tempest-AggregatesAdminTestJSON-1431439433 tempest-AggregatesAdminTestJSON-1431439433-project] Lock "498b35c1-95d7-4493-bb6f-08f2593cb981" "released" by "nova.context.set_target_cell..get_or_set_cached_cell_and_set_connections" :: held 0.001s {{(pid=124979) inner /usr/local/lib/python3.8/dist-packages/oslo_concurrency/lockutils.py:400}}
Mar 24 19:32:31.904324 n-d-831084-2 devstack@n-api.service[124978]: DEBUG nova.policy [None req-29e6be79-827d-4d07-8e04-21caa5ecbf2d tempest-DeleteServersAdminTestJSON-118644169 tempest-DeleteServersAdminTestJSON-118644169-project] Policy check for os_compute_api:os-extended-server-attributes failed with credentials {'is_admin': False, 'user_id': 'bb89aa6171234eb69b1b70d9affb6bd8', 'user_domain_id': 'default', 'system_scope': None, 'domain_id': None, 'project_id': '34dd920f6c3c4a1ab085c82de94b4e92', 'project_domain_id': 'default', 'roles': ['reader', 'member'], 'is_admin_project': True, 'service_user_id': None, 'service_user_domain_id': None, 'service_project_id': None, 'service_project_domain_id': None, 'service_roles': []} {{(pid=124978) authorize /opt/stack/nova/nova/policy.py:199}}
Mar 24 19:32:31.921724 n-d-831084-2 devstack@n-api.service[124978]: INFO nova.api.openstack.requestlog [None req-29e6be79-827d-4d07-8e04-21caa5ecbf2d tempest-DeleteServersAdminTestJSON-118644169 tempest-DeleteServersAdminTestJSON-118644169-project] 10.222.0.23 "GET /compute/v2.1/servers/73860c63-7ddd-4480-973b-6c9dacdc2db1" status: 200 len: 1342 microversion: 2.1 time: 0.401571
Mar 24 19:32:31.922589 n-d-831084-2 devstack@n-api.service[124978]: [pid: 124978|app: 0|req: 89/177] 10.222.0.23 () {58 vars in 1235 bytes} [Thu Mar 24 19:32:31 2022] GET /compute/v2.1/servers/73860c63-7ddd-4480-973b-6c9dacdc2db1 => generated 1342 bytes in 410 msecs (HTTP/1.1 200) 9 headers in 358 bytes (2 switches on core 0)
Mar 24 19:32:31.928342 n-d-831084-2 devstack@n-api.service[124978]: DEBUG nova.api.openstack.wsgi [None req-b4f4a223-1983-4be8-acc0-8a3000885cce tempest-FlavorsAdminTestJSON-500255969 tempest-FlavorsAdminTestJSON-500255969-project-admin] Calling method '>' {{(pid=124978) _process_stack /opt/stack/nova/nova/api/openstack/wsgi.py:513}}
Mar 24 19:32:31.960634 n-d-831084-2 devstack@n-api.service[124978]: INFO nova.api.openstack.requestlog [None req-b4f4a223-1983-4be8-acc0-8a3000885cce tempest-FlavorsAdminTestJSON-500255969 tempest-FlavorsAdminTestJSON-500255969-project-admin] 10.222.0.23 "GET /compute/v2.1/flavors/detail" status: 200 len: 5815 microversion: 2.1 time: 0.035421
Mar 24 19:32:31.961840 n-d-831084-2 devstack@n-api.service[124978]: [pid: 124978|app: 0|req: 90/178] 10.222.0.23 () {58 vars in 1145 bytes} [Thu Mar 24 19:32:31 2022] GET /compute/v2.1/flavors/detail => generated 5815 bytes in 38 msecs (HTTP/1.1 200) 9 headers in 358 bytes (1 switches on core 0)
Mar 24 19:32:31.978770 n-d-831084-2 devstack@n-api.service[124978]: DEBUG nova.api.openstack.wsgi [None req-77b4e5de-0da9-4ed0-a785-8e1080cc77b3 tempest-FlavorsAdminTestJSON-500255969 tempest-FlavorsAdminTestJSON-500255969-project-admin] Action: 'create', calling method: >, body: {"flavor": {"ram": 512, "vcpus": 1, "disk": 10, "name": "tempest-test_flavor_-1832882136", "id": 640621940, "os-flavor-access:is_public": "False"}} {{(pid=124978) _process_stack /opt/stack/nova/nova/api/openstack/wsgi.py:511}}
Mar 24 19:32:31.980547 n-d-831084-2 devstack@n-api.service[124978]: /usr/local/lib/python3.8/dist-packages/oslo_policy/policy.py:1119: UserWarning: Policy "os_compute_api:os-flavor-manage:create": "rule:context_is_admin" failed scope check. The token used to make the request was project scoped but the policy requires ['system'] scope. This behavior may change in the future where using the intended scope is required
Mar 24 19:32:31.980547 n-d-831084-2 devstack@n-api.service[124978]: warnings.warn(msg)
Mar 24 19:32:32.009883 n-d-831084-2 devstack@n-api.service[124978]: INFO nova.api.openstack.requestlog [None req-77b4e5de-0da9-4ed0-a785-8e1080cc77b3 tempest-FlavorsAdminTestJSON-500255969 tempest-FlavorsAdminTestJSON-500255969-project-admin] 10.222.0.23 "POST /compute/v2.1/flavors" status: 200 len: 412 microversion: 2.1 time: 0.030178
Mar 24 19:32:32.011184 n-d-831084-2 devstack@n-api.service[124978]: [pid: 124978|app: 0|req: 91/179] 10.222.0.23 () {60 vars in 1146 bytes} [Thu Mar 24 19:32:31 2022] POST /compute/v2.1/flavors => generated 412 bytes in 37 msecs (HTTP/1.1 200) 9 headers in 357 bytes (1 switches on core 0)
Mar 24 19:32:32.019632 n-d-831084-2 devstack@n-api.service[124979]: DEBUG nova.policy [None req-71cb2c8d-4966-4b80-82a7-37a13a1d689b tempest-AggregatesAdminTestJSON-1431439433 tempest-AggregatesAdminTestJSON-1431439433-project] Policy check for os_compute_api:os-extended-server-attributes failed with credentials {'is_admin': False, 'user_id': 'e4597421c9fa4c4ea3107745d035fdfc', 'user_domain_id': 'default', 'system_scope': None, 'domain_id': None, 'project_id': '83bb2912ef1649d380b92f93d75bbe38', 'project_domain_id': 'default', 'roles': ['reader', 'member'], 'is_admin_project': True, 'service_user_id': None, 'service_user_domain_id': None, 'service_project_id': None, 'service_project_domain_id': None, 'service_roles': []} {{(pid=124979) authorize /opt/stack/nova/nova/policy.py:199}}
Mar 24 19:32:32.023144 n-d-831084-2 devstack@n-api.service[124978]: DEBUG nova.api.openstack.wsgi [None req-c95e4e0b-8512-420f-aee9-5973487f23f1 tempest-FlavorsAdminTestJSON-500255969 tempest-FlavorsAdminTestJSON-500255969-project-admin] Action: 'create', calling method: >, body: {"flavor": {"ram": 512, "vcpus": 1, "disk": 10, "name": "tempest-test_flavor_-1513357701", "id": 438491394, "os-flavor-access:is_public": "True"}} {{(pid=124978) _process_stack /opt/stack/nova/nova/api/openstack/wsgi.py:511}}
Mar 24 19:32:32.030570 n-d-831084-2 devstack@n-api.service[124979]: INFO nova.api.openstack.requestlog [None req-71cb2c8d-4966-4b80-82a7-37a13a1d689b tempest-AggregatesAdminTestJSON-1431439433 tempest-AggregatesAdminTestJSON-1431439433-project] 10.222.0.23 "GET /compute/v2.1/servers/41abfd9d-87bf-454a-ac90-3bf2849b531c" status: 200 len: 1339 microversion: 2.1 time: 0.378167
Mar 24 19:32:32.041370 n-d-831084-2 devstack@n-api.service[124979]: [pid: 124979|app: 0|req: 89/180] 10.222.0.23 () {58 vars in 1235 bytes} [Thu Mar 24 19:32:31 2022] GET /compute/v2.1/servers/41abfd9d-87bf-454a-ac90-3bf2849b531c => generated 1339 bytes in 392 msecs (HTTP/1.1 200) 9 headers in 358 bytes (1 switches on core 0)
Mar 24 19:32:32.044228 n-d-831084-2 devstack@n-api.service[124978]: INFO nova.api.openstack.requestlog [None req-c95e4e0b-8512-420f-aee9-5973487f23f1 tempest-FlavorsAdminTestJSON-500255969 tempest-FlavorsAdminTestJSON-500255969-project-admin] 10.222.0.23 "POST /compute/v2.1/flavors" status: 200 len: 411 microversion: 2.1 time: 0.026581
