Aug 27 05:26:36.305695 n-d-830883-25 devstack@placement-api.service[107641]: [pid: 107641|app: 0|req: 52/99] 10.222.0.42 () {58 vars in 1276 bytes} [Sat Aug 27 05:26:36 2022] GET /placement/resource_providers?name=n-h2-830883-25 => generated 442 bytes in 23 msecs (HTTP/1.1 200) 6 headers in 224 bytes (1 switches on core 0)
Aug 27 05:26:36.312460 n-d-830883-25 devstack@placement-api.service[107642]: DEBUG placement.requestlog [req-71326725-cccf-480a-a350-1baa930270ae req-d38ee882-6c99-4e3b-8109-b99df5758d18 None None] Starting request: 10.222.0.42 "GET /placement/resource_providers/dcb0632f-c66b-46d4-996d-ee06263cb7e3/aggregates" {{(pid=107642) __call__ /opt/stack/placement/placement/requestlog.py:55}}
Aug 27 05:26:36.328101 n-d-830883-25 devstack@placement-api.service[107642]: INFO placement.requestlog [req-71326725-cccf-480a-a350-1baa930270ae req-d38ee882-6c99-4e3b-8109-b99df5758d18 service placement] 10.222.0.42 "GET /placement/resource_providers/dcb0632f-c66b-46d4-996d-ee06263cb7e3/aggregates" status: 200 len: 92 microversion: 1.19
Aug 27 05:26:36.328790 n-d-830883-25 devstack@placement-api.service[107642]: [pid: 107642|app: 0|req: 48/100] 10.222.0.42 () {60 vars in 1425 bytes} [Sat Aug 27 05:26:36 2022] GET /placement/resource_providers/dcb0632f-c66b-46d4-996d-ee06263cb7e3/aggregates => generated 92 bytes in 17 msecs (HTTP/1.1 200) 8 headers in 295 bytes (2 switches on core 0)
Aug 27 05:26:36.341511 n-d-830883-25 devstack@placement-api.service[107641]: DEBUG placement.requestlog [req-71326725-cccf-480a-a350-1baa930270ae req-3e214619-b251-4455-8f35-f9b21320dcc0 None None] Starting request: 10.222.0.42 "PUT /placement/resource_providers/dcb0632f-c66b-46d4-996d-ee06263cb7e3/aggregates" {{(pid=107641) __call__ /opt/stack/placement/placement/requestlog.py:55}}
Aug 27 05:26:36.366847 n-d-830883-25 devstack@placement-api.service[107641]: DEBUG placement.objects.resource_provider [req-71326725-cccf-480a-a350-1baa930270ae req-3e214619-b251-4455-8f35-f9b21320dcc0 service placement] Setting aggregates for provider dcb0632f-c66b-46d4-996d-ee06263cb7e3. Successfully disassociated aggregate d02b5de7-544a-4740-bb76-2964eaa54f6e. {{(pid=107641) _set_aggregates /opt/stack/placement/placement/objects/resource_provider.py:404}}
Aug 27 05:26:36.377813 n-d-830883-25 devstack@placement-api.service[107641]: INFO placement.requestlog [req-71326725-cccf-480a-a350-1baa930270ae req-3e214619-b251-4455-8f35-f9b21320dcc0 service placement] 10.222.0.42 "PUT /placement/resource_providers/dcb0632f-c66b-46d4-996d-ee06263cb7e3/aggregates" status: 200 len: 54 microversion: 1.19
Aug 27 05:26:36.378559 n-d-830883-25 devstack@placement-api.service[107641]: [pid: 107641|app: 0|req: 53/101] 10.222.0.42 () {64 vars in 1477 bytes} [Sat Aug 27 05:26:36 2022] PUT /placement/resource_providers/dcb0632f-c66b-46d4-996d-ee06263cb7e3/aggregates => generated 54 bytes in 37 msecs (HTTP/1.1 200) 8 headers in 295 bytes (1 switches on core 0)
Aug 27 05:26:36.727152 n-d-830883-25 devstack@placement-api.service[107642]: DEBUG placement.requestlog [req-1e7c3e5f-93c1-45d1-acf0-9a880750bb02 req-05ab6a52-4d65-406e-87c0-7aa773b89d3b None None] Starting request: 10.222.0.42 "GET /placement/allocation_candidates?limit=1000&resources=DISK_GB%3A1%2CMEMORY_MB%3A1024%2CVCPU%3A1&root_required=%21COMPUTE_STATUS_DISABLED" {{(pid=107642) __call__ /opt/stack/placement/placement/requestlog.py:55}}
Aug 27 05:26:36.815058 n-d-830883-25 devstack@placement-api.service[107642]: DEBUG placement.objects.research_context [req-1e7c3e5f-93c1-45d1-acf0-9a880750bb02 req-05ab6a52-4d65-406e-87c0-7aa773b89d3b service placement] getting providers with 1 DISK_GB {{(pid=107642) __init__ /opt/stack/placement/placement/objects/research_context.py:136}}
Aug 27 05:26:36.831857 n-d-830883-25 devstack@placement-api.service[107642]: DEBUG placement.objects.research_context [req-1e7c3e5f-93c1-45d1-acf0-9a880750bb02 req-05ab6a52-4d65-406e-87c0-7aa773b89d3b service placement] getting providers with 1024 MEMORY_MB {{(pid=107642) __init__ /opt/stack/placement/placement/objects/research_context.py:136}}
Aug 27 05:26:36.848920 n-d-830883-25 devstack@placement-api.service[107642]: DEBUG placement.objects.research_context [req-1e7c3e5f-93c1-45d1-acf0-9a880750bb02 req-05ab6a52-4d65-406e-87c0-7aa773b89d3b service placement] getting providers with 1 VCPU {{(pid=107642) __init__ /opt/stack/placement/placement/objects/research_context.py:136}}
Aug 27 05:26:36.859811 n-d-830883-25 devstack@placement-api.service[107641]: DEBUG placement.requestlog [req-b5390be2-6488-46b2-9c1a-2b3ee2d5012f req-d46cea86-4d52-4b2b-a298-01d7417b83eb None None] Starting request: 10.222.0.81 "GET /placement/resource_providers/f9389fd2-065e-4175-ac1e-41fc07f3d917/allocations" {{(pid=107641) __call__ /opt/stack/placement/placement/requestlog.py:55}}
Aug 27 05:26:36.881728 n-d-830883-25 devstack@placement-api.service[107642]: DEBUG placement.objects.research_context [req-1e7c3e5f-93c1-45d1-acf0-9a880750bb02 req-05ab6a52-4d65-406e-87c0-7aa773b89d3b service placement] found 2 providers with available 1 DISK_GB {{(pid=107642) get_provider_ids_matching /opt/stack/placement/placement/objects/research_context.py:563}}
Aug 27 05:26:36.882030 n-d-830883-25 devstack@placement-api.service[107642]: DEBUG placement.objects.research_context [req-1e7c3e5f-93c1-45d1-acf0-9a880750bb02 req-05ab6a52-4d65-406e-87c0-7aa773b89d3b service placement] found 2 providers with available 1024 MEMORY_MB {{(pid=107642) get_provider_ids_matching /opt/stack/placement/placement/objects/research_context.py:563}}
Aug 27 05:26:36.882476 n-d-830883-25 devstack@placement-api.service[107642]: DEBUG placement.objects.research_context [req-1e7c3e5f-93c1-45d1-acf0-9a880750bb02 req-05ab6a52-4d65-406e-87c0-7aa773b89d3b service placement] found 2 providers after filtering by previous result {{(pid=107642) get_provider_ids_matching /opt/stack/placement/placement/objects/research_context.py:594}}
Aug 27 05:26:36.882951 n-d-830883-25 devstack@placement-api.service[107642]: DEBUG placement.objects.research_context [req-1e7c3e5f-93c1-45d1-acf0-9a880750bb02 req-05ab6a52-4d65-406e-87c0-7aa773b89d3b service placement] found 2 providers with available 1 VCPU {{(pid=107642) get_provider_ids_matching /opt/stack/placement/placement/objects/research_context.py:563}}
Aug 27 05:26:36.883405 n-d-830883-25 devstack@placement-api.service[107642]: DEBUG placement.objects.research_context [req-1e7c3e5f-93c1-45d1-acf0-9a880750bb02 req-05ab6a52-4d65-406e-87c0-7aa773b89d3b service placement] found 2 providers after filtering by previous result {{(pid=107642) get_provider_ids_matching /opt/stack/placement/placement/objects/research_context.py:594}}
Aug 27 05:26:36.917901 n-d-830883-25 devstack@placement-api.service[107641]: INFO placement.requestlog [req-b5390be2-6488-46b2-9c1a-2b3ee2d5012f req-d46cea86-4d52-4b2b-a298-01d7417b83eb service placement] 10.222.0.81 "GET /placement/resource_providers/f9389fd2-065e-4175-ac1e-41fc07f3d917/allocations" status: 200 len: 153 microversion: 1.0
Aug 27 05:26:36.918662 n-d-830883-25 devstack@placement-api.service[107641]: [pid: 107641|app: 0|req: 54/102] 10.222.0.81 () {58 vars in 1390 bytes} [Sat Aug 27 05:26:36 2022] GET /placement/resource_providers/f9389fd2-065e-4175-ac1e-41fc07f3d917/allocations => generated 153 bytes in 59 msecs (HTTP/1.1 200) 6 headers in 224 bytes (2 switches on core 0)
Aug 27 05:26:36.921922 n-d-830883-25 devstack@placement-api.service[107642]: DEBUG placement.objects.allocation_candidate [req-1e7c3e5f-93c1-45d1-acf0-9a880750bb02 req-05ab6a52-4d65-406e-87c0-7aa773b89d3b service placement] RequestGroup(use_same_provider=False, resources={DISK_GB:1, MEMORY_MB:1024, VCPU:1}, traits=(), aggregates=[]) (suffix '') returned 2 matches {{(pid=107642) _get_by_requests /opt/stack/placement/placement/objects/allocation_candidate.py:156}}
Aug 27 05:26:36.922568 n-d-830883-25 devstack@placement-api.service[107642]: DEBUG placement.objects.allocation_candidate [req-1e7c3e5f-93c1-45d1-acf0-9a880750bb02 req-05ab6a52-4d65-406e-87c0-7aa773b89d3b service placement] Merging candidates yields 2 allocation requests and 2 provider summaries {{(pid=107642) _merge_candidates /opt/stack/placement/placement/objects/allocation_candidate.py:809}}
Aug 27 05:26:36.926696 n-d-830883-25 devstack@placement-api.service[107642]: INFO placement.requestlog [req-1e7c3e5f-93c1-45d1-acf0-9a880750bb02 req-05ab6a52-4d65-406e-87c0-7aa773b89d3b service placement] 10.222.0.42 "GET /placement/allocation_candidates?limit=1000&resources=DISK_GB%3A1%2CMEMORY_MB%3A1024%2CVCPU%3A1&root_required=%21COMPUTE_STATUS_DISABLED" status: 200 len: 1309 microversion: 1.36
Aug 27 05:26:36.927468 n-d-830883-25 devstack@placement-api.service[107642]: [pid: 107642|app: 0|req: 49/103] 10.222.0.42 () {60 vars in 1506 bytes} [Sat Aug 27 05:26:36 2022] GET /placement/allocation_candidates?limit=1000&resources=DISK_GB%3A1%2CMEMORY_MB%3A1024%2CVCPU%3A1&root_required=%21COMPUTE_STATUS_DISABLED => generated 1309 bytes in 200 msecs (HTTP/1.1 200) 8 headers in 297 bytes (1 switches on core 0)
Aug 27 05:26:36.984076 n-d-830883-25 devstack@placement-api.service[107641]: DEBUG placement.requestlog [req-b5390be2-6488-46b2-9c1a-2b3ee2d5012f req-ad162034-4473-483e-a14e-92349e485a2e None None] Starting request: 10.222.0.81 "GET /placement/resource_providers/f9389fd2-065e-4175-ac1e-41fc07f3d917/allocations" {{(pid=107641) __call__ /opt/stack/placement/placement/requestlog.py:55}}
Aug 27 05:26:37.030452 n-d-830883-25 devstack@placement-api.service[107641]: INFO placement.requestlog [req-b5390be2-6488-46b2-9c1a-2b3ee2d5012f req-ad162034-4473-483e-a14e-92349e485a2e service placement] 10.222.0.81 "GET /placement/resource_providers/f9389fd2-065e-4175-ac1e-41fc07f3d917/allocations" status: 200 len: 153 microversion: 1.0
Aug 27 05:26:37.030894 n-d-830883-25 devstack@placement-api.service[107641]: [pid: 107641|app: 0|req: 55/104] 10.222.0.81 () {58 vars in 1390 bytes} [Sat Aug 27 05:26:36 2022] GET /placement/resource_providers/f9389fd2-065e-4175-ac1e-41fc07f3d917/allocations => generated 153 bytes in 47 msecs (HTTP/1.1 200) 6 headers in 224 bytes (1 switches on core 0)
Aug 27 05:26:37.038321 n-d-830883-25 devstack@placement-api.service[107642]: DEBUG placement.requestlog [req-b5390be2-6488-46b2-9c1a-2b3ee2d5012f req-3ca736d8-a8ac-4abb-8e79-28f072ad3390 None None] Starting request: 10.222.0.81 "GET /placement/allocations/66400bc0-b1c4-460b-acd3-098a5e1004b4" {{(pid=107642) __call__ /opt/stack/placement/placement/requestlog.py:55}}
Aug 27 05:26:37.071745 n-d-830883-25 devstack@placement-api.service[107642]: INFO placement.requestlog [req-b5390be2-6488-46b2-9c1a-2b3ee2d5012f req-3ca736d8-a8ac-4abb-8e79-28f072ad3390 service placement] 10.222.0.81 "GET /placement/allocations/66400bc0-b1c4-460b-acd3-098a5e1004b4" status: 200 len: 258 microversion: 1.28
Aug 27 05:26:37.075094 n-d-830883-25 devstack@placement-api.service[107642]: [pid: 107642|app: 0|req: 50/105] 10.222.0.81 () {60 vars in 1377 bytes} [Sat Aug 27 05:26:37 2022] GET /placement/allocations/66400bc0-b1c4-460b-acd3-098a5e1004b4 => generated 258 bytes in 37 msecs (HTTP/1.1 200) 8 headers in 296 bytes (1 switches on core 0)
Aug 27 05:26:37.087870 n-d-830883-25 devstack@placement-api.service[107641]: DEBUG placement.requestlog [req-1e7c3e5f-93c1-45d1-acf0-9a880750bb02 req-d0d15566-40e3-4f2a-89f5-089241a7b610 None None] Starting request: 10.222.0.42 "GET /placement/allocations/948acf95-9e3f-480f-b79b-f5edcacfadf1" {{(pid=107641) __call__ /opt/stack/placement/placement/requestlog.py:55}}
Aug 27 05:26:37.103063 n-d-830883-25 devstack@placement-api.service[107641]: INFO placement.requestlog [req-1e7c3e5f-93c1-45d1-acf0-9a880750bb02 req-d0d15566-40e3-4f2a-89f5-089241a7b610 service placement] 10.222.0.42 "GET /placement/allocations/948acf95-9e3f-480f-b79b-f5edcacfadf1" status: 200 len: 19 microversion: 1.28
Aug 27 05:26:37.105004 n-d-830883-25 devstack@placement-api.service[107641]: [pid: 107641|app: 0|req: 56/106] 10.222.0.42 () {60 vars in 1380 bytes} [Sat Aug 27 05:26:37 2022] GET /placement/allocations/948acf95-9e3f-480f-b79b-f5edcacfadf1 => generated 19 bytes in 18 msecs (HTTP/1.1 200) 8 headers in 295 bytes (1 switches on core 0)
Aug 27 05:26:37.119868 n-d-830883-25 devstack@placement-api.service[107642]: DEBUG placement.requestlog [req-1e7c3e5f-93c1-45d1-acf0-9a880750bb02 req-497420ab-b92f-47f7-a506-1888622f9268 None None] Starting request: 10.222.0.42 "PUT /placement/allocations/948acf95-9e3f-480f-b79b-f5edcacfadf1" {{(pid=107642) __call__ /opt/stack/placement/placement/requestlog.py:55}}
Aug 27 05:26:37.251831 n-d-830883-25 devstack@placement-api.service[107642]: DEBUG placement.handlers.allocation [req-1e7c3e5f-93c1-45d1-acf0-9a880750bb02 req-497420ab-b92f-47f7-a506-1888622f9268 service placement] Successfully wrote allocations [, , ] {{(pid=107642) _update_consumers_and_create_allocations /opt/stack/placement/placement/handlers/allocation.py:462}}
Aug 27 05:26:37.259344 n-d-830883-25 devstack@placement-api.service[107642]: INFO placement.requestlog [req-1e7c3e5f-93c1-45d1-acf0-9a880750bb02 req-497420ab-b92f-47f7-a506-1888622f9268 service placement] 10.222.0.42 "PUT /placement/allocations/948acf95-9e3f-480f-b79b-f5edcacfadf1" status: 204 len: 0 microversion: 1.36
Aug 27 05:26:37.260122 n-d-830883-25 devstack@placement-api.service[107642]: [pid: 107642|app: 0|req: 51/107] 10.222.0.42 () {64 vars in 1433 bytes} [Sat Aug 27 05:26:37 2022] PUT /placement/allocations/948acf95-9e3f-480f-b79b-f5edcacfadf1 => generated 0 bytes in 141 msecs (HTTP/1.1 204) 5 headers in 199 bytes (1 switches on core 0)
Aug 27 05:26:37.726252 n-d-830883-25 devstack@placement-api.service[107641]: DEBUG placement.requestlog [req-1e7c3e5f-93c1-45d1-acf0-9a880750bb02 req-764b2a69-e589-4849-8d3b-41579ab458ad None None] Starting request: 10.222.0.81 "GET /placement/allocations/948acf95-9e3f-480f-b79b-f5edcacfadf1" {{(pid=107641) __call__ /opt/stack/placement/placement/requestlog.py:55}}
Aug 27 05:26:37.756973 n-d-830883-25 devstack@placement-api.service[107641]: INFO placement.requestlog [req-1e7c3e5f-93c1-45d1-acf0-9a880750bb02 req-764b2a69-e589-4849-8d3b-41579ab458ad service placement] 10.222.0.81 "GET /placement/allocations/948acf95-9e3f-480f-b79b-f5edcacfadf1" status: 200 len: 258 microversion: 1.28
Aug 27 05:26:37.757538 n-d-830883-25 devstack@placement-api.service[107641]: [pid: 107641|app: 0|req: 57/108] 10.222.0.81 () {60 vars in 1377 bytes} [Sat Aug 27 05:26:37 2022] GET /placement/allocations/948acf95-9e3f-480f-b79b-f5edcacfadf1 => generated 258 bytes in 32 msecs (HTTP/1.1 200) 8 headers in 296 bytes (1 switches on core 0)
Aug 27 05:26:37.978205 n-d-830883-25 devstack@placement-api.service[107642]: DEBUG placement.requestlog [req-1e7c3e5f-93c1-45d1-acf0-9a880750bb02 req-0668aa5d-f0e3-445b-bd5c-f5213e43cc34 None None] Starting request: 10.222.0.81 "GET /placement/resource_providers/f9389fd2-065e-4175-ac1e-41fc07f3d917/allocations" {{(pid=107642) __call__ /opt/stack/placement/placement/requestlog.py:55}}
Aug 27 05:26:38.128772 n-d-830883-25 devstack@placement-api.service[107642]: INFO placement.requestlog [req-1e7c3e5f-93c1-45d1-acf0-9a880750bb02 req-0668aa5d-f0e3-445b-bd5c-f5213e43cc34 service placement] 10.222.0.81 "GET /placement/resource_providers/f9389fd2-065e-4175-ac1e-41fc07f3d917/allocations" status: 200 len: 254 microversion: 1.0
Aug 27 05:26:38.129620 n-d-830883-25 devstack@placement-api.service[107642]: [pid: 107642|app: 0|req: 52/109] 10.222.0.81 () {58 vars in 1390 bytes} [Sat Aug 27 05:26:37 2022] GET /placement/resource_providers/f9389fd2-065e-4175-ac1e-41fc07f3d917/allocations => generated 254 bytes in 152 msecs (HTTP/1.1 200) 6 headers in 224 bytes (1 switches on core 0)
Aug 27 05:26:38.137295 n-d-830883-25 devstack@placement-api.service[107641]: DEBUG placement.requestlog [req-1e7c3e5f-93c1-45d1-acf0-9a880750bb02 req-0f365117-75d4-4a9d-bcd2-185fa7bb15df None None] Starting request: 10.222.0.81 "GET /placement/allocations/948acf95-9e3f-480f-b79b-f5edcacfadf1" {{(pid=107641) __call__ /opt/stack/placement/placement/requestlog.py:55}}
Aug 27 05:26:38.160945 n-d-830883-25 devstack@placement-api.service[107641]: INFO placement.requestlog [req-1e7c3e5f-93c1-45d1-acf0-9a880750bb02 req-0f365117-75d4-4a9d-bcd2-185fa7bb15df service placement] 10.222.0.81 "GET /placement/allocations/948acf95-9e3f-480f-b79b-f5edcacfadf1" status: 200 len: 258 microversion: 1.28
Aug 27 05:26:38.161877 n-d-830883-25 devstack@placement-api.service[107641]: [pid: 107641|app: 0|req: 58/110] 10.222.0.81 () {60 vars in 1377 bytes} [Sat Aug 27 05:26:38 2022] GET /placement/allocations/948acf95-9e3f-480f-b79b-f5edcacfadf1 => generated 258 bytes in 25 msecs (HTTP/1.1 200) 8 headers in 296 bytes (1 switches on core 0)
Aug 27 05:26:38.169093 n-d-830883-25 devstack@placement-api.service[107642]: DEBUG placement.requestlog [req-1e7c3e5f-93c1-45d1-acf0-9a880750bb02 req-928db354-8424-4ad6-8f77-24b1d45fcf73 None None] Starting request: 10.222.0.81 "GET /placement/allocations/66400bc0-b1c4-460b-acd3-098a5e1004b4" {{(pid=107642) __call__ /opt/stack/placement/placement/requestlog.py:55}}
Aug 27 05:26:38.208563 n-d-830883-25 devstack@placement-api.service[107642]: INFO placement.requestlog [req-1e7c3e5f-93c1-45d1-acf0-9a880750bb02 req-928db354-8424-4ad6-8f77-24b1d45fcf73 service placement] 10.222.0.81 "GET /placement/allocations/66400bc0-b1c4-460b-acd3-098a5e1004b4" status: 200 len: 258 microversion: 1.28
Aug 27 05:26:38.208955 n-d-830883-25 devstack@placement-api.service[107642]: [pid: 107642|app: 0|req: 53/111] 10.222.0.81 () {60 vars in 1377 bytes} [Sat Aug 27 05:26:38 2022] GET /placement/allocations/66400bc0-b1c4-460b-acd3-098a5e1004b4 => generated 258 bytes in 41 msecs (HTTP/1.1 200) 8 headers in 296 bytes (1 switches on core 0)
Aug 27 05:26:39.466597 n-d-830883-25 devstack@placement-api.service[107641]: DEBUG placement.requestlog [req-2fc3c2db-bc5d-4e80-8334-32fad24975f6 req-c989e907-8fa4-4781-af0a-ba30e3d1d0f1 None None] Starting request: 10.222.0.42 "GET /placement/resource_providers?name=n-h2-830883-25" {{(pid=107641) __call__ /opt/stack/placement/placement/requestlog.py:55}}
Aug 27 05:26:39.498733 n-d-830883-25 devstack@placement-api.service[107641]: INFO placement.requestlog [req-2fc3c2db-bc5d-4e80-8334-32fad24975f6 req-c989e907-8fa4-4781-af0a-ba30e3d1d0f1 service placement] 10.222.0.42 "GET /placement/resource_providers?name=n-h2-830883-25" status: 200 len: 442 microversion: 1.0
Aug 27 05:26:39.500989 n-d-830883-25 devstack@placement-api.service[107641]: [pid: 107641|app: 0|req: 59/112] 10.222.0.42 () {58 vars in 1276 bytes} [Sat Aug 27 05:26:39 2022] GET /placement/resource_providers?name=n-h2-830883-25 => generated 442 bytes in 36 msecs (HTTP/1.1 200) 6 headers in 224 bytes (1 switches on core 0)
Aug 27 05:26:39.513847 n-d-830883-25 devstack@placement-api.service[107642]: DEBUG placement.requestlog [req-2fc3c2db-bc5d-4e80-8334-32fad24975f6 req-55567ccf-4ed8-4b1e-879f-78355d928a72 None None] Starting request: 10.222.0.42 "GET /placement/resource_providers/dcb0632f-c66b-46d4-996d-ee06263cb7e3/aggregates" {{(pid=107642) __call__ /opt/stack/placement/placement/requestlog.py:55}}
Aug 27 05:26:39.541835 n-d-830883-25 devstack@placement-api.service[107642]: INFO placement.requestlog [req-2fc3c2db-bc5d-4e80-8334-32fad24975f6 req-55567ccf-4ed8-4b1e-879f-78355d928a72 service placement] 10.222.0.42 "GET /placement/resource_providers/dcb0632f-c66b-46d4-996d-ee06263cb7e3/aggregates" status: 200 len: 54 microversion: 1.19
Aug 27 05:26:39.550450 n-d-830883-25 devstack@placement-api.service[107642]: [pid: 107642|app: 0|req: 54/113] 10.222.0.42 () {60 vars in 1425 bytes} [Sat Aug 27 05:26:39 2022] GET /placement/resource_providers/dcb0632f-c66b-46d4-996d-ee06263cb7e3/aggregates => generated 54 bytes in 43 msecs (HTTP/1.1 200) 8 headers in 295 bytes (1 switches on core 0)
Aug 27 05:26:39.557878 n-d-830883-25 devstack@placement-api.service[107641]: DEBUG placement.requestlog [req-2fc3c2db-bc5d-4e80-8334-32fad24975f6 req-54b251be-5fbe-410d-a83c-a29004e0cca2 None None] Starting request: 10.222.0.42 "PUT /placement/resource_providers/dcb0632f-c66b-46d4-996d-ee06263cb7e3/aggregates" {{(pid=107641) __call__ /opt/stack/placement/placement/requestlog.py:55}}
Aug 27 05:26:39.599445 n-d-830883-25 devstack@placement-api.service[107641]: DEBUG placement.objects.resource_provider [req-2fc3c2db-bc5d-4e80-8334-32fad24975f6 req-54b251be-5fbe-410d-a83c-a29004e0cca2 service placement] _ensure_aggregate() did not find aggregate b9c79cc8-7b54-4382-9351-c602fecbd06d. Attempting to create it. {{(pid=107641) _ensure_aggregate /opt/stack/placement/placement/objects/resource_provider.py:321}}
Aug 27 05:26:39.604121 n-d-830883-25 devstack@placement-api.service[107641]: DEBUG placement.objects.resource_provider [req-2fc3c2db-bc5d-4e80-8334-32fad24975f6 req-54b251be-5fbe-410d-a83c-a29004e0cca2 service placement] _ensure_aggregate() created new aggregate b9c79cc8-7b54-4382-9351-c602fecbd06d (id=7). {{(pid=107641) _ensure_aggregate /opt/stack/placement/placement/objects/resource_provider.py:327}}
Aug 27 05:26:39.606409 n-d-830883-25 devstack@placement-api.service[107641]: DEBUG placement.objects.resource_provider [req-2fc3c2db-bc5d-4e80-8334-32fad24975f6 req-54b251be-5fbe-410d-a83c-a29004e0cca2 service placement] Setting aggregates for provider dcb0632f-c66b-46d4-996d-ee06263cb7e3. Successfully associated aggregate b9c79cc8-7b54-4382-9351-c602fecbd06d. {{(pid=107641) _set_aggregates /opt/stack/placement/placement/objects/resource_provider.py:389}}
Aug 27 05:26:39.616087 n-d-830883-25 devstack@placement-api.service[107641]: INFO placement.requestlog [req-2fc3c2db-bc5d-4e80-8334-32fad24975f6 req-54b251be-5fbe-410d-a83c-a29004e0cca2 service placement] 10.222.0.42 "PUT /placement/resource_providers/dcb0632f-c66b-46d4-996d-ee06263cb7e3/aggregates" status: 200 len: 92 microversion: 1.19
Aug 27 05:26:39.620683 n-d-830883-25 devstack@placement-api.service[107641]: [pid: 107641|app: 0|req: 60/114] 10.222.0.42 () {64 vars in 1477 bytes} [Sat Aug 27 05:26:39 2022] PUT /placement/resource_providers/dcb0632f-c66b-46d4-996d-ee06263cb7e3/aggregates => generated 92 bytes in 63 msecs (HTTP/1.1 200) 8 headers in 295 bytes (1 switches on core 0)
Aug 27 05:26:40.153452 n-d-830883-25 devstack@placement-api.service[107642]: DEBUG placement.requestlog [req-89aa0552-575d-44b5-9077-0e1ab4596248 req-c4dfd938-8cb5-4984-b946-39d9d1fbb372 None None] Starting request: 10.222.0.42 "GET /placement/resource_providers?name=n-h2-830883-25" {{(pid=107642) __call__ /opt/stack/placement/placement/requestlog.py:55}}
Aug 27 05:26:40.185602 n-d-830883-25 devstack@placement-api.service[107642]: INFO placement.requestlog [req-89aa0552-575d-44b5-9077-0e1ab4596248 req-c4dfd938-8cb5-4984-b946-39d9d1fbb372 service placement] 10.222.0.42 "GET /placement/resource_providers?name=n-h2-830883-25" status: 200 len: 442 microversion: 1.0
Aug 27 05:26:40.186419 n-d-830883-25 devstack@placement-api.service[107642]: [pid: 107642|app: 0|req: 55/115] 10.222.0.42 () {58 vars in 1276 bytes} [Sat Aug 27 05:26:40 2022] GET /placement/resource_providers?name=n-h2-830883-25 => generated 442 bytes in 33 msecs (HTTP/1.1 200) 6 headers in 224 bytes (1 switches on core 0)
Aug 27 05:26:40.199113 n-d-830883-25 devstack@placement-api.service[107641]: DEBUG placement.requestlog [req-89aa0552-575d-44b5-9077-0e1ab4596248 req-aa8ec828-6e8a-4633-805e-0ea5fbca6175 None None] Starting request: 10.222.0.42 "GET /placement/resource_providers/dcb0632f-c66b-46d4-996d-ee06263cb7e3/aggregates" {{(pid=107641) __call__ /opt/stack/placement/placement/requestlog.py:55}}
Aug 27 05:26:40.223690 n-d-830883-25 devstack@placement-api.service[107641]: INFO placement.requestlog [req-89aa0552-575d-44b5-9077-0e1ab4596248 req-aa8ec828-6e8a-4633-805e-0ea5fbca6175 service placement] 10.222.0.42 "GET /placement/resource_providers/dcb0632f-c66b-46d4-996d-ee06263cb7e3/aggregates" status: 200 len: 92 microversion: 1.19
Aug 27 05:26:40.224703 n-d-830883-25 devstack@placement-api.service[107641]: [pid: 107641|app: 0|req: 61/116] 10.222.0.42 () {60 vars in 1425 bytes} [Sat Aug 27 05:26:40 2022] GET /placement/resource_providers/dcb0632f-c66b-46d4-996d-ee06263cb7e3/aggregates => generated 92 bytes in 26 msecs (HTTP/1.1 200) 8 headers in 295 bytes (1 switches on core 0)
Aug 27 05:26:40.234927 n-d-830883-25 devstack@placement-api.service[107642]: DEBUG placement.requestlog [req-89aa0552-575d-44b5-9077-0e1ab4596248 req-4aec5ddb-4866-4710-a60b-f918fd919d4e None None] Starting request: 10.222.0.42 "PUT /placement/resource_providers/dcb0632f-c66b-46d4-996d-ee06263cb7e3/aggregates" {{(pid=107642) __call__ /opt/stack/placement/placement/requestlog.py:55}}
Aug 27 05:26:40.289411 n-d-830883-25 devstack@placement-api.service[107642]: DEBUG dbcounter [-] [107642] Writing DB stats placement:SELECT=85,placement:DELETE=4,placement:UPDATE=5,placement:INSERT=6 {{(pid=107642) stat_writer /usr/local/lib/python3.8/dist-packages/dbcounter.py:114}}
Aug 27 05:26:40.299441 n-d-830883-25 devstack@placement-api.service[107642]: DEBUG placement.objects.resource_provider [req-89aa0552-575d-44b5-9077-0e1ab4596248 req-4aec5ddb-4866-4710-a60b-f918fd919d4e service placement] Setting aggregates for provider dcb0632f-c66b-46d4-996d-ee06263cb7e3. Successfully disassociated aggregate b9c79cc8-7b54-4382-9351-c602fecbd06d. {{(pid=107642) _set_aggregates /opt/stack/placement/placement/objects/resource_provider.py:404}}
Aug 27 05:26:40.308272 n-d-830883-25 devstack@placement-api.service[107642]: INFO placement.requestlog [req-89aa0552-575d-44b5-9077-0e1ab4596248 req-4aec5ddb-4866-4710-a60b-f918fd919d4e service placement] 10.222.0.42 "PUT /placement/resource_providers/dcb0632f-c66b-46d4-996d-ee06263cb7e3/aggregates" status: 200 len: 54 microversion: 1.19
Aug 27 05:26:40.309056 n-d-830883-25 devstack@placement-api.service[107642]: [pid: 107642|app: 0|req: 56/117] 10.222.0.42 () {64 vars in 1477 bytes} [Sat Aug 27 05:26:40 2022] PUT /placement/resource_providers/dcb0632f-c66b-46d4-996d-ee06263cb7e3/aggregates => generated 54 bytes in 74 msecs (HTTP/1.1 200) 8 headers in 295 bytes (2 switches on core 0)
Aug 27 05:26:44.564663 n-d-830883-25 devstack@placement-api.service[107641]: DEBUG placement.requestlog [req-2f0c113b-af45-416c-87d9-dcc392adc487 req-e891a9a3-785e-4653-92d5-02ec35144a8f None None] Starting request: 10.222.0.42 "GET /placement/allocation_candidates?limit=1000&resources=DISK_GB%3A1%2CMEMORY_MB%3A1024%2CVCPU%3A1&root_required=%21COMPUTE_STATUS_DISABLED" {{(pid=107641) __call__ /opt/stack/placement/placement/requestlog.py:55}}
Aug 27 05:26:44.673077 n-d-830883-25 devstack@placement-api.service[107641]: DEBUG placement.objects.research_context [req-2f0c113b-af45-416c-87d9-dcc392adc487 req-e891a9a3-785e-4653-92d5-02ec35144a8f service placement] getting providers with 1 DISK_GB {{(pid=107641) __init__ /opt/stack/placement/placement/objects/research_context.py:136}}
Aug 27 05:26:44.693310 n-d-830883-25 devstack@placement-api.service[107641]: DEBUG placement.objects.research_context [req-2f0c113b-af45-416c-87d9-dcc392adc487 req-e891a9a3-785e-4653-92d5-02ec35144a8f service placement] getting providers with 1024 MEMORY_MB {{(pid=107641) __init__ /opt/stack/placement/placement/objects/research_context.py:136}}
Aug 27 05:26:44.715765 n-d-830883-25 devstack@placement-api.service[107641]: DEBUG placement.objects.research_context [req-2f0c113b-af45-416c-87d9-dcc392adc487 req-e891a9a3-785e-4653-92d5-02ec35144a8f service placement] getting providers with 1 VCPU {{(pid=107641) __init__ /opt/stack/placement/placement/objects/research_context.py:136}}
Aug 27 05:26:44.742795 n-d-830883-25 devstack@placement-api.service[107641]: DEBUG placement.objects.research_context [req-2f0c113b-af45-416c-87d9-dcc392adc487 req-e891a9a3-785e-4653-92d5-02ec35144a8f service placement] found 2 providers with available 1 DISK_GB {{(pid=107641) get_provider_ids_matching /opt/stack/placement/placement/objects/research_context.py:563}}
Aug 27 05:26:44.743760 n-d-830883-25 devstack@placement-api.service[107641]: DEBUG placement.objects.research_context [req-2f0c113b-af45-416c-87d9-dcc392adc487 req-e891a9a3-785e-4653-92d5-02ec35144a8f service placement] found 2 providers with available 1024 MEMORY_MB {{(pid=107641) get_provider_ids_matching /opt/stack/placement/placement/objects/research_context.py:563}}
Aug 27 05:26:44.744599 n-d-830883-25 devstack@placement-api.service[107641]: DEBUG placement.objects.research_context [req-2f0c113b-af45-416c-87d9-dcc392adc487 req-e891a9a3-785e-4653-92d5-02ec35144a8f service placement] found 2 providers after filtering by previous result {{(pid=107641) get_provider_ids_matching /opt/stack/placement/placement/objects/research_context.py:594}}
Aug 27 05:26:44.745450 n-d-830883-25 devstack@placement-api.service[107641]: DEBUG placement.objects.research_context [req-2f0c113b-af45-416c-87d9-dcc392adc487 req-e891a9a3-785e-4653-92d5-02ec35144a8f service placement] found 2 providers with available 1 VCPU {{(pid=107641) get_provider_ids_matching /opt/stack/placement/placement/objects/research_context.py:563}}
Aug 27 05:26:44.746044 n-d-830883-25 devstack@placement-api.service[107641]: DEBUG placement.objects.research_context [req-2f0c113b-af45-416c-87d9-dcc392adc487 req-e891a9a3-785e-4653-92d5-02ec35144a8f service placement] found 2 providers after filtering by previous result {{(pid=107641) get_provider_ids_matching /opt/stack/placement/placement/objects/research_context.py:594}}
Aug 27 05:26:44.763924 n-d-830883-25 devstack@placement-api.service[107641]: DEBUG placement.objects.allocation_candidate [req-2f0c113b-af45-416c-87d9-dcc392adc487 req-e891a9a3-785e-4653-92d5-02ec35144a8f service placement] RequestGroup(use_same_provider=False, resources={DISK_GB:1, MEMORY_MB:1024, VCPU:1}, traits=(), aggregates=[]) (suffix '') returned 2 matches {{(pid=107641) _get_by_requests /opt/stack/placement/placement/objects/allocation_candidate.py:156}}
Aug 27 05:26:44.764728 n-d-830883-25 devstack@placement-api.service[107641]: DEBUG placement.objects.allocation_candidate [req-2f0c113b-af45-416c-87d9-dcc392adc487 req-e891a9a3-785e-4653-92d5-02ec35144a8f service placement] Merging candidates yields 2 allocation requests and 2 provider summaries {{(pid=107641) _merge_candidates /opt/stack/placement/placement/objects/allocation_candidate.py:809}}
Aug 27 05:26:44.766647 n-d-830883-25 devstack@placement-api.service[107641]: INFO placement.requestlog [req-2f0c113b-af45-416c-87d9-dcc392adc487 req-e891a9a3-785e-4653-92d5-02ec35144a8f service placement] 10.222.0.42 "GET /placement/allocation_candidates?limit=1000&resources=DISK_GB%3A1%2CMEMORY_MB%3A1024%2CVCPU%3A1&root_required=%21COMPUTE_STATUS_DISABLED" status: 200 len: 1309 microversion: 1.36
Aug 27 05:26:44.767606 n-d-830883-25 devstack@placement-api.service[107641]: [pid: 107641|app: 0|req: 62/118] 10.222.0.42 () {60 vars in 1506 bytes} [Sat Aug 27 05:26:44 2022] GET /placement/allocation_candidates?limit=1000&resources=DISK_GB%3A1%2CMEMORY_MB%3A1024%2CVCPU%3A1&root_required=%21COMPUTE_STATUS_DISABLED => generated 1309 bytes in 203 msecs (HTTP/1.1 200) 8 headers in 297 bytes (1 switches on core 0)
Aug 27 05:26:44.911190 n-d-830883-25 devstack@placement-api.service[107642]: DEBUG placement.requestlog [req-2f0c113b-af45-416c-87d9-dcc392adc487 req-7dd3a3fc-5a28-4a4a-acbd-0bc9bfc021c6 None None] Starting request: 10.222.0.42 "GET /placement/allocations/9ef6d038-3db9-4817-8c62-b9e24ab46037" {{(pid=107642) __call__ /opt/stack/placement/placement/requestlog.py:55}}
Aug 27 05:26:44.942026 n-d-830883-25 devstack@placement-api.service[107642]: INFO placement.requestlog [req-2f0c113b-af45-416c-87d9-dcc392adc487 req-7dd3a3fc-5a28-4a4a-acbd-0bc9bfc021c6 service placement] 10.222.0.42 "GET /placement/allocations/9ef6d038-3db9-4817-8c62-b9e24ab46037" status: 200 len: 19 microversion: 1.28
Aug 27 05:26:44.945333 n-d-830883-25 devstack@placement-api.service[107642]: [pid: 107642|app: 0|req: 57/119] 10.222.0.42 () {60 vars in 1380 bytes} [Sat Aug 27 05:26:44 2022] GET /placement/allocations/9ef6d038-3db9-4817-8c62-b9e24ab46037 => generated 19 bytes in 34 msecs (HTTP/1.1 200) 8 headers in 295 bytes (1 switches on core 0)
Aug 27 05:26:44.956851 n-d-830883-25 devstack@placement-api.service[107641]: DEBUG placement.requestlog [req-2f0c113b-af45-416c-87d9-dcc392adc487 req-73919949-372f-40fe-a23c-0dc3bddc14d4 None None] Starting request: 10.222.0.42 "PUT /placement/allocations/9ef6d038-3db9-4817-8c62-b9e24ab46037" {{(pid=107641) __call__ /opt/stack/placement/placement/requestlog.py:55}}
Aug 27 05:26:45.058679 n-d-830883-25 devstack@placement-api.service[107641]: DEBUG dbcounter [-] [107641] Writing DB stats placement:SELECT=89,placement:INSERT=7,placement:UPDATE=3,placement:DELETE=1 {{(pid=107641) stat_writer /usr/local/lib/python3.8/dist-packages/dbcounter.py:114}}
Aug 27 05:26:45.157335 n-d-830883-25 devstack@placement-api.service[107641]: DEBUG placement.handlers.allocation [req-2f0c113b-af45-416c-87d9-dcc392adc487 req-73919949-372f-40fe-a23c-0dc3bddc14d4 service placement] Successfully wrote allocations [, , ] {{(pid=107641) _update_consumers_and_create_allocations /opt/stack/placement/placement/handlers/allocation.py:462}}
Aug 27 05:26:45.164236 n-d-830883-25 devstack@placement-api.service[107641]: INFO placement.requestlog [req-2f0c113b-af45-416c-87d9-dcc392adc487 req-73919949-372f-40fe-a23c-0dc3bddc14d4 service placement] 10.222.0.42 "PUT /placement/allocations/9ef6d038-3db9-4817-8c62-b9e24ab46037" status: 204 len: 0 microversion: 1.36
Aug 27 05:26:45.164675 n-d-830883-25 devstack@placement-api.service[107641]: [pid: 107641|app: 0|req: 63/120] 10.222.0.42 () {64 vars in 1433 bytes} [Sat Aug 27 05:26:44 2022] PUT /placement/allocations/9ef6d038-3db9-4817-8c62-b9e24ab46037 => generated 0 bytes in 208 msecs (HTTP/1.1 204) 5 headers in 199 bytes (1 switches on core 0)
Aug 27 05:26:46.772668 n-d-830883-25 devstack@placement-api.service[107642]: DEBUG placement.requestlog [req-2f0c113b-af45-416c-87d9-dcc392adc487 req-508b97d5-9e94-475f-b65b-4f389acba3a6 None None] Starting request: 10.222.0.77 "GET /placement/allocations/9ef6d038-3db9-4817-8c62-b9e24ab46037" {{(pid=107642) __call__ /opt/stack/placement/placement/requestlog.py:55}}
Aug 27 05:26:46.805651 n-d-830883-25 devstack@placement-api.service[107642]: INFO placement.requestlog [req-2f0c113b-af45-416c-87d9-dcc392adc487 req-508b97d5-9e94-475f-b65b-4f389acba3a6 service placement] 10.222.0.77 "GET /placement/allocations/9ef6d038-3db9-4817-8c62-b9e24ab46037" status: 200 len: 259 microversion: 1.28
Aug 27 05:26:46.806858 n-d-830883-25 devstack@placement-api.service[107642]: [pid: 107642|app: 0|req: 58/121] 10.222.0.77 () {60 vars in 1377 bytes} [Sat Aug 27 05:26:46 2022] GET /placement/allocations/9ef6d038-3db9-4817-8c62-b9e24ab46037 => generated 259 bytes in 35 msecs (HTTP/1.1 200) 8 headers in 296 bytes (1 switches on core 0)
Aug 27 05:26:47.039264 n-d-830883-25 devstack@placement-api.service[107641]: DEBUG placement.requestlog [req-2f0c113b-af45-416c-87d9-dcc392adc487 req-6df135b4-3569-40cd-b8c4-ae3dd59a4a61 None None] Starting request: 10.222.0.77 "GET /placement/resource_providers/dcb0632f-c66b-46d4-996d-ee06263cb7e3/allocations" {{(pid=107641) __call__ /opt/stack/placement/placement/requestlog.py:55}}
Aug 27 05:26:47.294420 n-d-830883-25 devstack@placement-api.service[107641]: INFO placement.requestlog [req-2f0c113b-af45-416c-87d9-dcc392adc487 req-6df135b4-3569-40cd-b8c4-ae3dd59a4a61 service placement] 10.222.0.77 "GET /placement/resource_providers/dcb0632f-c66b-46d4-996d-ee06263cb7e3/allocations" status: 200 len: 255 microversion: 1.0
Aug 27 05:26:47.298972 n-d-830883-25 devstack@placement-api.service[107641]: [pid: 107641|app: 0|req: 64/122] 10.222.0.77 () {58 vars in 1390 bytes} [Sat Aug 27 05:26:47 2022] GET /placement/resource_providers/dcb0632f-c66b-46d4-996d-ee06263cb7e3/allocations => generated 255 bytes in 259 msecs (HTTP/1.1 200) 6 headers in 224 bytes (1 switches on core 0)
Aug 27 05:26:47.306885 n-d-830883-25 devstack@placement-api.service[107642]: DEBUG placement.requestlog [req-2f0c113b-af45-416c-87d9-dcc392adc487 req-03d183a5-1252-4c7b-8063-8c5f13f39bc7 None None] Starting request: 10.222.0.77 "GET /placement/allocations/9ef6d038-3db9-4817-8c62-b9e24ab46037" {{(pid=107642) __call__ /opt/stack/placement/placement/requestlog.py:55}}
Aug 27 05:26:47.341250 n-d-830883-25 devstack@placement-api.service[107642]: INFO placement.requestlog [req-2f0c113b-af45-416c-87d9-dcc392adc487 req-03d183a5-1252-4c7b-8063-8c5f13f39bc7 service placement] 10.222.0.77 "GET /placement/allocations/9ef6d038-3db9-4817-8c62-b9e24ab46037" status: 200 len: 259 microversion: 1.28
Aug 27 05:26:47.342078 n-d-830883-25 devstack@placement-api.service[107642]: [pid: 107642|app: 0|req: 59/123] 10.222.0.77 () {60 vars in 1377 bytes} [Sat Aug 27 05:26:47 2022] GET /placement/allocations/9ef6d038-3db9-4817-8c62-b9e24ab46037 => generated 259 bytes in 35 msecs (HTTP/1.1 200) 8 headers in 296 bytes (1 switches on core 0)
Aug 27 05:26:47.348661 n-d-830883-25 devstack@placement-api.service[107641]: DEBUG placement.requestlog [req-2f0c113b-af45-416c-87d9-dcc392adc487 req-8b994bc3-8f6e-497c-baee-37c7489bd8fe None None] Starting request: 10.222.0.77 "GET /placement/allocations/00699ad0-b4c6-4346-ac51-c5466dfb7404" {{(pid=107641) __call__ /opt/stack/placement/placement/requestlog.py:55}}
Aug 27 05:26:47.388592 n-d-830883-25 devstack@placement-api.service[107641]: INFO placement.requestlog [req-2f0c113b-af45-416c-87d9-dcc392adc487 req-8b994bc3-8f6e-497c-baee-37c7489bd8fe service placement] 10.222.0.77 "GET /placement/allocations/00699ad0-b4c6-4346-ac51-c5466dfb7404" status: 200 len: 259 microversion: 1.28
Aug 27 05:26:47.398274 n-d-830883-25 devstack@placement-api.service[107641]: [pid: 107641|app: 0|req: 65/124] 10.222.0.77 () {60 vars in 1377 bytes} [Sat Aug 27 05:26:47 2022] GET /placement/allocations/00699ad0-b4c6-4346-ac51-c5466dfb7404 => generated 259 bytes in 50 msecs (HTTP/1.1 200) 8 headers in 296 bytes (1 switches on core 0)
Aug 27 05:26:49.592279 n-d-830883-25 devstack@placement-api.service[107642]: DEBUG placement.requestlog [req-dc8920d4-6be4-43e1-a1c0-2c5fef007ba6 req-d0cb52aa-6e56-450a-9027-d83570a18591 None None] Starting request: 10.222.0.77 "GET /placement/resource_providers/dcb0632f-c66b-46d4-996d-ee06263cb7e3/allocations" {{(pid=107642) __call__ /opt/stack/placement/placement/requestlog.py:55}}
Aug 27 05:26:49.648782 n-d-830883-25 devstack@placement-api.service[107642]: INFO placement.requestlog [req-dc8920d4-6be4-43e1-a1c0-2c5fef007ba6 req-d0cb52aa-6e56-450a-9027-d83570a18591 service placement] 10.222.0.77 "GET /placement/resource_providers/dcb0632f-c66b-46d4-996d-ee06263cb7e3/allocations" status: 200 len: 255 microversion: 1.0
Aug 27 05:26:49.649183 n-d-830883-25 devstack@placement-api.service[107642]: [pid: 107642|app: 0|req: 60/125] 10.222.0.77 () {58 vars in 1390 bytes} [Sat Aug 27 05:26:49 2022] GET /placement/resource_providers/dcb0632f-c66b-46d4-996d-ee06263cb7e3/allocations => generated 255 bytes in 57 msecs (HTTP/1.1 200) 6 headers in 224 bytes (1 switches on core 0)
Aug 27 05:26:49.655909 n-d-830883-25 devstack@placement-api.service[107641]: DEBUG placement.requestlog [req-dc8920d4-6be4-43e1-a1c0-2c5fef007ba6 req-c47c5c34-a2d5-41b2-8c8e-a8f91da83031 None None] Starting request: 10.222.0.77 "GET /placement/allocations/9ef6d038-3db9-4817-8c62-b9e24ab46037" {{(pid=107641) __call__ /opt/stack/placement/placement/requestlog.py:55}}
Aug 27 05:26:49.703965 n-d-830883-25 devstack@placement-api.service[107641]: INFO placement.requestlog [req-dc8920d4-6be4-43e1-a1c0-2c5fef007ba6 req-c47c5c34-a2d5-41b2-8c8e-a8f91da83031 service placement] 10.222.0.77 "GET /placement/allocations/9ef6d038-3db9-4817-8c62-b9e24ab46037" status: 200 len: 259 microversion: 1.28
Aug 27 05:26:49.703965 n-d-830883-25 devstack@placement-api.service[107641]: [pid: 107641|app: 0|req: 66/126] 10.222.0.77 () {60 vars in 1377 bytes} [Sat Aug 27 05:26:49 2022] GET /placement/allocations/9ef6d038-3db9-4817-8c62-b9e24ab46037 => generated 259 bytes in 32 msecs (HTTP/1.1 200) 8 headers in 296 bytes (1 switches on core 0)
Aug 27 05:26:49.704185 n-d-830883-25 devstack@placement-api.service[107642]: DEBUG placement.requestlog [req-dc8920d4-6be4-43e1-a1c0-2c5fef007ba6 req-3e62d456-6b68-402f-b9e3-7e262ed3fb00 None None] Starting request: 10.222.0.77 "GET /placement/allocations/00699ad0-b4c6-4346-ac51-c5466dfb7404" {{(pid=107642) __call__ /opt/stack/placement/placement/requestlog.py:55}}
Aug 27 05:26:49.722528 n-d-830883-25 devstack@placement-api.service[107642]: INFO placement.requestlog [req-dc8920d4-6be4-43e1-a1c0-2c5fef007ba6 req-3e62d456-6b68-402f-b9e3-7e262ed3fb00 service placement] 10.222.0.77 "GET /placement/allocations/00699ad0-b4c6-4346-ac51-c5466dfb7404" status: 200 len: 259 microversion: 1.28
Aug 27 05:26:49.723321 n-d-830883-25 devstack@placement-api.service[107642]: [pid: 107642|app: 0|req: 61/127] 10.222.0.77 () {60 vars in 1377 bytes} [Sat Aug 27 05:26:49 2022] GET /placement/allocations/00699ad0-b4c6-4346-ac51-c5466dfb7404 => generated 259 bytes in 28 msecs (HTTP/1.1 200) 8 headers in 296 bytes (1 switches on core 0)
Aug 27 05:26:49.935690 n-d-830883-25 devstack@placement-api.service[107641]: DEBUG placement.requestlog [req-dc8920d4-6be4-43e1-a1c0-2c5fef007ba6 req-f04444f6-5345-41a8-a828-96c7692c3b82 None None] Starting request: 10.222.0.77 "DELETE /placement/allocations/00699ad0-b4c6-4346-ac51-c5466dfb7404" {{(pid=107641) __call__ /opt/stack/placement/placement/requestlog.py:55}}
Aug 27 05:26:49.989709 n-d-830883-25 devstack@placement-api.service[107641]: DEBUG placement.handlers.allocation [req-dc8920d4-6be4-43e1-a1c0-2c5fef007ba6 req-f04444f6-5345-41a8-a828-96c7692c3b82 service placement] Successfully deleted allocations [, , ] {{(pid=107641) delete_allocations /opt/stack/placement/placement/handlers/allocation.py:627}}
Aug 27 05:26:49.991094 n-d-830883-25 devstack@placement-api.service[107641]: INFO placement.requestlog [req-dc8920d4-6be4-43e1-a1c0-2c5fef007ba6 req-f04444f6-5345-41a8-a828-96c7692c3b82 service placement] 10.222.0.77 "DELETE /placement/allocations/00699ad0-b4c6-4346-ac51-c5466dfb7404" status: 204 len: 0 microversion: 1.0
Aug 27 05:26:49.991787 n-d-830883-25 devstack@placement-api.service[107641]: [pid: 107641|app: 0|req: 67/128] 10.222.0.77 () {60 vars in 1355 bytes} [Sat Aug 27 05:26:49 2022] DELETE /placement/allocations/00699ad0-b4c6-4346-ac51-c5466dfb7404 => generated 0 bytes in 56 msecs (HTTP/1.1 204) 5 headers in 198 bytes (1 switches on core 0)
Aug 27 05:26:59.715724 n-d-830883-25 devstack@placement-api.service[107642]: DEBUG dbcounter [-] [107642] Writing DB stats placement:SELECT=21,placement:DELETE=1,placement:UPDATE=1 {{(pid=107642) stat_writer /usr/local/lib/python3.8/dist-packages/dbcounter.py:114}}
Aug 27 05:26:59.982800 n-d-830883-25 devstack@placement-api.service[107641]: DEBUG dbcounter [-] [107641] Writing DB stats placement:SELECT=27,placement:DELETE=4,placement:INSERT=3,placement:UPDATE=2 {{(pid=107641) stat_writer /usr/local/lib/python3.8/dist-packages/dbcounter.py:114}}
Aug 27 05:27:01.052003 n-d-830883-25 devstack@placement-api.service[107642]: DEBUG placement.requestlog [req-b55fb464-4a8a-49b0-be98-997679ffd37a req-ad53d9f9-efc6-4d67-a6a9-f9b8367de8e7 None None] Starting request: 10.222.0.81 "GET /placement/resource_providers/f9389fd2-065e-4175-ac1e-41fc07f3d917/allocations" {{(pid=107642) __call__ /opt/stack/placement/placement/requestlog.py:55}}
Aug 27 05:27:01.110438 n-d-830883-25 devstack@placement-api.service[107642]: INFO placement.requestlog [req-b55fb464-4a8a-49b0-be98-997679ffd37a req-ad53d9f9-efc6-4d67-a6a9-f9b8367de8e7 service placement] 10.222.0.81 "GET /placement/resource_providers/f9389fd2-065e-4175-ac1e-41fc07f3d917/allocations" status: 200 len: 254 microversion: 1.0
Aug 27 05:27:01.112647 n-d-830883-25 devstack@placement-api.service[107642]: [pid: 107642|app: 0|req: 62/129] 10.222.0.81 () {58 vars in 1390 bytes} [Sat Aug 27 05:27:01 2022] GET /placement/resource_providers/f9389fd2-065e-4175-ac1e-41fc07f3d917/allocations => generated 254 bytes in 61 msecs (HTTP/1.1 200) 6 headers in 224 bytes (1 switches on core 0)
Aug 27 05:27:01.131624 n-d-830883-25 devstack@placement-api.service[107641]: DEBUG placement.requestlog [req-b55fb464-4a8a-49b0-be98-997679ffd37a req-e781ef31-6e81-4bc5-b7d5-c7dcd95734af None None] Starting request: 10.222.0.81 "GET /placement/allocations/948acf95-9e3f-480f-b79b-f5edcacfadf1" {{(pid=107641) __call__ /opt/stack/placement/placement/requestlog.py:55}}
Aug 27 05:27:01.161451 n-d-830883-25 devstack@placement-api.service[107641]: INFO placement.requestlog [req-b55fb464-4a8a-49b0-be98-997679ffd37a req-e781ef31-6e81-4bc5-b7d5-c7dcd95734af service placement] 10.222.0.81 "GET /placement/allocations/948acf95-9e3f-480f-b79b-f5edcacfadf1" status: 200 len: 258 microversion: 1.28
Aug 27 05:27:01.162129 n-d-830883-25 devstack@placement-api.service[107641]: [pid: 107641|app: 0|req: 68/130] 10.222.0.81 () {60 vars in 1377 bytes} [Sat Aug 27 05:27:01 2022] GET /placement/allocations/948acf95-9e3f-480f-b79b-f5edcacfadf1 => generated 258 bytes in 31 msecs (HTTP/1.1 200) 8 headers in 296 bytes (1 switches on core 0)
Aug 27 05:27:01.170045 n-d-830883-25 devstack@placement-api.service[107642]: DEBUG placement.requestlog [req-b55fb464-4a8a-49b0-be98-997679ffd37a req-ef8b8c1f-9f90-40d7-8e9c-68c07cd7329e None None] Starting request: 10.222.0.81 "GET /placement/allocations/66400bc0-b1c4-460b-acd3-098a5e1004b4" {{(pid=107642) __call__ /opt/stack/placement/placement/requestlog.py:55}}
Aug 27 05:27:01.216119 n-d-830883-25 devstack@placement-api.service[107642]: INFO placement.requestlog [req-b55fb464-4a8a-49b0-be98-997679ffd37a req-ef8b8c1f-9f90-40d7-8e9c-68c07cd7329e service placement] 10.222.0.81 "GET /placement/allocations/66400bc0-b1c4-460b-acd3-098a5e1004b4" status: 200 len: 258 microversion: 1.28
Aug 27 05:27:01.219306 n-d-830883-25 devstack@placement-api.service[107642]: [pid: 107642|app: 0|req: 63/131] 10.222.0.81 () {60 vars in 1377 bytes} [Sat Aug 27 05:27:01 2022] GET /placement/allocations/66400bc0-b1c4-460b-acd3-098a5e1004b4 => generated 258 bytes in 48 msecs (HTTP/1.1 200) 8 headers in 296 bytes (1 switches on core 0)
Aug 27 05:27:01.517519 n-d-830883-25 devstack@placement-api.service[107641]: DEBUG placement.requestlog [req-b55fb464-4a8a-49b0-be98-997679ffd37a req-520397e8-7fb0-47a1-abc3-5375c390312a None None] Starting request: 10.222.0.81 "DELETE /placement/allocations/948acf95-9e3f-480f-b79b-f5edcacfadf1" {{(pid=107641) __call__ /opt/stack/placement/placement/requestlog.py:55}}
Aug 27 05:27:01.575993 n-d-830883-25 devstack@placement-api.service[107641]: DEBUG placement.handlers.allocation [req-b55fb464-4a8a-49b0-be98-997679ffd37a req-520397e8-7fb0-47a1-abc3-5375c390312a service placement] Successfully deleted allocations [, , ] {{(pid=107641) delete_allocations /opt/stack/placement/placement/handlers/allocation.py:627}}
Aug 27 05:27:01.576631 n-d-830883-25 devstack@placement-api.service[107641]: INFO placement.requestlog [req-b55fb464-4a8a-49b0-be98-997679ffd37a req-520397e8-7fb0-47a1-abc3-5375c390312a service placement] 10.222.0.81 "DELETE /placement/allocations/948acf95-9e3f-480f-b79b-f5edcacfadf1" status: 204 len: 0 microversion: 1.0
Aug 27 05:27:01.577489 n-d-830883-25 devstack@placement-api.service[107641]: [pid: 107641|app: 0|req: 69/132] 10.222.0.81 () {60 vars in 1355 bytes} [Sat Aug 27 05:27:01 2022] DELETE /placement/allocations/948acf95-9e3f-480f-b79b-f5edcacfadf1 => generated 0 bytes in 60 msecs (HTTP/1.1 204) 5 headers in 198 bytes (1 switches on core 0)
Aug 27 05:27:09.030799 n-d-830883-25 devstack@placement-api.service[107642]: DEBUG placement.requestlog [req-e841a563-c5e9-4271-8b1a-f24a7c5942c2 req-489fa960-57ff-498f-b178-5b93f273f764 None None] Starting request: 10.222.0.42 "GET /placement/allocation_candidates?resources=DISK_GB%3A1%2CMEMORY_MB%3A1024%2CVCPU%3A1&root_required=%21COMPUTE_STATUS_DISABLED" {{(pid=107642) __call__ /opt/stack/placement/placement/requestlog.py:55}}
Aug 27 05:27:09.152605 n-d-830883-25 devstack@placement-api.service[107642]: DEBUG placement.objects.research_context [req-e841a563-c5e9-4271-8b1a-f24a7c5942c2 req-489fa960-57ff-498f-b178-5b93f273f764 service placement] getting providers with 1 DISK_GB {{(pid=107642) __init__ /opt/stack/placement/placement/objects/research_context.py:136}}
Aug 27 05:27:09.171144 n-d-830883-25 devstack@placement-api.service[107642]: DEBUG placement.objects.research_context [req-e841a563-c5e9-4271-8b1a-f24a7c5942c2 req-489fa960-57ff-498f-b178-5b93f273f764 service placement] getting providers with 1024 MEMORY_MB {{(pid=107642) __init__ /opt/stack/placement/placement/objects/research_context.py:136}}
Aug 27 05:27:09.192304 n-d-830883-25 devstack@placement-api.service[107642]: DEBUG placement.objects.research_context [req-e841a563-c5e9-4271-8b1a-f24a7c5942c2 req-489fa960-57ff-498f-b178-5b93f273f764 service placement] getting providers with 1 VCPU {{(pid=107642) __init__ /opt/stack/placement/placement/objects/research_context.py:136}}
Aug 27 05:27:09.210475 n-d-830883-25 devstack@placement-api.service[107642]: DEBUG placement.objects.research_context [req-e841a563-c5e9-4271-8b1a-f24a7c5942c2 req-489fa960-57ff-498f-b178-5b93f273f764 service placement] found 2 providers with available 1 DISK_GB {{(pid=107642) get_provider_ids_matching /opt/stack/placement/placement/objects/research_context.py:563}}
Aug 27 05:27:09.211074 n-d-830883-25 devstack@placement-api.service[107642]: DEBUG placement.objects.research_context [req-e841a563-c5e9-4271-8b1a-f24a7c5942c2 req-489fa960-57ff-498f-b178-5b93f273f764 service placement] found 2 providers with available 1024 MEMORY_MB {{(pid=107642) get_provider_ids_matching /opt/stack/placement/placement/objects/research_context.py:563}}
