Mar 23 12:35:03.291808 n-d-830883-16 devstack@placement-api.service[116675]: DEBUG placement.handlers.allocation [req-fa38f143-6250-4f69-87d7-e3b9611a5d65 req-0b83f11f-d111-447f-9fb6-e1dcb4b2443e service placement] Successfully deleted allocations [, , ] {{(pid=116675) delete_allocations /opt/stack/placement/placement/handlers/allocation.py:627}}
Mar 23 12:35:03.292508 n-d-830883-16 devstack@placement-api.service[116675]: INFO placement.requestlog [req-fa38f143-6250-4f69-87d7-e3b9611a5d65 req-0b83f11f-d111-447f-9fb6-e1dcb4b2443e service placement] 10.222.0.74 "DELETE /placement/allocations/a95b5b83-7db8-41c7-aa67-2eb4291b2113" status: 204 len: 0 microversion: 1.0
Mar 23 12:35:03.295232 n-d-830883-16 devstack@placement-api.service[116675]: [pid: 116675|app: 0|req: 463/922] 10.222.0.74 () {60 vars in 1355 bytes} [Wed Mar 23 12:35:03 2022] DELETE /placement/allocations/a95b5b83-7db8-41c7-aa67-2eb4291b2113 => generated 0 bytes in 291 msecs (HTTP/1.1 204) 5 headers in 198 bytes (1 switches on core 0)
Mar 23 12:35:07.233837 n-d-830883-16 devstack@placement-api.service[116674]: DEBUG placement.requestlog [req-581518c5-0731-4c1d-bfff-753aee3fb4de req-b235e2e9-9ad9-472e-bdf8-ccb3544bf6e6 None None] Starting request: 10.222.0.74 "DELETE /placement/allocations/c2c602d8-4dfd-4564-acb3-7ae1020c2a90" {{(pid=116674) __call__ /opt/stack/placement/placement/requestlog.py:55}}
Mar 23 12:35:07.741089 n-d-830883-16 devstack@placement-api.service[116674]: DEBUG placement.handlers.allocation [req-581518c5-0731-4c1d-bfff-753aee3fb4de req-b235e2e9-9ad9-472e-bdf8-ccb3544bf6e6 service placement] Successfully deleted allocations [, , ] {{(pid=116674) delete_allocations /opt/stack/placement/placement/handlers/allocation.py:627}}
Mar 23 12:35:07.742296 n-d-830883-16 devstack@placement-api.service[116674]: INFO placement.requestlog [req-581518c5-0731-4c1d-bfff-753aee3fb4de req-b235e2e9-9ad9-472e-bdf8-ccb3544bf6e6 service placement] 10.222.0.74 "DELETE /placement/allocations/c2c602d8-4dfd-4564-acb3-7ae1020c2a90" status: 204 len: 0 microversion: 1.0
Mar 23 12:35:07.743039 n-d-830883-16 devstack@placement-api.service[116674]: [pid: 116674|app: 0|req: 460/923] 10.222.0.74 () {60 vars in 1355 bytes} [Wed Mar 23 12:35:07 2022] DELETE /placement/allocations/c2c602d8-4dfd-4564-acb3-7ae1020c2a90 => generated 0 bytes in 510 msecs (HTTP/1.1 204) 5 headers in 198 bytes (1 switches on core 0)
Mar 23 12:35:10.013538 n-d-830883-16 devstack@placement-api.service[116675]: DEBUG placement.requestlog [req-7184b87e-b3b4-48c3-aac3-791fe328a650 req-6940069d-a975-44f2-9444-c73e4378ca75 None None] Starting request: 10.222.0.55 "DELETE /placement/allocations/a2bb3386-a711-494b-94a5-b6d755f0e663" {{(pid=116675) __call__ /opt/stack/placement/placement/requestlog.py:55}}
Mar 23 12:35:10.683409 n-d-830883-16 devstack@placement-api.service[116675]: DEBUG placement.wsgi_wrapper [req-7184b87e-b3b4-48c3-aac3-791fe328a650 req-6940069d-a975-44f2-9444-c73e4378ca75 service placement] Placement API returning an error response: No allocations for consumer 'a2bb3386-a711-494b-94a5-b6d755f0e663' {{(pid=116675) call_func /opt/stack/placement/placement/wsgi_wrapper.py:31}}
Mar 23 12:35:10.684800 n-d-830883-16 devstack@placement-api.service[116675]: INFO placement.requestlog [req-7184b87e-b3b4-48c3-aac3-791fe328a650 req-6940069d-a975-44f2-9444-c73e4378ca75 service placement] 10.222.0.55 "DELETE /placement/allocations/a2bb3386-a711-494b-94a5-b6d755f0e663" status: 404 len: 228 microversion: 1.0
Mar 23 12:35:10.685574 n-d-830883-16 devstack@placement-api.service[116675]: [pid: 116675|app: 0|req: 464/924] 10.222.0.55 () {60 vars in 1349 bytes} [Wed Mar 23 12:35:10 2022] DELETE /placement/allocations/a2bb3386-a711-494b-94a5-b6d755f0e663 => generated 228 bytes in 673 msecs (HTTP/1.1 404) 6 headers in 231 bytes (1 switches on core 0)
Mar 23 12:35:17.554559 n-d-830883-16 devstack@placement-api.service[116674]: DEBUG placement.requestlog [req-f0b3ebda-9244-4619-b26d-cffd1178f725 req-5d183ded-7d1d-4605-9364-5e38da8d3ffd None None] Starting request: 10.222.0.78 "DELETE /placement/allocations/717296c6-34b2-494c-99d0-3d6a2df578cf" {{(pid=116674) __call__ /opt/stack/placement/placement/requestlog.py:55}}
Mar 23 12:35:17.821812 n-d-830883-16 devstack@placement-api.service[116674]: DEBUG placement.handlers.allocation [req-f0b3ebda-9244-4619-b26d-cffd1178f725 req-5d183ded-7d1d-4605-9364-5e38da8d3ffd service placement] Successfully deleted allocations [, , ] {{(pid=116674) delete_allocations /opt/stack/placement/placement/handlers/allocation.py:627}}
Mar 23 12:35:17.822389 n-d-830883-16 devstack@placement-api.service[116674]: INFO placement.requestlog [req-f0b3ebda-9244-4619-b26d-cffd1178f725 req-5d183ded-7d1d-4605-9364-5e38da8d3ffd service placement] 10.222.0.78 "DELETE /placement/allocations/717296c6-34b2-494c-99d0-3d6a2df578cf" status: 204 len: 0 microversion: 1.0
Mar 23 12:35:17.827227 n-d-830883-16 devstack@placement-api.service[116674]: [pid: 116674|app: 0|req: 461/925] 10.222.0.78 () {60 vars in 1355 bytes} [Wed Mar 23 12:35:17 2022] DELETE /placement/allocations/717296c6-34b2-494c-99d0-3d6a2df578cf => generated 0 bytes in 270 msecs (HTTP/1.1 204) 5 headers in 198 bytes (1 switches on core 0)
Mar 23 12:35:25.100054 n-d-830883-16 devstack@placement-api.service[116675]: DEBUG placement.requestlog [req-12b6ed40-a55c-4053-8c15-eeb074e6e70f req-0e0a2dae-7e5e-48c1-bf15-8ee4db79db72 None None] Starting request: 10.222.0.78 "GET /placement/resource_providers/d2590976-e23c-4e9a-ac37-975185c1b982/allocations" {{(pid=116675) __call__ /opt/stack/placement/placement/requestlog.py:55}}
Mar 23 12:35:25.170435 n-d-830883-16 devstack@placement-api.service[116675]: INFO placement.requestlog [req-12b6ed40-a55c-4053-8c15-eeb074e6e70f req-0e0a2dae-7e5e-48c1-bf15-8ee4db79db72 service placement] 10.222.0.78 "GET /placement/resource_providers/d2590976-e23c-4e9a-ac37-975185c1b982/allocations" status: 200 len: 558 microversion: 1.0
Mar 23 12:35:25.171120 n-d-830883-16 devstack@placement-api.service[116675]: [pid: 116675|app: 0|req: 465/926] 10.222.0.78 () {58 vars in 1390 bytes} [Wed Mar 23 12:35:25 2022] GET /placement/resource_providers/d2590976-e23c-4e9a-ac37-975185c1b982/allocations => generated 558 bytes in 72 msecs (HTTP/1.1 200) 6 headers in 224 bytes (2 switches on core 0)
Mar 23 12:35:26.498797 n-d-830883-16 devstack@placement-api.service[116674]: DEBUG placement.requestlog [req-3e172c9f-d3e1-4957-a54c-051c514b72af req-4a144876-459d-4c3d-8c47-2bb4a19c33f8 None None] Starting request: 10.222.0.78 "DELETE /placement/allocations/9c3a2239-bee6-4f3f-a00c-6797fcedad13" {{(pid=116674) __call__ /opt/stack/placement/placement/requestlog.py:55}}
Mar 23 12:35:26.788010 n-d-830883-16 devstack@placement-api.service[116674]: DEBUG placement.handlers.allocation [req-3e172c9f-d3e1-4957-a54c-051c514b72af req-4a144876-459d-4c3d-8c47-2bb4a19c33f8 service placement] Successfully deleted allocations [, , ] {{(pid=116674) delete_allocations /opt/stack/placement/placement/handlers/allocation.py:627}}
Mar 23 12:35:26.791666 n-d-830883-16 devstack@placement-api.service[116674]: INFO placement.requestlog [req-3e172c9f-d3e1-4957-a54c-051c514b72af req-4a144876-459d-4c3d-8c47-2bb4a19c33f8 service placement] 10.222.0.78 "DELETE /placement/allocations/9c3a2239-bee6-4f3f-a00c-6797fcedad13" status: 204 len: 0 microversion: 1.0
Mar 23 12:35:26.791666 n-d-830883-16 devstack@placement-api.service[116674]: [pid: 116674|app: 0|req: 462/927] 10.222.0.78 () {60 vars in 1355 bytes} [Wed Mar 23 12:35:26 2022] DELETE /placement/allocations/9c3a2239-bee6-4f3f-a00c-6797fcedad13 => generated 0 bytes in 292 msecs (HTTP/1.1 204) 5 headers in 198 bytes (1 switches on core 0)
Mar 23 12:35:27.120934 n-d-830883-16 devstack@placement-api.service[116675]: DEBUG placement.requestlog [req-21c6255d-6210-471d-95f3-eb0e9e2c750a req-edbd5c81-a771-4a04-a380-098a5c39b2cb None None] Starting request: 10.222.0.78 "GET /placement/resource_providers/d2590976-e23c-4e9a-ac37-975185c1b982/allocations" {{(pid=116675) __call__ /opt/stack/placement/placement/requestlog.py:55}}
Mar 23 12:35:27.234735 n-d-830883-16 devstack@placement-api.service[116675]: INFO placement.requestlog [req-21c6255d-6210-471d-95f3-eb0e9e2c750a req-edbd5c81-a771-4a04-a380-098a5c39b2cb service placement] 10.222.0.78 "GET /placement/resource_providers/d2590976-e23c-4e9a-ac37-975185c1b982/allocations" status: 200 len: 457 microversion: 1.0
Mar 23 12:35:27.240420 n-d-830883-16 devstack@placement-api.service[116675]: [pid: 116675|app: 0|req: 466/928] 10.222.0.78 () {58 vars in 1390 bytes} [Wed Mar 23 12:35:27 2022] GET /placement/resource_providers/d2590976-e23c-4e9a-ac37-975185c1b982/allocations => generated 457 bytes in 118 msecs (HTTP/1.1 200) 6 headers in 224 bytes (1 switches on core 0)
Mar 23 12:35:29.971841 n-d-830883-16 devstack@placement-api.service[116674]: DEBUG placement.requestlog [req-79d37f9f-1845-443f-a44c-5d9f216b63d4 req-b7deea16-ba88-4ea9-be5a-3c15de375e55 None None] Starting request: 10.222.0.74 "GET /placement/resource_providers/f51f997a-4334-4634-a6df-16d81ebe4fd2/allocations" {{(pid=116674) __call__ /opt/stack/placement/placement/requestlog.py:55}}
Mar 23 12:35:30.038270 n-d-830883-16 devstack@placement-api.service[116674]: INFO placement.requestlog [req-79d37f9f-1845-443f-a44c-5d9f216b63d4 req-b7deea16-ba88-4ea9-be5a-3c15de375e55 service placement] 10.222.0.74 "GET /placement/resource_providers/f51f997a-4334-4634-a6df-16d81ebe4fd2/allocations" status: 200 len: 457 microversion: 1.0
Mar 23 12:35:30.041064 n-d-830883-16 devstack@placement-api.service[116674]: [pid: 116674|app: 0|req: 463/929] 10.222.0.74 () {58 vars in 1390 bytes} [Wed Mar 23 12:35:29 2022] GET /placement/resource_providers/f51f997a-4334-4634-a6df-16d81ebe4fd2/allocations => generated 457 bytes in 70 msecs (HTTP/1.1 200) 6 headers in 224 bytes (1 switches on core 0)
Mar 23 12:35:35.885312 n-d-830883-16 devstack@placement-api.service[116675]: DEBUG placement.requestlog [req-0e3927cc-fad0-47d3-940b-8e6479eb02b1 req-c64a2e2c-9494-47d8-bc2c-e149bc5f6003 None None] Starting request: 10.222.0.78 "DELETE /placement/allocations/7ba7e80f-7e49-4b7a-ab30-172a917f0ec9" {{(pid=116675) __call__ /opt/stack/placement/placement/requestlog.py:55}}
Mar 23 12:35:36.199224 n-d-830883-16 devstack@placement-api.service[116675]: DEBUG placement.handlers.allocation [req-0e3927cc-fad0-47d3-940b-8e6479eb02b1 req-c64a2e2c-9494-47d8-bc2c-e149bc5f6003 service placement] Successfully deleted allocations [, , ] {{(pid=116675) delete_allocations /opt/stack/placement/placement/handlers/allocation.py:627}}
Mar 23 12:35:36.199942 n-d-830883-16 devstack@placement-api.service[116675]: INFO placement.requestlog [req-0e3927cc-fad0-47d3-940b-8e6479eb02b1 req-c64a2e2c-9494-47d8-bc2c-e149bc5f6003 service placement] 10.222.0.78 "DELETE /placement/allocations/7ba7e80f-7e49-4b7a-ab30-172a917f0ec9" status: 204 len: 0 microversion: 1.0
Mar 23 12:35:36.209953 n-d-830883-16 devstack@placement-api.service[116675]: [pid: 116675|app: 0|req: 467/930] 10.222.0.78 () {60 vars in 1355 bytes} [Wed Mar 23 12:35:35 2022] DELETE /placement/allocations/7ba7e80f-7e49-4b7a-ab30-172a917f0ec9 => generated 0 bytes in 316 msecs (HTTP/1.1 204) 5 headers in 198 bytes (1 switches on core 0)
Mar 23 12:35:36.934279 n-d-830883-16 devstack@placement-api.service[116674]: DEBUG placement.requestlog [req-fb1c30df-59b5-4003-a73a-04bf637f6a1b req-2bfd994b-d7f9-4019-a0c7-f49f2a7c724f None None] Starting request: 10.222.0.74 "DELETE /placement/allocations/d37d0a9a-299e-4cd5-9e17-96ad0c2790a4" {{(pid=116674) __call__ /opt/stack/placement/placement/requestlog.py:55}}
Mar 23 12:35:37.273895 n-d-830883-16 devstack@placement-api.service[116674]: DEBUG placement.handlers.allocation [req-fb1c30df-59b5-4003-a73a-04bf637f6a1b req-2bfd994b-d7f9-4019-a0c7-f49f2a7c724f service placement] Successfully deleted allocations [, , ] {{(pid=116674) delete_allocations /opt/stack/placement/placement/handlers/allocation.py:627}}
Mar 23 12:35:37.280645 n-d-830883-16 devstack@placement-api.service[116674]: INFO placement.requestlog [req-fb1c30df-59b5-4003-a73a-04bf637f6a1b req-2bfd994b-d7f9-4019-a0c7-f49f2a7c724f service placement] 10.222.0.74 "DELETE /placement/allocations/d37d0a9a-299e-4cd5-9e17-96ad0c2790a4" status: 204 len: 0 microversion: 1.0
Mar 23 12:35:37.281627 n-d-830883-16 devstack@placement-api.service[116674]: [pid: 116674|app: 0|req: 464/931] 10.222.0.74 () {60 vars in 1355 bytes} [Wed Mar 23 12:35:36 2022] DELETE /placement/allocations/d37d0a9a-299e-4cd5-9e17-96ad0c2790a4 => generated 0 bytes in 348 msecs (HTTP/1.1 204) 5 headers in 198 bytes (1 switches on core 0)
Mar 23 12:35:47.335023 n-d-830883-16 devstack@placement-api.service[116675]: DEBUG placement.requestlog [req-c8b26e06-1b3b-48ef-bde3-846aab131e31 req-86635c57-d249-430a-824c-89470945013b None None] Starting request: 10.222.0.74 "DELETE /placement/allocations/23b13fd3-7f49-4bc3-859c-629824c2b1bd" {{(pid=116675) __call__ /opt/stack/placement/placement/requestlog.py:55}}
Mar 23 12:35:47.627537 n-d-830883-16 devstack@placement-api.service[116675]: DEBUG placement.handlers.allocation [req-c8b26e06-1b3b-48ef-bde3-846aab131e31 req-86635c57-d249-430a-824c-89470945013b service placement] Successfully deleted allocations [, , ] {{(pid=116675) delete_allocations /opt/stack/placement/placement/handlers/allocation.py:627}}
Mar 23 12:35:47.628061 n-d-830883-16 devstack@placement-api.service[116675]: INFO placement.requestlog [req-c8b26e06-1b3b-48ef-bde3-846aab131e31 req-86635c57-d249-430a-824c-89470945013b service placement] 10.222.0.74 "DELETE /placement/allocations/23b13fd3-7f49-4bc3-859c-629824c2b1bd" status: 204 len: 0 microversion: 1.0
Mar 23 12:35:47.629041 n-d-830883-16 devstack@placement-api.service[116675]: [pid: 116675|app: 0|req: 468/932] 10.222.0.74 () {60 vars in 1355 bytes} [Wed Mar 23 12:35:47 2022] DELETE /placement/allocations/23b13fd3-7f49-4bc3-859c-629824c2b1bd => generated 0 bytes in 294 msecs (HTTP/1.1 204) 5 headers in 198 bytes (1 switches on core 0)
Mar 23 12:35:56.694270 n-d-830883-16 devstack@placement-api.service[116674]: DEBUG placement.requestlog [req-f6319f53-9354-4a48-af01-36b9497baa60 req-b1fc9811-f21a-45f2-b91a-a35dadb09008 None None] Starting request: 10.222.0.78 "DELETE /placement/allocations/037874a5-4076-4f42-a1e7-3b2f4881e0dd" {{(pid=116674) __call__ /opt/stack/placement/placement/requestlog.py:55}}
Mar 23 12:35:57.039165 n-d-830883-16 devstack@placement-api.service[116674]: DEBUG placement.handlers.allocation [req-f6319f53-9354-4a48-af01-36b9497baa60 req-b1fc9811-f21a-45f2-b91a-a35dadb09008 service placement] Successfully deleted allocations [, , ] {{(pid=116674) delete_allocations /opt/stack/placement/placement/handlers/allocation.py:627}}
Mar 23 12:35:57.039955 n-d-830883-16 devstack@placement-api.service[116674]: INFO placement.requestlog [req-f6319f53-9354-4a48-af01-36b9497baa60 req-b1fc9811-f21a-45f2-b91a-a35dadb09008 service placement] 10.222.0.78 "DELETE /placement/allocations/037874a5-4076-4f42-a1e7-3b2f4881e0dd" status: 204 len: 0 microversion: 1.0
Mar 23 12:35:57.040668 n-d-830883-16 devstack@placement-api.service[116674]: [pid: 116674|app: 0|req: 465/933] 10.222.0.78 () {60 vars in 1355 bytes} [Wed Mar 23 12:35:56 2022] DELETE /placement/allocations/037874a5-4076-4f42-a1e7-3b2f4881e0dd => generated 0 bytes in 347 msecs (HTTP/1.1 204) 5 headers in 198 bytes (2 switches on core 0)
Mar 23 12:35:59.762858 n-d-830883-16 devstack@placement-api.service[116675]: DEBUG placement.requestlog [req-d79b7483-f36d-419e-a38b-4c6b03396380 req-687b8934-6925-4ba7-9692-018a590f703a None None] Starting request: 10.222.0.55 "GET /placement/allocation_candidates?limit=1000&resources=DISK_GB%3A1%2CMEMORY_MB%3A1024%2CVCPU%3A1&root_required=%21COMPUTE_STATUS_DISABLED" {{(pid=116675) __call__ /opt/stack/placement/placement/requestlog.py:55}}
Mar 23 12:35:59.946439 n-d-830883-16 devstack@placement-api.service[116675]: DEBUG placement.objects.research_context [req-d79b7483-f36d-419e-a38b-4c6b03396380 req-687b8934-6925-4ba7-9692-018a590f703a service placement] getting providers with 1 DISK_GB {{(pid=116675) __init__ /opt/stack/placement/placement/objects/research_context.py:136}}
Mar 23 12:35:59.974137 n-d-830883-16 devstack@placement-api.service[116675]: DEBUG placement.objects.research_context [req-d79b7483-f36d-419e-a38b-4c6b03396380 req-687b8934-6925-4ba7-9692-018a590f703a service placement] getting providers with 1024 MEMORY_MB {{(pid=116675) __init__ /opt/stack/placement/placement/objects/research_context.py:136}}
Mar 23 12:35:59.996492 n-d-830883-16 devstack@placement-api.service[116675]: DEBUG placement.objects.research_context [req-d79b7483-f36d-419e-a38b-4c6b03396380 req-687b8934-6925-4ba7-9692-018a590f703a service placement] getting providers with 1 VCPU {{(pid=116675) __init__ /opt/stack/placement/placement/objects/research_context.py:136}}
Mar 23 12:36:00.014400 n-d-830883-16 devstack@placement-api.service[116675]: DEBUG placement.objects.research_context [req-d79b7483-f36d-419e-a38b-4c6b03396380 req-687b8934-6925-4ba7-9692-018a590f703a service placement] found 2 providers with available 1 DISK_GB {{(pid=116675) get_provider_ids_matching /opt/stack/placement/placement/objects/research_context.py:559}}
Mar 23 12:36:00.014874 n-d-830883-16 devstack@placement-api.service[116675]: DEBUG placement.objects.research_context [req-d79b7483-f36d-419e-a38b-4c6b03396380 req-687b8934-6925-4ba7-9692-018a590f703a service placement] found 2 providers with available 1024 MEMORY_MB {{(pid=116675) get_provider_ids_matching /opt/stack/placement/placement/objects/research_context.py:559}}
Mar 23 12:36:00.015338 n-d-830883-16 devstack@placement-api.service[116675]: DEBUG placement.objects.research_context [req-d79b7483-f36d-419e-a38b-4c6b03396380 req-687b8934-6925-4ba7-9692-018a590f703a service placement] found 2 providers after filtering by previous result {{(pid=116675) get_provider_ids_matching /opt/stack/placement/placement/objects/research_context.py:590}}
Mar 23 12:36:00.015788 n-d-830883-16 devstack@placement-api.service[116675]: DEBUG placement.objects.research_context [req-d79b7483-f36d-419e-a38b-4c6b03396380 req-687b8934-6925-4ba7-9692-018a590f703a service placement] found 2 providers with available 1 VCPU {{(pid=116675) get_provider_ids_matching /opt/stack/placement/placement/objects/research_context.py:559}}
Mar 23 12:36:00.016257 n-d-830883-16 devstack@placement-api.service[116675]: DEBUG placement.objects.research_context [req-d79b7483-f36d-419e-a38b-4c6b03396380 req-687b8934-6925-4ba7-9692-018a590f703a service placement] found 2 providers after filtering by previous result {{(pid=116675) get_provider_ids_matching /opt/stack/placement/placement/objects/research_context.py:590}}
Mar 23 12:36:00.061502 n-d-830883-16 devstack@placement-api.service[116675]: DEBUG placement.objects.allocation_candidate [req-d79b7483-f36d-419e-a38b-4c6b03396380 req-687b8934-6925-4ba7-9692-018a590f703a service placement] RequestGroup(use_same_provider=False, resources={DISK_GB:1, MEMORY_MB:1024, VCPU:1}, traits=(), aggregates=[]) (suffix '') returned 2 matches {{(pid=116675) _get_by_requests /opt/stack/placement/placement/objects/allocation_candidate.py:156}}
Mar 23 12:36:00.062449 n-d-830883-16 devstack@placement-api.service[116675]: DEBUG placement.objects.allocation_candidate [req-d79b7483-f36d-419e-a38b-4c6b03396380 req-687b8934-6925-4ba7-9692-018a590f703a service placement] Merging candidates yields 2 allocation requests and 2 provider summaries {{(pid=116675) _merge_candidates /opt/stack/placement/placement/objects/allocation_candidate.py:809}}
Mar 23 12:36:00.068319 n-d-830883-16 devstack@placement-api.service[116675]: INFO placement.requestlog [req-d79b7483-f36d-419e-a38b-4c6b03396380 req-687b8934-6925-4ba7-9692-018a590f703a service placement] 10.222.0.55 "GET /placement/allocation_candidates?limit=1000&resources=DISK_GB%3A1%2CMEMORY_MB%3A1024%2CVCPU%3A1&root_required=%21COMPUTE_STATUS_DISABLED" status: 200 len: 1309 microversion: 1.36
Mar 23 12:36:00.069882 n-d-830883-16 devstack@placement-api.service[116675]: [pid: 116675|app: 0|req: 469/934] 10.222.0.55 () {60 vars in 1506 bytes} [Wed Mar 23 12:35:59 2022] GET /placement/allocation_candidates?limit=1000&resources=DISK_GB%3A1%2CMEMORY_MB%3A1024%2CVCPU%3A1&root_required=%21COMPUTE_STATUS_DISABLED => generated 1309 bytes in 310 msecs (HTTP/1.1 200) 8 headers in 297 bytes (1 switches on core 0)
Mar 23 12:36:00.235270 n-d-830883-16 devstack@placement-api.service[116674]: DEBUG placement.requestlog [req-d79b7483-f36d-419e-a38b-4c6b03396380 req-15b5a5ce-433d-44f9-ac0b-fc119bbb32a1 None None] Starting request: 10.222.0.55 "GET /placement/allocations/5e23845d-abed-4039-a96d-16d8dd5b87a4" {{(pid=116674) __call__ /opt/stack/placement/placement/requestlog.py:55}}
Mar 23 12:36:00.295218 n-d-830883-16 devstack@placement-api.service[116674]: INFO placement.requestlog [req-d79b7483-f36d-419e-a38b-4c6b03396380 req-15b5a5ce-433d-44f9-ac0b-fc119bbb32a1 service placement] 10.222.0.55 "GET /placement/allocations/5e23845d-abed-4039-a96d-16d8dd5b87a4" status: 200 len: 19 microversion: 1.28
Mar 23 12:36:00.304306 n-d-830883-16 devstack@placement-api.service[116675]: DEBUG placement.requestlog [req-d79b7483-f36d-419e-a38b-4c6b03396380 req-3d991d16-4477-4b87-9898-5d6051f6948c None None] Starting request: 10.222.0.55 "PUT /placement/allocations/5e23845d-abed-4039-a96d-16d8dd5b87a4" {{(pid=116675) __call__ /opt/stack/placement/placement/requestlog.py:55}}
Mar 23 12:36:00.317415 n-d-830883-16 devstack@placement-api.service[116674]: [pid: 116674|app: 0|req: 466/935] 10.222.0.55 () {60 vars in 1380 bytes} [Wed Mar 23 12:36:00 2022] GET /placement/allocations/5e23845d-abed-4039-a96d-16d8dd5b87a4 => generated 19 bytes in 82 msecs (HTTP/1.1 200) 8 headers in 295 bytes (1 switches on core 0)
Mar 23 12:36:00.704971 n-d-830883-16 devstack@placement-api.service[116675]: DEBUG placement.handlers.allocation [req-d79b7483-f36d-419e-a38b-4c6b03396380 req-3d991d16-4477-4b87-9898-5d6051f6948c service placement] Successfully wrote allocations [, , ] {{(pid=116675) _update_consumers_and_create_allocations /opt/stack/placement/placement/handlers/allocation.py:462}}
Mar 23 12:36:00.799636 n-d-830883-16 devstack@placement-api.service[116675]: INFO placement.requestlog [req-d79b7483-f36d-419e-a38b-4c6b03396380 req-3d991d16-4477-4b87-9898-5d6051f6948c service placement] 10.222.0.55 "PUT /placement/allocations/5e23845d-abed-4039-a96d-16d8dd5b87a4" status: 204 len: 0 microversion: 1.36
Mar 23 12:36:00.800336 n-d-830883-16 devstack@placement-api.service[116675]: [pid: 116675|app: 0|req: 470/936] 10.222.0.55 () {64 vars in 1433 bytes} [Wed Mar 23 12:36:00 2022] PUT /placement/allocations/5e23845d-abed-4039-a96d-16d8dd5b87a4 => generated 0 bytes in 497 msecs (HTTP/1.1 204) 5 headers in 199 bytes (2 switches on core 0)
Mar 23 12:36:02.329269 n-d-830883-16 devstack@placement-api.service[116674]: DEBUG placement.requestlog [req-d79b7483-f36d-419e-a38b-4c6b03396380 req-85fd9989-01a7-4518-89fa-ed325536ffc8 None None] Starting request: 10.222.0.78 "GET /placement/allocations/5e23845d-abed-4039-a96d-16d8dd5b87a4" {{(pid=116674) __call__ /opt/stack/placement/placement/requestlog.py:55}}
Mar 23 12:36:02.394532 n-d-830883-16 devstack@placement-api.service[116674]: INFO placement.requestlog [req-d79b7483-f36d-419e-a38b-4c6b03396380 req-85fd9989-01a7-4518-89fa-ed325536ffc8 service placement] 10.222.0.78 "GET /placement/allocations/5e23845d-abed-4039-a96d-16d8dd5b87a4" status: 200 len: 259 microversion: 1.28
Mar 23 12:36:02.400396 n-d-830883-16 devstack@placement-api.service[116674]: [pid: 116674|app: 0|req: 467/937] 10.222.0.78 () {60 vars in 1377 bytes} [Wed Mar 23 12:36:02 2022] GET /placement/allocations/5e23845d-abed-4039-a96d-16d8dd5b87a4 => generated 259 bytes in 70 msecs (HTTP/1.1 200) 8 headers in 296 bytes (1 switches on core 0)
Mar 23 12:36:02.437251 n-d-830883-16 devstack@placement-api.service[116675]: DEBUG placement.requestlog [req-92516d76-7ee6-4819-8603-b89acc6780a7 req-aa8003df-4326-45b6-b2b9-b89d1335d526 None None] Starting request: 10.222.0.78 "DELETE /placement/allocations/34dc99ad-28e1-48cf-8462-b42d6983a1e5" {{(pid=116675) __call__ /opt/stack/placement/placement/requestlog.py:55}}
Mar 23 12:36:02.691605 n-d-830883-16 devstack@placement-api.service[116675]: DEBUG placement.handlers.allocation [req-92516d76-7ee6-4819-8603-b89acc6780a7 req-aa8003df-4326-45b6-b2b9-b89d1335d526 service placement] Successfully deleted allocations [, , ] {{(pid=116675) delete_allocations /opt/stack/placement/placement/handlers/allocation.py:627}}
Mar 23 12:36:02.692677 n-d-830883-16 devstack@placement-api.service[116675]: INFO placement.requestlog [req-92516d76-7ee6-4819-8603-b89acc6780a7 req-aa8003df-4326-45b6-b2b9-b89d1335d526 service placement] 10.222.0.78 "DELETE /placement/allocations/34dc99ad-28e1-48cf-8462-b42d6983a1e5" status: 204 len: 0 microversion: 1.0
Mar 23 12:36:02.693596 n-d-830883-16 devstack@placement-api.service[116675]: [pid: 116675|app: 0|req: 471/938] 10.222.0.78 () {60 vars in 1355 bytes} [Wed Mar 23 12:36:02 2022] DELETE /placement/allocations/34dc99ad-28e1-48cf-8462-b42d6983a1e5 => generated 0 bytes in 257 msecs (HTTP/1.1 204) 5 headers in 198 bytes (1 switches on core 0)
Mar 23 12:36:11.253624 n-d-830883-16 devstack@placement-api.service[116674]: DEBUG placement.requestlog [req-74425184-da42-407b-aab7-aa30b8672ad4 req-059e375a-bad3-497b-ad77-dde17bbac04f None None] Starting request: 10.222.0.55 "GET /placement/allocation_candidates?limit=1000&resources=DISK_GB%3A1%2CMEMORY_MB%3A1024%2CVCPU%3A1&root_required=%21COMPUTE_STATUS_DISABLED" {{(pid=116674) __call__ /opt/stack/placement/placement/requestlog.py:55}}
Mar 23 12:36:11.314448 n-d-830883-16 devstack@placement-api.service[116674]: DEBUG placement.objects.research_context [req-74425184-da42-407b-aab7-aa30b8672ad4 req-059e375a-bad3-497b-ad77-dde17bbac04f service placement] getting providers with 1 DISK_GB {{(pid=116674) __init__ /opt/stack/placement/placement/objects/research_context.py:136}}
Mar 23 12:36:11.322163 n-d-830883-16 devstack@placement-api.service[116674]: DEBUG placement.objects.research_context [req-74425184-da42-407b-aab7-aa30b8672ad4 req-059e375a-bad3-497b-ad77-dde17bbac04f service placement] getting providers with 1024 MEMORY_MB {{(pid=116674) __init__ /opt/stack/placement/placement/objects/research_context.py:136}}
Mar 23 12:36:11.338525 n-d-830883-16 devstack@placement-api.service[116674]: DEBUG placement.objects.research_context [req-74425184-da42-407b-aab7-aa30b8672ad4 req-059e375a-bad3-497b-ad77-dde17bbac04f service placement] getting providers with 1 VCPU {{(pid=116674) __init__ /opt/stack/placement/placement/objects/research_context.py:136}}
Mar 23 12:36:11.360670 n-d-830883-16 devstack@placement-api.service[116674]: DEBUG placement.objects.research_context [req-74425184-da42-407b-aab7-aa30b8672ad4 req-059e375a-bad3-497b-ad77-dde17bbac04f service placement] found 2 providers with available 1 DISK_GB {{(pid=116674) get_provider_ids_matching /opt/stack/placement/placement/objects/research_context.py:559}}
Mar 23 12:36:11.361539 n-d-830883-16 devstack@placement-api.service[116674]: DEBUG placement.objects.research_context [req-74425184-da42-407b-aab7-aa30b8672ad4 req-059e375a-bad3-497b-ad77-dde17bbac04f service placement] found 2 providers with available 1024 MEMORY_MB {{(pid=116674) get_provider_ids_matching /opt/stack/placement/placement/objects/research_context.py:559}}
Mar 23 12:36:11.362252 n-d-830883-16 devstack@placement-api.service[116674]: DEBUG placement.objects.research_context [req-74425184-da42-407b-aab7-aa30b8672ad4 req-059e375a-bad3-497b-ad77-dde17bbac04f service placement] found 2 providers after filtering by previous result {{(pid=116674) get_provider_ids_matching /opt/stack/placement/placement/objects/research_context.py:590}}
Mar 23 12:36:11.362953 n-d-830883-16 devstack@placement-api.service[116674]: DEBUG placement.objects.research_context [req-74425184-da42-407b-aab7-aa30b8672ad4 req-059e375a-bad3-497b-ad77-dde17bbac04f service placement] found 2 providers with available 1 VCPU {{(pid=116674) get_provider_ids_matching /opt/stack/placement/placement/objects/research_context.py:559}}
Mar 23 12:36:11.363848 n-d-830883-16 devstack@placement-api.service[116674]: DEBUG placement.objects.research_context [req-74425184-da42-407b-aab7-aa30b8672ad4 req-059e375a-bad3-497b-ad77-dde17bbac04f service placement] found 2 providers after filtering by previous result {{(pid=116674) get_provider_ids_matching /opt/stack/placement/placement/objects/research_context.py:590}}
Mar 23 12:36:11.397237 n-d-830883-16 devstack@placement-api.service[116674]: DEBUG placement.objects.allocation_candidate [req-74425184-da42-407b-aab7-aa30b8672ad4 req-059e375a-bad3-497b-ad77-dde17bbac04f service placement] RequestGroup(use_same_provider=False, resources={DISK_GB:1, MEMORY_MB:1024, VCPU:1}, traits=(), aggregates=[]) (suffix '') returned 2 matches {{(pid=116674) _get_by_requests /opt/stack/placement/placement/objects/allocation_candidate.py:156}}
Mar 23 12:36:11.407018 n-d-830883-16 devstack@placement-api.service[116674]: DEBUG placement.objects.allocation_candidate [req-74425184-da42-407b-aab7-aa30b8672ad4 req-059e375a-bad3-497b-ad77-dde17bbac04f service placement] Merging candidates yields 2 allocation requests and 2 provider summaries {{(pid=116674) _merge_candidates /opt/stack/placement/placement/objects/allocation_candidate.py:809}}
Mar 23 12:36:11.411905 n-d-830883-16 devstack@placement-api.service[116674]: INFO placement.requestlog [req-74425184-da42-407b-aab7-aa30b8672ad4 req-059e375a-bad3-497b-ad77-dde17bbac04f service placement] 10.222.0.55 "GET /placement/allocation_candidates?limit=1000&resources=DISK_GB%3A1%2CMEMORY_MB%3A1024%2CVCPU%3A1&root_required=%21COMPUTE_STATUS_DISABLED" status: 200 len: 1309 microversion: 1.36
Mar 23 12:36:11.414950 n-d-830883-16 devstack@placement-api.service[116674]: [pid: 116674|app: 0|req: 468/939] 10.222.0.55 () {60 vars in 1506 bytes} [Wed Mar 23 12:36:11 2022] GET /placement/allocation_candidates?limit=1000&resources=DISK_GB%3A1%2CMEMORY_MB%3A1024%2CVCPU%3A1&root_required=%21COMPUTE_STATUS_DISABLED => generated 1309 bytes in 161 msecs (HTTP/1.1 200) 8 headers in 297 bytes (1 switches on core 0)
Mar 23 12:36:11.575129 n-d-830883-16 devstack@placement-api.service[116675]: DEBUG placement.requestlog [req-74425184-da42-407b-aab7-aa30b8672ad4 req-dcf9b3b2-ea34-4472-979c-704f0ee13428 None None] Starting request: 10.222.0.55 "GET /placement/allocations/34dc99ad-28e1-48cf-8462-b42d6983a1e5" {{(pid=116675) __call__ /opt/stack/placement/placement/requestlog.py:55}}
Mar 23 12:36:11.590473 n-d-830883-16 devstack@placement-api.service[116675]: INFO placement.requestlog [req-74425184-da42-407b-aab7-aa30b8672ad4 req-dcf9b3b2-ea34-4472-979c-704f0ee13428 service placement] 10.222.0.55 "GET /placement/allocations/34dc99ad-28e1-48cf-8462-b42d6983a1e5" status: 200 len: 19 microversion: 1.28
Mar 23 12:36:11.599217 n-d-830883-16 devstack@placement-api.service[116675]: [pid: 116675|app: 0|req: 472/940] 10.222.0.55 () {60 vars in 1380 bytes} [Wed Mar 23 12:36:11 2022] GET /placement/allocations/34dc99ad-28e1-48cf-8462-b42d6983a1e5 => generated 19 bytes in 24 msecs (HTTP/1.1 200) 8 headers in 295 bytes (1 switches on core 0)
Mar 23 12:36:11.601316 n-d-830883-16 devstack@placement-api.service[116674]: DEBUG placement.requestlog [req-74425184-da42-407b-aab7-aa30b8672ad4 req-93d4aebc-845f-4d36-916c-905d1a0de048 None None] Starting request: 10.222.0.55 "PUT /placement/allocations/34dc99ad-28e1-48cf-8462-b42d6983a1e5" {{(pid=116674) __call__ /opt/stack/placement/placement/requestlog.py:55}}
Mar 23 12:36:11.816390 n-d-830883-16 devstack@placement-api.service[116674]: DEBUG placement.handlers.allocation [req-74425184-da42-407b-aab7-aa30b8672ad4 req-93d4aebc-845f-4d36-916c-905d1a0de048 service placement] Successfully wrote allocations [, , ] {{(pid=116674) _update_consumers_and_create_allocations /opt/stack/placement/placement/handlers/allocation.py:462}}
Mar 23 12:36:11.948778 n-d-830883-16 devstack@placement-api.service[116674]: INFO placement.requestlog [req-74425184-da42-407b-aab7-aa30b8672ad4 req-93d4aebc-845f-4d36-916c-905d1a0de048 service placement] 10.222.0.55 "PUT /placement/allocations/34dc99ad-28e1-48cf-8462-b42d6983a1e5" status: 204 len: 0 microversion: 1.36
Mar 23 12:36:11.949953 n-d-830883-16 devstack@placement-api.service[116674]: [pid: 116674|app: 0|req: 469/941] 10.222.0.55 () {64 vars in 1433 bytes} [Wed Mar 23 12:36:11 2022] PUT /placement/allocations/34dc99ad-28e1-48cf-8462-b42d6983a1e5 => generated 0 bytes in 349 msecs (HTTP/1.1 204) 5 headers in 199 bytes (2 switches on core 0)
Mar 23 12:36:27.524402 n-d-830883-16 devstack@placement-api.service[116675]: DEBUG placement.requestlog [req-a5230ae5-2c9a-4dd0-bcca-ada182bfce3f req-3ebb2df3-7eae-4400-b267-429355f44cee None None] Starting request: 10.222.0.55 "GET /placement/allocation_candidates?limit=1000&resources=DISK_GB%3A1%2CMEMORY_MB%3A1024%2CVCPU%3A1&root_required=%21COMPUTE_STATUS_DISABLED" {{(pid=116675) __call__ /opt/stack/placement/placement/requestlog.py:55}}
Mar 23 12:36:28.380503 n-d-830883-16 devstack@placement-api.service[116675]: DEBUG placement.objects.research_context [req-a5230ae5-2c9a-4dd0-bcca-ada182bfce3f req-3ebb2df3-7eae-4400-b267-429355f44cee service placement] getting providers with 1 DISK_GB {{(pid=116675) __init__ /opt/stack/placement/placement/objects/research_context.py:136}}
Mar 23 12:36:28.423812 n-d-830883-16 devstack@placement-api.service[116675]: DEBUG placement.objects.research_context [req-a5230ae5-2c9a-4dd0-bcca-ada182bfce3f req-3ebb2df3-7eae-4400-b267-429355f44cee service placement] getting providers with 1024 MEMORY_MB {{(pid=116675) __init__ /opt/stack/placement/placement/objects/research_context.py:136}}
Mar 23 12:36:28.490685 n-d-830883-16 devstack@placement-api.service[116675]: DEBUG placement.objects.research_context [req-a5230ae5-2c9a-4dd0-bcca-ada182bfce3f req-3ebb2df3-7eae-4400-b267-429355f44cee service placement] getting providers with 1 VCPU {{(pid=116675) __init__ /opt/stack/placement/placement/objects/research_context.py:136}}
Mar 23 12:36:28.538817 n-d-830883-16 devstack@placement-api.service[116675]: DEBUG placement.objects.research_context [req-a5230ae5-2c9a-4dd0-bcca-ada182bfce3f req-3ebb2df3-7eae-4400-b267-429355f44cee service placement] found 2 providers with available 1 DISK_GB {{(pid=116675) get_provider_ids_matching /opt/stack/placement/placement/objects/research_context.py:559}}
Mar 23 12:36:28.539824 n-d-830883-16 devstack@placement-api.service[116675]: DEBUG placement.objects.research_context [req-a5230ae5-2c9a-4dd0-bcca-ada182bfce3f req-3ebb2df3-7eae-4400-b267-429355f44cee service placement] found 2 providers with available 1024 MEMORY_MB {{(pid=116675) get_provider_ids_matching /opt/stack/placement/placement/objects/research_context.py:559}}
Mar 23 12:36:28.539824 n-d-830883-16 devstack@placement-api.service[116675]: DEBUG placement.objects.research_context [req-a5230ae5-2c9a-4dd0-bcca-ada182bfce3f req-3ebb2df3-7eae-4400-b267-429355f44cee service placement] found 2 providers after filtering by previous result {{(pid=116675) get_provider_ids_matching /opt/stack/placement/placement/objects/research_context.py:590}}
Mar 23 12:36:28.550411 n-d-830883-16 devstack@placement-api.service[116675]: DEBUG placement.objects.research_context [req-a5230ae5-2c9a-4dd0-bcca-ada182bfce3f req-3ebb2df3-7eae-4400-b267-429355f44cee service placement] found 2 providers with available 1 VCPU {{(pid=116675) get_provider_ids_matching /opt/stack/placement/placement/objects/research_context.py:559}}
Mar 23 12:36:28.551699 n-d-830883-16 devstack@placement-api.service[116675]: DEBUG placement.objects.research_context [req-a5230ae5-2c9a-4dd0-bcca-ada182bfce3f req-3ebb2df3-7eae-4400-b267-429355f44cee service placement] found 2 providers after filtering by previous result {{(pid=116675) get_provider_ids_matching /opt/stack/placement/placement/objects/research_context.py:590}}
Mar 23 12:36:28.628298 n-d-830883-16 devstack@placement-api.service[116675]: DEBUG placement.objects.allocation_candidate [req-a5230ae5-2c9a-4dd0-bcca-ada182bfce3f req-3ebb2df3-7eae-4400-b267-429355f44cee service placement] RequestGroup(use_same_provider=False, resources={DISK_GB:1, MEMORY_MB:1024, VCPU:1}, traits=(), aggregates=[]) (suffix '') returned 2 matches {{(pid=116675) _get_by_requests /opt/stack/placement/placement/objects/allocation_candidate.py:156}}
Mar 23 12:36:28.637282 n-d-830883-16 devstack@placement-api.service[116675]: DEBUG placement.objects.allocation_candidate [req-a5230ae5-2c9a-4dd0-bcca-ada182bfce3f req-3ebb2df3-7eae-4400-b267-429355f44cee service placement] Merging candidates yields 2 allocation requests and 2 provider summaries {{(pid=116675) _merge_candidates /opt/stack/placement/placement/objects/allocation_candidate.py:809}}
Mar 23 12:36:28.645150 n-d-830883-16 devstack@placement-api.service[116675]: INFO placement.requestlog [req-a5230ae5-2c9a-4dd0-bcca-ada182bfce3f req-3ebb2df3-7eae-4400-b267-429355f44cee service placement] 10.222.0.55 "GET /placement/allocation_candidates?limit=1000&resources=DISK_GB%3A1%2CMEMORY_MB%3A1024%2CVCPU%3A1&root_required=%21COMPUTE_STATUS_DISABLED" status: 200 len: 1309 microversion: 1.36
Mar 23 12:36:28.650988 n-d-830883-16 devstack@placement-api.service[116675]: [pid: 116675|app: 0|req: 473/942] 10.222.0.55 () {60 vars in 1506 bytes} [Wed Mar 23 12:36:27 2022] GET /placement/allocation_candidates?limit=1000&resources=DISK_GB%3A1%2CMEMORY_MB%3A1024%2CVCPU%3A1&root_required=%21COMPUTE_STATUS_DISABLED => generated 1309 bytes in 1127 msecs (HTTP/1.1 200) 8 headers in 297 bytes (1 switches on core 0)
Mar 23 12:36:29.216105 n-d-830883-16 devstack@placement-api.service[116674]: DEBUG placement.requestlog [req-1f0ab758-560d-44da-ad02-b9f59954b6fe req-35a65180-3ac6-42ca-b24b-b08d869d963e None None] Starting request: 10.222.0.78 "GET /placement/resource_providers/d2590976-e23c-4e9a-ac37-975185c1b982/allocations" {{(pid=116674) __call__ /opt/stack/placement/placement/requestlog.py:55}}
Mar 23 12:36:29.261193 n-d-830883-16 devstack@placement-api.service[116675]: DEBUG placement.requestlog [req-a5230ae5-2c9a-4dd0-bcca-ada182bfce3f req-a440f7ae-2562-48bf-925c-fc228907a16b None None] Starting request: 10.222.0.55 "GET /placement/allocations/a766e28b-9f8b-4835-a10d-594463a477ac" {{(pid=116675) __call__ /opt/stack/placement/placement/requestlog.py:55}}
Mar 23 12:36:29.279580 n-d-830883-16 devstack@placement-api.service[116675]: INFO placement.requestlog [req-a5230ae5-2c9a-4dd0-bcca-ada182bfce3f req-a440f7ae-2562-48bf-925c-fc228907a16b service placement] 10.222.0.55 "GET /placement/allocations/a766e28b-9f8b-4835-a10d-594463a477ac" status: 200 len: 19 microversion: 1.28
Mar 23 12:36:29.280273 n-d-830883-16 devstack@placement-api.service[116675]: [pid: 116675|app: 0|req: 474/943] 10.222.0.55 () {60 vars in 1380 bytes} [Wed Mar 23 12:36:29 2022] GET /placement/allocations/a766e28b-9f8b-4835-a10d-594463a477ac => generated 19 bytes in 19 msecs (HTTP/1.1 200) 8 headers in 295 bytes (1 switches on core 0)
Mar 23 12:36:29.299914 n-d-830883-16 devstack@placement-api.service[116675]: DEBUG placement.requestlog [req-a5230ae5-2c9a-4dd0-bcca-ada182bfce3f req-14664cef-a185-4b12-a610-acd51dd0d8ce None None] Starting request: 10.222.0.55 "PUT /placement/allocations/a766e28b-9f8b-4835-a10d-594463a477ac" {{(pid=116675) __call__ /opt/stack/placement/placement/requestlog.py:55}}
Mar 23 12:36:29.349972 n-d-830883-16 devstack@placement-api.service[116674]: INFO placement.requestlog [req-1f0ab758-560d-44da-ad02-b9f59954b6fe req-35a65180-3ac6-42ca-b24b-b08d869d963e service placement] 10.222.0.78 "GET /placement/resource_providers/d2590976-e23c-4e9a-ac37-975185c1b982/allocations" status: 200 len: 255 microversion: 1.0
Mar 23 12:36:29.351168 n-d-830883-16 devstack@placement-api.service[116674]: [pid: 116674|app: 0|req: 470/944] 10.222.0.78 () {58 vars in 1390 bytes} [Wed Mar 23 12:36:29 2022] GET /placement/resource_providers/d2590976-e23c-4e9a-ac37-975185c1b982/allocations => generated 255 bytes in 136 msecs (HTTP/1.1 200) 6 headers in 224 bytes (1 switches on core 0)
Mar 23 12:36:29.696850 n-d-830883-16 devstack@placement-api.service[116675]: DEBUG placement.handlers.allocation [req-a5230ae5-2c9a-4dd0-bcca-ada182bfce3f req-14664cef-a185-4b12-a610-acd51dd0d8ce service placement] Successfully wrote allocations [, , ] {{(pid=116675) _update_consumers_and_create_allocations /opt/stack/placement/placement/handlers/allocation.py:462}}
Mar 23 12:36:29.759749 n-d-830883-16 devstack@placement-api.service[116675]: INFO placement.requestlog [req-a5230ae5-2c9a-4dd0-bcca-ada182bfce3f req-14664cef-a185-4b12-a610-acd51dd0d8ce service placement] 10.222.0.55 "PUT /placement/allocations/a766e28b-9f8b-4835-a10d-594463a477ac" status: 204 len: 0 microversion: 1.36
Mar 23 12:36:29.760804 n-d-830883-16 devstack@placement-api.service[116675]: [pid: 116675|app: 0|req: 475/945] 10.222.0.55 () {64 vars in 1433 bytes} [Wed Mar 23 12:36:29 2022] PUT /placement/allocations/a766e28b-9f8b-4835-a10d-594463a477ac => generated 0 bytes in 461 msecs (HTTP/1.1 204) 5 headers in 199 bytes (2 switches on core 0)
Mar 23 12:36:30.027712 n-d-830883-16 devstack@placement-api.service[116674]: DEBUG placement.requestlog [req-ef0253b7-8494-40a1-ba17-d1f2c050ae5d req-25bfe9f0-7fbd-493b-bbac-364ad7a107c8 None None] Starting request: 10.222.0.74 "GET /placement/resource_providers/f51f997a-4334-4634-a6df-16d81ebe4fd2/allocations" {{(pid=116674) __call__ /opt/stack/placement/placement/requestlog.py:55}}
Mar 23 12:36:30.174543 n-d-830883-16 devstack@placement-api.service[116674]: INFO placement.requestlog [req-ef0253b7-8494-40a1-ba17-d1f2c050ae5d req-25bfe9f0-7fbd-493b-bbac-364ad7a107c8 service placement] 10.222.0.74 "GET /placement/resource_providers/f51f997a-4334-4634-a6df-16d81ebe4fd2/allocations" status: 200 len: 457 microversion: 1.0
Mar 23 12:36:30.186668 n-d-830883-16 devstack@placement-api.service[116674]: [pid: 116674|app: 0|req: 471/946] 10.222.0.74 () {58 vars in 1390 bytes} [Wed Mar 23 12:36:30 2022] GET /placement/resource_providers/f51f997a-4334-4634-a6df-16d81ebe4fd2/allocations => generated 457 bytes in 160 msecs (HTTP/1.1 200) 6 headers in 224 bytes (1 switches on core 0)
Mar 23 12:36:31.812782 n-d-830883-16 devstack@placement-api.service[116675]: DEBUG placement.requestlog [req-a5230ae5-2c9a-4dd0-bcca-ada182bfce3f req-80296c13-5b1e-4965-8d95-7f888a591773 None None] Starting request: 10.222.0.74 "GET /placement/allocations/a766e28b-9f8b-4835-a10d-594463a477ac" {{(pid=116675) __call__ /opt/stack/placement/placement/requestlog.py:55}}
Mar 23 12:36:31.909995 n-d-830883-16 devstack@placement-api.service[116675]: INFO placement.requestlog [req-a5230ae5-2c9a-4dd0-bcca-ada182bfce3f req-80296c13-5b1e-4965-8d95-7f888a591773 service placement] 10.222.0.74 "GET /placement/allocations/a766e28b-9f8b-4835-a10d-594463a477ac" status: 200 len: 259 microversion: 1.28
Mar 23 12:36:31.912925 n-d-830883-16 devstack@placement-api.service[116675]: [pid: 116675|app: 0|req: 476/947] 10.222.0.74 () {60 vars in 1377 bytes} [Wed Mar 23 12:36:31 2022] GET /placement/allocations/a766e28b-9f8b-4835-a10d-594463a477ac => generated 259 bytes in 100 msecs (HTTP/1.1 200) 8 headers in 296 bytes (2 switches on core 0)
Mar 23 12:36:56.051269 n-d-830883-16 devstack@placement-api.service[116674]: DEBUG placement.requestlog [req-cefcc15a-8d30-4c44-bd5f-af6803bfdf28 req-66373a14-22ee-4111-9e7f-2717348488da None None] Starting request: 10.222.0.74 "DELETE /placement/allocations/2dbab0e5-0993-4de0-88e8-91a70f05e961" {{(pid=116674) __call__ /opt/stack/placement/placement/requestlog.py:55}}
Mar 23 12:36:56.392672 n-d-830883-16 devstack@placement-api.service[116674]: DEBUG placement.handlers.allocation [req-cefcc15a-8d30-4c44-bd5f-af6803bfdf28 req-66373a14-22ee-4111-9e7f-2717348488da service placement] Successfully deleted allocations [, , ] {{(pid=116674) delete_allocations /opt/stack/placement/placement/handlers/allocation.py:627}}
Mar 23 12:36:56.393177 n-d-830883-16 devstack@placement-api.service[116674]: INFO placement.requestlog [req-cefcc15a-8d30-4c44-bd5f-af6803bfdf28 req-66373a14-22ee-4111-9e7f-2717348488da service placement] 10.222.0.74 "DELETE /placement/allocations/2dbab0e5-0993-4de0-88e8-91a70f05e961" status: 204 len: 0 microversion: 1.0
Mar 23 12:36:56.395158 n-d-830883-16 devstack@placement-api.service[116674]: [pid: 116674|app: 0|req: 472/948] 10.222.0.74 () {60 vars in 1355 bytes} [Wed Mar 23 12:36:56 2022] DELETE /placement/allocations/2dbab0e5-0993-4de0-88e8-91a70f05e961 => generated 0 bytes in 344 msecs (HTTP/1.1 204) 5 headers in 198 bytes (1 switches on core 0)
Mar 23 12:36:57.012220 n-d-830883-16 devstack@placement-api.service[116675]: DEBUG placement.requestlog [req-74425184-da42-407b-aab7-aa30b8672ad4 req-625011c4-bb9a-459d-95e1-8fabc2d5e07f None None] Starting request: 10.222.0.74 "GET /placement/allocations/34dc99ad-28e1-48cf-8462-b42d6983a1e5" {{(pid=116675) __call__ /opt/stack/placement/placement/requestlog.py:55}}
Mar 23 12:36:57.055746 n-d-830883-16 devstack@placement-api.service[116675]: INFO placement.requestlog [req-74425184-da42-407b-aab7-aa30b8672ad4 req-625011c4-bb9a-459d-95e1-8fabc2d5e07f service placement] 10.222.0.74 "GET /placement/allocations/34dc99ad-28e1-48cf-8462-b42d6983a1e5" status: 200 len: 259 microversion: 1.28
Mar 23 12:36:57.056203 n-d-830883-16 devstack@placement-api.service[116675]: [pid: 116675|app: 0|req: 477/949] 10.222.0.74 () {60 vars in 1377 bytes} [Wed Mar 23 12:36:57 2022] GET /placement/allocations/34dc99ad-28e1-48cf-8462-b42d6983a1e5 => generated 259 bytes in 44 msecs (HTTP/1.1 200) 8 headers in 296 bytes (1 switches on core 0)
Mar 23 12:36:57.791873 n-d-830883-16 devstack@placement-api.service[116674]: DEBUG placement.requestlog [req-fdfe7b22-d9e7-4890-8749-d70488462372 req-2c24db32-aec8-4289-9097-7c5e75182ada None None] Starting request: 10.222.0.55 "GET /placement/allocation_candidates?limit=1000&resources=DISK_GB%3A1%2CMEMORY_MB%3A1024%2CVCPU%3A1&root_required=%21COMPUTE_STATUS_DISABLED" {{(pid=116674) __call__ /opt/stack/placement/placement/requestlog.py:55}}
Mar 23 12:36:57.858970 n-d-830883-16 devstack@placement-api.service[116674]: DEBUG placement.objects.research_context [req-fdfe7b22-d9e7-4890-8749-d70488462372 req-2c24db32-aec8-4289-9097-7c5e75182ada service placement] getting providers with 1 DISK_GB {{(pid=116674) __init__ /opt/stack/placement/placement/objects/research_context.py:136}}
Mar 23 12:36:57.868831 n-d-830883-16 devstack@placement-api.service[116674]: DEBUG placement.objects.research_context [req-fdfe7b22-d9e7-4890-8749-d70488462372 req-2c24db32-aec8-4289-9097-7c5e75182ada service placement] getting providers with 1024 MEMORY_MB {{(pid=116674) __init__ /opt/stack/placement/placement/objects/research_context.py:136}}
Mar 23 12:36:57.879286 n-d-830883-16 devstack@placement-api.service[116674]: DEBUG placement.objects.research_context [req-fdfe7b22-d9e7-4890-8749-d70488462372 req-2c24db32-aec8-4289-9097-7c5e75182ada service placement] getting providers with 1 VCPU {{(pid=116674) __init__ /opt/stack/placement/placement/objects/research_context.py:136}}
Mar 23 12:36:57.886017 n-d-830883-16 devstack@placement-api.service[116674]: DEBUG placement.objects.research_context [req-fdfe7b22-d9e7-4890-8749-d70488462372 req-2c24db32-aec8-4289-9097-7c5e75182ada service placement] found 2 providers with available 1 DISK_GB {{(pid=116674) get_provider_ids_matching /opt/stack/placement/placement/objects/research_context.py:559}}
Mar 23 12:36:57.886317 n-d-830883-16 devstack@placement-api.service[116674]: DEBUG placement.objects.research_context [req-fdfe7b22-d9e7-4890-8749-d70488462372 req-2c24db32-aec8-4289-9097-7c5e75182ada service placement] found 2 providers with available 1024 MEMORY_MB {{(pid=116674) get_provider_ids_matching /opt/stack/placement/placement/objects/research_context.py:559}}
Mar 23 12:36:57.886585 n-d-830883-16 devstack@placement-api.service[116674]: DEBUG placement.objects.research_context [req-fdfe7b22-d9e7-4890-8749-d70488462372 req-2c24db32-aec8-4289-9097-7c5e75182ada service placement] found 2 providers after filtering by previous result {{(pid=116674) get_provider_ids_matching /opt/stack/placement/placement/objects/research_context.py:590}}
Mar 23 12:36:57.886941 n-d-830883-16 devstack@placement-api.service[116674]: DEBUG placement.objects.research_context [req-fdfe7b22-d9e7-4890-8749-d70488462372 req-2c24db32-aec8-4289-9097-7c5e75182ada service placement] found 2 providers with available 1 VCPU {{(pid=116674) get_provider_ids_matching /opt/stack/placement/placement/objects/research_context.py:559}}
Mar 23 12:36:57.887206 n-d-830883-16 devstack@placement-api.service[116674]: DEBUG placement.objects.research_context [req-fdfe7b22-d9e7-4890-8749-d70488462372 req-2c24db32-aec8-4289-9097-7c5e75182ada service placement] found 2 providers after filtering by previous result {{(pid=116674) get_provider_ids_matching /opt/stack/placement/placement/objects/research_context.py:590}}
Mar 23 12:36:57.903644 n-d-830883-16 devstack@placement-api.service[116674]: DEBUG placement.objects.allocation_candidate [req-fdfe7b22-d9e7-4890-8749-d70488462372 req-2c24db32-aec8-4289-9097-7c5e75182ada service placement] RequestGroup(use_same_provider=False, resources={DISK_GB:1, MEMORY_MB:1024, VCPU:1}, traits=(), aggregates=[]) (suffix '') returned 2 matches {{(pid=116674) _get_by_requests /opt/stack/placement/placement/objects/allocation_candidate.py:156}}
Mar 23 12:36:57.904170 n-d-830883-16 devstack@placement-api.service[116674]: DEBUG placement.objects.allocation_candidate [req-fdfe7b22-d9e7-4890-8749-d70488462372 req-2c24db32-aec8-4289-9097-7c5e75182ada service placement] Merging candidates yields 2 allocation requests and 2 provider summaries {{(pid=116674) _merge_candidates /opt/stack/placement/placement/objects/allocation_candidate.py:809}}
