Feb 28 20:08:16.444165 n-d-830883-10 devstack@n-api.service[118121]: DEBUG nova.policy [None req-a56afddf-aa5d-490c-9461-0c6061aaebd4 tempest-AggregatesAdminTestJSON-1673647931 tempest-AggregatesAdminTestJSON-1673647931-project] Policy check for os_compute_api:os-extended-server-attributes failed with credentials {'is_admin': False, 'user_id': '67a759552da34cb8a3a1b943d3d49b81', 'user_domain_id': 'default', 'system_scope': None, 'domain_id': None, 'project_id': 'b748be87c3114ecda9909a9ad70ce6cc', 'project_domain_id': 'default', 'roles': ['reader', 'member'], 'is_admin_project': True, 'service_user_id': None, 'service_user_domain_id': None, 'service_project_id': None, 'service_project_domain_id': None, 'service_roles': []} {{(pid=118121) authorize /opt/stack/nova/nova/policy.py:199}}
Feb 28 20:08:16.454897 n-d-830883-10 devstack@n-api.service[118121]: INFO nova.api.openstack.requestlog [None req-a56afddf-aa5d-490c-9461-0c6061aaebd4 tempest-AggregatesAdminTestJSON-1673647931 tempest-AggregatesAdminTestJSON-1673647931-project] 10.222.0.48 "GET /compute/v2.1/servers/ba8309cb-08db-4c5f-8bc2-a5e566e4442c" status: 200 len: 1337 microversion: 2.1 time: 0.885898
Feb 28 20:08:16.469137 n-d-830883-10 devstack@n-api.service[118121]: [pid: 118121|app: 0|req: 24/45] 10.222.0.48 () {58 vars in 1235 bytes} [Mon Feb 28 20:08:15 2022] GET /compute/v2.1/servers/ba8309cb-08db-4c5f-8bc2-a5e566e4442c => generated 1337 bytes in 887 msecs (HTTP/1.1 200) 9 headers in 358 bytes (1 switches on core 0)
Feb 28 20:08:17.412632 n-d-830883-10 devstack@n-api.service[118121]: DEBUG nova.api.openstack.wsgi [None req-f3cfca4a-f7dd-44ab-980a-a9e60e550eed tempest-DeleteServersAdminTestJSON-290997053 tempest-DeleteServersAdminTestJSON-290997053-project] Calling method '>' {{(pid=118121) _process_stack /opt/stack/nova/nova/api/openstack/wsgi.py:513}}
Feb 28 20:08:17.413281 n-d-830883-10 devstack@n-api.service[118121]: DEBUG nova.compute.api [None req-f3cfca4a-f7dd-44ab-980a-a9e60e550eed tempest-DeleteServersAdminTestJSON-290997053 tempest-DeleteServersAdminTestJSON-290997053-project] [instance: e4240a9b-dc31-493f-8b78-a67521d234fe] Fetching instance by UUID {{(pid=118121) get /opt/stack/nova/nova/compute/api.py:2918}}
Feb 28 20:08:17.430905 n-d-830883-10 devstack@n-api.service[118121]: DEBUG oslo_concurrency.lockutils [None req-f3cfca4a-f7dd-44ab-980a-a9e60e550eed tempest-DeleteServersAdminTestJSON-290997053 tempest-DeleteServersAdminTestJSON-290997053-project] Lock "f12e4e87-3202-4d53-8c0c-432d4c9188de" acquired by "nova.context.set_target_cell..get_or_set_cached_cell_and_set_connections" :: waited 0.000s {{(pid=118121) inner /usr/local/lib/python3.8/dist-packages/oslo_concurrency/lockutils.py:386}}
Feb 28 20:08:17.433625 n-d-830883-10 devstack@n-api.service[118121]: DEBUG oslo_concurrency.lockutils [None req-f3cfca4a-f7dd-44ab-980a-a9e60e550eed tempest-DeleteServersAdminTestJSON-290997053 tempest-DeleteServersAdminTestJSON-290997053-project] Lock "f12e4e87-3202-4d53-8c0c-432d4c9188de" "released" by "nova.context.set_target_cell..get_or_set_cached_cell_and_set_connections" :: held 0.002s {{(pid=118121) inner /usr/local/lib/python3.8/dist-packages/oslo_concurrency/lockutils.py:400}}
Feb 28 20:08:17.439346 n-d-830883-10 devstack@n-api.service[118121]: DEBUG oslo_concurrency.lockutils [None req-f3cfca4a-f7dd-44ab-980a-a9e60e550eed tempest-DeleteServersAdminTestJSON-290997053 tempest-DeleteServersAdminTestJSON-290997053-project] Lock "f12e4e87-3202-4d53-8c0c-432d4c9188de" acquired by "nova.context.set_target_cell..get_or_set_cached_cell_and_set_connections" :: waited 0.003s {{(pid=118121) inner /usr/local/lib/python3.8/dist-packages/oslo_concurrency/lockutils.py:386}}
Feb 28 20:08:17.442227 n-d-830883-10 devstack@n-api.service[118121]: DEBUG oslo_concurrency.lockutils [None req-f3cfca4a-f7dd-44ab-980a-a9e60e550eed tempest-DeleteServersAdminTestJSON-290997053 tempest-DeleteServersAdminTestJSON-290997053-project] Lock "f12e4e87-3202-4d53-8c0c-432d4c9188de" "released" by "nova.context.set_target_cell..get_or_set_cached_cell_and_set_connections" :: held 0.003s {{(pid=118121) inner /usr/local/lib/python3.8/dist-packages/oslo_concurrency/lockutils.py:400}}
Feb 28 20:08:17.912006 n-d-830883-10 devstack@n-api.service[118122]: DEBUG nova.api.openstack.wsgi [None req-707f1619-fe84-46f0-bcdf-817871f719ff tempest-ServersWithSpecificFlavorTestJSON-1510430629 tempest-ServersWithSpecificFlavorTestJSON-1510430629-project] Calling method '>' {{(pid=118122) _process_stack /opt/stack/nova/nova/api/openstack/wsgi.py:513}}
Feb 28 20:08:17.915408 n-d-830883-10 devstack@n-api.service[118121]: DEBUG nova.policy [None req-f3cfca4a-f7dd-44ab-980a-a9e60e550eed tempest-DeleteServersAdminTestJSON-290997053 tempest-DeleteServersAdminTestJSON-290997053-project] Policy check for os_compute_api:os-extended-server-attributes failed with credentials {'is_admin': False, 'user_id': '96865047884947bebdb62a997072b58d', 'user_domain_id': 'default', 'system_scope': None, 'domain_id': None, 'project_id': 'be50697003954504a7dd804041fcdb61', 'project_domain_id': 'default', 'roles': ['reader', 'member'], 'is_admin_project': True, 'service_user_id': None, 'service_user_domain_id': None, 'service_project_id': None, 'service_project_domain_id': None, 'service_roles': []} {{(pid=118121) authorize /opt/stack/nova/nova/policy.py:199}}
Feb 28 20:08:17.923141 n-d-830883-10 devstack@n-api.service[118121]: INFO nova.api.openstack.requestlog [None req-f3cfca4a-f7dd-44ab-980a-a9e60e550eed tempest-DeleteServersAdminTestJSON-290997053 tempest-DeleteServersAdminTestJSON-290997053-project] 10.222.0.48 "GET /compute/v2.1/servers/e4240a9b-dc31-493f-8b78-a67521d234fe" status: 200 len: 1320 microversion: 2.1 time: 0.515420
Feb 28 20:08:17.933896 n-d-830883-10 devstack@n-api.service[118121]: [pid: 118121|app: 0|req: 25/46] 10.222.0.48 () {58 vars in 1235 bytes} [Mon Feb 28 20:08:17 2022] GET /compute/v2.1/servers/e4240a9b-dc31-493f-8b78-a67521d234fe => generated 1320 bytes in 527 msecs (HTTP/1.1 200) 9 headers in 358 bytes (2 switches on core 0)
Feb 28 20:08:17.938972 n-d-830883-10 devstack@n-api.service[118121]: DEBUG nova.api.openstack.wsgi [None req-e2e025bf-2318-4167-ae67-8fd60029e177 tempest-AggregatesAdminTestJSON-1673647931 tempest-AggregatesAdminTestJSON-1673647931-project] Calling method '>' {{(pid=118121) _process_stack /opt/stack/nova/nova/api/openstack/wsgi.py:513}}
Feb 28 20:08:17.961173 n-d-830883-10 devstack@n-api.service[118121]: DEBUG nova.compute.api [None req-e2e025bf-2318-4167-ae67-8fd60029e177 tempest-AggregatesAdminTestJSON-1673647931 tempest-AggregatesAdminTestJSON-1673647931-project] [instance: ba8309cb-08db-4c5f-8bc2-a5e566e4442c] Fetching instance by UUID {{(pid=118121) get /opt/stack/nova/nova/compute/api.py:2918}}
Feb 28 20:08:17.961173 n-d-830883-10 devstack@n-api.service[118121]: DEBUG oslo_concurrency.lockutils [None req-e2e025bf-2318-4167-ae67-8fd60029e177 tempest-AggregatesAdminTestJSON-1673647931 tempest-AggregatesAdminTestJSON-1673647931-project] Lock "f12e4e87-3202-4d53-8c0c-432d4c9188de" acquired by "nova.context.set_target_cell..get_or_set_cached_cell_and_set_connections" :: waited 0.000s {{(pid=118121) inner /usr/local/lib/python3.8/dist-packages/oslo_concurrency/lockutils.py:386}}
Feb 28 20:08:17.961173 n-d-830883-10 devstack@n-api.service[118121]: DEBUG oslo_concurrency.lockutils [None req-e2e025bf-2318-4167-ae67-8fd60029e177 tempest-AggregatesAdminTestJSON-1673647931 tempest-AggregatesAdminTestJSON-1673647931-project] Lock "f12e4e87-3202-4d53-8c0c-432d4c9188de" "released" by "nova.context.set_target_cell..get_or_set_cached_cell_and_set_connections" :: held 0.001s {{(pid=118121) inner /usr/local/lib/python3.8/dist-packages/oslo_concurrency/lockutils.py:400}}
Feb 28 20:08:17.961173 n-d-830883-10 devstack@n-api.service[118121]: DEBUG oslo_concurrency.lockutils [None req-e2e025bf-2318-4167-ae67-8fd60029e177 tempest-AggregatesAdminTestJSON-1673647931 tempest-AggregatesAdminTestJSON-1673647931-project] Lock "f12e4e87-3202-4d53-8c0c-432d4c9188de" acquired by "nova.context.set_target_cell..get_or_set_cached_cell_and_set_connections" :: waited 0.000s {{(pid=118121) inner /usr/local/lib/python3.8/dist-packages/oslo_concurrency/lockutils.py:386}}
Feb 28 20:08:17.962065 n-d-830883-10 devstack@n-api.service[118121]: DEBUG oslo_concurrency.lockutils [None req-e2e025bf-2318-4167-ae67-8fd60029e177 tempest-AggregatesAdminTestJSON-1673647931 tempest-AggregatesAdminTestJSON-1673647931-project] Lock "f12e4e87-3202-4d53-8c0c-432d4c9188de" "released" by "nova.context.set_target_cell..get_or_set_cached_cell_and_set_connections" :: held 0.001s {{(pid=118121) inner /usr/local/lib/python3.8/dist-packages/oslo_concurrency/lockutils.py:400}}
Feb 28 20:08:17.983504 n-d-830883-10 devstack@n-api.service[118122]: INFO nova.api.openstack.requestlog [None req-707f1619-fe84-46f0-bcdf-817871f719ff tempest-ServersWithSpecificFlavorTestJSON-1510430629 tempest-ServersWithSpecificFlavorTestJSON-1510430629-project] 10.222.0.48 "GET /compute/v2.1/flavors/452" status: 200 len: 370 microversion: 2.1 time: 0.758128
Feb 28 20:08:17.998691 n-d-830883-10 devstack@n-api.service[118122]: [pid: 118122|app: 0|req: 22/47] 10.222.0.48 () {58 vars in 1136 bytes} [Mon Feb 28 20:08:17 2022] GET /compute/v2.1/flavors/452 => generated 370 bytes in 773 msecs (HTTP/1.1 200) 9 headers in 357 bytes (1 switches on core 0)
Feb 28 20:08:18.203301 n-d-830883-10 devstack@n-api.service[118121]: DEBUG nova.policy [None req-e2e025bf-2318-4167-ae67-8fd60029e177 tempest-AggregatesAdminTestJSON-1673647931 tempest-AggregatesAdminTestJSON-1673647931-project] Policy check for os_compute_api:os-extended-server-attributes failed with credentials {'is_admin': False, 'user_id': '67a759552da34cb8a3a1b943d3d49b81', 'user_domain_id': 'default', 'system_scope': None, 'domain_id': None, 'project_id': 'b748be87c3114ecda9909a9ad70ce6cc', 'project_domain_id': 'default', 'roles': ['reader', 'member'], 'is_admin_project': True, 'service_user_id': None, 'service_user_domain_id': None, 'service_project_id': None, 'service_project_domain_id': None, 'service_roles': []} {{(pid=118121) authorize /opt/stack/nova/nova/policy.py:199}}
Feb 28 20:08:18.220637 n-d-830883-10 devstack@n-api.service[118121]: INFO nova.api.openstack.requestlog [None req-e2e025bf-2318-4167-ae67-8fd60029e177 tempest-AggregatesAdminTestJSON-1673647931 tempest-AggregatesAdminTestJSON-1673647931-project] 10.222.0.48 "GET /compute/v2.1/servers/ba8309cb-08db-4c5f-8bc2-a5e566e4442c" status: 200 len: 1337 microversion: 2.1 time: 0.285337
Feb 28 20:08:18.223483 n-d-830883-10 devstack@n-api.service[118121]: [pid: 118121|app: 0|req: 26/48] 10.222.0.48 () {58 vars in 1235 bytes} [Mon Feb 28 20:08:17 2022] GET /compute/v2.1/servers/ba8309cb-08db-4c5f-8bc2-a5e566e4442c => generated 1337 bytes in 289 msecs (HTTP/1.1 200) 9 headers in 358 bytes (1 switches on core 0)
Feb 28 20:08:18.910870 n-d-830883-10 devstack@n-api.service[118122]: DEBUG nova.api.openstack.wsgi [None req-faeb844d-eaf3-4aed-87fc-9dbf625aa113 tempest-ServersWithSpecificFlavorTestJSON-561439033 tempest-ServersWithSpecificFlavorTestJSON-561439033-project-admin] Action: 'create', calling method: >, body: {"flavor": {"ram": 1024, "vcpus": 1, "disk": 1, "name": "tempest-flavor_with_ephemeral_1-1686755356", "id": 1711283692, "OS-FLV-EXT-DATA:ephemeral": 1, "os-flavor-access:is_public": "True"}} {{(pid=118122) _process_stack /opt/stack/nova/nova/api/openstack/wsgi.py:511}}
Feb 28 20:08:18.942214 n-d-830883-10 devstack@n-api.service[118121]: DEBUG nova.api.openstack.wsgi [None req-a43af373-9ec0-4719-b133-55901daa6727 tempest-DeleteServersAdminTestJSON-290997053 tempest-DeleteServersAdminTestJSON-290997053-project] Calling method '>' {{(pid=118121) _process_stack /opt/stack/nova/nova/api/openstack/wsgi.py:513}}
Feb 28 20:08:18.942816 n-d-830883-10 devstack@n-api.service[118121]: DEBUG nova.compute.api [None req-a43af373-9ec0-4719-b133-55901daa6727 tempest-DeleteServersAdminTestJSON-290997053 tempest-DeleteServersAdminTestJSON-290997053-project] [instance: e4240a9b-dc31-493f-8b78-a67521d234fe] Fetching instance by UUID {{(pid=118121) get /opt/stack/nova/nova/compute/api.py:2918}}
Feb 28 20:08:18.949914 n-d-830883-10 devstack@n-api.service[118121]: DEBUG oslo_concurrency.lockutils [None req-a43af373-9ec0-4719-b133-55901daa6727 tempest-DeleteServersAdminTestJSON-290997053 tempest-DeleteServersAdminTestJSON-290997053-project] Lock "f12e4e87-3202-4d53-8c0c-432d4c9188de" acquired by "nova.context.set_target_cell..get_or_set_cached_cell_and_set_connections" :: waited 0.000s {{(pid=118121) inner /usr/local/lib/python3.8/dist-packages/oslo_concurrency/lockutils.py:386}}
Feb 28 20:08:18.962971 n-d-830883-10 devstack@n-api.service[118122]: /usr/local/lib/python3.8/dist-packages/oslo_policy/policy.py:1119: UserWarning: Policy "os_compute_api:os-flavor-manage:create": "rule:context_is_admin" failed scope check. The token used to make the request was project scoped but the policy requires ['system'] scope. This behavior may change in the future where using the intended scope is required
Feb 28 20:08:18.962971 n-d-830883-10 devstack@n-api.service[118122]: warnings.warn(msg)
Feb 28 20:08:18.963555 n-d-830883-10 devstack@n-api.service[118121]: DEBUG oslo_concurrency.lockutils [None req-a43af373-9ec0-4719-b133-55901daa6727 tempest-DeleteServersAdminTestJSON-290997053 tempest-DeleteServersAdminTestJSON-290997053-project] Lock "f12e4e87-3202-4d53-8c0c-432d4c9188de" "released" by "nova.context.set_target_cell..get_or_set_cached_cell_and_set_connections" :: held 0.013s {{(pid=118121) inner /usr/local/lib/python3.8/dist-packages/oslo_concurrency/lockutils.py:400}}
Feb 28 20:08:18.963931 n-d-830883-10 devstack@n-api.service[118121]: DEBUG oslo_concurrency.lockutils [None req-a43af373-9ec0-4719-b133-55901daa6727 tempest-DeleteServersAdminTestJSON-290997053 tempest-DeleteServersAdminTestJSON-290997053-project] Lock "f12e4e87-3202-4d53-8c0c-432d4c9188de" acquired by "nova.context.set_target_cell..get_or_set_cached_cell_and_set_connections" :: waited 0.000s {{(pid=118121) inner /usr/local/lib/python3.8/dist-packages/oslo_concurrency/lockutils.py:386}}
Feb 28 20:08:18.964381 n-d-830883-10 devstack@n-api.service[118121]: DEBUG oslo_concurrency.lockutils [None req-a43af373-9ec0-4719-b133-55901daa6727 tempest-DeleteServersAdminTestJSON-290997053 tempest-DeleteServersAdminTestJSON-290997053-project] Lock "f12e4e87-3202-4d53-8c0c-432d4c9188de" "released" by "nova.context.set_target_cell..get_or_set_cached_cell_and_set_connections" :: held 0.000s {{(pid=118121) inner /usr/local/lib/python3.8/dist-packages/oslo_concurrency/lockutils.py:400}}
Feb 28 20:08:19.002332 n-d-830883-10 devstack@n-api.service[118122]: INFO nova.api.openstack.requestlog [None req-faeb844d-eaf3-4aed-87fc-9dbf625aa113 tempest-ServersWithSpecificFlavorTestJSON-561439033 tempest-ServersWithSpecificFlavorTestJSON-561439033-project-admin] 10.222.0.48 "POST /compute/v2.1/flavors" status: 200 len: 425 microversion: 2.1 time: 1.002327
Feb 28 20:08:19.013902 n-d-830883-10 devstack@n-api.service[118122]: [pid: 118122|app: 0|req: 23/49] 10.222.0.48 () {60 vars in 1146 bytes} [Mon Feb 28 20:08:17 2022] POST /compute/v2.1/flavors => generated 425 bytes in 1004 msecs (HTTP/1.1 200) 9 headers in 357 bytes (1 switches on core 0)
Feb 28 20:08:19.030869 n-d-830883-10 devstack@n-api.service[118122]: DEBUG nova.api.openstack.wsgi [None req-ddc2440b-2025-4763-aef6-3631402ecf30 tempest-ServersWithSpecificFlavorTestJSON-561439033 tempest-ServersWithSpecificFlavorTestJSON-561439033-project-admin] Calling method '>' {{(pid=118122) _process_stack /opt/stack/nova/nova/api/openstack/wsgi.py:513}}
Feb 28 20:08:19.051886 n-d-830883-10 devstack@n-api.service[118122]: INFO nova.api.openstack.requestlog [None req-ddc2440b-2025-4763-aef6-3631402ecf30 tempest-ServersWithSpecificFlavorTestJSON-561439033 tempest-ServersWithSpecificFlavorTestJSON-561439033-project-admin] 10.222.0.48 "GET /compute/v2.1/flavors/452/os-extra_specs" status: 200 len: 19 microversion: 2.1 time: 0.029505
Feb 28 20:08:19.052945 n-d-830883-10 devstack@n-api.service[118122]: [pid: 118122|app: 0|req: 24/50] 10.222.0.48 () {58 vars in 1181 bytes} [Mon Feb 28 20:08:19 2022] GET /compute/v2.1/flavors/452/os-extra_specs => generated 19 bytes in 38 msecs (HTTP/1.1 200) 9 headers in 356 bytes (1 switches on core 0)
Feb 28 20:08:19.067535 n-d-830883-10 devstack@n-api.service[118122]: DEBUG nova.api.openstack.wsgi [None req-6178a198-96a2-43d8-a4d8-e27035a1ab10 tempest-ServersWithSpecificFlavorTestJSON-561439033 tempest-ServersWithSpecificFlavorTestJSON-561439033-project-admin] Action: 'create', calling method: >, body: {"flavor": {"ram": 1024, "vcpus": 1, "disk": 1, "name": "tempest-flavor_with_ephemeral_0-1124253605", "id": 631515736, "OS-FLV-EXT-DATA:ephemeral": 0, "os-flavor-access:is_public": "True"}} {{(pid=118122) _process_stack /opt/stack/nova/nova/api/openstack/wsgi.py:511}}
Feb 28 20:08:19.105271 n-d-830883-10 devstack@n-api.service[118122]: INFO nova.api.openstack.requestlog [None req-6178a198-96a2-43d8-a4d8-e27035a1ab10 tempest-ServersWithSpecificFlavorTestJSON-561439033 tempest-ServersWithSpecificFlavorTestJSON-561439033-project-admin] 10.222.0.48 "POST /compute/v2.1/flavors" status: 200 len: 422 microversion: 2.1 time: 0.045318
Feb 28 20:08:19.107984 n-d-830883-10 devstack@n-api.service[118122]: [pid: 118122|app: 0|req: 25/51] 10.222.0.48 () {60 vars in 1146 bytes} [Mon Feb 28 20:08:19 2022] POST /compute/v2.1/flavors => generated 422 bytes in 50 msecs (HTTP/1.1 200) 9 headers in 357 bytes (1 switches on core 0)
Feb 28 20:08:19.120337 n-d-830883-10 devstack@n-api.service[118122]: DEBUG nova.api.openstack.wsgi [None req-9f6d69d0-7bed-47dd-b940-b44ab1ee55ba tempest-ServersWithSpecificFlavorTestJSON-561439033 tempest-ServersWithSpecificFlavorTestJSON-561439033-project-admin] Calling method '>' {{(pid=118122) _process_stack /opt/stack/nova/nova/api/openstack/wsgi.py:513}}
Feb 28 20:08:19.145596 n-d-830883-10 devstack@n-api.service[118122]: INFO nova.api.openstack.requestlog [None req-9f6d69d0-7bed-47dd-b940-b44ab1ee55ba tempest-ServersWithSpecificFlavorTestJSON-561439033 tempest-ServersWithSpecificFlavorTestJSON-561439033-project-admin] 10.222.0.48 "GET /compute/v2.1/flavors/452/os-extra_specs" status: 200 len: 19 microversion: 2.1 time: 0.029855
Feb 28 20:08:19.149072 n-d-830883-10 devstack@n-api.service[118122]: [pid: 118122|app: 0|req: 26/52] 10.222.0.48 () {58 vars in 1181 bytes} [Mon Feb 28 20:08:19 2022] GET /compute/v2.1/flavors/452/os-extra_specs => generated 19 bytes in 32 msecs (HTTP/1.1 200) 9 headers in 356 bytes (1 switches on core 0)
Feb 28 20:08:19.166829 n-d-830883-10 devstack@n-api.service[118122]: DEBUG nova.api.openstack.wsgi [None req-ac3b7c59-9d24-431d-83c6-4c4828e48410 tempest-ServersWithSpecificFlavorTestJSON-1510430629 tempest-ServersWithSpecificFlavorTestJSON-1510430629-project] Action: 'create', calling method: .version_select at 0x7f3d47f2f280>, body: {"keypair": {"name": "tempest-keypair-2112940418"}} {{(pid=118122) _process_stack /opt/stack/nova/nova/api/openstack/wsgi.py:511}}
Feb 28 20:08:19.226820 n-d-830883-10 devstack@n-api.service[118122]: DEBUG nova.quota [None req-ac3b7c59-9d24-431d-83c6-4c4828e48410 tempest-ServersWithSpecificFlavorTestJSON-1510430629 tempest-ServersWithSpecificFlavorTestJSON-1510430629-project] Getting quotas for project d2fdba16e873436a8c315b34236498d7. Resources: {'key_pairs'} {{(pid=118122) _get_quotas /opt/stack/nova/nova/quota.py:393}}
Feb 28 20:08:19.234478 n-d-830883-10 devstack@n-api.service[118122]: DEBUG nova.quota [None req-ac3b7c59-9d24-431d-83c6-4c4828e48410 tempest-ServersWithSpecificFlavorTestJSON-1510430629 tempest-ServersWithSpecificFlavorTestJSON-1510430629-project] Getting quotas for user 36fbcdeea1b040fd81b68b7edf63f133 and project d2fdba16e873436a8c315b34236498d7. Resources: {'key_pairs'} {{(pid=118122) _get_quotas /opt/stack/nova/nova/quota.py:383}}
Feb 28 20:08:19.446290 n-d-830883-10 devstack@n-api.service[118121]: DEBUG nova.policy [None req-a43af373-9ec0-4719-b133-55901daa6727 tempest-DeleteServersAdminTestJSON-290997053 tempest-DeleteServersAdminTestJSON-290997053-project] Policy check for os_compute_api:os-extended-server-attributes failed with credentials {'is_admin': False, 'user_id': '96865047884947bebdb62a997072b58d', 'user_domain_id': 'default', 'system_scope': None, 'domain_id': None, 'project_id': 'be50697003954504a7dd804041fcdb61', 'project_domain_id': 'default', 'roles': ['reader', 'member'], 'is_admin_project': True, 'service_user_id': None, 'service_user_domain_id': None, 'service_project_id': None, 'service_project_domain_id': None, 'service_roles': []} {{(pid=118121) authorize /opt/stack/nova/nova/policy.py:199}}
Feb 28 20:08:19.458958 n-d-830883-10 devstack@n-api.service[118121]: INFO nova.api.openstack.requestlog [None req-a43af373-9ec0-4719-b133-55901daa6727 tempest-DeleteServersAdminTestJSON-290997053 tempest-DeleteServersAdminTestJSON-290997053-project] 10.222.0.48 "GET /compute/v2.1/servers/e4240a9b-dc31-493f-8b78-a67521d234fe" status: 200 len: 1320 microversion: 2.1 time: 0.517761
Feb 28 20:08:19.459599 n-d-830883-10 devstack@n-api.service[118121]: [pid: 118121|app: 0|req: 27/53] 10.222.0.48 () {58 vars in 1235 bytes} [Mon Feb 28 20:08:18 2022] GET /compute/v2.1/servers/e4240a9b-dc31-493f-8b78-a67521d234fe => generated 1320 bytes in 523 msecs (HTTP/1.1 200) 9 headers in 358 bytes (2 switches on core 0)
Feb 28 20:08:19.486298 n-d-830883-10 devstack@n-api.service[118121]: DEBUG nova.api.openstack.wsgi [None req-db12214d-6480-46bc-b05a-5bacbc684355 tempest-AggregatesAdminTestJSON-1673647931 tempest-AggregatesAdminTestJSON-1673647931-project] Calling method '>' {{(pid=118121) _process_stack /opt/stack/nova/nova/api/openstack/wsgi.py:513}}
Feb 28 20:08:19.487405 n-d-830883-10 devstack@n-api.service[118121]: DEBUG nova.compute.api [None req-db12214d-6480-46bc-b05a-5bacbc684355 tempest-AggregatesAdminTestJSON-1673647931 tempest-AggregatesAdminTestJSON-1673647931-project] [instance: ba8309cb-08db-4c5f-8bc2-a5e566e4442c] Fetching instance by UUID {{(pid=118121) get /opt/stack/nova/nova/compute/api.py:2918}}
Feb 28 20:08:19.506202 n-d-830883-10 devstack@n-api.service[118121]: DEBUG oslo_concurrency.lockutils [None req-db12214d-6480-46bc-b05a-5bacbc684355 tempest-AggregatesAdminTestJSON-1673647931 tempest-AggregatesAdminTestJSON-1673647931-project] Lock "f12e4e87-3202-4d53-8c0c-432d4c9188de" acquired by "nova.context.set_target_cell..get_or_set_cached_cell_and_set_connections" :: waited 0.000s {{(pid=118121) inner /usr/local/lib/python3.8/dist-packages/oslo_concurrency/lockutils.py:386}}
Feb 28 20:08:19.509669 n-d-830883-10 devstack@n-api.service[118121]: DEBUG oslo_concurrency.lockutils [None req-db12214d-6480-46bc-b05a-5bacbc684355 tempest-AggregatesAdminTestJSON-1673647931 tempest-AggregatesAdminTestJSON-1673647931-project] Lock "f12e4e87-3202-4d53-8c0c-432d4c9188de" "released" by "nova.context.set_target_cell..get_or_set_cached_cell_and_set_connections" :: held 0.003s {{(pid=118121) inner /usr/local/lib/python3.8/dist-packages/oslo_concurrency/lockutils.py:400}}
Feb 28 20:08:19.510715 n-d-830883-10 devstack@n-api.service[118121]: DEBUG oslo_concurrency.lockutils [None req-db12214d-6480-46bc-b05a-5bacbc684355 tempest-AggregatesAdminTestJSON-1673647931 tempest-AggregatesAdminTestJSON-1673647931-project] Lock "f12e4e87-3202-4d53-8c0c-432d4c9188de" acquired by "nova.context.set_target_cell..get_or_set_cached_cell_and_set_connections" :: waited 0.000s {{(pid=118121) inner /usr/local/lib/python3.8/dist-packages/oslo_concurrency/lockutils.py:386}}
Feb 28 20:08:19.512386 n-d-830883-10 devstack@n-api.service[118121]: DEBUG oslo_concurrency.lockutils [None req-db12214d-6480-46bc-b05a-5bacbc684355 tempest-AggregatesAdminTestJSON-1673647931 tempest-AggregatesAdminTestJSON-1673647931-project] Lock "f12e4e87-3202-4d53-8c0c-432d4c9188de" "released" by "nova.context.set_target_cell..get_or_set_cached_cell_and_set_connections" :: held 0.002s {{(pid=118121) inner /usr/local/lib/python3.8/dist-packages/oslo_concurrency/lockutils.py:400}}
Feb 28 20:08:19.752167 n-d-830883-10 devstack@n-api.service[118122]: DEBUG nova.quota [None req-ac3b7c59-9d24-431d-83c6-4c4828e48410 tempest-ServersWithSpecificFlavorTestJSON-1510430629 tempest-ServersWithSpecificFlavorTestJSON-1510430629-project] Getting quotas for project d2fdba16e873436a8c315b34236498d7. Resources: {'key_pairs'} {{(pid=118122) _get_quotas /opt/stack/nova/nova/quota.py:393}}
Feb 28 20:08:19.759205 n-d-830883-10 devstack@n-api.service[118122]: DEBUG nova.quota [None req-ac3b7c59-9d24-431d-83c6-4c4828e48410 tempest-ServersWithSpecificFlavorTestJSON-1510430629 tempest-ServersWithSpecificFlavorTestJSON-1510430629-project] Getting quotas for user 36fbcdeea1b040fd81b68b7edf63f133 and project d2fdba16e873436a8c315b34236498d7. Resources: {'key_pairs'} {{(pid=118122) _get_quotas /opt/stack/nova/nova/quota.py:383}}
Feb 28 20:08:19.793042 n-d-830883-10 devstack@n-api.service[118122]: INFO nova.api.openstack.requestlog [None req-ac3b7c59-9d24-431d-83c6-4c4828e48410 tempest-ServersWithSpecificFlavorTestJSON-1510430629 tempest-ServersWithSpecificFlavorTestJSON-1510430629-project] 10.222.0.48 "POST /compute/v2.1/os-keypairs" status: 200 len: 2305 microversion: 2.1 time: 0.637736
Feb 28 20:08:19.804054 n-d-830883-10 devstack@n-api.service[118122]: [pid: 118122|app: 0|req: 27/54] 10.222.0.48 () {60 vars in 1157 bytes} [Mon Feb 28 20:08:19 2022] POST /compute/v2.1/os-keypairs => generated 2305 bytes in 650 msecs (HTTP/1.1 200) 9 headers in 358 bytes (1 switches on core 0)
Feb 28 20:08:19.923038 n-d-830883-10 devstack@n-api.service[118121]: DEBUG nova.policy [None req-db12214d-6480-46bc-b05a-5bacbc684355 tempest-AggregatesAdminTestJSON-1673647931 tempest-AggregatesAdminTestJSON-1673647931-project] Policy check for os_compute_api:os-extended-server-attributes failed with credentials {'is_admin': False, 'user_id': '67a759552da34cb8a3a1b943d3d49b81', 'user_domain_id': 'default', 'system_scope': None, 'domain_id': None, 'project_id': 'b748be87c3114ecda9909a9ad70ce6cc', 'project_domain_id': 'default', 'roles': ['reader', 'member'], 'is_admin_project': True, 'service_user_id': None, 'service_user_domain_id': None, 'service_project_id': None, 'service_project_domain_id': None, 'service_roles': []} {{(pid=118121) authorize /opt/stack/nova/nova/policy.py:199}}
Feb 28 20:08:19.930781 n-d-830883-10 devstack@n-api.service[118121]: INFO nova.api.openstack.requestlog [None req-db12214d-6480-46bc-b05a-5bacbc684355 tempest-AggregatesAdminTestJSON-1673647931 tempest-AggregatesAdminTestJSON-1673647931-project] 10.222.0.48 "GET /compute/v2.1/servers/ba8309cb-08db-4c5f-8bc2-a5e566e4442c" status: 200 len: 1337 microversion: 2.1 time: 0.458155
Feb 28 20:08:19.951630 n-d-830883-10 devstack@n-api.service[118121]: [pid: 118121|app: 0|req: 28/55] 10.222.0.48 () {58 vars in 1235 bytes} [Mon Feb 28 20:08:19 2022] GET /compute/v2.1/servers/ba8309cb-08db-4c5f-8bc2-a5e566e4442c => generated 1337 bytes in 491 msecs (HTTP/1.1 200) 9 headers in 358 bytes (1 switches on core 0)
Feb 28 20:08:20.476255 n-d-830883-10 devstack@n-api.service[118122]: DEBUG nova.api.openstack.wsgi [None req-fb7b484a-48db-4139-bb90-968b37fcd9e0 tempest-DeleteServersAdminTestJSON-290997053 tempest-DeleteServersAdminTestJSON-290997053-project] Calling method '>' {{(pid=118122) _process_stack /opt/stack/nova/nova/api/openstack/wsgi.py:513}}
Feb 28 20:08:20.476870 n-d-830883-10 devstack@n-api.service[118122]: DEBUG nova.compute.api [None req-fb7b484a-48db-4139-bb90-968b37fcd9e0 tempest-DeleteServersAdminTestJSON-290997053 tempest-DeleteServersAdminTestJSON-290997053-project] [instance: e4240a9b-dc31-493f-8b78-a67521d234fe] Fetching instance by UUID {{(pid=118122) get /opt/stack/nova/nova/compute/api.py:2918}}
Feb 28 20:08:20.493680 n-d-830883-10 devstack@n-api.service[118122]: DEBUG oslo_concurrency.lockutils [None req-fb7b484a-48db-4139-bb90-968b37fcd9e0 tempest-DeleteServersAdminTestJSON-290997053 tempest-DeleteServersAdminTestJSON-290997053-project] Lock "f12e4e87-3202-4d53-8c0c-432d4c9188de" acquired by "nova.context.set_target_cell..get_or_set_cached_cell_and_set_connections" :: waited 0.000s {{(pid=118122) inner /usr/local/lib/python3.8/dist-packages/oslo_concurrency/lockutils.py:386}}
Feb 28 20:08:20.494139 n-d-830883-10 devstack@n-api.service[118122]: DEBUG oslo_concurrency.lockutils [None req-fb7b484a-48db-4139-bb90-968b37fcd9e0 tempest-DeleteServersAdminTestJSON-290997053 tempest-DeleteServersAdminTestJSON-290997053-project] Lock "f12e4e87-3202-4d53-8c0c-432d4c9188de" "released" by "nova.context.set_target_cell..get_or_set_cached_cell_and_set_connections" :: held 0.001s {{(pid=118122) inner /usr/local/lib/python3.8/dist-packages/oslo_concurrency/lockutils.py:400}}
Feb 28 20:08:20.494954 n-d-830883-10 devstack@n-api.service[118122]: DEBUG oslo_concurrency.lockutils [None req-fb7b484a-48db-4139-bb90-968b37fcd9e0 tempest-DeleteServersAdminTestJSON-290997053 tempest-DeleteServersAdminTestJSON-290997053-project] Lock "f12e4e87-3202-4d53-8c0c-432d4c9188de" acquired by "nova.context.set_target_cell..get_or_set_cached_cell_and_set_connections" :: waited 0.000s {{(pid=118122) inner /usr/local/lib/python3.8/dist-packages/oslo_concurrency/lockutils.py:386}}
Feb 28 20:08:20.495445 n-d-830883-10 devstack@n-api.service[118122]: DEBUG oslo_concurrency.lockutils [None req-fb7b484a-48db-4139-bb90-968b37fcd9e0 tempest-DeleteServersAdminTestJSON-290997053 tempest-DeleteServersAdminTestJSON-290997053-project] Lock "f12e4e87-3202-4d53-8c0c-432d4c9188de" "released" by "nova.context.set_target_cell..get_or_set_cached_cell_and_set_connections" :: held 0.000s {{(pid=118122) inner /usr/local/lib/python3.8/dist-packages/oslo_concurrency/lockutils.py:400}}
Feb 28 20:08:20.776380 n-d-830883-10 devstack@n-api.service[118122]: DEBUG nova.policy [None req-fb7b484a-48db-4139-bb90-968b37fcd9e0 tempest-DeleteServersAdminTestJSON-290997053 tempest-DeleteServersAdminTestJSON-290997053-project] Policy check for os_compute_api:os-extended-server-attributes failed with credentials {'is_admin': False, 'user_id': '96865047884947bebdb62a997072b58d', 'user_domain_id': 'default', 'system_scope': None, 'domain_id': None, 'project_id': 'be50697003954504a7dd804041fcdb61', 'project_domain_id': 'default', 'roles': ['reader', 'member'], 'is_admin_project': True, 'service_user_id': None, 'service_user_domain_id': None, 'service_project_id': None, 'service_project_domain_id': None, 'service_roles': []} {{(pid=118122) authorize /opt/stack/nova/nova/policy.py:199}}
Feb 28 20:08:20.787372 n-d-830883-10 devstack@n-api.service[118122]: INFO nova.api.openstack.requestlog [None req-fb7b484a-48db-4139-bb90-968b37fcd9e0 tempest-DeleteServersAdminTestJSON-290997053 tempest-DeleteServersAdminTestJSON-290997053-project] 10.222.0.48 "GET /compute/v2.1/servers/e4240a9b-dc31-493f-8b78-a67521d234fe" status: 200 len: 1320 microversion: 2.1 time: 0.314853
Feb 28 20:08:20.797655 n-d-830883-10 devstack@n-api.service[118122]: [pid: 118122|app: 0|req: 28/56] 10.222.0.48 () {58 vars in 1235 bytes} [Mon Feb 28 20:08:20 2022] GET /compute/v2.1/servers/e4240a9b-dc31-493f-8b78-a67521d234fe => generated 1320 bytes in 326 msecs (HTTP/1.1 200) 9 headers in 358 bytes (1 switches on core 0)
Feb 28 20:08:20.957987 n-d-830883-10 devstack@n-api.service[118121]: DEBUG nova.api.openstack.wsgi [None req-234e41fc-e05d-4a7d-97a6-1f51ff152fcb tempest-AggregatesAdminTestJSON-1673647931 tempest-AggregatesAdminTestJSON-1673647931-project] Calling method '>' {{(pid=118121) _process_stack /opt/stack/nova/nova/api/openstack/wsgi.py:513}}
Feb 28 20:08:20.959541 n-d-830883-10 devstack@n-api.service[118121]: DEBUG nova.compute.api [None req-234e41fc-e05d-4a7d-97a6-1f51ff152fcb tempest-AggregatesAdminTestJSON-1673647931 tempest-AggregatesAdminTestJSON-1673647931-project] [instance: ba8309cb-08db-4c5f-8bc2-a5e566e4442c] Fetching instance by UUID {{(pid=118121) get /opt/stack/nova/nova/compute/api.py:2918}}
Feb 28 20:08:20.969771 n-d-830883-10 devstack@n-api.service[118121]: DEBUG oslo_concurrency.lockutils [None req-234e41fc-e05d-4a7d-97a6-1f51ff152fcb tempest-AggregatesAdminTestJSON-1673647931 tempest-AggregatesAdminTestJSON-1673647931-project] Lock "f12e4e87-3202-4d53-8c0c-432d4c9188de" acquired by "nova.context.set_target_cell..get_or_set_cached_cell_and_set_connections" :: waited 0.000s {{(pid=118121) inner /usr/local/lib/python3.8/dist-packages/oslo_concurrency/lockutils.py:386}}
Feb 28 20:08:20.970381 n-d-830883-10 devstack@n-api.service[118121]: DEBUG oslo_concurrency.lockutils [None req-234e41fc-e05d-4a7d-97a6-1f51ff152fcb tempest-AggregatesAdminTestJSON-1673647931 tempest-AggregatesAdminTestJSON-1673647931-project] Lock "f12e4e87-3202-4d53-8c0c-432d4c9188de" "released" by "nova.context.set_target_cell..get_or_set_cached_cell_and_set_connections" :: held 0.001s {{(pid=118121) inner /usr/local/lib/python3.8/dist-packages/oslo_concurrency/lockutils.py:400}}
Feb 28 20:08:20.972757 n-d-830883-10 devstack@n-api.service[118121]: DEBUG oslo_concurrency.lockutils [None req-234e41fc-e05d-4a7d-97a6-1f51ff152fcb tempest-AggregatesAdminTestJSON-1673647931 tempest-AggregatesAdminTestJSON-1673647931-project] Lock "f12e4e87-3202-4d53-8c0c-432d4c9188de" acquired by "nova.context.set_target_cell..get_or_set_cached_cell_and_set_connections" :: waited 0.000s {{(pid=118121) inner /usr/local/lib/python3.8/dist-packages/oslo_concurrency/lockutils.py:386}}
Feb 28 20:08:20.973309 n-d-830883-10 devstack@n-api.service[118121]: DEBUG oslo_concurrency.lockutils [None req-234e41fc-e05d-4a7d-97a6-1f51ff152fcb tempest-AggregatesAdminTestJSON-1673647931 tempest-AggregatesAdminTestJSON-1673647931-project] Lock "f12e4e87-3202-4d53-8c0c-432d4c9188de" "released" by "nova.context.set_target_cell..get_or_set_cached_cell_and_set_connections" :: held 0.001s {{(pid=118121) inner /usr/local/lib/python3.8/dist-packages/oslo_concurrency/lockutils.py:400}}
Feb 28 20:08:21.207539 n-d-830883-10 devstack@n-api.service[118121]: DEBUG nova.policy [None req-234e41fc-e05d-4a7d-97a6-1f51ff152fcb tempest-AggregatesAdminTestJSON-1673647931 tempest-AggregatesAdminTestJSON-1673647931-project] Policy check for os_compute_api:os-extended-server-attributes failed with credentials {'is_admin': False, 'user_id': '67a759552da34cb8a3a1b943d3d49b81', 'user_domain_id': 'default', 'system_scope': None, 'domain_id': None, 'project_id': 'b748be87c3114ecda9909a9ad70ce6cc', 'project_domain_id': 'default', 'roles': ['reader', 'member'], 'is_admin_project': True, 'service_user_id': None, 'service_user_domain_id': None, 'service_project_id': None, 'service_project_domain_id': None, 'service_roles': []} {{(pid=118121) authorize /opt/stack/nova/nova/policy.py:199}}
Feb 28 20:08:21.229716 n-d-830883-10 devstack@n-api.service[118121]: INFO nova.api.openstack.requestlog [None req-234e41fc-e05d-4a7d-97a6-1f51ff152fcb tempest-AggregatesAdminTestJSON-1673647931 tempest-AggregatesAdminTestJSON-1673647931-project] 10.222.0.48 "GET /compute/v2.1/servers/ba8309cb-08db-4c5f-8bc2-a5e566e4442c" status: 200 len: 1337 microversion: 2.1 time: 0.274923
Feb 28 20:08:21.232793 n-d-830883-10 devstack@n-api.service[118121]: [pid: 118121|app: 0|req: 29/57] 10.222.0.48 () {58 vars in 1235 bytes} [Mon Feb 28 20:08:20 2022] GET /compute/v2.1/servers/ba8309cb-08db-4c5f-8bc2-a5e566e4442c => generated 1337 bytes in 278 msecs (HTTP/1.1 200) 9 headers in 358 bytes (1 switches on core 0)
Feb 28 20:08:21.841056 n-d-830883-10 devstack@n-api.service[118121]: DEBUG nova.api.openstack.wsgi [None req-ca7ca288-c028-422e-947b-3d7d6f5e1955 tempest-FlavorsExtraSpecsTestJSON-81757793 tempest-FlavorsExtraSpecsTestJSON-81757793-project-admin] Action: 'create', calling method: >, body: {"flavor": {"name": "tempest-test_flavor-939276541", "ram": 512, "vcpus": 1, "disk": 10, "id": 1650792594, "swap": 1024, "rxtx_factor": 1, "OS-FLV-EXT-DATA:ephemeral": 10}} {{(pid=118121) _process_stack /opt/stack/nova/nova/api/openstack/wsgi.py:511}}
Feb 28 20:08:21.850119 n-d-830883-10 devstack@n-api.service[118122]: DEBUG nova.api.openstack.wsgi [None req-e7852fc0-0f61-4dfe-917e-22acb841cdb4 tempest-KeyPairsV210TestJSON-1636157861 tempest-KeyPairsV210TestJSON-1636157861-project-admin] Action: 'create', calling method: .version_select at 0x7f3d47f2f700>, body: {"keypair": {"name": "tempest-keypair-1101585129", "type": "ssh", "user_id": "cf406a82dd9f4b969bc12619f16624e8"}} {{(pid=118122) _process_stack /opt/stack/nova/nova/api/openstack/wsgi.py:511}}
Feb 28 20:08:21.855223 n-d-830883-10 devstack@n-api.service[118121]: /usr/local/lib/python3.8/dist-packages/oslo_policy/policy.py:1119: UserWarning: Policy "os_compute_api:os-flavor-manage:create": "rule:context_is_admin" failed scope check. The token used to make the request was project scoped but the policy requires ['system'] scope. This behavior may change in the future where using the intended scope is required
Feb 28 20:08:21.855223 n-d-830883-10 devstack@n-api.service[118121]: warnings.warn(msg)
Feb 28 20:08:21.892239 n-d-830883-10 devstack@n-api.service[118121]: INFO nova.api.openstack.requestlog [None req-ca7ca288-c028-422e-947b-3d7d6f5e1955 tempest-FlavorsExtraSpecsTestJSON-81757793 tempest-FlavorsExtraSpecsTestJSON-81757793-project-admin] 10.222.0.48 "POST /compute/v2.1/flavors" status: 200 len: 415 microversion: 2.1 time: 0.162906
Feb 28 20:08:21.896391 n-d-830883-10 devstack@n-api.service[118122]: DEBUG nova.quota [None req-e7852fc0-0f61-4dfe-917e-22acb841cdb4 tempest-KeyPairsV210TestJSON-1636157861 tempest-KeyPairsV210TestJSON-1636157861-project-admin] Getting quotas for project f54f8f2ba40f4f9eb74c798c20e3e21c. Resources: {'key_pairs'} {{(pid=118122) _get_quotas /opt/stack/nova/nova/quota.py:393}}
Feb 28 20:08:21.896806 n-d-830883-10 devstack@n-api.service[118121]: [pid: 118121|app: 0|req: 30/58] 10.222.0.48 () {60 vars in 1146 bytes} [Mon Feb 28 20:08:21 2022] POST /compute/v2.1/flavors => generated 415 bytes in 168 msecs (HTTP/1.1 200) 9 headers in 357 bytes (1 switches on core 0)
Feb 28 20:08:21.906614 n-d-830883-10 devstack@n-api.service[118122]: DEBUG nova.quota [None req-e7852fc0-0f61-4dfe-917e-22acb841cdb4 tempest-KeyPairsV210TestJSON-1636157861 tempest-KeyPairsV210TestJSON-1636157861-project-admin] Getting quotas for user 4f72b9e55aaf4e6393b55b775b1fc943 and project f54f8f2ba40f4f9eb74c798c20e3e21c. Resources: {'key_pairs'} {{(pid=118122) _get_quotas /opt/stack/nova/nova/quota.py:383}}
Feb 28 20:08:21.910765 n-d-830883-10 devstack@n-api.service[118121]: DEBUG nova.api.openstack.wsgi [None req-6003134f-a4f6-434b-adda-e802cef7bf7d tempest-DeleteServersAdminTestJSON-290997053 tempest-DeleteServersAdminTestJSON-290997053-project] Calling method '>' {{(pid=118121) _process_stack /opt/stack/nova/nova/api/openstack/wsgi.py:513}}
Feb 28 20:08:21.911472 n-d-830883-10 devstack@n-api.service[118121]: DEBUG nova.compute.api [None req-6003134f-a4f6-434b-adda-e802cef7bf7d tempest-DeleteServersAdminTestJSON-290997053 tempest-DeleteServersAdminTestJSON-290997053-project] [instance: e4240a9b-dc31-493f-8b78-a67521d234fe] Fetching instance by UUID {{(pid=118121) get /opt/stack/nova/nova/compute/api.py:2918}}
Feb 28 20:08:21.936608 n-d-830883-10 devstack@n-api.service[118121]: DEBUG oslo_concurrency.lockutils [None req-6003134f-a4f6-434b-adda-e802cef7bf7d tempest-DeleteServersAdminTestJSON-290997053 tempest-DeleteServersAdminTestJSON-290997053-project] Lock "f12e4e87-3202-4d53-8c0c-432d4c9188de" acquired by "nova.context.set_target_cell..get_or_set_cached_cell_and_set_connections" :: waited 0.000s {{(pid=118121) inner /usr/local/lib/python3.8/dist-packages/oslo_concurrency/lockutils.py:386}}
Feb 28 20:08:21.936608 n-d-830883-10 devstack@n-api.service[118121]: DEBUG oslo_concurrency.lockutils [None req-6003134f-a4f6-434b-adda-e802cef7bf7d tempest-DeleteServersAdminTestJSON-290997053 tempest-DeleteServersAdminTestJSON-290997053-project] Lock "f12e4e87-3202-4d53-8c0c-432d4c9188de" "released" by "nova.context.set_target_cell..get_or_set_cached_cell_and_set_connections" :: held 0.009s {{(pid=118121) inner /usr/local/lib/python3.8/dist-packages/oslo_concurrency/lockutils.py:400}}
Feb 28 20:08:21.937951 n-d-830883-10 devstack@n-api.service[118121]: DEBUG oslo_concurrency.lockutils [None req-6003134f-a4f6-434b-adda-e802cef7bf7d tempest-DeleteServersAdminTestJSON-290997053 tempest-DeleteServersAdminTestJSON-290997053-project] Lock "f12e4e87-3202-4d53-8c0c-432d4c9188de" acquired by "nova.context.set_target_cell..get_or_set_cached_cell_and_set_connections" :: waited 0.000s {{(pid=118121) inner /usr/local/lib/python3.8/dist-packages/oslo_concurrency/lockutils.py:386}}
Feb 28 20:08:21.938404 n-d-830883-10 devstack@n-api.service[118121]: DEBUG oslo_concurrency.lockutils [None req-6003134f-a4f6-434b-adda-e802cef7bf7d tempest-DeleteServersAdminTestJSON-290997053 tempest-DeleteServersAdminTestJSON-290997053-project] Lock "f12e4e87-3202-4d53-8c0c-432d4c9188de" "released" by "nova.context.set_target_cell..get_or_set_cached_cell_and_set_connections" :: held 0.001s {{(pid=118121) inner /usr/local/lib/python3.8/dist-packages/oslo_concurrency/lockutils.py:400}}
Feb 28 20:08:22.036383 n-d-830883-10 devstack@n-api.service[118122]: DEBUG nova.quota [None req-e7852fc0-0f61-4dfe-917e-22acb841cdb4 tempest-KeyPairsV210TestJSON-1636157861 tempest-KeyPairsV210TestJSON-1636157861-project-admin] Getting quotas for project f54f8f2ba40f4f9eb74c798c20e3e21c. Resources: {'key_pairs'} {{(pid=118122) _get_quotas /opt/stack/nova/nova/quota.py:393}}
Feb 28 20:08:22.049068 n-d-830883-10 devstack@n-api.service[118122]: DEBUG nova.quota [None req-e7852fc0-0f61-4dfe-917e-22acb841cdb4 tempest-KeyPairsV210TestJSON-1636157861 tempest-KeyPairsV210TestJSON-1636157861-project-admin] Getting quotas for user 4f72b9e55aaf4e6393b55b775b1fc943 and project f54f8f2ba40f4f9eb74c798c20e3e21c. Resources: {'key_pairs'} {{(pid=118122) _get_quotas /opt/stack/nova/nova/quota.py:383}}
Feb 28 20:08:22.076865 n-d-830883-10 devstack@n-api.service[118122]: INFO nova.api.openstack.requestlog [None req-e7852fc0-0f61-4dfe-917e-22acb841cdb4 tempest-KeyPairsV210TestJSON-1636157861 tempest-KeyPairsV210TestJSON-1636157861-project-admin] 10.222.0.48 "POST /compute/v2.1/os-keypairs" status: 201 len: 2316 microversion: 2.10 time: 0.585824
Feb 28 20:08:22.078343 n-d-830883-10 devstack@n-api.service[118122]: [pid: 118122|app: 0|req: 29/59] 10.222.0.48 () {62 vars in 1199 bytes} [Mon Feb 28 20:08:21 2022] POST /compute/v2.1/os-keypairs => generated 2316 bytes in 588 msecs (HTTP/1.1 201) 9 headers in 365 bytes (1 switches on core 0)
Feb 28 20:08:22.087310 n-d-830883-10 devstack@n-api.service[118122]: DEBUG nova.api.openstack.wsgi [None req-df9284fc-57fb-432e-bc21-cc1d2ad2a38b tempest-FlavorsExtraSpecsTestJSON-81757793 tempest-FlavorsExtraSpecsTestJSON-81757793-project-admin] Action: 'create', calling method: >, body: {"extra_specs": {"hw:numa_nodes": "1", "hw:cpu_policy": "shared"}} {{(pid=118122) _process_stack /opt/stack/nova/nova/api/openstack/wsgi.py:511}}
Feb 28 20:08:22.091044 n-d-830883-10 devstack@n-api.service[118122]: /usr/local/lib/python3.8/dist-packages/oslo_policy/policy.py:1119: UserWarning: Policy "os_compute_api:os-flavor-extra-specs:create": "rule:context_is_admin" failed scope check. The token used to make the request was project scoped but the policy requires ['system'] scope. This behavior may change in the future where using the intended scope is required
Feb 28 20:08:22.091044 n-d-830883-10 devstack@n-api.service[118122]: warnings.warn(msg)
Feb 28 20:08:22.125456 n-d-830883-10 devstack@n-api.service[118122]: INFO nova.api.openstack.requestlog [None req-df9284fc-57fb-432e-bc21-cc1d2ad2a38b tempest-FlavorsExtraSpecsTestJSON-81757793 tempest-FlavorsExtraSpecsTestJSON-81757793-project-admin] 10.222.0.48 "POST /compute/v2.1/flavors/1650792594/os-extra_specs" status: 200 len: 66 microversion: 2.1 time: 0.045742
Feb 28 20:08:22.130542 n-d-830883-10 devstack@n-api.service[118122]: [pid: 118122|app: 0|req: 30/60] 10.222.0.48 () {60 vars in 1223 bytes} [Mon Feb 28 20:08:22 2022] POST /compute/v2.1/flavors/1650792594/os-extra_specs => generated 66 bytes in 49 msecs (HTTP/1.1 200) 9 headers in 356 bytes (1 switches on core 0)
Feb 28 20:08:22.146795 n-d-830883-10 devstack@n-api.service[118122]: DEBUG nova.api.openstack.wsgi [None req-214ab3c2-731e-439c-9d22-0e35e9f77f96 tempest-KeyPairsV210TestJSON-1636157861 tempest-KeyPairsV210TestJSON-1636157861-project-admin] Action: 'create', calling method: .version_select at 0x7f3d47f3bc10>, body: {"keypair": {"name": "tempest-keypair-35291723", "type": "ssh", "user_id": "cf406a82dd9f4b969bc12619f16624e8"}} {{(pid=118122) _process_stack /opt/stack/nova/nova/api/openstack/wsgi.py:511}}
Feb 28 20:08:22.166937 n-d-830883-10 devstack@n-api.service[118122]: DEBUG nova.quota [None req-214ab3c2-731e-439c-9d22-0e35e9f77f96 tempest-KeyPairsV210TestJSON-1636157861 tempest-KeyPairsV210TestJSON-1636157861-project-admin] Getting quotas for project f54f8f2ba40f4f9eb74c798c20e3e21c. Resources: {'key_pairs'} {{(pid=118122) _get_quotas /opt/stack/nova/nova/quota.py:393}}
Feb 28 20:08:22.172036 n-d-830883-10 devstack@n-api.service[118122]: DEBUG nova.quota [None req-214ab3c2-731e-439c-9d22-0e35e9f77f96 tempest-KeyPairsV210TestJSON-1636157861 tempest-KeyPairsV210TestJSON-1636157861-project-admin] Getting quotas for user 4f72b9e55aaf4e6393b55b775b1fc943 and project f54f8f2ba40f4f9eb74c798c20e3e21c. Resources: {'key_pairs'} {{(pid=118122) _get_quotas /opt/stack/nova/nova/quota.py:383}}
Feb 28 20:08:22.207415 n-d-830883-10 devstack@n-api.service[118121]: DEBUG nova.policy [None req-6003134f-a4f6-434b-adda-e802cef7bf7d tempest-DeleteServersAdminTestJSON-290997053 tempest-DeleteServersAdminTestJSON-290997053-project] Policy check for os_compute_api:os-extended-server-attributes failed with credentials {'is_admin': False, 'user_id': '96865047884947bebdb62a997072b58d', 'user_domain_id': 'default', 'system_scope': None, 'domain_id': None, 'project_id': 'be50697003954504a7dd804041fcdb61', 'project_domain_id': 'default', 'roles': ['reader', 'member'], 'is_admin_project': True, 'service_user_id': None, 'service_user_domain_id': None, 'service_project_id': None, 'service_project_domain_id': None, 'service_roles': []} {{(pid=118121) authorize /opt/stack/nova/nova/policy.py:199}}
Feb 28 20:08:22.221586 n-d-830883-10 devstack@n-api.service[118121]: INFO nova.api.openstack.requestlog [None req-6003134f-a4f6-434b-adda-e802cef7bf7d tempest-DeleteServersAdminTestJSON-290997053 tempest-DeleteServersAdminTestJSON-290997053-project] 10.222.0.48 "GET /compute/v2.1/servers/e4240a9b-dc31-493f-8b78-a67521d234fe" status: 200 len: 1320 microversion: 2.1 time: 0.319501
Feb 28 20:08:22.223932 n-d-830883-10 devstack@n-api.service[118121]: [pid: 118121|app: 0|req: 31/61] 10.222.0.48 () {58 vars in 1235 bytes} [Mon Feb 28 20:08:21 2022] GET /compute/v2.1/servers/e4240a9b-dc31-493f-8b78-a67521d234fe => generated 1320 bytes in 325 msecs (HTTP/1.1 200) 9 headers in 358 bytes (1 switches on core 0)
Feb 28 20:08:22.446149 n-d-830883-10 devstack@n-api.service[118121]: DEBUG nova.api.openstack.wsgi [None req-efe9c814-2fae-46a6-8a8f-e88009342ef1 tempest-FlavorsExtraSpecsTestJSON-1213898823 tempest-FlavorsExtraSpecsTestJSON-1213898823-project] Calling method '>' {{(pid=118121) _process_stack /opt/stack/nova/nova/api/openstack/wsgi.py:513}}
Feb 28 20:08:22.451260 n-d-830883-10 devstack@n-api.service[118122]: DEBUG nova.quota [None req-214ab3c2-731e-439c-9d22-0e35e9f77f96 tempest-KeyPairsV210TestJSON-1636157861 tempest-KeyPairsV210TestJSON-1636157861-project-admin] Getting quotas for project f54f8f2ba40f4f9eb74c798c20e3e21c. Resources: {'key_pairs'} {{(pid=118122) _get_quotas /opt/stack/nova/nova/quota.py:393}}
Feb 28 20:08:22.456571 n-d-830883-10 devstack@n-api.service[118122]: DEBUG nova.quota [None req-214ab3c2-731e-439c-9d22-0e35e9f77f96 tempest-KeyPairsV210TestJSON-1636157861 tempest-KeyPairsV210TestJSON-1636157861-project-admin] Getting quotas for user 4f72b9e55aaf4e6393b55b775b1fc943 and project f54f8f2ba40f4f9eb74c798c20e3e21c. Resources: {'key_pairs'} {{(pid=118122) _get_quotas /opt/stack/nova/nova/quota.py:383}}
Feb 28 20:08:22.463383 n-d-830883-10 devstack@n-api.service[118121]: INFO nova.api.openstack.requestlog [None req-efe9c814-2fae-46a6-8a8f-e88009342ef1 tempest-FlavorsExtraSpecsTestJSON-1213898823 tempest-FlavorsExtraSpecsTestJSON-1213898823-project] 10.222.0.48 "GET /compute/v2.1/flavors/1650792594/os-extra_specs" status: 200 len: 66 microversion: 2.1 time: 0.236653
Feb 28 20:08:22.466016 n-d-830883-10 devstack@n-api.service[118121]: [pid: 118121|app: 0|req: 32/62] 10.222.0.48 () {58 vars in 1202 bytes} [Mon Feb 28 20:08:22 2022] GET /compute/v2.1/flavors/1650792594/os-extra_specs => generated 66 bytes in 241 msecs (HTTP/1.1 200) 9 headers in 356 bytes (1 switches on core 0)
Feb 28 20:08:22.479037 n-d-830883-10 devstack@n-api.service[118121]: DEBUG nova.api.openstack.wsgi [None req-25ea1f34-249f-4586-961e-822c5bc4409d tempest-AggregatesAdminTestJSON-1673647931 tempest-AggregatesAdminTestJSON-1673647931-project] Calling method '>' {{(pid=118121) _process_stack /opt/stack/nova/nova/api/openstack/wsgi.py:513}}
Feb 28 20:08:22.479925 n-d-830883-10 devstack@n-api.service[118121]: DEBUG nova.compute.api [None req-25ea1f34-249f-4586-961e-822c5bc4409d tempest-AggregatesAdminTestJSON-1673647931 tempest-AggregatesAdminTestJSON-1673647931-project] [instance: ba8309cb-08db-4c5f-8bc2-a5e566e4442c] Fetching instance by UUID {{(pid=118121) get /opt/stack/nova/nova/compute/api.py:2918}}
Feb 28 20:08:22.496555 n-d-830883-10 devstack@n-api.service[118122]: INFO nova.api.openstack.requestlog [None req-214ab3c2-731e-439c-9d22-0e35e9f77f96 tempest-KeyPairsV210TestJSON-1636157861 tempest-KeyPairsV210TestJSON-1636157861-project-admin] 10.222.0.48 "POST /compute/v2.1/os-keypairs" status: 201 len: 2318 microversion: 2.10 time: 0.362440
