Sep 02 10:14:55.897883 n-d-830829-3 devstack@keystone.service[81990]: ERROR keystone.server.flask.application
File "/opt/stack/keystone/keystone/assignment/role_backends/sql.py", line 70, in get_role
Sep 02 10:14:55.897883 n-d-830829-3 devstack@keystone.service[81990]: ERROR keystone.server.flask.application return self._get_role(session, role_id).to_dict()
Sep 02 10:14:55.897883 n-d-830829-3 devstack@keystone.service[81990]: ERROR keystone.server.flask.application
File "/opt/stack/keystone/keystone/assignment/role_backends/sql.py", line 65, in _get_role
Sep 02 10:14:55.897883 n-d-830829-3 devstack@keystone.service[81990]: ERROR keystone.server.flask.application raise exception.RoleNotFound(role_id=role_id)
Sep 02 10:14:55.897883 n-d-830829-3 devstack@keystone.service[81990]: ERROR keystone.server.flask.application keystone.exception.RoleNotFound: Could not find role: member.
Sep 02 10:14:55.897883 n-d-830829-3 devstack@keystone.service[81990]: ERROR keystone.server.flask.application
Sep 02 10:14:55.897883 n-d-830829-3 devstack@keystone.service[81990]: [pid: 81990|app: 0|req: 196/394] 10.222.0.20 () {56 vars in 1099 bytes} [Fri Sep 2 10:14:55 2022] GET /identity/v3/roles/member => generated 84 bytes in 265 msecs (HTTP/1.1 404) 5 headers in 183 bytes (1 switches on core 0)
Sep 02 10:14:55.920918 n-d-830829-3 devstack@keystone.service[81990]: DEBUG keystone.server.flask.request_processing.middleware.auth_context [None req-404d0529-83d6-4f18-bd8a-a8514243addd None admin] Authenticating user token {{(pid=81990) process_request /usr/local/lib/python3.8/dist-packages/keystonemiddleware/auth_token/__init__.py:407}}
Sep 02 10:14:55.999063 n-d-830829-3 devstack@keystone.service[81989]: DEBUG keystone.server.flask.request_processing.middleware.auth_context [None req-d60d6b24-e547-4b22-9bf0-62e6cbfaca69 None admin] Validating token access rules against request {{(pid=81989) validate_allowed_request /usr/local/lib/python3.8/dist-packages/keystonemiddleware/auth_token/__init__.py:545}}
Sep 02 10:14:56.044763 n-d-830829-3 devstack@keystone.service[81989]: DEBUG keystone.server.flask.request_processing.middleware.auth_context [None req-eab02240-0e22-4e0c-8ae4-e724bcc65fc1 None admin] RBAC: auth_context: {'token': , 'domain_id': None, 'trust_id': None, 'trustor_id': None, 'trustee_id': None, 'domain_name': None, 'group_ids': [], 'user_id': '6b9f4e40afd54fd4a529ef61eb37fd9a', 'user_domain_id': 'default', 'system_scope': 'all', 'project_id': None, 'project_domain_id': None, 'roles': ['admin', 'member', 'reader'], 'is_admin_project': True, 'service_user_id': None, 'service_user_domain_id': None, 'service_project_id': None, 'service_project_domain_id': None, 'service_roles': []} {{(pid=81989) fill_context /opt/stack/keystone/keystone/server/flask/request_processing/middleware/auth_context.py:478}}
Sep 02 10:14:56.046158 n-d-830829-3 devstack@keystone.service[81989]: DEBUG keystone.server.flask.request_processing.req_logging [None req-eab02240-0e22-4e0c-8ae4-e724bcc65fc1 None admin] REQUEST_METHOD: `GET` {{(pid=81989) log_request_info /opt/stack/keystone/keystone/server/flask/request_processing/req_logging.py:27}}
Sep 02 10:14:56.046871 n-d-830829-3 devstack@keystone.service[81989]: DEBUG keystone.server.flask.request_processing.req_logging [None req-eab02240-0e22-4e0c-8ae4-e724bcc65fc1 None admin] SCRIPT_NAME: `/identity` {{(pid=81989) log_request_info /opt/stack/keystone/keystone/server/flask/request_processing/req_logging.py:28}}
Sep 02 10:14:56.047564 n-d-830829-3 devstack@keystone.service[81989]: DEBUG keystone.server.flask.request_processing.req_logging [None req-eab02240-0e22-4e0c-8ae4-e724bcc65fc1 None admin] PATH_INFO: `/v3/groups/458132f43e3b42ddbde03a81283cafe0` {{(pid=81989) log_request_info /opt/stack/keystone/keystone/server/flask/request_processing/req_logging.py:29}}
Sep 02 10:14:56.050015 n-d-830829-3 devstack@keystone.service[81989]: DEBUG keystone.common.rbac_enforcer.enforcer [None req-eab02240-0e22-4e0c-8ae4-e724bcc65fc1 None admin] RBAC: Authorizing `identity:get_group(group_id=458132f43e3b42ddbde03a81283cafe0)` {{(pid=81989) enforce_call /opt/stack/keystone/keystone/common/rbac_enforcer/enforcer.py:449}}
Sep 02 10:14:56.052694 n-d-830829-3 devstack@keystone.service[81989]: DEBUG keystone.common.rbac_enforcer.enforcer [None req-eab02240-0e22-4e0c-8ae4-e724bcc65fc1 None admin] RBAC: Authorization granted {{(pid=81989) enforce_call /opt/stack/keystone/keystone/common/rbac_enforcer/enforcer.py:457}}
Sep 02 10:14:56.057103 n-d-830829-3 devstack@keystone.service[81989]: [pid: 81989|app: 0|req: 199/395] 10.222.0.20 () {56 vars in 1180 bytes} [Fri Sep 2 10:14:55 2022] GET /identity/v3/groups/458132f43e3b42ddbde03a81283cafe0 => generated 226 bytes in 217 msecs (HTTP/1.1 200) 5 headers in 177 bytes (1 switches on core 0)
Sep 02 10:14:56.068873 n-d-830829-3 devstack@keystone.service[81989]: DEBUG keystone.server.flask.request_processing.middleware.auth_context [None req-eab02240-0e22-4e0c-8ae4-e724bcc65fc1 None admin] Authenticating user token {{(pid=81989) process_request /usr/local/lib/python3.8/dist-packages/keystonemiddleware/auth_token/__init__.py:407}}
Sep 02 10:14:56.079200 n-d-830829-3 devstack@keystone.service[81990]: DEBUG keystone.server.flask.request_processing.middleware.auth_context [None req-404d0529-83d6-4f18-bd8a-a8514243addd None admin] Validating token access rules against request {{(pid=81990) validate_allowed_request /usr/local/lib/python3.8/dist-packages/keystonemiddleware/auth_token/__init__.py:545}}
Sep 02 10:14:56.117037 n-d-830829-3 devstack@keystone.service[81990]: DEBUG dbcounter [-] [81990] Writing DB stats keystone:SELECT=100 {{(pid=81990) stat_writer /usr/local/lib/python3.8/dist-packages/dbcounter.py:114}}
Sep 02 10:14:56.118597 n-d-830829-3 devstack@keystone.service[81989]: DEBUG dbcounter [-] [81989] Writing DB stats keystone:SELECT=100 {{(pid=81989) stat_writer /usr/local/lib/python3.8/dist-packages/dbcounter.py:114}}
Sep 02 10:14:56.124544 n-d-830829-3 devstack@keystone.service[81990]: DEBUG keystone.server.flask.request_processing.middleware.auth_context [None req-048a3467-839e-4068-9194-060e6ae9c3f1 None admin] RBAC: auth_context: {'token': , 'domain_id': None, 'trust_id': None, 'trustor_id': None, 'trustee_id': None, 'domain_name': None, 'group_ids': [], 'user_id': '6b9f4e40afd54fd4a529ef61eb37fd9a', 'user_domain_id': 'default', 'system_scope': 'all', 'project_id': None, 'project_domain_id': None, 'roles': ['admin', 'member', 'reader'], 'is_admin_project': True, 'service_user_id': None, 'service_user_domain_id': None, 'service_project_id': None, 'service_project_domain_id': None, 'service_roles': []} {{(pid=81990) fill_context /opt/stack/keystone/keystone/server/flask/request_processing/middleware/auth_context.py:478}}
Sep 02 10:14:56.125369 n-d-830829-3 devstack@keystone.service[81990]: DEBUG keystone.server.flask.request_processing.req_logging [None req-048a3467-839e-4068-9194-060e6ae9c3f1 None admin] REQUEST_METHOD: `GET` {{(pid=81990) log_request_info /opt/stack/keystone/keystone/server/flask/request_processing/req_logging.py:27}}
Sep 02 10:14:56.125815 n-d-830829-3 devstack@keystone.service[81990]: DEBUG keystone.server.flask.request_processing.req_logging [None req-048a3467-839e-4068-9194-060e6ae9c3f1 None admin] SCRIPT_NAME: `/identity` {{(pid=81990) log_request_info /opt/stack/keystone/keystone/server/flask/request_processing/req_logging.py:28}}
Sep 02 10:14:56.126604 n-d-830829-3 devstack@keystone.service[81990]: DEBUG keystone.server.flask.request_processing.req_logging [None req-048a3467-839e-4068-9194-060e6ae9c3f1 None admin] PATH_INFO: `/v3/roles` {{(pid=81990) log_request_info /opt/stack/keystone/keystone/server/flask/request_processing/req_logging.py:29}}
Sep 02 10:14:56.126927 n-d-830829-3 devstack@keystone.service[81990]: DEBUG keystone.common.rbac_enforcer.enforcer [None req-048a3467-839e-4068-9194-060e6ae9c3f1 None admin] RBAC: Adding query filter params (name=member) {{(pid=81990) _extract_filter_values /opt/stack/keystone/keystone/common/rbac_enforcer/enforcer.py:167}}
Sep 02 10:14:56.127313 n-d-830829-3 devstack@keystone.service[81990]: DEBUG keystone.common.rbac_enforcer.enforcer [None req-048a3467-839e-4068-9194-060e6ae9c3f1 None admin] RBAC: Authorizing `identity:list_roles()` {{(pid=81990) enforce_call /opt/stack/keystone/keystone/common/rbac_enforcer/enforcer.py:449}}
Sep 02 10:14:56.128743 n-d-830829-3 devstack@keystone.service[81990]: DEBUG keystone.common.rbac_enforcer.enforcer [None req-048a3467-839e-4068-9194-060e6ae9c3f1 None admin] RBAC: Authorization granted {{(pid=81990) enforce_call /opt/stack/keystone/keystone/common/rbac_enforcer/enforcer.py:457}}
Sep 02 10:14:56.138741 n-d-830829-3 devstack@keystone.service[81990]: [pid: 81990|app: 0|req: 197/396] 10.222.0.20 () {56 vars in 1101 bytes} [Fri Sep 2 10:14:55 2022] GET /identity/v3/roles?name=member => generated 341 bytes in 218 msecs (HTTP/1.1 200) 5 headers in 177 bytes (1 switches on core 0)
Sep 02 10:14:56.148739 n-d-830829-3 devstack@keystone.service[81990]: DEBUG keystone.server.flask.request_processing.middleware.auth_context [None req-048a3467-839e-4068-9194-060e6ae9c3f1 None admin] Authenticating user token {{(pid=81990) process_request /usr/local/lib/python3.8/dist-packages/keystonemiddleware/auth_token/__init__.py:407}}
Sep 02 10:14:56.215086 n-d-830829-3 devstack@keystone.service[81989]: DEBUG keystone.server.flask.request_processing.middleware.auth_context [None req-eab02240-0e22-4e0c-8ae4-e724bcc65fc1 None admin] Validating token access rules against request {{(pid=81989) validate_allowed_request /usr/local/lib/python3.8/dist-packages/keystonemiddleware/auth_token/__init__.py:545}}
Sep 02 10:14:56.267482 n-d-830829-3 devstack@keystone.service[81989]: DEBUG keystone.server.flask.request_processing.middleware.auth_context [None req-de795e29-f3ed-482f-9258-1bce9a02686b None admin] RBAC: auth_context: {'token': , 'domain_id': None, 'trust_id': None, 'trustor_id': None, 'trustee_id': None, 'domain_name': None, 'group_ids': [], 'user_id': '6b9f4e40afd54fd4a529ef61eb37fd9a', 'user_domain_id': 'default', 'system_scope': 'all', 'project_id': None, 'project_domain_id': None, 'roles': ['admin', 'member', 'reader'], 'is_admin_project': True, 'service_user_id': None, 'service_user_domain_id': None, 'service_project_id': None, 'service_project_domain_id': None, 'service_roles': []} {{(pid=81989) fill_context /opt/stack/keystone/keystone/server/flask/request_processing/middleware/auth_context.py:478}}
Sep 02 10:14:56.268226 n-d-830829-3 devstack@keystone.service[81989]: DEBUG keystone.server.flask.request_processing.req_logging [None req-de795e29-f3ed-482f-9258-1bce9a02686b None admin] REQUEST_METHOD: `GET` {{(pid=81989) log_request_info /opt/stack/keystone/keystone/server/flask/request_processing/req_logging.py:27}}
Sep 02 10:14:56.269438 n-d-830829-3 devstack@keystone.service[81989]: DEBUG keystone.server.flask.request_processing.req_logging [None req-de795e29-f3ed-482f-9258-1bce9a02686b None admin] SCRIPT_NAME: `/identity` {{(pid=81989) log_request_info /opt/stack/keystone/keystone/server/flask/request_processing/req_logging.py:28}}
Sep 02 10:14:56.269713 n-d-830829-3 devstack@keystone.service[81989]: DEBUG keystone.server.flask.request_processing.req_logging [None req-de795e29-f3ed-482f-9258-1bce9a02686b None admin] PATH_INFO: `/v3/projects/135ba738ce054bd69d0a8742c7f48bdc` {{(pid=81989) log_request_info /opt/stack/keystone/keystone/server/flask/request_processing/req_logging.py:29}}
Sep 02 10:14:56.271571 n-d-830829-3 devstack@keystone.service[81989]: DEBUG keystone.common.rbac_enforcer.enforcer [None req-de795e29-f3ed-482f-9258-1bce9a02686b None admin] RBAC: Authorizing `identity:get_project(project_id=135ba738ce054bd69d0a8742c7f48bdc)` {{(pid=81989) enforce_call /opt/stack/keystone/keystone/common/rbac_enforcer/enforcer.py:449}}
Sep 02 10:14:56.273203 n-d-830829-3 devstack@keystone.service[81989]: DEBUG keystone.common.rbac_enforcer.enforcer [None req-de795e29-f3ed-482f-9258-1bce9a02686b None admin] RBAC: Authorization granted {{(pid=81989) enforce_call /opt/stack/keystone/keystone/common/rbac_enforcer/enforcer.py:457}}
Sep 02 10:14:56.275291 n-d-830829-3 devstack@keystone.service[81989]: [pid: 81989|app: 0|req: 200/397] 10.222.0.20 () {56 vars in 1186 bytes} [Fri Sep 2 10:14:56 2022] GET /identity/v3/projects/135ba738ce054bd69d0a8742c7f48bdc => generated 298 bytes in 209 msecs (HTTP/1.1 200) 5 headers in 177 bytes (1 switches on core 0)
Sep 02 10:14:56.276808 n-d-830829-3 devstack@keystone.service[81989]: DEBUG keystone.server.flask.request_processing.req_logging [None req-c6f0fc19-b428-4947-93b1-f6ac583dea30 None None] REQUEST_METHOD: `GET` {{(pid=81989) log_request_info /opt/stack/keystone/keystone/server/flask/request_processing/req_logging.py:27}}
Sep 02 10:14:56.277184 n-d-830829-3 devstack@keystone.service[81989]: DEBUG keystone.server.flask.request_processing.req_logging [None req-c6f0fc19-b428-4947-93b1-f6ac583dea30 None None] SCRIPT_NAME: `/identity` {{(pid=81989) log_request_info /opt/stack/keystone/keystone/server/flask/request_processing/req_logging.py:28}}
Sep 02 10:14:56.277509 n-d-830829-3 devstack@keystone.service[81989]: DEBUG keystone.server.flask.request_processing.req_logging [None req-c6f0fc19-b428-4947-93b1-f6ac583dea30 None None] PATH_INFO: `/` {{(pid=81989) log_request_info /opt/stack/keystone/keystone/server/flask/request_processing/req_logging.py:29}}
Sep 02 10:14:56.278997 n-d-830829-3 devstack@keystone.service[81989]: [pid: 81989|app: 0|req: 201/398] 10.222.0.20 () {54 vars in 927 bytes} [Fri Sep 2 10:14:56 2022] GET /identity => generated 270 bytes in 3 msecs (HTTP/1.1 300) 6 headers in 234 bytes (1 switches on core 0)
Sep 02 10:14:56.282027 n-d-830829-3 devstack@keystone.service[81990]: DEBUG keystone.server.flask.request_processing.middleware.auth_context [None req-048a3467-839e-4068-9194-060e6ae9c3f1 None admin] Validating token access rules against request {{(pid=81990) validate_allowed_request /usr/local/lib/python3.8/dist-packages/keystonemiddleware/auth_token/__init__.py:545}}
Sep 02 10:14:56.285737 n-d-830829-3 devstack@keystone.service[81989]: DEBUG keystone.server.flask.request_processing.middleware.auth_context [None req-c6f0fc19-b428-4947-93b1-f6ac583dea30 None None] Authenticating user token {{(pid=81989) process_request /usr/local/lib/python3.8/dist-packages/keystonemiddleware/auth_token/__init__.py:407}}
Sep 02 10:14:56.331163 n-d-830829-3 devstack@keystone.service[81990]: DEBUG keystone.server.flask.request_processing.middleware.auth_context [None req-a20678c7-94b4-4539-b77a-989b163a26eb None admin] RBAC: auth_context: {'token': , 'domain_id': None, 'trust_id': None, 'trustor_id': None, 'trustee_id': None, 'domain_name': None, 'group_ids': [], 'user_id': '6b9f4e40afd54fd4a529ef61eb37fd9a', 'user_domain_id': 'default', 'system_scope': 'all', 'project_id': None, 'project_domain_id': None, 'roles': ['admin', 'member', 'reader'], 'is_admin_project': True, 'service_user_id': None, 'service_user_domain_id': None, 'service_project_id': None, 'service_project_domain_id': None, 'service_roles': []} {{(pid=81990) fill_context /opt/stack/keystone/keystone/server/flask/request_processing/middleware/auth_context.py:478}}
Sep 02 10:14:56.332225 n-d-830829-3 devstack@keystone.service[81990]: DEBUG keystone.server.flask.request_processing.req_logging [None req-a20678c7-94b4-4539-b77a-989b163a26eb None admin] REQUEST_METHOD: `GET` {{(pid=81990) log_request_info /opt/stack/keystone/keystone/server/flask/request_processing/req_logging.py:27}}
Sep 02 10:14:56.332609 n-d-830829-3 devstack@keystone.service[81990]: DEBUG keystone.server.flask.request_processing.req_logging [None req-a20678c7-94b4-4539-b77a-989b163a26eb None admin] SCRIPT_NAME: `/identity` {{(pid=81990) log_request_info /opt/stack/keystone/keystone/server/flask/request_processing/req_logging.py:28}}
Sep 02 10:14:56.332889 n-d-830829-3 devstack@keystone.service[81990]: DEBUG keystone.server.flask.request_processing.req_logging [None req-a20678c7-94b4-4539-b77a-989b163a26eb None admin] PATH_INFO: `/v3/groups/458132f43e3b42ddbde03a81283cafe0` {{(pid=81990) log_request_info /opt/stack/keystone/keystone/server/flask/request_processing/req_logging.py:29}}
Sep 02 10:14:56.334109 n-d-830829-3 devstack@keystone.service[81990]: DEBUG keystone.common.rbac_enforcer.enforcer [None req-a20678c7-94b4-4539-b77a-989b163a26eb None admin] RBAC: Authorizing `identity:get_group(group_id=458132f43e3b42ddbde03a81283cafe0)` {{(pid=81990) enforce_call /opt/stack/keystone/keystone/common/rbac_enforcer/enforcer.py:449}}
Sep 02 10:14:56.335916 n-d-830829-3 devstack@keystone.service[81990]: DEBUG keystone.common.rbac_enforcer.enforcer [None req-a20678c7-94b4-4539-b77a-989b163a26eb None admin] RBAC: Authorization granted {{(pid=81990) enforce_call /opt/stack/keystone/keystone/common/rbac_enforcer/enforcer.py:457}}
Sep 02 10:14:56.338484 n-d-830829-3 devstack@keystone.service[81990]: [pid: 81990|app: 0|req: 198/399] 10.222.0.20 () {56 vars in 1180 bytes} [Fri Sep 2 10:14:56 2022] GET /identity/v3/groups/458132f43e3b42ddbde03a81283cafe0 => generated 226 bytes in 191 msecs (HTTP/1.1 200) 5 headers in 177 bytes (1 switches on core 0)
Sep 02 10:14:56.340191 n-d-830829-3 devstack@keystone.service[81990]: DEBUG keystone.server.flask.request_processing.req_logging [None req-76d3df64-be24-4886-be5a-ee765d135a10 None None] REQUEST_METHOD: `POST` {{(pid=81990) log_request_info /opt/stack/keystone/keystone/server/flask/request_processing/req_logging.py:27}}
Sep 02 10:14:56.340515 n-d-830829-3 devstack@keystone.service[81990]: DEBUG keystone.server.flask.request_processing.req_logging [None req-76d3df64-be24-4886-be5a-ee765d135a10 None None] SCRIPT_NAME: `/identity` {{(pid=81990) log_request_info /opt/stack/keystone/keystone/server/flask/request_processing/req_logging.py:28}}
Sep 02 10:14:56.340792 n-d-830829-3 devstack@keystone.service[81990]: DEBUG keystone.server.flask.request_processing.req_logging [None req-76d3df64-be24-4886-be5a-ee765d135a10 None None] PATH_INFO: `/v3/auth/tokens` {{(pid=81990) log_request_info /opt/stack/keystone/keystone/server/flask/request_processing/req_logging.py:29}}
Sep 02 10:14:56.368276 n-d-830829-3 devstack@keystone.service[81990]: DEBUG keystone.auth.core [None req-76d3df64-be24-4886-be5a-ee765d135a10 None None] MFA Rules not processed for user `6b9f4e40afd54fd4a529ef61eb37fd9a`. Rule list: `[]` (Enabled: `True`). {{(pid=81990) check_auth_methods_against_rules /opt/stack/keystone/keystone/auth/core.py:438}}
Sep 02 10:14:56.370103 n-d-830829-3 devstack@keystone.service[81990]: DEBUG keystone.common.fernet_utils [None req-76d3df64-be24-4886-be5a-ee765d135a10 None None] Loaded 2 Fernet keys from /etc/keystone/fernet-keys/, but `[fernet_tokens] max_active_keys = 3`; perhaps there have not been enough key rotations to reach `max_active_keys` yet? {{(pid=81990) load_keys /opt/stack/keystone/keystone/common/fernet_utils.py:286}}
Sep 02 10:14:56.447715 n-d-830829-3 devstack@keystone.service[81989]: DEBUG keystone.server.flask.request_processing.middleware.auth_context [None req-c6f0fc19-b428-4947-93b1-f6ac583dea30 None None] Validating token access rules against request {{(pid=81989) validate_allowed_request /usr/local/lib/python3.8/dist-packages/keystonemiddleware/auth_token/__init__.py:545}}
Sep 02 10:14:56.450257 n-d-830829-3 devstack@keystone.service[81990]: DEBUG dbcounter [-] [81990] Writing DB stats keystone:SELECT=100 {{(pid=81990) stat_writer /usr/local/lib/python3.8/dist-packages/dbcounter.py:114}}
Sep 02 10:14:56.451143 n-d-830829-3 devstack@keystone.service[81989]: DEBUG dbcounter [-] [81989] Writing DB stats keystone:SELECT=100 {{(pid=81989) stat_writer /usr/local/lib/python3.8/dist-packages/dbcounter.py:114}}
Sep 02 10:14:56.462415 n-d-830829-3 devstack@keystone.service[81990]: [pid: 81990|app: 0|req: 199/400] 10.222.0.20 () {58 vars in 1024 bytes} [Fri Sep 2 10:14:56 2022] POST /identity/v3/auth/tokens => generated 799 bytes in 123 msecs (HTTP/1.1 201) 6 headers in 363 bytes (1 switches on core 0)
Sep 02 10:14:56.463321 n-d-830829-3 devstack@keystone.service[81990]: DEBUG keystone.server.flask.request_processing.middleware.auth_context [None req-76d3df64-be24-4886-be5a-ee765d135a10 None None] Authenticating user token {{(pid=81990) process_request /usr/local/lib/python3.8/dist-packages/keystonemiddleware/auth_token/__init__.py:407}}
Sep 02 10:14:56.505041 n-d-830829-3 devstack@keystone.service[81989]: DEBUG keystone.server.flask.request_processing.middleware.auth_context [None req-2a5681a5-2d24-4b80-98f1-419c70245cd6 None admin] RBAC: auth_context: {'token': , 'domain_id': None, 'trust_id': None, 'trustor_id': None, 'trustee_id': None, 'domain_name': None, 'group_ids': [], 'user_id': '6b9f4e40afd54fd4a529ef61eb37fd9a', 'user_domain_id': 'default', 'system_scope': 'all', 'project_id': None, 'project_domain_id': None, 'roles': ['admin', 'member', 'reader'], 'is_admin_project': True, 'service_user_id': None, 'service_user_domain_id': None, 'service_project_id': None, 'service_project_domain_id': None, 'service_roles': []} {{(pid=81989) fill_context /opt/stack/keystone/keystone/server/flask/request_processing/middleware/auth_context.py:478}}
Sep 02 10:14:56.506029 n-d-830829-3 devstack@keystone.service[81989]: DEBUG keystone.server.flask.request_processing.req_logging [None req-2a5681a5-2d24-4b80-98f1-419c70245cd6 None admin] REQUEST_METHOD: `PUT` {{(pid=81989) log_request_info /opt/stack/keystone/keystone/server/flask/request_processing/req_logging.py:27}}
Sep 02 10:14:56.506321 n-d-830829-3 devstack@keystone.service[81989]: DEBUG keystone.server.flask.request_processing.req_logging [None req-2a5681a5-2d24-4b80-98f1-419c70245cd6 None admin] SCRIPT_NAME: `/identity` {{(pid=81989) log_request_info /opt/stack/keystone/keystone/server/flask/request_processing/req_logging.py:28}}
Sep 02 10:14:56.506768 n-d-830829-3 devstack@keystone.service[81989]: DEBUG keystone.server.flask.request_processing.req_logging [None req-2a5681a5-2d24-4b80-98f1-419c70245cd6 None admin] PATH_INFO: `/v3/projects/135ba738ce054bd69d0a8742c7f48bdc/groups/458132f43e3b42ddbde03a81283cafe0/roles/211e7e2d30314176940510704ee714a5` {{(pid=81989) log_request_info /opt/stack/keystone/keystone/server/flask/request_processing/req_logging.py:29}}
Sep 02 10:14:56.509237 n-d-830829-3 devstack@keystone.service[81989]: DEBUG keystone.common.rbac_enforcer.enforcer [None req-2a5681a5-2d24-4b80-98f1-419c70245cd6 None admin] RBAC: Authorizing `identity:create_grant(project_id=135ba738ce054bd69d0a8742c7f48bdc, group_id=458132f43e3b42ddbde03a81283cafe0, role_id=211e7e2d30314176940510704ee714a5)` {{(pid=81989) enforce_call /opt/stack/keystone/keystone/common/rbac_enforcer/enforcer.py:449}}
Sep 02 10:14:56.510701 n-d-830829-3 devstack@keystone.service[81989]: DEBUG keystone.common.rbac_enforcer.enforcer [None req-2a5681a5-2d24-4b80-98f1-419c70245cd6 None admin] RBAC: Authorization granted {{(pid=81989) enforce_call /opt/stack/keystone/keystone/common/rbac_enforcer/enforcer.py:457}}
Sep 02 10:14:56.573281 n-d-830829-3 devstack@keystone.service[81990]: DEBUG keystone.server.flask.request_processing.middleware.auth_context [None req-76d3df64-be24-4886-be5a-ee765d135a10 None None] Validating token access rules against request {{(pid=81990) validate_allowed_request /usr/local/lib/python3.8/dist-packages/keystonemiddleware/auth_token/__init__.py:545}}
Sep 02 10:14:56.594981 n-d-830829-3 devstack@keystone.service[81989]: [pid: 81989|app: 0|req: 202/401] 10.222.0.20 () {58 vars in 1442 bytes} [Fri Sep 2 10:14:56 2022] PUT /identity/v3/projects/135ba738ce054bd69d0a8742c7f48bdc/groups/458132f43e3b42ddbde03a81283cafe0/roles/211e7e2d30314176940510704ee714a5 => generated 0 bytes in 310 msecs (HTTP/1.1 204) 3 headers in 132 bytes (0 switches on core 0)
Sep 02 10:14:56.612667 n-d-830829-3 devstack@keystone.service[81990]: DEBUG keystone.server.flask.request_processing.middleware.auth_context [None req-0b6aacf4-0cfb-4b21-8ee6-28bdf4ace494 None admin] RBAC: auth_context: {'token': , 'domain_id': None, 'trust_id': None, 'trustor_id': None, 'trustee_id': None, 'domain_name': None, 'group_ids': [], 'user_id': '6b9f4e40afd54fd4a529ef61eb37fd9a', 'user_domain_id': 'default', 'system_scope': 'all', 'project_id': None, 'project_domain_id': None, 'roles': ['admin', 'member', 'reader'], 'is_admin_project': True, 'service_user_id': None, 'service_user_domain_id': None, 'service_project_id': None, 'service_project_domain_id': None, 'service_roles': []} {{(pid=81990) fill_context /opt/stack/keystone/keystone/server/flask/request_processing/middleware/auth_context.py:478}}
Sep 02 10:14:56.616096 n-d-830829-3 devstack@keystone.service[81990]: DEBUG keystone.server.flask.request_processing.req_logging [None req-0b6aacf4-0cfb-4b21-8ee6-28bdf4ace494 None admin] REQUEST_METHOD: `GET` {{(pid=81990) log_request_info /opt/stack/keystone/keystone/server/flask/request_processing/req_logging.py:27}}
Sep 02 10:14:56.616096 n-d-830829-3 devstack@keystone.service[81990]: DEBUG keystone.server.flask.request_processing.req_logging [None req-0b6aacf4-0cfb-4b21-8ee6-28bdf4ace494 None admin] SCRIPT_NAME: `/identity` {{(pid=81990) log_request_info /opt/stack/keystone/keystone/server/flask/request_processing/req_logging.py:28}}
Sep 02 10:14:56.616096 n-d-830829-3 devstack@keystone.service[81990]: DEBUG keystone.server.flask.request_processing.req_logging [None req-0b6aacf4-0cfb-4b21-8ee6-28bdf4ace494 None admin] PATH_INFO: `/v3/projects/68aa90babbe84ea0951420a159f40814` {{(pid=81990) log_request_info /opt/stack/keystone/keystone/server/flask/request_processing/req_logging.py:29}}
Sep 02 10:14:56.616096 n-d-830829-3 devstack@keystone.service[81990]: DEBUG keystone.common.rbac_enforcer.enforcer [None req-0b6aacf4-0cfb-4b21-8ee6-28bdf4ace494 None admin] RBAC: Authorizing `identity:get_project(project_id=68aa90babbe84ea0951420a159f40814)` {{(pid=81990) enforce_call /opt/stack/keystone/keystone/common/rbac_enforcer/enforcer.py:449}}
Sep 02 10:14:56.617600 n-d-830829-3 devstack@keystone.service[81990]: DEBUG keystone.common.rbac_enforcer.enforcer [None req-0b6aacf4-0cfb-4b21-8ee6-28bdf4ace494 None admin] RBAC: Authorization granted {{(pid=81990) enforce_call /opt/stack/keystone/keystone/common/rbac_enforcer/enforcer.py:457}}
Sep 02 10:14:56.619706 n-d-830829-3 devstack@keystone.service[81990]: [pid: 81990|app: 0|req: 200/402] 10.222.0.20 () {56 vars in 1186 bytes} [Fri Sep 2 10:14:56 2022] GET /identity/v3/projects/68aa90babbe84ea0951420a159f40814 => generated 302 bytes in 157 msecs (HTTP/1.1 200) 5 headers in 177 bytes (1 switches on core 0)
Sep 02 10:14:56.625221 n-d-830829-3 devstack@keystone.service[81989]: DEBUG keystone.server.flask.request_processing.middleware.auth_context [None req-2a5681a5-2d24-4b80-98f1-419c70245cd6 None admin] Authenticating user token {{(pid=81989) process_request /usr/local/lib/python3.8/dist-packages/keystonemiddleware/auth_token/__init__.py:407}}
Sep 02 10:14:56.791206 n-d-830829-3 devstack@keystone.service[81989]: DEBUG keystone.server.flask.request_processing.middleware.auth_context [None req-2a5681a5-2d24-4b80-98f1-419c70245cd6 None admin] Validating token access rules against request {{(pid=81989) validate_allowed_request /usr/local/lib/python3.8/dist-packages/keystonemiddleware/auth_token/__init__.py:545}}
Sep 02 10:14:56.831172 n-d-830829-3 devstack@keystone.service[81990]: DEBUG keystone.server.flask.request_processing.middleware.auth_context [None req-0b6aacf4-0cfb-4b21-8ee6-28bdf4ace494 None admin] Authenticating user token {{(pid=81990) process_request /usr/local/lib/python3.8/dist-packages/keystonemiddleware/auth_token/__init__.py:407}}
Sep 02 10:14:56.845983 n-d-830829-3 devstack@keystone.service[81989]: DEBUG keystone.server.flask.request_processing.middleware.auth_context [None req-4d509ee7-6815-4bd5-b50c-b4bbe6c37b26 None admin] RBAC: auth_context: {'token': , 'domain_id': None, 'trust_id': None, 'trustor_id': None, 'trustee_id': None, 'domain_name': None, 'group_ids': [], 'user_id': '6b9f4e40afd54fd4a529ef61eb37fd9a', 'user_domain_id': 'default', 'system_scope': 'all', 'project_id': None, 'project_domain_id': None, 'roles': ['admin', 'member', 'reader'], 'is_admin_project': True, 'service_user_id': None, 'service_user_domain_id': None, 'service_project_id': None, 'service_project_domain_id': None, 'service_roles': []} {{(pid=81989) fill_context /opt/stack/keystone/keystone/server/flask/request_processing/middleware/auth_context.py:478}}
Sep 02 10:14:56.846566 n-d-830829-3 devstack@keystone.service[81989]: DEBUG keystone.server.flask.request_processing.req_logging [None req-4d509ee7-6815-4bd5-b50c-b4bbe6c37b26 None admin] REQUEST_METHOD: `PUT` {{(pid=81989) log_request_info /opt/stack/keystone/keystone/server/flask/request_processing/req_logging.py:27}}
Sep 02 10:14:56.846839 n-d-830829-3 devstack@keystone.service[81989]: DEBUG keystone.server.flask.request_processing.req_logging [None req-4d509ee7-6815-4bd5-b50c-b4bbe6c37b26 None admin] SCRIPT_NAME: `/identity` {{(pid=81989) log_request_info /opt/stack/keystone/keystone/server/flask/request_processing/req_logging.py:28}}
Sep 02 10:14:56.847106 n-d-830829-3 devstack@keystone.service[81989]: DEBUG keystone.server.flask.request_processing.req_logging [None req-4d509ee7-6815-4bd5-b50c-b4bbe6c37b26 None admin] PATH_INFO: `/v3/projects/68aa90babbe84ea0951420a159f40814/groups/458132f43e3b42ddbde03a81283cafe0/roles/5438077955e64794ac0d02d8c8d27dbd` {{(pid=81989) log_request_info /opt/stack/keystone/keystone/server/flask/request_processing/req_logging.py:29}}
Sep 02 10:14:56.852567 n-d-830829-3 devstack@keystone.service[81989]: DEBUG keystone.common.rbac_enforcer.enforcer [None req-4d509ee7-6815-4bd5-b50c-b4bbe6c37b26 None admin] RBAC: Authorizing `identity:create_grant(project_id=68aa90babbe84ea0951420a159f40814, group_id=458132f43e3b42ddbde03a81283cafe0, role_id=5438077955e64794ac0d02d8c8d27dbd)` {{(pid=81989) enforce_call /opt/stack/keystone/keystone/common/rbac_enforcer/enforcer.py:449}}
Sep 02 10:14:56.854020 n-d-830829-3 devstack@keystone.service[81989]: DEBUG keystone.common.rbac_enforcer.enforcer [None req-4d509ee7-6815-4bd5-b50c-b4bbe6c37b26 None admin] RBAC: Authorization granted {{(pid=81989) enforce_call /opt/stack/keystone/keystone/common/rbac_enforcer/enforcer.py:457}}
Sep 02 10:14:56.900955 n-d-830829-3 devstack@keystone.service[81990]: DEBUG dbcounter [-] [81990] Writing DB stats keystone:SELECT=100 {{(pid=81990) stat_writer /usr/local/lib/python3.8/dist-packages/dbcounter.py:114}}
Sep 02 10:14:56.946693 n-d-830829-3 devstack@keystone.service[81990]: DEBUG keystone.server.flask.request_processing.middleware.auth_context [None req-0b6aacf4-0cfb-4b21-8ee6-28bdf4ace494 None admin] Validating token access rules against request {{(pid=81990) validate_allowed_request /usr/local/lib/python3.8/dist-packages/keystonemiddleware/auth_token/__init__.py:545}}
Sep 02 10:14:56.979642 n-d-830829-3 devstack@keystone.service[81989]: [pid: 81989|app: 0|req: 203/403] 10.222.0.20 () {58 vars in 1442 bytes} [Fri Sep 2 10:14:56 2022] PUT /identity/v3/projects/68aa90babbe84ea0951420a159f40814/groups/458132f43e3b42ddbde03a81283cafe0/roles/5438077955e64794ac0d02d8c8d27dbd => generated 0 bytes in 355 msecs (HTTP/1.1 204) 3 headers in 132 bytes (0 switches on core 0)
Sep 02 10:14:56.988829 n-d-830829-3 devstack@keystone.service[81990]: DEBUG keystone.server.flask.request_processing.middleware.auth_context [None req-ca09c96b-8f3a-4fac-869a-908475e201a3 None admin] RBAC: auth_context: {'token': , 'domain_id': None, 'trust_id': None, 'trustor_id': None, 'trustee_id': None, 'domain_name': None, 'group_ids': [], 'user_id': '6b9f4e40afd54fd4a529ef61eb37fd9a', 'user_domain_id': 'default', 'system_scope': 'all', 'project_id': None, 'project_domain_id': None, 'roles': ['admin', 'member', 'reader'], 'is_admin_project': True, 'service_user_id': None, 'service_user_domain_id': None, 'service_project_id': None, 'service_project_domain_id': None, 'service_roles': []} {{(pid=81990) fill_context /opt/stack/keystone/keystone/server/flask/request_processing/middleware/auth_context.py:478}}
Sep 02 10:14:56.989535 n-d-830829-3 devstack@keystone.service[81990]: DEBUG keystone.server.flask.request_processing.req_logging [None req-ca09c96b-8f3a-4fac-869a-908475e201a3 None admin] REQUEST_METHOD: `GET` {{(pid=81990) log_request_info /opt/stack/keystone/keystone/server/flask/request_processing/req_logging.py:27}}
Sep 02 10:14:56.990559 n-d-830829-3 devstack@keystone.service[81990]: DEBUG keystone.server.flask.request_processing.req_logging [None req-ca09c96b-8f3a-4fac-869a-908475e201a3 None admin] SCRIPT_NAME: `/identity` {{(pid=81990) log_request_info /opt/stack/keystone/keystone/server/flask/request_processing/req_logging.py:28}}
Sep 02 10:14:56.990866 n-d-830829-3 devstack@keystone.service[81990]: DEBUG keystone.server.flask.request_processing.req_logging [None req-ca09c96b-8f3a-4fac-869a-908475e201a3 None admin] PATH_INFO: `/v3/roles/anotherrole` {{(pid=81990) log_request_info /opt/stack/keystone/keystone/server/flask/request_processing/req_logging.py:29}}
Sep 02 10:14:57.003316 n-d-830829-3 devstack@keystone.service[81990]: DEBUG keystone.common.rbac_enforcer.enforcer [None req-ca09c96b-8f3a-4fac-869a-908475e201a3 None admin] Extracting inferred target data resulted in "NOT FOUND (404)". {{(pid=81990) enforce_call /opt/stack/keystone/keystone/common/rbac_enforcer/enforcer.py:409}}
Sep 02 10:14:57.008944 n-d-830829-3 devstack@keystone.service[81990]: ERROR keystone.server.flask.application [None req-ca09c96b-8f3a-4fac-869a-908475e201a3 None admin] Could not find role: anotherrole.: keystone.exception.RoleNotFound: Could not find role: anotherrole.
Sep 02 10:14:57.008944 n-d-830829-3 devstack@keystone.service[81990]: ERROR keystone.server.flask.application
Traceback (most recent call last):
Sep 02 10:14:57.008944 n-d-830829-3 devstack@keystone.service[81990]: ERROR keystone.server.flask.application
File "/usr/local/lib/python3.8/dist-packages/flask/app.py", line 1820, in full_dispatch_request
Sep 02 10:14:57.008944 n-d-830829-3 devstack@keystone.service[81990]: ERROR keystone.server.flask.application rv = self.dispatch_request()
Sep 02 10:14:57.008944 n-d-830829-3 devstack@keystone.service[81990]: ERROR keystone.server.flask.application
File "/usr/local/lib/python3.8/dist-packages/flask/app.py", line 1796, in dispatch_request
Sep 02 10:14:57.008944 n-d-830829-3 devstack@keystone.service[81990]: ERROR keystone.server.flask.application return self.ensure_sync(self.view_functions[rule.endpoint])(**view_args)
Sep 02 10:14:57.008944 n-d-830829-3 devstack@keystone.service[81990]: ERROR keystone.server.flask.application
File "/usr/local/lib/python3.8/dist-packages/flask_restful/__init__.py", line 467, in wrapper
Sep 02 10:14:57.008944 n-d-830829-3 devstack@keystone.service[81990]: ERROR keystone.server.flask.application resp = resource(*args, **kwargs)
Sep 02 10:14:57.008944 n-d-830829-3 devstack@keystone.service[81990]: ERROR keystone.server.flask.application
File "/usr/local/lib/python3.8/dist-packages/flask/views.py", line 107, in view
Sep 02 10:14:57.008944 n-d-830829-3 devstack@keystone.service[81990]: ERROR keystone.server.flask.application return current_app.ensure_sync(self.dispatch_request)(**kwargs)
Sep 02 10:14:57.008944 n-d-830829-3 devstack@keystone.service[81990]: ERROR keystone.server.flask.application
File "/usr/local/lib/python3.8/dist-packages/flask_restful/__init__.py", line 582, in dispatch_request
Sep 02 10:14:57.008944 n-d-830829-3 devstack@keystone.service[81990]: ERROR keystone.server.flask.application resp = meth(*args, **kwargs)
Sep 02 10:14:57.008944 n-d-830829-3 devstack@keystone.service[81990]: ERROR keystone.server.flask.application
File "/opt/stack/keystone/keystone/api/roles.py", line 50, in get
Sep 02 10:14:57.008944 n-d-830829-3 devstack@keystone.service[81990]: ERROR keystone.server.flask.application return self._get_role(role_id)
Sep 02 10:14:57.008944 n-d-830829-3 devstack@keystone.service[81990]: ERROR keystone.server.flask.application
File "/opt/stack/keystone/keystone/api/roles.py", line 70, in _get_role
Sep 02 10:14:57.008944 n-d-830829-3 devstack@keystone.service[81990]: ERROR keystone.server.flask.application ENFORCER.enforce_call(action='identity:get_role')
Sep 02 10:14:57.009881 n-d-830829-3 devstack@keystone.service[81990]: ERROR keystone.server.flask.application
File "/opt/stack/keystone/keystone/common/rbac_enforcer/enforcer.py", line 402, in enforce_call
Sep 02 10:14:57.009881 n-d-830829-3 devstack@keystone.service[81990]: ERROR keystone.server.flask.application policy_dict.update(cls._extract_member_target_data(
Sep 02 10:14:57.009881 n-d-830829-3 devstack@keystone.service[81990]: ERROR keystone.server.flask.application
File "/opt/stack/keystone/keystone/common/rbac_enforcer/enforcer.py", line 234, in _extract_member_target_data
Sep 02 10:14:57.009881 n-d-830829-3 devstack@keystone.service[81990]: ERROR keystone.server.flask.application member_name: func(flask.request.view_args[key])
Sep 02 10:14:57.009881 n-d-830829-3 devstack@keystone.service[81990]: ERROR keystone.server.flask.application
File "/opt/stack/keystone/keystone/common/manager.py", line 115, in wrapped
Sep 02 10:14:57.009881 n-d-830829-3 devstack@keystone.service[81990]: ERROR keystone.server.flask.application __ret_val = __f(*args, **kwargs)
Sep 02 10:14:57.009881 n-d-830829-3 devstack@keystone.service[81990]: ERROR keystone.server.flask.application
File "/usr/local/lib/python3.8/dist-packages/decorator.py", line 232, in fun
Sep 02 10:14:57.009881 n-d-830829-3 devstack@keystone.service[81990]: ERROR keystone.server.flask.application return caller(func, *(extras + args), **kw)
Sep 02 10:14:57.009881 n-d-830829-3 devstack@keystone.service[81990]: ERROR keystone.server.flask.application
File "/usr/local/lib/python3.8/dist-packages/dogpile/cache/region.py", line 1577, in get_or_create_for_user_func
Sep 02 10:14:57.009881 n-d-830829-3 devstack@keystone.service[81990]: ERROR keystone.server.flask.application return self.get_or_create(
Sep 02 10:14:57.009881 n-d-830829-3 devstack@keystone.service[81990]: ERROR keystone.server.flask.application
File "/usr/local/lib/python3.8/dist-packages/dogpile/cache/region.py", line 1042, in get_or_create
Sep 02 10:14:57.009881 n-d-830829-3 devstack@keystone.service[81990]: ERROR keystone.server.flask.application with Lock(
Sep 02 10:14:57.009881 n-d-830829-3 devstack@keystone.service[81990]: ERROR keystone.server.flask.application
File "/usr/local/lib/python3.8/dist-packages/dogpile/lock.py", line 185, in __enter__
Sep 02 10:14:57.009881 n-d-830829-3 devstack@keystone.service[81990]: ERROR keystone.server.flask.application return self._enter()
Sep 02 10:14:57.009881 n-d-830829-3 devstack@keystone.service[81990]: ERROR keystone.server.flask.application
File "/usr/local/lib/python3.8/dist-packages/dogpile/lock.py", line 94, in _enter
Sep 02 10:14:57.009881 n-d-830829-3 devstack@keystone.service[81990]: ERROR keystone.server.flask.application generated = self._enter_create(value, createdtime)
Sep 02 10:14:57.010663 n-d-830829-3 devstack@keystone.service[81990]: ERROR keystone.server.flask.application
File "/usr/local/lib/python3.8/dist-packages/dogpile/lock.py", line 178, in _enter_create
Sep 02 10:14:57.010663 n-d-830829-3 devstack@keystone.service[81990]: ERROR keystone.server.flask.application return self.creator()
Sep 02 10:14:57.010663 n-d-830829-3 devstack@keystone.service[81990]: ERROR keystone.server.flask.application
File "/usr/local/lib/python3.8/dist-packages/dogpile/cache/region.py", line 995, in gen_value
Sep 02 10:14:57.010663 n-d-830829-3 devstack@keystone.service[81990]: ERROR keystone.server.flask.application created_value = creator(
Sep 02 10:14:57.010663 n-d-830829-3 devstack@keystone.service[81990]: ERROR keystone.server.flask.application
File "/opt/stack/keystone/keystone/assignment/core.py", line 1276, in get_role
Sep 02 10:14:57.010663 n-d-830829-3 devstack@keystone.service[81990]: ERROR keystone.server.flask.application return self.driver.get_role(role_id)
Sep 02 10:14:57.010663 n-d-830829-3 devstack@keystone.service[81990]: ERROR keystone.server.flask.application
File "/opt/stack/keystone/keystone/assignment/role_backends/sql.py", line 70, in get_role
Sep 02 10:14:57.010663 n-d-830829-3 devstack@keystone.service[81990]: ERROR keystone.server.flask.application return self._get_role(session, role_id).to_dict()
Sep 02 10:14:57.010663 n-d-830829-3 devstack@keystone.service[81990]: ERROR keystone.server.flask.application
File "/opt/stack/keystone/keystone/assignment/role_backends/sql.py", line 65, in _get_role
Sep 02 10:14:57.010663 n-d-830829-3 devstack@keystone.service[81990]: ERROR keystone.server.flask.application raise exception.RoleNotFound(role_id=role_id)
Sep 02 10:14:57.010663 n-d-830829-3 devstack@keystone.service[81990]: ERROR keystone.server.flask.application keystone.exception.RoleNotFound: Could not find role: anotherrole.
Sep 02 10:14:57.010663 n-d-830829-3 devstack@keystone.service[81990]: ERROR keystone.server.flask.application
Sep 02 10:14:57.010663 n-d-830829-3 devstack@keystone.service[81990]: [pid: 81990|app: 0|req: 201/404] 10.222.0.20 () {56 vars in 1114 bytes} [Fri Sep 2 10:14:56 2022] GET /identity/v3/roles/anotherrole => generated 89 bytes in 180 msecs (HTTP/1.1 404) 5 headers in 183 bytes (2 switches on core 0)
Sep 02 10:14:57.016423 n-d-830829-3 devstack@keystone.service[81989]: DEBUG keystone.server.flask.request_processing.middleware.auth_context [None req-4d509ee7-6815-4bd5-b50c-b4bbe6c37b26 None admin] Authenticating user token {{(pid=81989) process_request /usr/local/lib/python3.8/dist-packages/keystonemiddleware/auth_token/__init__.py:407}}
Sep 02 10:14:57.054592 n-d-830829-3 devstack@keystone.service[81989]: DEBUG dbcounter [-] [81989] Writing DB stats keystone:SELECT=98,keystone:INSERT=2 {{(pid=81989) stat_writer /usr/local/lib/python3.8/dist-packages/dbcounter.py:114}}
Sep 02 10:14:57.100985 n-d-830829-3 devstack@keystone.service[81990]: DEBUG keystone.server.flask.request_processing.req_logging [None req-20270325-4de9-4d3c-b425-e8863cf35947 None None] REQUEST_METHOD: `GET` {{(pid=81990) log_request_info /opt/stack/keystone/keystone/server/flask/request_processing/req_logging.py:27}}
Sep 02 10:14:57.101268 n-d-830829-3 devstack@keystone.service[81990]: DEBUG keystone.server.flask.request_processing.req_logging [None req-20270325-4de9-4d3c-b425-e8863cf35947 None None] SCRIPT_NAME: `/identity` {{(pid=81990) log_request_info /opt/stack/keystone/keystone/server/flask/request_processing/req_logging.py:28}}
Sep 02 10:14:57.101438 n-d-830829-3 devstack@keystone.service[81990]: DEBUG keystone.server.flask.request_processing.req_logging [None req-20270325-4de9-4d3c-b425-e8863cf35947 None None] PATH_INFO: `/` {{(pid=81990) log_request_info /opt/stack/keystone/keystone/server/flask/request_processing/req_logging.py:29}}
Sep 02 10:14:57.103455 n-d-830829-3 devstack@keystone.service[81990]: [pid: 81990|app: 0|req: 202/405] 10.222.0.20 () {54 vars in 927 bytes} [Fri Sep 2 10:14:57 2022] GET /identity => generated 270 bytes in 4 msecs (HTTP/1.1 300) 6 headers in 234 bytes (1 switches on core 0)
Sep 02 10:14:57.110288 n-d-830829-3 devstack@keystone.service[81990]: DEBUG keystone.server.flask.request_processing.req_logging [None req-28664d07-b587-4e74-89c3-45a5f07b3db8 None None] REQUEST_METHOD: `POST` {{(pid=81990) log_request_info /opt/stack/keystone/keystone/server/flask/request_processing/req_logging.py:27}}
Sep 02 10:14:57.110588 n-d-830829-3 devstack@keystone.service[81990]: DEBUG keystone.server.flask.request_processing.req_logging [None req-28664d07-b587-4e74-89c3-45a5f07b3db8 None None] SCRIPT_NAME: `/identity` {{(pid=81990) log_request_info /opt/stack/keystone/keystone/server/flask/request_processing/req_logging.py:28}}
Sep 02 10:14:57.110833 n-d-830829-3 devstack@keystone.service[81990]: DEBUG keystone.server.flask.request_processing.req_logging [None req-28664d07-b587-4e74-89c3-45a5f07b3db8 None None] PATH_INFO: `/v3/auth/tokens` {{(pid=81990) log_request_info /opt/stack/keystone/keystone/server/flask/request_processing/req_logging.py:29}}
Sep 02 10:14:57.144190 n-d-830829-3 devstack@keystone.service[81990]: DEBUG keystone.auth.core [None req-28664d07-b587-4e74-89c3-45a5f07b3db8 None None] MFA Rules not processed for user `6b9f4e40afd54fd4a529ef61eb37fd9a`. Rule list: `[]` (Enabled: `True`). {{(pid=81990) check_auth_methods_against_rules /opt/stack/keystone/keystone/auth/core.py:438}}
Sep 02 10:14:57.146754 n-d-830829-3 devstack@keystone.service[81990]: DEBUG keystone.common.fernet_utils [None req-28664d07-b587-4e74-89c3-45a5f07b3db8 None None] Loaded 2 Fernet keys from /etc/keystone/fernet-keys/, but `[fernet_tokens] max_active_keys = 3`; perhaps there have not been enough key rotations to reach `max_active_keys` yet? {{(pid=81990) load_keys /opt/stack/keystone/keystone/common/fernet_utils.py:286}}
Sep 02 10:14:57.181009 n-d-830829-3 devstack@keystone.service[81989]: DEBUG keystone.server.flask.request_processing.middleware.auth_context [None req-4d509ee7-6815-4bd5-b50c-b4bbe6c37b26 None admin] Validating token access rules against request {{(pid=81989) validate_allowed_request /usr/local/lib/python3.8/dist-packages/keystonemiddleware/auth_token/__init__.py:545}}
Sep 02 10:14:57.220761 n-d-830829-3 devstack@keystone.service[81989]: DEBUG keystone.server.flask.request_processing.middleware.auth_context [None req-d007958b-aaae-467f-8b48-e6ed3e4c7d85 None admin] RBAC: auth_context: {'token': , 'domain_id': None, 'trust_id': None, 'trustor_id': None, 'trustee_id': None, 'domain_name': None, 'group_ids': [], 'user_id': '6b9f4e40afd54fd4a529ef61eb37fd9a', 'user_domain_id': 'default', 'system_scope': 'all', 'project_id': None, 'project_domain_id': None, 'roles': ['admin', 'member', 'reader'], 'is_admin_project': True, 'service_user_id': None, 'service_user_domain_id': None, 'service_project_id': None, 'service_project_domain_id': None, 'service_roles': []} {{(pid=81989) fill_context /opt/stack/keystone/keystone/server/flask/request_processing/middleware/auth_context.py:478}}
Sep 02 10:14:57.221759 n-d-830829-3 devstack@keystone.service[81989]: DEBUG keystone.server.flask.request_processing.req_logging [None req-d007958b-aaae-467f-8b48-e6ed3e4c7d85 None admin] REQUEST_METHOD: `GET` {{(pid=81989) log_request_info /opt/stack/keystone/keystone/server/flask/request_processing/req_logging.py:27}}
Sep 02 10:14:57.222305 n-d-830829-3 devstack@keystone.service[81989]: DEBUG keystone.server.flask.request_processing.req_logging [None req-d007958b-aaae-467f-8b48-e6ed3e4c7d85 None admin] SCRIPT_NAME: `/identity` {{(pid=81989) log_request_info /opt/stack/keystone/keystone/server/flask/request_processing/req_logging.py:28}}
Sep 02 10:14:57.222574 n-d-830829-3 devstack@keystone.service[81989]: DEBUG keystone.server.flask.request_processing.req_logging [None req-d007958b-aaae-467f-8b48-e6ed3e4c7d85 None admin] PATH_INFO: `/v3/roles` {{(pid=81989) log_request_info /opt/stack/keystone/keystone/server/flask/request_processing/req_logging.py:29}}
Sep 02 10:14:57.223467 n-d-830829-3 devstack@keystone.service[81989]: DEBUG keystone.common.rbac_enforcer.enforcer [None req-d007958b-aaae-467f-8b48-e6ed3e4c7d85 None admin] RBAC: Adding query filter params (name=anotherrole) {{(pid=81989) _extract_filter_values /opt/stack/keystone/keystone/common/rbac_enforcer/enforcer.py:167}}
Sep 02 10:14:57.224539 n-d-830829-3 devstack@keystone.service[81989]: DEBUG keystone.common.rbac_enforcer.enforcer [None req-d007958b-aaae-467f-8b48-e6ed3e4c7d85 None admin] RBAC: Authorizing `identity:list_roles()` {{(pid=81989) enforce_call /opt/stack/keystone/keystone/common/rbac_enforcer/enforcer.py:449}}
Sep 02 10:14:57.226405 n-d-830829-3 devstack@keystone.service[81989]: DEBUG keystone.common.rbac_enforcer.enforcer [None req-d007958b-aaae-467f-8b48-e6ed3e4c7d85 None admin] RBAC: Authorization granted {{(pid=81989) enforce_call /opt/stack/keystone/keystone/common/rbac_enforcer/enforcer.py:457}}
Sep 02 10:14:57.235703 n-d-830829-3 devstack@keystone.service[81989]: [pid: 81989|app: 0|req: 204/407] 10.222.0.20 () {56 vars in 1111 bytes} [Fri Sep 2 10:14:57 2022] GET /identity/v3/roles?name=anotherrole => generated 334 bytes in 220 msecs (HTTP/1.1 200) 5 headers in 177 bytes (1 switches on core 0)
Sep 02 10:14:57.236322 n-d-830829-3 devstack@keystone.service[81990]: [pid: 81990|app: 0|req: 203/407] 10.222.0.20 () {58 vars in 1024 bytes} [Fri Sep 2 10:14:57 2022] POST /identity/v3/auth/tokens => generated 799 bytes in 125 msecs (HTTP/1.1 201) 6 headers in 363 bytes (2 switches on core 0)
Sep 02 10:14:57.242026 n-d-830829-3 devstack@keystone.service[81989]: DEBUG keystone.server.flask.request_processing.middleware.auth_context [None req-d007958b-aaae-467f-8b48-e6ed3e4c7d85 None admin] Authenticating user token {{(pid=81989) process_request /usr/local/lib/python3.8/dist-packages/keystonemiddleware/auth_token/__init__.py:407}}
Sep 02 10:14:57.333485 n-d-830829-3 devstack@keystone.service[81989]: DEBUG dbcounter [-] [81989] Writing DB stats keystone:SELECT=100 {{(pid=81989) stat_writer /usr/local/lib/python3.8/dist-packages/dbcounter.py:114}}
Sep 02 10:14:57.349791 n-d-830829-3 devstack@keystone.service[81989]: DEBUG keystone.server.flask.request_processing.middleware.auth_context [None req-d007958b-aaae-467f-8b48-e6ed3e4c7d85 None admin] Validating token access rules against request {{(pid=81989) validate_allowed_request /usr/local/lib/python3.8/dist-packages/keystonemiddleware/auth_token/__init__.py:545}}
