Jun 01 21:38:38.102382 n-d-830646-9 devstack@g-api.service[113602]: DEBUG glance.api.middleware.version_negotiation [None req-ec769c1a-ac49-4a74-80b8-b0ec08001360 tempest-ImagesTestJSON-1947349749 tempest-ImagesTestJSON-1947349749-project] new path /v2/schemas/image {{(pid=113602) process_request /opt/stack/glance/glance/api/middleware/version_negotiation.py:70}}
Jun 01 21:38:38.102624 n-d-830646-9 devstack@g-api.service[113601]: WARNING glance.api.v2.images [None req-66990a93-9dae-4883-87d6-1e059e33324a tempest-ImagesNegativeTest-1115983148 tempest-ImagesNegativeTest-1115983148-project] After upload to backend, deletion of staged image data has failed because it cannot be found at /tmp/staging//3f557757-bc00-4fea-88d3-ea9e4d7910b9
Jun 01 21:38:38.108957 n-d-830646-9 devstack@g-api.service[113602]: [pid: 113602|app: 0|req: 306/594] 127.0.0.1 () {42 vars in 991 bytes} [Wed Jun 1 21:38:38 2022] GET /v2/schemas/image => generated 6083 bytes in 24 msecs (HTTP/1.1 200) 4 headers in 158 bytes (1 switches on core 0)
Jun 01 21:38:38.252068 n-d-830646-9 devstack@g-api.service[113602]: DEBUG glance.api.middleware.version_negotiation [None req-ec769c1a-ac49-4a74-80b8-b0ec08001360 tempest-ImagesTestJSON-1947349749 tempest-ImagesTestJSON-1947349749-project] Determining version of request: GET /v2/images/4d8edf5f-8d4f-4abc-a026-d8b7fb1dcc16 Accept: */* {{(pid=113602) process_request /opt/stack/glance/glance/api/middleware/version_negotiation.py:44}}
Jun 01 21:38:38.252460 n-d-830646-9 devstack@g-api.service[113602]: DEBUG glance.api.middleware.version_negotiation [None req-ec769c1a-ac49-4a74-80b8-b0ec08001360 tempest-ImagesTestJSON-1947349749 tempest-ImagesTestJSON-1947349749-project] Using url versioning {{(pid=113602) process_request /opt/stack/glance/glance/api/middleware/version_negotiation.py:57}}
Jun 01 21:38:38.252792 n-d-830646-9 devstack@g-api.service[113602]: DEBUG glance.api.middleware.version_negotiation [None req-ec769c1a-ac49-4a74-80b8-b0ec08001360 tempest-ImagesTestJSON-1947349749 tempest-ImagesTestJSON-1947349749-project] Matched version: v2 {{(pid=113602) process_request /opt/stack/glance/glance/api/middleware/version_negotiation.py:69}}
Jun 01 21:38:38.253086 n-d-830646-9 devstack@g-api.service[113602]: DEBUG glance.api.middleware.version_negotiation [None req-ec769c1a-ac49-4a74-80b8-b0ec08001360 tempest-ImagesTestJSON-1947349749 tempest-ImagesTestJSON-1947349749-project] new path /v2/images/4d8edf5f-8d4f-4abc-a026-d8b7fb1dcc16 {{(pid=113602) process_request /opt/stack/glance/glance/api/middleware/version_negotiation.py:70}}
Jun 01 21:38:38.272203 n-d-830646-9 devstack@g-api.service[113601]: [pid: 113601|app: 0|req: 289/595] 127.0.0.1 () {38 vars in 778 bytes} [Wed Jun 1 21:38:38 2022] DELETE /v2/images/3f557757-bc00-4fea-88d3-ea9e4d7910b9 => generated 0 bytes in 193 msecs (HTTP/1.1 204) 4 headers in 171 bytes (1 switches on core 0)
Jun 01 21:38:38.276587 n-d-830646-9 devstack@g-api.service[113601]: DEBUG glance.api.middleware.version_negotiation [None req-66990a93-9dae-4883-87d6-1e059e33324a tempest-ImagesNegativeTest-1115983148 tempest-ImagesNegativeTest-1115983148-project] Determining version of request: GET /v2/images/3f557757-bc00-4fea-88d3-ea9e4d7910b9 Accept: application/json {{(pid=113601) process_request /opt/stack/glance/glance/api/middleware/version_negotiation.py:44}}
Jun 01 21:38:38.276978 n-d-830646-9 devstack@g-api.service[113601]: DEBUG glance.api.middleware.version_negotiation [None req-66990a93-9dae-4883-87d6-1e059e33324a tempest-ImagesNegativeTest-1115983148 tempest-ImagesNegativeTest-1115983148-project] Using url versioning {{(pid=113601) process_request /opt/stack/glance/glance/api/middleware/version_negotiation.py:57}}
Jun 01 21:38:38.277363 n-d-830646-9 devstack@g-api.service[113601]: DEBUG glance.api.middleware.version_negotiation [None req-66990a93-9dae-4883-87d6-1e059e33324a tempest-ImagesNegativeTest-1115983148 tempest-ImagesNegativeTest-1115983148-project] Matched version: v2 {{(pid=113601) process_request /opt/stack/glance/glance/api/middleware/version_negotiation.py:69}}
Jun 01 21:38:38.277802 n-d-830646-9 devstack@g-api.service[113601]: DEBUG glance.api.middleware.version_negotiation [None req-66990a93-9dae-4883-87d6-1e059e33324a tempest-ImagesNegativeTest-1115983148 tempest-ImagesNegativeTest-1115983148-project] new path /v2/images/3f557757-bc00-4fea-88d3-ea9e4d7910b9 {{(pid=113601) process_request /opt/stack/glance/glance/api/middleware/version_negotiation.py:70}}
Jun 01 21:38:38.282417 n-d-830646-9 devstack@g-api.service[113602]: [pid: 113602|app: 0|req: 307/596] 127.0.0.1 () {42 vars in 1051 bytes} [Wed Jun 1 21:38:38 2022] GET /v2/images/4d8edf5f-8d4f-4abc-a026-d8b7fb1dcc16 => generated 1301 bytes in 31 msecs (HTTP/1.1 200) 4 headers in 158 bytes (1 switches on core 0)
Jun 01 21:38:38.292488 n-d-830646-9 devstack@g-api.service[113601]: DEBUG glance.db.sqlalchemy.api [None req-1a9b9b1f-c1d3-4085-824f-138c641e9be5 tempest-ImagesNegativeTest-1115983148 tempest-ImagesNegativeTest-1115983148-project] No image found with ID 3f557757-bc00-4fea-88d3-ea9e4d7910b9 {{(pid=113601) _image_get /opt/stack/glance/glance/db/sqlalchemy/api.py:280}}
Jun 01 21:38:38.293151 n-d-830646-9 devstack@g-api.service[113602]: DEBUG glance.api.middleware.version_negotiation [None req-35bf45f5-8763-4f60-bf79-abdb4349226f tempest-ImagesTestJSON-1947349749 tempest-ImagesTestJSON-1947349749-project] Determining version of request: GET /v2/schemas/image Accept: */* {{(pid=113602) process_request /opt/stack/glance/glance/api/middleware/version_negotiation.py:44}}
Jun 01 21:38:38.293973 n-d-830646-9 devstack@g-api.service[113601]: [pid: 113601|app: 0|req: 290/597] 127.0.0.1 () {38 vars in 775 bytes} [Wed Jun 1 21:38:38 2022] GET /v2/images/3f557757-bc00-4fea-88d3-ea9e4d7910b9 => generated 139 bytes in 18 msecs (HTTP/1.1 404) 4 headers in 164 bytes (1 switches on core 0)
Jun 01 21:38:38.294332 n-d-830646-9 devstack@g-api.service[113602]: DEBUG glance.api.middleware.version_negotiation [None req-35bf45f5-8763-4f60-bf79-abdb4349226f tempest-ImagesTestJSON-1947349749 tempest-ImagesTestJSON-1947349749-project] Using url versioning {{(pid=113602) process_request /opt/stack/glance/glance/api/middleware/version_negotiation.py:57}}
Jun 01 21:38:38.297946 n-d-830646-9 devstack@g-api.service[113602]: DEBUG glance.api.middleware.version_negotiation [None req-35bf45f5-8763-4f60-bf79-abdb4349226f tempest-ImagesTestJSON-1947349749 tempest-ImagesTestJSON-1947349749-project] Matched version: v2 {{(pid=113602) process_request /opt/stack/glance/glance/api/middleware/version_negotiation.py:69}}
Jun 01 21:38:38.297946 n-d-830646-9 devstack@g-api.service[113602]: DEBUG glance.api.middleware.version_negotiation [None req-35bf45f5-8763-4f60-bf79-abdb4349226f tempest-ImagesTestJSON-1947349749 tempest-ImagesTestJSON-1947349749-project] new path /v2/schemas/image {{(pid=113602) process_request /opt/stack/glance/glance/api/middleware/version_negotiation.py:70}}
Jun 01 21:38:38.300265 n-d-830646-9 devstack@g-api.service[113601]: DEBUG glance.api.middleware.version_negotiation [None req-1a9b9b1f-c1d3-4085-824f-138c641e9be5 tempest-ImagesNegativeTest-1115983148 tempest-ImagesNegativeTest-1115983148-project] Determining version of request: GET /v2/images/3f557757-bc00-4fea-88d3-ea9e4d7910b9 Accept: application/json {{(pid=113601) process_request /opt/stack/glance/glance/api/middleware/version_negotiation.py:44}}
Jun 01 21:38:38.300897 n-d-830646-9 devstack@g-api.service[113601]: DEBUG glance.api.middleware.version_negotiation [None req-1a9b9b1f-c1d3-4085-824f-138c641e9be5 tempest-ImagesNegativeTest-1115983148 tempest-ImagesNegativeTest-1115983148-project] Using url versioning {{(pid=113601) process_request /opt/stack/glance/glance/api/middleware/version_negotiation.py:57}}
Jun 01 21:38:38.301231 n-d-830646-9 devstack@g-api.service[113601]: DEBUG glance.api.middleware.version_negotiation [None req-1a9b9b1f-c1d3-4085-824f-138c641e9be5 tempest-ImagesNegativeTest-1115983148 tempest-ImagesNegativeTest-1115983148-project] Matched version: v2 {{(pid=113601) process_request /opt/stack/glance/glance/api/middleware/version_negotiation.py:69}}
Jun 01 21:38:38.302125 n-d-830646-9 devstack@g-api.service[113601]: DEBUG glance.api.middleware.version_negotiation [None req-1a9b9b1f-c1d3-4085-824f-138c641e9be5 tempest-ImagesNegativeTest-1115983148 tempest-ImagesNegativeTest-1115983148-project] new path /v2/images/3f557757-bc00-4fea-88d3-ea9e4d7910b9 {{(pid=113601) process_request /opt/stack/glance/glance/api/middleware/version_negotiation.py:70}}
Jun 01 21:38:38.306589 n-d-830646-9 devstack@g-api.service[113602]: [pid: 113602|app: 0|req: 308/598] 127.0.0.1 () {42 vars in 991 bytes} [Wed Jun 1 21:38:38 2022] GET /v2/schemas/image => generated 6083 bytes in 14 msecs (HTTP/1.1 200) 4 headers in 158 bytes (1 switches on core 0)
Jun 01 21:38:38.313451 n-d-830646-9 devstack@g-api.service[113601]: DEBUG glance.db.sqlalchemy.api [None req-5c50ae13-6d37-4e1d-bcea-df845fa1fa3f tempest-ImagesNegativeTest-1115983148 tempest-ImagesNegativeTest-1115983148-project] No image found with ID 3f557757-bc00-4fea-88d3-ea9e4d7910b9 {{(pid=113601) _image_get /opt/stack/glance/glance/db/sqlalchemy/api.py:280}}
Jun 01 21:38:38.318561 n-d-830646-9 devstack@g-api.service[113601]: [pid: 113601|app: 0|req: 291/599] 127.0.0.1 () {38 vars in 775 bytes} [Wed Jun 1 21:38:38 2022] GET /v2/images/3f557757-bc00-4fea-88d3-ea9e4d7910b9 => generated 139 bytes in 15 msecs (HTTP/1.1 404) 4 headers in 164 bytes (1 switches on core 0)
Jun 01 21:38:38.319889 n-d-830646-9 devstack@g-api.service[113602]: DEBUG glance.api.middleware.version_negotiation [None req-35bf45f5-8763-4f60-bf79-abdb4349226f tempest-ImagesTestJSON-1947349749 tempest-ImagesTestJSON-1947349749-project] Determining version of request: DELETE /v2/images/3f557757-bc00-4fea-88d3-ea9e4d7910b9 Accept: application/json {{(pid=113602) process_request /opt/stack/glance/glance/api/middleware/version_negotiation.py:44}}
Jun 01 21:38:38.320370 n-d-830646-9 devstack@g-api.service[113602]: DEBUG glance.api.middleware.version_negotiation [None req-35bf45f5-8763-4f60-bf79-abdb4349226f tempest-ImagesTestJSON-1947349749 tempest-ImagesTestJSON-1947349749-project] Using url versioning {{(pid=113602) process_request /opt/stack/glance/glance/api/middleware/version_negotiation.py:57}}
Jun 01 21:38:38.320762 n-d-830646-9 devstack@g-api.service[113602]: DEBUG glance.api.middleware.version_negotiation [None req-35bf45f5-8763-4f60-bf79-abdb4349226f tempest-ImagesTestJSON-1947349749 tempest-ImagesTestJSON-1947349749-project] Matched version: v2 {{(pid=113602) process_request /opt/stack/glance/glance/api/middleware/version_negotiation.py:69}}
Jun 01 21:38:38.321201 n-d-830646-9 devstack@g-api.service[113602]: DEBUG glance.api.middleware.version_negotiation [None req-35bf45f5-8763-4f60-bf79-abdb4349226f tempest-ImagesTestJSON-1947349749 tempest-ImagesTestJSON-1947349749-project] new path /v2/images/3f557757-bc00-4fea-88d3-ea9e4d7910b9 {{(pid=113602) process_request /opt/stack/glance/glance/api/middleware/version_negotiation.py:70}}
Jun 01 21:38:38.331356 n-d-830646-9 devstack@g-api.service[113602]: DEBUG glance.db.sqlalchemy.api [None req-ac76a1e3-eb75-4618-9f5f-5e17cf394c55 tempest-ImagesNegativeTest-1115983148 tempest-ImagesNegativeTest-1115983148-project] No image found with ID 3f557757-bc00-4fea-88d3-ea9e4d7910b9 {{(pid=113602) _image_get /opt/stack/glance/glance/db/sqlalchemy/api.py:280}}
Jun 01 21:38:38.331913 n-d-830646-9 devstack@g-api.service[113602]: WARNING glance.api.v2.images [None req-ac76a1e3-eb75-4618-9f5f-5e17cf394c55 tempest-ImagesNegativeTest-1115983148 tempest-ImagesNegativeTest-1115983148-project] Failed to find image 3f557757-bc00-4fea-88d3-ea9e4d7910b9 to delete: glance.common.exception.ImageNotFound: No image found with ID 3f557757-bc00-4fea-88d3-ea9e4d7910b9
Jun 01 21:38:38.333865 n-d-830646-9 devstack@g-api.service[113602]: [pid: 113602|app: 0|req: 309/600] 127.0.0.1 () {38 vars in 778 bytes} [Wed Jun 1 21:38:38 2022] DELETE /v2/images/3f557757-bc00-4fea-88d3-ea9e4d7910b9 => generated 147 bytes in 15 msecs (HTTP/1.1 404) 4 headers in 164 bytes (1 switches on core 0)
Jun 01 21:38:38.339285 n-d-830646-9 devstack@g-api.service[113601]: DEBUG glance.api.middleware.version_negotiation [None req-5c50ae13-6d37-4e1d-bcea-df845fa1fa3f tempest-ImagesNegativeTest-1115983148 tempest-ImagesNegativeTest-1115983148-project] Determining version of request: GET /v2/images/ Accept: application/json {{(pid=113601) process_request /opt/stack/glance/glance/api/middleware/version_negotiation.py:44}}
Jun 01 21:38:38.339511 n-d-830646-9 devstack@g-api.service[113601]: DEBUG glance.api.middleware.version_negotiation [None req-5c50ae13-6d37-4e1d-bcea-df845fa1fa3f tempest-ImagesNegativeTest-1115983148 tempest-ImagesNegativeTest-1115983148-project] Using url versioning {{(pid=113601) process_request /opt/stack/glance/glance/api/middleware/version_negotiation.py:57}}
Jun 01 21:38:38.339957 n-d-830646-9 devstack@g-api.service[113601]: DEBUG glance.api.middleware.version_negotiation [None req-5c50ae13-6d37-4e1d-bcea-df845fa1fa3f tempest-ImagesNegativeTest-1115983148 tempest-ImagesNegativeTest-1115983148-project] Matched version: v2 {{(pid=113601) process_request /opt/stack/glance/glance/api/middleware/version_negotiation.py:69}}
Jun 01 21:38:38.340288 n-d-830646-9 devstack@g-api.service[113601]: DEBUG glance.api.middleware.version_negotiation [None req-5c50ae13-6d37-4e1d-bcea-df845fa1fa3f tempest-ImagesNegativeTest-1115983148 tempest-ImagesNegativeTest-1115983148-project] new path /v2/images/ {{(pid=113601) process_request /opt/stack/glance/glance/api/middleware/version_negotiation.py:70}}
Jun 01 21:38:38.344695 n-d-830646-9 devstack@g-api.service[113601]: [pid: 113601|app: 0|req: 292/601] 127.0.0.1 () {38 vars in 703 bytes} [Wed Jun 1 21:38:38 2022] GET /v2/images/ => generated 112 bytes in 6 msecs (HTTP/1.1 404) 4 headers in 164 bytes (1 switches on core 0)
Jun 01 21:38:38.357411 n-d-830646-9 devstack@g-api.service[113602]: DEBUG glance.api.middleware.version_negotiation [None req-ac76a1e3-eb75-4618-9f5f-5e17cf394c55 tempest-ImagesNegativeTest-1115983148 tempest-ImagesNegativeTest-1115983148-project] Determining version of request: GET /v2/images/b7feb25c-b6ed-439b-a286-c57434bcb6dc Accept: application/json {{(pid=113602) process_request /opt/stack/glance/glance/api/middleware/version_negotiation.py:44}}
Jun 01 21:38:38.357825 n-d-830646-9 devstack@g-api.service[113602]: DEBUG glance.api.middleware.version_negotiation [None req-ac76a1e3-eb75-4618-9f5f-5e17cf394c55 tempest-ImagesNegativeTest-1115983148 tempest-ImagesNegativeTest-1115983148-project] Using url versioning {{(pid=113602) process_request /opt/stack/glance/glance/api/middleware/version_negotiation.py:57}}
Jun 01 21:38:38.358222 n-d-830646-9 devstack@g-api.service[113602]: DEBUG glance.api.middleware.version_negotiation [None req-ac76a1e3-eb75-4618-9f5f-5e17cf394c55 tempest-ImagesNegativeTest-1115983148 tempest-ImagesNegativeTest-1115983148-project] Matched version: v2 {{(pid=113602) process_request /opt/stack/glance/glance/api/middleware/version_negotiation.py:69}}
Jun 01 21:38:38.359579 n-d-830646-9 devstack@g-api.service[113602]: DEBUG glance.api.middleware.version_negotiation [None req-ac76a1e3-eb75-4618-9f5f-5e17cf394c55 tempest-ImagesNegativeTest-1115983148 tempest-ImagesNegativeTest-1115983148-project] new path /v2/images/b7feb25c-b6ed-439b-a286-c57434bcb6dc {{(pid=113602) process_request /opt/stack/glance/glance/api/middleware/version_negotiation.py:70}}
Jun 01 21:38:38.392312 n-d-830646-9 devstack@g-api.service[113602]: DEBUG glance.db.sqlalchemy.api [None req-f7e2066a-d063-42f9-9ddb-686825e746f0 tempest-ImagesNegativeTest-1115983148 tempest-ImagesNegativeTest-1115983148-project] No image found with ID b7feb25c-b6ed-439b-a286-c57434bcb6dc {{(pid=113602) _image_get /opt/stack/glance/glance/db/sqlalchemy/api.py:280}}
Jun 01 21:38:38.398616 n-d-830646-9 devstack@g-api.service[113601]: DEBUG glance.api.middleware.version_negotiation [None req-9ed374f8-f7f9-4eec-8c44-76dcdbec4469 tempest-ImagesNegativeTest-1115983148 tempest-ImagesNegativeTest-1115983148-project] Determining version of request: POST /v2/images Accept: application/json {{(pid=113601) process_request /opt/stack/glance/glance/api/middleware/version_negotiation.py:44}}
Jun 01 21:38:38.399121 n-d-830646-9 devstack@g-api.service[113601]: DEBUG glance.api.middleware.version_negotiation [None req-9ed374f8-f7f9-4eec-8c44-76dcdbec4469 tempest-ImagesNegativeTest-1115983148 tempest-ImagesNegativeTest-1115983148-project] Using url versioning {{(pid=113601) process_request /opt/stack/glance/glance/api/middleware/version_negotiation.py:57}}
Jun 01 21:38:38.399730 n-d-830646-9 devstack@g-api.service[113601]: DEBUG glance.api.middleware.version_negotiation [None req-9ed374f8-f7f9-4eec-8c44-76dcdbec4469 tempest-ImagesNegativeTest-1115983148 tempest-ImagesNegativeTest-1115983148-project] Matched version: v2 {{(pid=113601) process_request /opt/stack/glance/glance/api/middleware/version_negotiation.py:69}}
Jun 01 21:38:38.400087 n-d-830646-9 devstack@g-api.service[113601]: DEBUG glance.api.middleware.version_negotiation [None req-9ed374f8-f7f9-4eec-8c44-76dcdbec4469 tempest-ImagesNegativeTest-1115983148 tempest-ImagesNegativeTest-1115983148-project] new path /v2/images {{(pid=113601) process_request /opt/stack/glance/glance/api/middleware/version_negotiation.py:70}}
Jun 01 21:38:38.413420 n-d-830646-9 devstack@g-api.service[113602]: [pid: 113602|app: 0|req: 310/602] 127.0.0.1 () {38 vars in 775 bytes} [Wed Jun 1 21:38:38 2022] GET /v2/images/b7feb25c-b6ed-439b-a286-c57434bcb6dc => generated 139 bytes in 34 msecs (HTTP/1.1 404) 4 headers in 164 bytes (1 switches on core 0)
Jun 01 21:38:38.420208 n-d-830646-9 devstack@g-api.service[113601]: [pid: 113601|app: 0|req: 293/603] 127.0.0.1 () {40 vars in 722 bytes} [Wed Jun 1 21:38:38 2022] POST /v2/images => generated 639 bytes in 22 msecs (HTTP/1.1 400) 4 headers in 166 bytes (1 switches on core 0)
Jun 01 21:38:38.426670 n-d-830646-9 devstack@g-api.service[113602]: DEBUG glance.api.middleware.version_negotiation [None req-f7e2066a-d063-42f9-9ddb-686825e746f0 tempest-ImagesNegativeTest-1115983148 tempest-ImagesNegativeTest-1115983148-project] Determining version of request: POST /v2/images Accept: application/json {{(pid=113602) process_request /opt/stack/glance/glance/api/middleware/version_negotiation.py:44}}
Jun 01 21:38:38.427537 n-d-830646-9 devstack@g-api.service[113602]: DEBUG glance.api.middleware.version_negotiation [None req-f7e2066a-d063-42f9-9ddb-686825e746f0 tempest-ImagesNegativeTest-1115983148 tempest-ImagesNegativeTest-1115983148-project] Using url versioning {{(pid=113602) process_request /opt/stack/glance/glance/api/middleware/version_negotiation.py:57}}
Jun 01 21:38:38.428075 n-d-830646-9 devstack@g-api.service[113602]: DEBUG glance.api.middleware.version_negotiation [None req-f7e2066a-d063-42f9-9ddb-686825e746f0 tempest-ImagesNegativeTest-1115983148 tempest-ImagesNegativeTest-1115983148-project] Matched version: v2 {{(pid=113602) process_request /opt/stack/glance/glance/api/middleware/version_negotiation.py:69}}
Jun 01 21:38:38.428845 n-d-830646-9 devstack@g-api.service[113602]: DEBUG glance.api.middleware.version_negotiation [None req-f7e2066a-d063-42f9-9ddb-686825e746f0 tempest-ImagesNegativeTest-1115983148 tempest-ImagesNegativeTest-1115983148-project] new path /v2/images {{(pid=113602) process_request /opt/stack/glance/glance/api/middleware/version_negotiation.py:70}}
Jun 01 21:38:38.445203 n-d-830646-9 devstack@g-api.service[113602]: [pid: 113602|app: 0|req: 311/604] 127.0.0.1 () {40 vars in 722 bytes} [Wed Jun 1 21:38:38 2022] POST /v2/images => generated 701 bytes in 19 msecs (HTTP/1.1 400) 4 headers in 166 bytes (1 switches on core 0)
Jun 01 21:38:38.460366 n-d-830646-9 devstack@g-api.service[113601]: DEBUG glance.api.middleware.version_negotiation [None req-9bde2ce6-1047-47fd-a315-b26833cd431b tempest-ImagesNegativeTest-1115983148 tempest-ImagesNegativeTest-1115983148-project] Determining version of request: POST /v2/images Accept: application/json {{(pid=113601) process_request /opt/stack/glance/glance/api/middleware/version_negotiation.py:44}}
Jun 01 21:38:38.460714 n-d-830646-9 devstack@g-api.service[113601]: DEBUG glance.api.middleware.version_negotiation [None req-9bde2ce6-1047-47fd-a315-b26833cd431b tempest-ImagesNegativeTest-1115983148 tempest-ImagesNegativeTest-1115983148-project] Using url versioning {{(pid=113601) process_request /opt/stack/glance/glance/api/middleware/version_negotiation.py:57}}
Jun 01 21:38:38.461038 n-d-830646-9 devstack@g-api.service[113601]: DEBUG glance.api.middleware.version_negotiation [None req-9bde2ce6-1047-47fd-a315-b26833cd431b tempest-ImagesNegativeTest-1115983148 tempest-ImagesNegativeTest-1115983148-project] Matched version: v2 {{(pid=113601) process_request /opt/stack/glance/glance/api/middleware/version_negotiation.py:69}}
Jun 01 21:38:38.461344 n-d-830646-9 devstack@g-api.service[113601]: DEBUG glance.api.middleware.version_negotiation [None req-9bde2ce6-1047-47fd-a315-b26833cd431b tempest-ImagesNegativeTest-1115983148 tempest-ImagesNegativeTest-1115983148-project] new path /v2/images {{(pid=113601) process_request /opt/stack/glance/glance/api/middleware/version_negotiation.py:70}}
Jun 01 21:38:38.562902 n-d-830646-9 devstack@g-api.service[113601]: [pid: 113601|app: 0|req: 294/605] 127.0.0.1 () {40 vars in 722 bytes} [Wed Jun 1 21:38:38 2022] POST /v2/images => generated 611 bytes in 103 msecs (HTTP/1.1 201) 6 headers in 314 bytes (1 switches on core 0)
Jun 01 21:38:38.563381 n-d-830646-9 devstack@g-api.service[113602]: DEBUG glance.api.middleware.version_negotiation [None req-efe18a99-c3f1-4dee-88d9-d50f3a6756f5 tempest-ImagesNegativeTest-1115983148 tempest-ImagesNegativeTest-1115983148-project] Determining version of request: PATCH /v2/images/c5321c71-bce0-470b-b31c-a0dc180132cb Accept: {{(pid=113602) process_request /opt/stack/glance/glance/api/middleware/version_negotiation.py:44}}
Jun 01 21:38:38.563953 n-d-830646-9 devstack@g-api.service[113602]: DEBUG glance.api.middleware.version_negotiation [None req-efe18a99-c3f1-4dee-88d9-d50f3a6756f5 tempest-ImagesNegativeTest-1115983148 tempest-ImagesNegativeTest-1115983148-project] Using url versioning {{(pid=113602) process_request /opt/stack/glance/glance/api/middleware/version_negotiation.py:57}}
Jun 01 21:38:38.564562 n-d-830646-9 devstack@g-api.service[113602]: DEBUG glance.api.middleware.version_negotiation [None req-efe18a99-c3f1-4dee-88d9-d50f3a6756f5 tempest-ImagesNegativeTest-1115983148 tempest-ImagesNegativeTest-1115983148-project] Matched version: v2 {{(pid=113602) process_request /opt/stack/glance/glance/api/middleware/version_negotiation.py:69}}
Jun 01 21:38:38.565083 n-d-830646-9 devstack@g-api.service[113602]: DEBUG glance.api.middleware.version_negotiation [None req-efe18a99-c3f1-4dee-88d9-d50f3a6756f5 tempest-ImagesNegativeTest-1115983148 tempest-ImagesNegativeTest-1115983148-project] new path /v2/images/c5321c71-bce0-470b-b31c-a0dc180132cb {{(pid=113602) process_request /opt/stack/glance/glance/api/middleware/version_negotiation.py:70}}
Jun 01 21:38:38.569680 n-d-830646-9 devstack@g-api.service[113602]: [pid: 113602|app: 0|req: 312/606] 127.0.0.1 () {38 vars in 794 bytes} [Wed Jun 1 21:38:38 2022] PATCH /v2/images/c5321c71-bce0-470b-b31c-a0dc180132cb => generated 58 bytes in 7 msecs (HTTP/1.1 403) 4 headers in 172 bytes (1 switches on core 0)
Jun 01 21:38:38.581335 n-d-830646-9 devstack@g-api.service[113601]: DEBUG glance.api.middleware.version_negotiation [None req-51e32142-c732-4812-9f5d-a63e88b9cf18 tempest-ImagesNegativeTest-1115983148 tempest-ImagesNegativeTest-1115983148-project] Determining version of request: DELETE /v2/images/c5321c71-bce0-470b-b31c-a0dc180132cb Accept: application/json {{(pid=113601) process_request /opt/stack/glance/glance/api/middleware/version_negotiation.py:44}}
Jun 01 21:38:38.581681 n-d-830646-9 devstack@g-api.service[113601]: DEBUG glance.api.middleware.version_negotiation [None req-51e32142-c732-4812-9f5d-a63e88b9cf18 tempest-ImagesNegativeTest-1115983148 tempest-ImagesNegativeTest-1115983148-project] Using url versioning {{(pid=113601) process_request /opt/stack/glance/glance/api/middleware/version_negotiation.py:57}}
Jun 01 21:38:38.582644 n-d-830646-9 devstack@g-api.service[113601]: DEBUG glance.api.middleware.version_negotiation [None req-51e32142-c732-4812-9f5d-a63e88b9cf18 tempest-ImagesNegativeTest-1115983148 tempest-ImagesNegativeTest-1115983148-project] Matched version: v2 {{(pid=113601) process_request /opt/stack/glance/glance/api/middleware/version_negotiation.py:69}}
Jun 01 21:38:38.582963 n-d-830646-9 devstack@g-api.service[113601]: DEBUG glance.api.middleware.version_negotiation [None req-51e32142-c732-4812-9f5d-a63e88b9cf18 tempest-ImagesNegativeTest-1115983148 tempest-ImagesNegativeTest-1115983148-project] new path /v2/images/c5321c71-bce0-470b-b31c-a0dc180132cb {{(pid=113601) process_request /opt/stack/glance/glance/api/middleware/version_negotiation.py:70}}
Jun 01 21:38:38.611387 n-d-830646-9 devstack@g-api.service[113601]: WARNING glance.api.v2.images [None req-a3d193ca-4a65-48cd-94ba-7871fb6ed900 tempest-ImagesNegativeTest-1115983148 tempest-ImagesNegativeTest-1115983148-project] After upload to backend, deletion of staged image data has failed because it cannot be found at /tmp/staging//c5321c71-bce0-470b-b31c-a0dc180132cb
Jun 01 21:38:38.700475 n-d-830646-9 devstack@g-api.service[113602]: DEBUG glance.api.middleware.version_negotiation [None req-876a0adb-e0db-4e65-a202-4d39395d0007 tempest-ImagesNegativeTest-1115983148 tempest-ImagesNegativeTest-1115983148-project] Determining version of request: DELETE /v2/images/4d8edf5f-8d4f-4abc-a026-d8b7fb1dcc16 Accept: */* {{(pid=113602) process_request /opt/stack/glance/glance/api/middleware/version_negotiation.py:44}}
Jun 01 21:38:38.700892 n-d-830646-9 devstack@g-api.service[113602]: DEBUG glance.api.middleware.version_negotiation [None req-876a0adb-e0db-4e65-a202-4d39395d0007 tempest-ImagesNegativeTest-1115983148 tempest-ImagesNegativeTest-1115983148-project] Using url versioning {{(pid=113602) process_request /opt/stack/glance/glance/api/middleware/version_negotiation.py:57}}
Jun 01 21:38:38.701371 n-d-830646-9 devstack@g-api.service[113602]: DEBUG glance.api.middleware.version_negotiation [None req-876a0adb-e0db-4e65-a202-4d39395d0007 tempest-ImagesNegativeTest-1115983148 tempest-ImagesNegativeTest-1115983148-project] Matched version: v2 {{(pid=113602) process_request /opt/stack/glance/glance/api/middleware/version_negotiation.py:69}}
Jun 01 21:38:38.701662 n-d-830646-9 devstack@g-api.service[113602]: DEBUG glance.api.middleware.version_negotiation [None req-876a0adb-e0db-4e65-a202-4d39395d0007 tempest-ImagesNegativeTest-1115983148 tempest-ImagesNegativeTest-1115983148-project] new path /v2/images/4d8edf5f-8d4f-4abc-a026-d8b7fb1dcc16 {{(pid=113602) process_request /opt/stack/glance/glance/api/middleware/version_negotiation.py:70}}
Jun 01 21:38:38.723217 n-d-830646-9 devstack@g-api.service[113602]: WARNING glance.api.v2.images [None req-c615504a-4fe2-42ba-8622-e0fdbc202073 tempest-ImagesTestJSON-1947349749 tempest-ImagesTestJSON-1947349749-project] After upload to backend, deletion of staged image data has failed because it cannot be found at /tmp/staging//4d8edf5f-8d4f-4abc-a026-d8b7fb1dcc16
Jun 01 21:38:38.724899 n-d-830646-9 devstack@g-api.service[113602]: DEBUG glance_store.backend [None req-c615504a-4fe2-42ba-8622-e0fdbc202073 tempest-ImagesTestJSON-1947349749 tempest-ImagesTestJSON-1947349749-project] Attempting to import store swift {{(pid=113602) _load_store /usr/local/lib/python3.8/dist-packages/glance_store/backend.py:217}}
Jun 01 21:38:38.729535 n-d-830646-9 devstack@g-api.service[113602]: DEBUG glance_store.capabilities [None req-c615504a-4fe2-42ba-8622-e0fdbc202073 tempest-ImagesTestJSON-1947349749 tempest-ImagesTestJSON-1947349749-project] Store glance_store._drivers.swift.store.SingleTenantStore doesn't support updating dynamic storage capabilities. Please overwrite 'update_capabilities' method of the store to implement updating logics if needed. {{(pid=113602) update_capabilities /usr/local/lib/python3.8/dist-packages/glance_store/capabilities.py:91}}
Jun 01 21:38:38.730174 n-d-830646-9 devstack@g-api.service[113602]: DEBUG glance_store.driver [None req-c615504a-4fe2-42ba-8622-e0fdbc202073 tempest-ImagesTestJSON-1947349749 tempest-ImagesTestJSON-1947349749-project] Late loading location class glance_store._drivers.swift.store.StoreLocation {{(pid=113602) get_store_location_class /usr/local/lib/python3.8/dist-packages/glance_store/driver.py:117}}
Jun 01 21:38:38.730704 n-d-830646-9 devstack@g-api.service[113602]: DEBUG glance_store.location [None req-c615504a-4fe2-42ba-8622-e0fdbc202073 tempest-ImagesTestJSON-1947349749 tempest-ImagesTestJSON-1947349749-project] Registering scheme swift+https with {'store': , 'location_class': , 'store_entry': 'swift'} {{(pid=113602) register_scheme_map /usr/local/lib/python3.8/dist-packages/glance_store/location.py:146}}
Jun 01 21:38:38.731148 n-d-830646-9 devstack@g-api.service[113602]: DEBUG glance_store.location [None req-c615504a-4fe2-42ba-8622-e0fdbc202073 tempest-ImagesTestJSON-1947349749 tempest-ImagesTestJSON-1947349749-project] Registering scheme swift+https with {'store': , 'location_class': , 'store_entry': 'swift'} {{(pid=113602) register_scheme_map /usr/local/lib/python3.8/dist-packages/glance_store/location.py:146}}
Jun 01 21:38:38.738142 n-d-830646-9 devstack@g-api.service[113602]: DEBUG glance_store.location [None req-c615504a-4fe2-42ba-8622-e0fdbc202073 tempest-ImagesTestJSON-1947349749 tempest-ImagesTestJSON-1947349749-project] Registering scheme swift with {'store': , 'location_class': , 'store_entry': 'swift'} {{(pid=113602) register_scheme_map /usr/local/lib/python3.8/dist-packages/glance_store/location.py:146}}
Jun 01 21:38:38.738142 n-d-830646-9 devstack@g-api.service[113602]: DEBUG glance_store.location [None req-c615504a-4fe2-42ba-8622-e0fdbc202073 tempest-ImagesTestJSON-1947349749 tempest-ImagesTestJSON-1947349749-project] Registering scheme swift+https with {'store': , 'location_class': , 'store_entry': 'swift'} {{(pid=113602) register_scheme_map /usr/local/lib/python3.8/dist-packages/glance_store/location.py:146}}
Jun 01 21:38:38.738142 n-d-830646-9 devstack@g-api.service[113602]: DEBUG glance_store.location [None req-c615504a-4fe2-42ba-8622-e0fdbc202073 tempest-ImagesTestJSON-1947349749 tempest-ImagesTestJSON-1947349749-project] Registering scheme swift with {'store': , 'location_class': , 'store_entry': 'swift'} {{(pid=113602) register_scheme_map /usr/local/lib/python3.8/dist-packages/glance_store/location.py:146}}
Jun 01 21:38:38.738142 n-d-830646-9 devstack@g-api.service[113602]: DEBUG glance_store.location [None req-c615504a-4fe2-42ba-8622-e0fdbc202073 tempest-ImagesTestJSON-1947349749 tempest-ImagesTestJSON-1947349749-project] Registering scheme swift+http with {'store': , 'location_class': , 'store_entry': 'swift'} {{(pid=113602) register_scheme_map /usr/local/lib/python3.8/dist-packages/glance_store/location.py:146}}
Jun 01 21:38:38.738142 n-d-830646-9 devstack@g-api.service[113602]: DEBUG glance_store.location [None req-c615504a-4fe2-42ba-8622-e0fdbc202073 tempest-ImagesTestJSON-1947349749 tempest-ImagesTestJSON-1947349749-project] Registering scheme swift+https with {'store': , 'location_class': , 'store_entry': 'swift'} {{(pid=113602) register_scheme_map /usr/local/lib/python3.8/dist-packages/glance_store/location.py:146}}
Jun 01 21:38:38.738142 n-d-830646-9 devstack@g-api.service[113602]: DEBUG glance_store.location [None req-c615504a-4fe2-42ba-8622-e0fdbc202073 tempest-ImagesTestJSON-1947349749 tempest-ImagesTestJSON-1947349749-project] Registering scheme swift with {'store': , 'location_class': , 'store_entry': 'swift'} {{(pid=113602) register_scheme_map /usr/local/lib/python3.8/dist-packages/glance_store/location.py:146}}
Jun 01 21:38:38.738142 n-d-830646-9 devstack@g-api.service[113602]: DEBUG glance_store.location [None req-c615504a-4fe2-42ba-8622-e0fdbc202073 tempest-ImagesTestJSON-1947349749 tempest-ImagesTestJSON-1947349749-project] Registering scheme swift+http with {'store': , 'location_class': , 'store_entry': 'swift'} {{(pid=113602) register_scheme_map /usr/local/lib/python3.8/dist-packages/glance_store/location.py:146}}
Jun 01 21:38:38.738142 n-d-830646-9 devstack@g-api.service[113602]: DEBUG glance_store.location [None req-c615504a-4fe2-42ba-8622-e0fdbc202073 tempest-ImagesTestJSON-1947349749 tempest-ImagesTestJSON-1947349749-project] Registering scheme swift+config with {'store': , 'location_class': , 'store_entry': 'swift'} {{(pid=113602) register_scheme_map /usr/local/lib/python3.8/dist-packages/glance_store/location.py:146}}
Jun 01 21:38:38.738142 n-d-830646-9 devstack@g-api.service[113602]: DEBUG keystoneclient.auth.identity.v3.base [None req-c615504a-4fe2-42ba-8622-e0fdbc202073 tempest-ImagesTestJSON-1947349749 tempest-ImagesTestJSON-1947349749-project] Making authentication request to http://10.222.0.77/identity/v3/auth/tokens {{(pid=113602) get_auth_ref /usr/local/lib/python3.8/dist-packages/keystoneclient/auth/identity/v3/base.py:187}}
Jun 01 21:38:38.866362 n-d-830646-9 devstack@g-api.service[113602]: DEBUG keystoneclient.auth.identity.v3.base [None req-c615504a-4fe2-42ba-8622-e0fdbc202073 tempest-ImagesTestJSON-1947349749 tempest-ImagesTestJSON-1947349749-project] {"token": {"methods": ["password"], "user": {"domain": {"id": "default", "name": "Default"}, "id": "528674fd75c446feb986e6912dff2b25", "name": "glance-swift", "password_expires_at": null}, "audit_ids": ["J6aMHnVyTgqKY2szvVKIXA"], "expires_at": "2022-06-01T22:38:38.000000Z", "issued_at": "2022-06-01T21:38:38.000000Z", "project": {"domain": {"id": "default", "name": "Default"}, "id": "f5df6a6f5e5845f4bba542935ff098fe", "name": "service"}, "is_domain": false, "roles": [{"id": "1b1faf380fd246b39e9c4781ddde9f06", "name": "service"}, {"id": "da5f4a99cdfe45d789f717d92f0a1d2c", "name": "ResellerAdmin"}], "catalog": [{"endpoints": [{"id": "253fde30cd20468297a2ec47ab02c71c", "interface": "public", "region_id": "RegionOne", "url": "http://10.222.0.77/compute/v2/f5df6a6f5e5845f4bba542935ff098fe", "region": "RegionOne"}], "id": "0caf7fb0febf4934b4e8ff26a6844825", "type": "compute_legacy", "name": "nova_legacy"}, {"endpoints": [{"id": "3e9205e2f3e54e61b95a42b17e2aed46", "interface": "public", "region_id": "RegionOne", "url": "http://10.222.0.77/volume/v3/f5df6a6f5e5845f4bba542935ff098fe", "region": "RegionOne"}], "id": "7b46a86f1e314ebaa11f4f19d6c741c7", "type": "block-storage", "name": "cinder"}, {"endpoints": [{"id": "291756aca06b4d0b815b7f45bc9b83f9", "interface": "public", "region_id": "RegionOne", "url": "http://10.222.0.77/identity", "region": "RegionOne"}], "id": "8340c1c5311744e4b3fe2a092cf9a445", "type": "identity", "name": "keystone"}, {"endpoints": [{"id": "5309180d2b82466dab870228b6c87505", "interface": "public", "region_id": "RegionOne", "url": "http://10.222.0.77/volume/v3/f5df6a6f5e5845f4bba542935ff098fe", "region": "RegionOne"}], "id": "8a25e0efb5d44f76bf4602d6f41103e3", "type": "volumev3", "name": "cinderv3"}, {"endpoints": [{"id": "42b1cf34b5d34f61a8ec2fe719617b60", "interface": "public", "region_id": "RegionOne", "url": "http://10.222.0.77:9696/", "region": "RegionOne"}], "id": "bc201b3829b14661b1a1556025665680", "type": "network", "name": "neutron"}, {"endpoints": [{"id": "3319c80536b24de1beffdcbb6bf03bc2", "interface": "public", "region_id": "RegionOne", "url": "http://10.222.0.77/compute/v2.1", "region": "RegionOne"}], "id": "c8fa778ab4714cc39f10fa7dce456c89", "type": "compute", "name": "nova"}, {"endpoints": [{"id": "b3efd323d6df4ad98b2b51ad13bff93b", "interface": "public", "region_id": "RegionOne", "url": "http://10.222.0.77/placement", "region": "RegionOne"}], "id": "d5973219f1914fbeaba2c604eb3f02ac", "type": "placement", "name": "placement"}, {"endpoints": [{"id": "2602cf3e4e2045a88609289dcfc6a976", "interface": "public", "region_id": "RegionOne", "url": "http://10.222.0.77:8080/v1/AUTH_f5df6a6f5e5845f4bba542935ff098fe", "region": "RegionOne"}, {"id": "b2f0f2174315489cb383c343bbc031a0", "interface": "admin", "region_id": "RegionOne", "url": "http://10.222.0.77:8080", "region": "RegionOne"}], "id": "d971579829ee4980b7865f110accbb59", "type": "object-store", "name": "swift"}, {"endpoints": [{"id": "555bef9481f845c5a16c6badec905e26", "interface": "public", "region_id": "RegionOne", "url": "http://10.222.0.77/image", "region": "RegionOne"}], "id": "dc929c66bdbc4781ab69d0f5df06a735", "type": "image", "name": "glance"}]}} {{(pid=113602) get_auth_ref /usr/local/lib/python3.8/dist-packages/keystoneclient/auth/identity/v3/base.py:192}}
Jun 01 21:38:38.868413 n-d-830646-9 devstack@g-api.service[113602]: DEBUG keystoneclient.httpclient [None req-c615504a-4fe2-42ba-8622-e0fdbc202073 tempest-ImagesTestJSON-1947349749 tempest-ImagesTestJSON-1947349749-project] Failed to find endpoint for management url admin endpoint for identity service not found {{(pid=113602) _process_management_url /usr/local/lib/python3.8/dist-packages/keystoneclient/httpclient.py:676}}
Jun 01 21:38:38.871652 n-d-830646-9 devstack@g-api.service[113601]: [pid: 113601|app: 0|req: 295/607] 127.0.0.1 () {38 vars in 778 bytes} [Wed Jun 1 21:38:38 2022] DELETE /v2/images/c5321c71-bce0-470b-b31c-a0dc180132cb => generated 0 bytes in 291 msecs (HTTP/1.1 204) 4 headers in 171 bytes (1 switches on core 0)
Jun 01 21:38:38.873093 n-d-830646-9 devstack@g-api.service[113601]: DEBUG glance.api.middleware.version_negotiation [None req-a3d193ca-4a65-48cd-94ba-7871fb6ed900 tempest-ImagesNegativeTest-1115983148 tempest-ImagesNegativeTest-1115983148-project] Determining version of request: GET /v2/images/c5321c71-bce0-470b-b31c-a0dc180132cb Accept: application/json {{(pid=113601) process_request /opt/stack/glance/glance/api/middleware/version_negotiation.py:44}}
Jun 01 21:38:38.873542 n-d-830646-9 devstack@g-api.service[113601]: DEBUG glance.api.middleware.version_negotiation [None req-a3d193ca-4a65-48cd-94ba-7871fb6ed900 tempest-ImagesNegativeTest-1115983148 tempest-ImagesNegativeTest-1115983148-project] Using url versioning {{(pid=113601) process_request /opt/stack/glance/glance/api/middleware/version_negotiation.py:57}}
Jun 01 21:38:38.873964 n-d-830646-9 devstack@g-api.service[113601]: DEBUG glance.api.middleware.version_negotiation [None req-a3d193ca-4a65-48cd-94ba-7871fb6ed900 tempest-ImagesNegativeTest-1115983148 tempest-ImagesNegativeTest-1115983148-project] Matched version: v2 {{(pid=113601) process_request /opt/stack/glance/glance/api/middleware/version_negotiation.py:69}}
Jun 01 21:38:38.874910 n-d-830646-9 devstack@g-api.service[113601]: DEBUG glance.api.middleware.version_negotiation [None req-a3d193ca-4a65-48cd-94ba-7871fb6ed900 tempest-ImagesNegativeTest-1115983148 tempest-ImagesNegativeTest-1115983148-project] new path /v2/images/c5321c71-bce0-470b-b31c-a0dc180132cb {{(pid=113601) process_request /opt/stack/glance/glance/api/middleware/version_negotiation.py:70}}
Jun 01 21:38:38.897008 n-d-830646-9 devstack@g-api.service[113601]: DEBUG glance.db.sqlalchemy.api [None req-0bb46183-6f62-4c9b-84ff-ff70ac5d59ce tempest-ImagesNegativeTest-1115983148 tempest-ImagesNegativeTest-1115983148-project] No image found with ID c5321c71-bce0-470b-b31c-a0dc180132cb {{(pid=113601) _image_get /opt/stack/glance/glance/db/sqlalchemy/api.py:280}}
Jun 01 21:38:38.899074 n-d-830646-9 devstack@g-api.service[113601]: [pid: 113601|app: 0|req: 296/608] 127.0.0.1 () {38 vars in 775 bytes} [Wed Jun 1 21:38:38 2022] GET /v2/images/c5321c71-bce0-470b-b31c-a0dc180132cb => generated 139 bytes in 26 msecs (HTTP/1.1 404) 4 headers in 164 bytes (1 switches on core 0)
Jun 01 21:38:38.906843 n-d-830646-9 devstack@g-api.service[113601]: DEBUG glance.api.middleware.version_negotiation [None req-0bb46183-6f62-4c9b-84ff-ff70ac5d59ce tempest-ImagesNegativeTest-1115983148 tempest-ImagesNegativeTest-1115983148-project] Determining version of request: DELETE /v2/images/d1813317-f499-4946-9f41-f03ff4be4497 Accept: application/json {{(pid=113601) process_request /opt/stack/glance/glance/api/middleware/version_negotiation.py:44}}
Jun 01 21:38:38.907567 n-d-830646-9 devstack@g-api.service[113601]: DEBUG glance.api.middleware.version_negotiation [None req-0bb46183-6f62-4c9b-84ff-ff70ac5d59ce tempest-ImagesNegativeTest-1115983148 tempest-ImagesNegativeTest-1115983148-project] Using url versioning {{(pid=113601) process_request /opt/stack/glance/glance/api/middleware/version_negotiation.py:57}}
Jun 01 21:38:38.908108 n-d-830646-9 devstack@g-api.service[113601]: DEBUG glance.api.middleware.version_negotiation [None req-0bb46183-6f62-4c9b-84ff-ff70ac5d59ce tempest-ImagesNegativeTest-1115983148 tempest-ImagesNegativeTest-1115983148-project] Matched version: v2 {{(pid=113601) process_request /opt/stack/glance/glance/api/middleware/version_negotiation.py:69}}
Jun 01 21:38:38.908693 n-d-830646-9 devstack@g-api.service[113601]: DEBUG glance.api.middleware.version_negotiation [None req-0bb46183-6f62-4c9b-84ff-ff70ac5d59ce tempest-ImagesNegativeTest-1115983148 tempest-ImagesNegativeTest-1115983148-project] new path /v2/images/d1813317-f499-4946-9f41-f03ff4be4497 {{(pid=113601) process_request /opt/stack/glance/glance/api/middleware/version_negotiation.py:70}}
Jun 01 21:38:38.934611 n-d-830646-9 devstack@g-api.service[113601]: WARNING glance.api.v2.images [None req-54bdd685-7a31-444b-ba57-a438da5f9101 tempest-ImagesNegativeTest-1115983148 tempest-ImagesNegativeTest-1115983148-project] After upload to backend, deletion of staged image data has failed because it cannot be found at /tmp/staging//d1813317-f499-4946-9f41-f03ff4be4497
Jun 01 21:38:39.195970 n-d-830646-9 devstack@g-api.service[113602]: DEBUG swiftclient [None req-c615504a-4fe2-42ba-8622-e0fdbc202073 tempest-ImagesTestJSON-1947349749 tempest-ImagesTestJSON-1947349749-project] REQ: curl -i http://10.222.0.77:8080/v1/AUTH_f5df6a6f5e5845f4bba542935ff098fe/glance/4d8edf5f-8d4f-4abc-a026-d8b7fb1dcc16 -I -H "X-Auth-Token: gAAAAABil9xeeN9U..." {{(pid=113602) http_log /usr/local/lib/python3.8/dist-packages/swiftclient/client.py:157}}
Jun 01 21:38:39.196836 n-d-830646-9 devstack@g-api.service[113602]: DEBUG swiftclient [None req-c615504a-4fe2-42ba-8622-e0fdbc202073 tempest-ImagesTestJSON-1947349749 tempest-ImagesTestJSON-1947349749-project] RESP STATUS: 200 OK {{(pid=113602) http_log /usr/local/lib/python3.8/dist-packages/swiftclient/client.py:158}}
Jun 01 21:38:39.197455 n-d-830646-9 devstack@g-api.service[113602]: DEBUG swiftclient [None req-c615504a-4fe2-42ba-8622-e0fdbc202073 tempest-ImagesTestJSON-1947349749 tempest-ImagesTestJSON-1947349749-project] RESP HEADERS: {'Content-Type': 'application/octet-stream', 'X-Object-Manifest': 'glance/4d8edf5f-8d4f-4abc-a026-d8b7fb1dcc16-', 'Last-Modified': 'Wed, 01 Jun 2022 21:38:38 GMT', 'X-Timestamp': '1654119517.30344', 'Accept-Ranges': 'bytes', 'Content-Length': '645922816', 'Etag': '"3ec1606ed02ace8d5e4c7d2c91e4dace"', 'X-Trans-Id': 'tx3fae19d3ae90471282fdb-006297dc5e', 'X-Openstack-Request-Id': 'tx3fae19d3ae90471282fdb-006297dc5e', 'Date': 'Wed, 01 Jun 2022 21:38:39 GMT'} {{(pid=113602) http_log /usr/local/lib/python3.8/dist-packages/swiftclient/client.py:159}}
Jun 01 21:38:39.210563 n-d-830646-9 devstack@g-api.service[113601]: [pid: 113601|app: 0|req: 297/609] 127.0.0.1 () {38 vars in 778 bytes} [Wed Jun 1 21:38:38 2022] DELETE /v2/images/d1813317-f499-4946-9f41-f03ff4be4497 => generated 0 bytes in 304 msecs (HTTP/1.1 204) 4 headers in 171 bytes (1 switches on core 0)
Jun 01 21:38:39.214998 n-d-830646-9 devstack@g-api.service[113601]: DEBUG glance.api.middleware.version_negotiation [None req-54bdd685-7a31-444b-ba57-a438da5f9101 tempest-ImagesNegativeTest-1115983148 tempest-ImagesNegativeTest-1115983148-project] Determining version of request: GET /v2/images/d1813317-f499-4946-9f41-f03ff4be4497 Accept: application/json {{(pid=113601) process_request /opt/stack/glance/glance/api/middleware/version_negotiation.py:44}}
Jun 01 21:38:39.215413 n-d-830646-9 devstack@g-api.service[113601]: DEBUG glance.api.middleware.version_negotiation [None req-54bdd685-7a31-444b-ba57-a438da5f9101 tempest-ImagesNegativeTest-1115983148 tempest-ImagesNegativeTest-1115983148-project] Using url versioning {{(pid=113601) process_request /opt/stack/glance/glance/api/middleware/version_negotiation.py:57}}
Jun 01 21:38:39.216169 n-d-830646-9 devstack@g-api.service[113601]: DEBUG glance.api.middleware.version_negotiation [None req-54bdd685-7a31-444b-ba57-a438da5f9101 tempest-ImagesNegativeTest-1115983148 tempest-ImagesNegativeTest-1115983148-project] Matched version: v2 {{(pid=113601) process_request /opt/stack/glance/glance/api/middleware/version_negotiation.py:69}}
Jun 01 21:38:39.216561 n-d-830646-9 devstack@g-api.service[113601]: DEBUG glance.api.middleware.version_negotiation [None req-54bdd685-7a31-444b-ba57-a438da5f9101 tempest-ImagesNegativeTest-1115983148 tempest-ImagesNegativeTest-1115983148-project] new path /v2/images/d1813317-f499-4946-9f41-f03ff4be4497 {{(pid=113601) process_request /opt/stack/glance/glance/api/middleware/version_negotiation.py:70}}
Jun 01 21:38:39.225486 n-d-830646-9 devstack@g-api.service[113602]: DEBUG swiftclient [None req-c615504a-4fe2-42ba-8622-e0fdbc202073 tempest-ImagesTestJSON-1947349749 tempest-ImagesTestJSON-1947349749-project] REQ: curl -i http://10.222.0.77:8080/v1/AUTH_f5df6a6f5e5845f4bba542935ff098fe/glance?format=json&prefix=4d8edf5f-8d4f-4abc-a026-d8b7fb1dcc16- -X GET -H "X-Auth-Token: gAAAAABil9xeeN9U..." -H "Accept-Encoding: gzip" {{(pid=113602) http_log /usr/local/lib/python3.8/dist-packages/swiftclient/client.py:157}}
Jun 01 21:38:39.225735 n-d-830646-9 devstack@g-api.service[113602]: DEBUG swiftclient [None req-c615504a-4fe2-42ba-8622-e0fdbc202073 tempest-ImagesTestJSON-1947349749 tempest-ImagesTestJSON-1947349749-project] RESP STATUS: 200 OK {{(pid=113602) http_log /usr/local/lib/python3.8/dist-packages/swiftclient/client.py:158}}
Jun 01 21:38:39.226129 n-d-830646-9 devstack@g-api.service[113602]: DEBUG swiftclient [None req-c615504a-4fe2-42ba-8622-e0fdbc202073 tempest-ImagesTestJSON-1947349749 tempest-ImagesTestJSON-1947349749-project] RESP HEADERS: {'Content-Type': 'application/json; charset=utf-8', 'Content-Length': '843', 'X-Container-Object-Count': '6', 'X-Container-Bytes-Used': '1291845632', 'X-Timestamp': '1654118494.69957', 'Last-Modified': 'Wed, 01 Jun 2022 21:21:35 GMT', 'Accept-Ranges': 'bytes', 'X-Storage-Policy': 'Policy-0', 'X-Container-Sharding': 'False', 'X-Trans-Id': 'tx9310214162dd4a1e80d0b-006297dc5f', 'X-Openstack-Request-Id': 'tx9310214162dd4a1e80d0b-006297dc5f', 'Date': 'Wed, 01 Jun 2022 21:38:39 GMT'} {{(pid=113602) http_log /usr/local/lib/python3.8/dist-packages/swiftclient/client.py:159}}
Jun 01 21:38:39.226468 n-d-830646-9 devstack@g-api.service[113602]: DEBUG swiftclient [None req-c615504a-4fe2-42ba-8622-e0fdbc202073 tempest-ImagesTestJSON-1947349749 tempest-ImagesTestJSON-1947349749-project] RESP BODY: b'[{"bytes": 204800000, "hash": "91f84bc66ed85fb9ad347f6ca4390d69", "name": "4d8edf5f-8d4f-4abc-a026-d8b7fb1dcc16-00001", "content_type": "application/octet-stream", "last_modified": "2022-06-01T21:38:13.981320"}, {"bytes": 204800000, "hash": "cf480d369be3386f5ea99b460144ad0f", "name": "4d8edf5f-8d4f-4abc-a026-d8b7fb1dcc16-00002", "content_type": "application/octet-stream", "last_modified": "2022-06-01T21:38:21.415800"}, {"bytes": 204800000, "hash": "fd397ed7315069bd554fbfd2754e8dd8", "name": "4d8edf5f-8d4f-4abc-a026-d8b7fb1dcc16-00003", "content_type": "application/octet-stream", "last_modified": "2022-06-01T21:38:27.967480"}, {"bytes": 31522816, "hash": "0be982c76a84f3b50fdfe738452bdba1", "name": "4d8edf5f-8d4f-4abc-a026-d8b7fb1dcc16-00004", "content_type": "application/octet-stream", "last_modified": "2022-06-01T21:38:36.003430"}]' {{(pid=113602) http_log /usr/local/lib/python3.8/dist-packages/swiftclient/client.py:163}}
Jun 01 21:38:39.229379 n-d-830646-9 devstack@g-api.service[113601]: DEBUG glance.db.sqlalchemy.api [None req-df722490-11e8-4b18-b33f-69ca57ae13cb tempest-ImagesNegativeTest-1115983148 tempest-ImagesNegativeTest-1115983148-project] No image found with ID d1813317-f499-4946-9f41-f03ff4be4497 {{(pid=113601) _image_get /opt/stack/glance/glance/db/sqlalchemy/api.py:280}}
Jun 01 21:38:39.233137 n-d-830646-9 devstack@g-api.service[113601]: [pid: 113601|app: 0|req: 298/610] 127.0.0.1 () {38 vars in 775 bytes} [Wed Jun 1 21:38:39 2022] GET /v2/images/d1813317-f499-4946-9f41-f03ff4be4497 => generated 139 bytes in 17 msecs (HTTP/1.1 404) 4 headers in 164 bytes (1 switches on core 0)
Jun 01 21:38:39.368995 n-d-830646-9 devstack@g-api.service[113602]: DEBUG swiftclient [None req-c615504a-4fe2-42ba-8622-e0fdbc202073 tempest-ImagesTestJSON-1947349749 tempest-ImagesTestJSON-1947349749-project] REQ: curl -i http://10.222.0.77:8080/v1/AUTH_f5df6a6f5e5845f4bba542935ff098fe/glance/4d8edf5f-8d4f-4abc-a026-d8b7fb1dcc16-00001 DELETE -H "X-Auth-Token: gAAAAABil9xeeN9U..." {{(pid=113602) http_log /usr/local/lib/python3.8/dist-packages/swiftclient/client.py:157}}
Jun 01 21:38:39.369308 n-d-830646-9 devstack@g-api.service[113602]: DEBUG swiftclient [None req-c615504a-4fe2-42ba-8622-e0fdbc202073 tempest-ImagesTestJSON-1947349749 tempest-ImagesTestJSON-1947349749-project] RESP STATUS: 204 No Content {{(pid=113602) http_log /usr/local/lib/python3.8/dist-packages/swiftclient/client.py:158}}
