Jun 01 21:37:15.535282 n-d-830646-9 devstack@g-api.service[113601]: DEBUG glance_store.location [None req-2775c092-4ea4-41fa-9b15-7ffe9bc0290f tempest-ImagesTestJSON-1947349749 tempest-ImagesTestJSON-1947349749-project] Registering scheme swift+https with {'store': , 'location_class': , 'store_entry': 'swift'} {{(pid=113601) register_scheme_map /usr/local/lib/python3.8/dist-packages/glance_store/location.py:146}}
Jun 01 21:37:15.537401 n-d-830646-9 devstack@g-api.service[113602]: [pid: 113602|app: 0|req: 189/432] 127.0.0.1 () {42 vars in 887 bytes} [Wed Jun 1 21:36:52 2022] PUT /v2/images/f52e6cbd-e88f-4aa5-a192-55d0acfeae04/file => generated 0 bytes in 22907 msecs (HTTP/1.1 204) 4 headers in 171 bytes (1 switches on core 0)
Jun 01 21:37:15.538075 n-d-830646-9 devstack@g-api.service[113601]: DEBUG glance_store.location [None req-2775c092-4ea4-41fa-9b15-7ffe9bc0290f tempest-ImagesTestJSON-1947349749 tempest-ImagesTestJSON-1947349749-project] Registering scheme swift with {'store': , 'location_class': , 'store_entry': 'swift'} {{(pid=113601) register_scheme_map /usr/local/lib/python3.8/dist-packages/glance_store/location.py:146}}
Jun 01 21:37:15.538432 n-d-830646-9 devstack@g-api.service[113601]: DEBUG glance_store.location [None req-2775c092-4ea4-41fa-9b15-7ffe9bc0290f tempest-ImagesTestJSON-1947349749 tempest-ImagesTestJSON-1947349749-project] Registering scheme swift+http with {'store': , 'location_class': , 'store_entry': 'swift'} {{(pid=113601) register_scheme_map /usr/local/lib/python3.8/dist-packages/glance_store/location.py:146}}
Jun 01 21:37:15.538740 n-d-830646-9 devstack@g-api.service[113601]: DEBUG glance_store.location [None req-2775c092-4ea4-41fa-9b15-7ffe9bc0290f tempest-ImagesTestJSON-1947349749 tempest-ImagesTestJSON-1947349749-project] Registering scheme swift+config with {'store': , 'location_class': , 'store_entry': 'swift'} {{(pid=113601) register_scheme_map /usr/local/lib/python3.8/dist-packages/glance_store/location.py:146}}
Jun 01 21:37:15.539998 n-d-830646-9 devstack@g-api.service[113602]: DEBUG glance.api.middleware.version_negotiation [None req-9fd87476-c548-4504-918e-e3de63e8cc43 tempest-ListImageFiltersTestJSON-2082455498 tempest-ListImageFiltersTestJSON-2082455498-project] Determining version of request: GET /v2/images/f52e6cbd-e88f-4aa5-a192-55d0acfeae04 Accept: */* {{(pid=113602) process_request /opt/stack/glance/glance/api/middleware/version_negotiation.py:44}}
Jun 01 21:37:15.540324 n-d-830646-9 devstack@g-api.service[113602]: DEBUG glance.api.middleware.version_negotiation [None req-9fd87476-c548-4504-918e-e3de63e8cc43 tempest-ListImageFiltersTestJSON-2082455498 tempest-ListImageFiltersTestJSON-2082455498-project] Using url versioning {{(pid=113602) process_request /opt/stack/glance/glance/api/middleware/version_negotiation.py:57}}
Jun 01 21:37:15.541019 n-d-830646-9 devstack@g-api.service[113601]: DEBUG glance_store.backend [None req-2775c092-4ea4-41fa-9b15-7ffe9bc0290f tempest-ImagesTestJSON-1947349749 tempest-ImagesTestJSON-1947349749-project] Skipping store.set_acls... not implemented. {{(pid=113601) set_acls /usr/local/lib/python3.8/dist-packages/glance_store/backend.py:509}}
Jun 01 21:37:15.542864 n-d-830646-9 devstack@g-api.service[113602]: DEBUG glance.api.middleware.version_negotiation [None req-9fd87476-c548-4504-918e-e3de63e8cc43 tempest-ListImageFiltersTestJSON-2082455498 tempest-ListImageFiltersTestJSON-2082455498-project] Matched version: v2 {{(pid=113602) process_request /opt/stack/glance/glance/api/middleware/version_negotiation.py:69}}
Jun 01 21:37:15.543392 n-d-830646-9 devstack@g-api.service[113602]: DEBUG glance.api.middleware.version_negotiation [None req-9fd87476-c548-4504-918e-e3de63e8cc43 tempest-ListImageFiltersTestJSON-2082455498 tempest-ListImageFiltersTestJSON-2082455498-project] new path /v2/images/f52e6cbd-e88f-4aa5-a192-55d0acfeae04 {{(pid=113602) process_request /opt/stack/glance/glance/api/middleware/version_negotiation.py:70}}
Jun 01 21:37:15.545103 n-d-830646-9 devstack@g-api.service[113601]: [pid: 113601|app: 0|req: 244/433] 127.0.0.1 () {42 vars in 887 bytes} [Wed Jun 1 21:36:56 2022] PUT /v2/images/eee7f1c4-3832-447b-97aa-7ab6a77a58a2/file => generated 0 bytes in 19525 msecs (HTTP/1.1 204) 4 headers in 171 bytes (1 switches on core 0)
Jun 01 21:37:15.549071 n-d-830646-9 devstack@g-api.service[113601]: DEBUG glance.api.middleware.version_negotiation [None req-2775c092-4ea4-41fa-9b15-7ffe9bc0290f tempest-ImagesTestJSON-1947349749 tempest-ImagesTestJSON-1947349749-project] Determining version of request: GET /v2/images/eee7f1c4-3832-447b-97aa-7ab6a77a58a2 Accept: */* {{(pid=113601) process_request /opt/stack/glance/glance/api/middleware/version_negotiation.py:44}}
Jun 01 21:37:15.551297 n-d-830646-9 devstack@g-api.service[113601]: DEBUG glance.api.middleware.version_negotiation [None req-2775c092-4ea4-41fa-9b15-7ffe9bc0290f tempest-ImagesTestJSON-1947349749 tempest-ImagesTestJSON-1947349749-project] Using url versioning {{(pid=113601) process_request /opt/stack/glance/glance/api/middleware/version_negotiation.py:57}}
Jun 01 21:37:15.555229 n-d-830646-9 devstack@g-api.service[113601]: DEBUG glance.api.middleware.version_negotiation [None req-2775c092-4ea4-41fa-9b15-7ffe9bc0290f tempest-ImagesTestJSON-1947349749 tempest-ImagesTestJSON-1947349749-project] Matched version: v2 {{(pid=113601) process_request /opt/stack/glance/glance/api/middleware/version_negotiation.py:69}}
Jun 01 21:37:15.555895 n-d-830646-9 devstack@g-api.service[113601]: DEBUG glance.api.middleware.version_negotiation [None req-2775c092-4ea4-41fa-9b15-7ffe9bc0290f tempest-ImagesTestJSON-1947349749 tempest-ImagesTestJSON-1947349749-project] new path /v2/images/eee7f1c4-3832-447b-97aa-7ab6a77a58a2 {{(pid=113601) process_request /opt/stack/glance/glance/api/middleware/version_negotiation.py:70}}
Jun 01 21:37:15.580287 n-d-830646-9 devstack@g-api.service[113602]: [pid: 113602|app: 0|req: 190/434] 127.0.0.1 () {42 vars in 1051 bytes} [Wed Jun 1 21:37:15 2022] GET /v2/images/f52e6cbd-e88f-4aa5-a192-55d0acfeae04 => generated 1343 bytes in 41 msecs (HTTP/1.1 200) 4 headers in 158 bytes (1 switches on core 0)
Jun 01 21:37:15.581079 n-d-830646-9 devstack@g-api.service[113602]: DEBUG glance.api.middleware.version_negotiation [None req-e99c416f-83be-4ba4-a1fd-ccd36f535fc7 tempest-ListImageFiltersTestJSON-2082455498 tempest-ListImageFiltersTestJSON-2082455498-project] Determining version of request: GET /v2/images/f52e6cbd-e88f-4aa5-a192-55d0acfeae04 Accept: */* {{(pid=113602) process_request /opt/stack/glance/glance/api/middleware/version_negotiation.py:44}}
Jun 01 21:37:15.581411 n-d-830646-9 devstack@g-api.service[113602]: DEBUG glance.api.middleware.version_negotiation [None req-e99c416f-83be-4ba4-a1fd-ccd36f535fc7 tempest-ListImageFiltersTestJSON-2082455498 tempest-ListImageFiltersTestJSON-2082455498-project] Using url versioning {{(pid=113602) process_request /opt/stack/glance/glance/api/middleware/version_negotiation.py:57}}
Jun 01 21:37:15.581796 n-d-830646-9 devstack@g-api.service[113602]: DEBUG glance.api.middleware.version_negotiation [None req-e99c416f-83be-4ba4-a1fd-ccd36f535fc7 tempest-ListImageFiltersTestJSON-2082455498 tempest-ListImageFiltersTestJSON-2082455498-project] Matched version: v2 {{(pid=113602) process_request /opt/stack/glance/glance/api/middleware/version_negotiation.py:69}}
Jun 01 21:37:15.582083 n-d-830646-9 devstack@g-api.service[113602]: DEBUG glance.api.middleware.version_negotiation [None req-e99c416f-83be-4ba4-a1fd-ccd36f535fc7 tempest-ListImageFiltersTestJSON-2082455498 tempest-ListImageFiltersTestJSON-2082455498-project] new path /v2/images/f52e6cbd-e88f-4aa5-a192-55d0acfeae04 {{(pid=113602) process_request /opt/stack/glance/glance/api/middleware/version_negotiation.py:70}}
Jun 01 21:37:15.584728 n-d-830646-9 devstack@g-api.service[113601]: [pid: 113601|app: 0|req: 245/435] 127.0.0.1 () {42 vars in 1051 bytes} [Wed Jun 1 21:37:15 2022] GET /v2/images/eee7f1c4-3832-447b-97aa-7ab6a77a58a2 => generated 1301 bytes in 37 msecs (HTTP/1.1 200) 4 headers in 158 bytes (1 switches on core 0)
Jun 01 21:37:15.585644 n-d-830646-9 devstack@g-api.service[113601]: DEBUG glance.api.middleware.version_negotiation [None req-0c281ad2-1142-4d42-8106-187617d76418 tempest-ImagesTestJSON-1947349749 tempest-ImagesTestJSON-1947349749-project] Determining version of request: GET /v2/images/eee7f1c4-3832-447b-97aa-7ab6a77a58a2 Accept: */* {{(pid=113601) process_request /opt/stack/glance/glance/api/middleware/version_negotiation.py:44}}
Jun 01 21:37:15.586336 n-d-830646-9 devstack@g-api.service[113601]: DEBUG glance.api.middleware.version_negotiation [None req-0c281ad2-1142-4d42-8106-187617d76418 tempest-ImagesTestJSON-1947349749 tempest-ImagesTestJSON-1947349749-project] Using url versioning {{(pid=113601) process_request /opt/stack/glance/glance/api/middleware/version_negotiation.py:57}}
Jun 01 21:37:15.586882 n-d-830646-9 devstack@g-api.service[113601]: DEBUG glance.api.middleware.version_negotiation [None req-0c281ad2-1142-4d42-8106-187617d76418 tempest-ImagesTestJSON-1947349749 tempest-ImagesTestJSON-1947349749-project] Matched version: v2 {{(pid=113601) process_request /opt/stack/glance/glance/api/middleware/version_negotiation.py:69}}
Jun 01 21:37:15.587913 n-d-830646-9 devstack@g-api.service[113601]: DEBUG glance.api.middleware.version_negotiation [None req-0c281ad2-1142-4d42-8106-187617d76418 tempest-ImagesTestJSON-1947349749 tempest-ImagesTestJSON-1947349749-project] new path /v2/images/eee7f1c4-3832-447b-97aa-7ab6a77a58a2 {{(pid=113601) process_request /opt/stack/glance/glance/api/middleware/version_negotiation.py:70}}
Jun 01 21:37:15.606903 n-d-830646-9 devstack@g-api.service[113602]: [pid: 113602|app: 0|req: 191/436] 127.0.0.1 () {40 vars in 844 bytes} [Wed Jun 1 21:37:15 2022] GET /v2/images/f52e6cbd-e88f-4aa5-a192-55d0acfeae04 => generated 1343 bytes in 26 msecs (HTTP/1.1 200) 4 headers in 158 bytes (1 switches on core 0)
Jun 01 21:37:15.608036 n-d-830646-9 devstack@g-api.service[113602]: DEBUG glance.api.middleware.version_negotiation [None req-9fd87476-c548-4504-918e-e3de63e8cc43 tempest-ListImageFiltersTestJSON-2082455498 tempest-ListImageFiltersTestJSON-2082455498-project] Determining version of request: GET /v2/schemas/image Accept: */* {{(pid=113602) process_request /opt/stack/glance/glance/api/middleware/version_negotiation.py:44}}
Jun 01 21:37:15.608966 n-d-830646-9 devstack@g-api.service[113602]: DEBUG glance.api.middleware.version_negotiation [None req-9fd87476-c548-4504-918e-e3de63e8cc43 tempest-ListImageFiltersTestJSON-2082455498 tempest-ListImageFiltersTestJSON-2082455498-project] Using url versioning {{(pid=113602) process_request /opt/stack/glance/glance/api/middleware/version_negotiation.py:57}}
Jun 01 21:37:15.609837 n-d-830646-9 devstack@g-api.service[113602]: DEBUG glance.api.middleware.version_negotiation [None req-9fd87476-c548-4504-918e-e3de63e8cc43 tempest-ListImageFiltersTestJSON-2082455498 tempest-ListImageFiltersTestJSON-2082455498-project] Matched version: v2 {{(pid=113602) process_request /opt/stack/glance/glance/api/middleware/version_negotiation.py:69}}
Jun 01 21:37:15.610532 n-d-830646-9 devstack@g-api.service[113602]: DEBUG glance.api.middleware.version_negotiation [None req-9fd87476-c548-4504-918e-e3de63e8cc43 tempest-ListImageFiltersTestJSON-2082455498 tempest-ListImageFiltersTestJSON-2082455498-project] new path /v2/schemas/image {{(pid=113602) process_request /opt/stack/glance/glance/api/middleware/version_negotiation.py:70}}
Jun 01 21:37:15.617436 n-d-830646-9 devstack@g-api.service[113602]: [pid: 113602|app: 0|req: 192/437] 127.0.0.1 () {42 vars in 991 bytes} [Wed Jun 1 21:37:15 2022] GET /v2/schemas/image => generated 6083 bytes in 10 msecs (HTTP/1.1 200) 4 headers in 158 bytes (1 switches on core 0)
Jun 01 21:37:15.618151 n-d-830646-9 devstack@g-api.service[113601]: [pid: 113601|app: 0|req: 246/438] 127.0.0.1 () {40 vars in 844 bytes} [Wed Jun 1 21:37:15 2022] GET /v2/images/eee7f1c4-3832-447b-97aa-7ab6a77a58a2 => generated 1301 bytes in 33 msecs (HTTP/1.1 200) 4 headers in 158 bytes (1 switches on core 0)
Jun 01 21:37:15.618996 n-d-830646-9 devstack@g-api.service[113601]: DEBUG glance.api.middleware.version_negotiation [None req-2775c092-4ea4-41fa-9b15-7ffe9bc0290f tempest-ImagesTestJSON-1947349749 tempest-ImagesTestJSON-1947349749-project] Determining version of request: GET /v2/schemas/image Accept: */* {{(pid=113601) process_request /opt/stack/glance/glance/api/middleware/version_negotiation.py:44}}
Jun 01 21:37:15.619268 n-d-830646-9 devstack@g-api.service[113602]: DEBUG glance.api.middleware.version_negotiation [None req-0c281ad2-1142-4d42-8106-187617d76418 tempest-ImagesTestJSON-1947349749 tempest-ImagesTestJSON-1947349749-project] Determining version of request: GET /v2/schemas/image Accept: */* {{(pid=113602) process_request /opt/stack/glance/glance/api/middleware/version_negotiation.py:44}}
Jun 01 21:37:15.619399 n-d-830646-9 devstack@g-api.service[113601]: DEBUG glance.api.middleware.version_negotiation [None req-2775c092-4ea4-41fa-9b15-7ffe9bc0290f tempest-ImagesTestJSON-1947349749 tempest-ImagesTestJSON-1947349749-project] Using url versioning {{(pid=113601) process_request /opt/stack/glance/glance/api/middleware/version_negotiation.py:57}}
Jun 01 21:37:15.619682 n-d-830646-9 devstack@g-api.service[113601]: DEBUG glance.api.middleware.version_negotiation [None req-2775c092-4ea4-41fa-9b15-7ffe9bc0290f tempest-ImagesTestJSON-1947349749 tempest-ImagesTestJSON-1947349749-project] Matched version: v2 {{(pid=113601) process_request /opt/stack/glance/glance/api/middleware/version_negotiation.py:69}}
Jun 01 21:37:15.619943 n-d-830646-9 devstack@g-api.service[113601]: DEBUG glance.api.middleware.version_negotiation [None req-2775c092-4ea4-41fa-9b15-7ffe9bc0290f tempest-ImagesTestJSON-1947349749 tempest-ImagesTestJSON-1947349749-project] new path /v2/schemas/image {{(pid=113601) process_request /opt/stack/glance/glance/api/middleware/version_negotiation.py:70}}
Jun 01 21:37:15.620322 n-d-830646-9 devstack@g-api.service[113602]: DEBUG glance.api.middleware.version_negotiation [None req-0c281ad2-1142-4d42-8106-187617d76418 tempest-ImagesTestJSON-1947349749 tempest-ImagesTestJSON-1947349749-project] Using url versioning {{(pid=113602) process_request /opt/stack/glance/glance/api/middleware/version_negotiation.py:57}}
Jun 01 21:37:15.620797 n-d-830646-9 devstack@g-api.service[113602]: DEBUG glance.api.middleware.version_negotiation [None req-0c281ad2-1142-4d42-8106-187617d76418 tempest-ImagesTestJSON-1947349749 tempest-ImagesTestJSON-1947349749-project] Matched version: v2 {{(pid=113602) process_request /opt/stack/glance/glance/api/middleware/version_negotiation.py:69}}
Jun 01 21:37:15.621241 n-d-830646-9 devstack@g-api.service[113602]: DEBUG glance.api.middleware.version_negotiation [None req-0c281ad2-1142-4d42-8106-187617d76418 tempest-ImagesTestJSON-1947349749 tempest-ImagesTestJSON-1947349749-project] new path /v2/schemas/image {{(pid=113602) process_request /opt/stack/glance/glance/api/middleware/version_negotiation.py:70}}
Jun 01 21:37:15.624652 n-d-830646-9 devstack@g-api.service[113601]: [pid: 113601|app: 0|req: 247/439] 127.0.0.1 () {40 vars in 784 bytes} [Wed Jun 1 21:37:15 2022] GET /v2/schemas/image => generated 6083 bytes in 6 msecs (HTTP/1.1 200) 4 headers in 158 bytes (1 switches on core 0)
Jun 01 21:37:15.638534 n-d-830646-9 devstack@g-api.service[113602]: [pid: 113602|app: 0|req: 193/440] 127.0.0.1 () {42 vars in 991 bytes} [Wed Jun 1 21:37:15 2022] GET /v2/schemas/image => generated 6083 bytes in 20 msecs (HTTP/1.1 200) 4 headers in 158 bytes (1 switches on core 0)
Jun 01 21:37:15.702789 n-d-830646-9 devstack@g-api.service[113601]: DEBUG glance.api.middleware.version_negotiation [None req-9fd87476-c548-4504-918e-e3de63e8cc43 tempest-ListImageFiltersTestJSON-2082455498 tempest-ListImageFiltersTestJSON-2082455498-project] Determining version of request: GET /v2/schemas/image Accept: */* {{(pid=113601) process_request /opt/stack/glance/glance/api/middleware/version_negotiation.py:44}}
Jun 01 21:37:15.703335 n-d-830646-9 devstack@g-api.service[113601]: DEBUG glance.api.middleware.version_negotiation [None req-9fd87476-c548-4504-918e-e3de63e8cc43 tempest-ListImageFiltersTestJSON-2082455498 tempest-ListImageFiltersTestJSON-2082455498-project] Using url versioning {{(pid=113601) process_request /opt/stack/glance/glance/api/middleware/version_negotiation.py:57}}
Jun 01 21:37:15.703742 n-d-830646-9 devstack@g-api.service[113601]: DEBUG glance.api.middleware.version_negotiation [None req-9fd87476-c548-4504-918e-e3de63e8cc43 tempest-ListImageFiltersTestJSON-2082455498 tempest-ListImageFiltersTestJSON-2082455498-project] Matched version: v2 {{(pid=113601) process_request /opt/stack/glance/glance/api/middleware/version_negotiation.py:69}}
Jun 01 21:37:15.704227 n-d-830646-9 devstack@g-api.service[113601]: DEBUG glance.api.middleware.version_negotiation [None req-9fd87476-c548-4504-918e-e3de63e8cc43 tempest-ListImageFiltersTestJSON-2082455498 tempest-ListImageFiltersTestJSON-2082455498-project] new path /v2/schemas/image {{(pid=113601) process_request /opt/stack/glance/glance/api/middleware/version_negotiation.py:70}}
Jun 01 21:37:15.714516 n-d-830646-9 devstack@g-api.service[113601]: [pid: 113601|app: 0|req: 248/441] 127.0.0.1 () {40 vars in 784 bytes} [Wed Jun 1 21:37:15 2022] GET /v2/schemas/image => generated 6083 bytes in 12 msecs (HTTP/1.1 200) 4 headers in 158 bytes (1 switches on core 0)
Jun 01 21:37:16.642149 n-d-830646-9 devstack@g-api.service[113602]: DEBUG glance.api.middleware.version_negotiation [None req-e99c416f-83be-4ba4-a1fd-ccd36f535fc7 tempest-ListImageFiltersTestJSON-2082455498 tempest-ListImageFiltersTestJSON-2082455498-project] Determining version of request: GET /v2/images/4d33c421-6843-4026-b75f-0581dcf138df Accept: */* {{(pid=113602) process_request /opt/stack/glance/glance/api/middleware/version_negotiation.py:44}}
Jun 01 21:37:16.642768 n-d-830646-9 devstack@g-api.service[113602]: DEBUG glance.api.middleware.version_negotiation [None req-e99c416f-83be-4ba4-a1fd-ccd36f535fc7 tempest-ListImageFiltersTestJSON-2082455498 tempest-ListImageFiltersTestJSON-2082455498-project] Using url versioning {{(pid=113602) process_request /opt/stack/glance/glance/api/middleware/version_negotiation.py:57}}
Jun 01 21:37:16.642988 n-d-830646-9 devstack@g-api.service[113602]: DEBUG glance.api.middleware.version_negotiation [None req-e99c416f-83be-4ba4-a1fd-ccd36f535fc7 tempest-ListImageFiltersTestJSON-2082455498 tempest-ListImageFiltersTestJSON-2082455498-project] Matched version: v2 {{(pid=113602) process_request /opt/stack/glance/glance/api/middleware/version_negotiation.py:69}}
Jun 01 21:37:16.643076 n-d-830646-9 devstack@g-api.service[113602]: DEBUG glance.api.middleware.version_negotiation [None req-e99c416f-83be-4ba4-a1fd-ccd36f535fc7 tempest-ListImageFiltersTestJSON-2082455498 tempest-ListImageFiltersTestJSON-2082455498-project] new path /v2/images/4d33c421-6843-4026-b75f-0581dcf138df {{(pid=113602) process_request /opt/stack/glance/glance/api/middleware/version_negotiation.py:70}}
Jun 01 21:37:16.658991 n-d-830646-9 devstack@g-api.service[113601]: DEBUG glance.api.middleware.version_negotiation [None req-2775c092-4ea4-41fa-9b15-7ffe9bc0290f tempest-ImagesTestJSON-1947349749 tempest-ImagesTestJSON-1947349749-project] Determining version of request: GET /v2/images/eee7f1c4-3832-447b-97aa-7ab6a77a58a2 Accept: */* {{(pid=113601) process_request /opt/stack/glance/glance/api/middleware/version_negotiation.py:44}}
Jun 01 21:37:16.659599 n-d-830646-9 devstack@g-api.service[113601]: DEBUG glance.api.middleware.version_negotiation [None req-2775c092-4ea4-41fa-9b15-7ffe9bc0290f tempest-ImagesTestJSON-1947349749 tempest-ImagesTestJSON-1947349749-project] Using url versioning {{(pid=113601) process_request /opt/stack/glance/glance/api/middleware/version_negotiation.py:57}}
Jun 01 21:37:16.659599 n-d-830646-9 devstack@g-api.service[113601]: DEBUG glance.api.middleware.version_negotiation [None req-2775c092-4ea4-41fa-9b15-7ffe9bc0290f tempest-ImagesTestJSON-1947349749 tempest-ImagesTestJSON-1947349749-project] Matched version: v2 {{(pid=113601) process_request /opt/stack/glance/glance/api/middleware/version_negotiation.py:69}}
Jun 01 21:37:16.659846 n-d-830646-9 devstack@g-api.service[113601]: DEBUG glance.api.middleware.version_negotiation [None req-2775c092-4ea4-41fa-9b15-7ffe9bc0290f tempest-ImagesTestJSON-1947349749 tempest-ImagesTestJSON-1947349749-project] new path /v2/images/eee7f1c4-3832-447b-97aa-7ab6a77a58a2 {{(pid=113601) process_request /opt/stack/glance/glance/api/middleware/version_negotiation.py:70}}
Jun 01 21:37:16.681039 n-d-830646-9 devstack@g-api.service[113602]: [pid: 113602|app: 0|req: 194/442] 127.0.0.1 () {42 vars in 1051 bytes} [Wed Jun 1 21:37:16 2022] GET /v2/images/4d33c421-6843-4026-b75f-0581dcf138df => generated 946 bytes in 39 msecs (HTTP/1.1 200) 4 headers in 157 bytes (1 switches on core 0)
Jun 01 21:37:16.689172 n-d-830646-9 devstack@g-api.service[113602]: DEBUG glance.api.middleware.version_negotiation [None req-3f8aba74-868f-4919-a5cd-1a646a493182 tempest-ServersTestMultiNic-1577499809 tempest-ServersTestMultiNic-1577499809-project] Determining version of request: GET /v2/schemas/image Accept: */* {{(pid=113602) process_request /opt/stack/glance/glance/api/middleware/version_negotiation.py:44}}
Jun 01 21:37:16.689516 n-d-830646-9 devstack@g-api.service[113602]: DEBUG glance.api.middleware.version_negotiation [None req-3f8aba74-868f-4919-a5cd-1a646a493182 tempest-ServersTestMultiNic-1577499809 tempest-ServersTestMultiNic-1577499809-project] Using url versioning {{(pid=113602) process_request /opt/stack/glance/glance/api/middleware/version_negotiation.py:57}}
Jun 01 21:37:16.689836 n-d-830646-9 devstack@g-api.service[113602]: DEBUG glance.api.middleware.version_negotiation [None req-3f8aba74-868f-4919-a5cd-1a646a493182 tempest-ServersTestMultiNic-1577499809 tempest-ServersTestMultiNic-1577499809-project] Matched version: v2 {{(pid=113602) process_request /opt/stack/glance/glance/api/middleware/version_negotiation.py:69}}
Jun 01 21:37:16.690112 n-d-830646-9 devstack@g-api.service[113602]: DEBUG glance.api.middleware.version_negotiation [None req-3f8aba74-868f-4919-a5cd-1a646a493182 tempest-ServersTestMultiNic-1577499809 tempest-ServersTestMultiNic-1577499809-project] new path /v2/schemas/image {{(pid=113602) process_request /opt/stack/glance/glance/api/middleware/version_negotiation.py:70}}
Jun 01 21:37:16.705596 n-d-830646-9 devstack@g-api.service[113602]: [pid: 113602|app: 0|req: 195/443] 127.0.0.1 () {42 vars in 991 bytes} [Wed Jun 1 21:37:16 2022] GET /v2/schemas/image => generated 6083 bytes in 6 msecs (HTTP/1.1 200) 4 headers in 158 bytes (1 switches on core 0)
Jun 01 21:37:16.708058 n-d-830646-9 devstack@g-api.service[113601]: [pid: 113601|app: 0|req: 249/444] 127.0.0.1 () {42 vars in 1051 bytes} [Wed Jun 1 21:37:16 2022] GET /v2/images/eee7f1c4-3832-447b-97aa-7ab6a77a58a2 => generated 1301 bytes in 49 msecs (HTTP/1.1 200) 4 headers in 158 bytes (1 switches on core 0)
Jun 01 21:37:16.713569 n-d-830646-9 devstack@g-api.service[113602]: DEBUG glance.api.middleware.version_negotiation [None req-3f8aba74-868f-4919-a5cd-1a646a493182 tempest-ServersTestMultiNic-1577499809 tempest-ServersTestMultiNic-1577499809-project] Determining version of request: GET /v2/schemas/image Accept: */* {{(pid=113602) process_request /opt/stack/glance/glance/api/middleware/version_negotiation.py:44}}
Jun 01 21:37:16.714167 n-d-830646-9 devstack@g-api.service[113602]: DEBUG glance.api.middleware.version_negotiation [None req-3f8aba74-868f-4919-a5cd-1a646a493182 tempest-ServersTestMultiNic-1577499809 tempest-ServersTestMultiNic-1577499809-project] Using url versioning {{(pid=113602) process_request /opt/stack/glance/glance/api/middleware/version_negotiation.py:57}}
Jun 01 21:37:16.714859 n-d-830646-9 devstack@g-api.service[113602]: DEBUG glance.api.middleware.version_negotiation [None req-3f8aba74-868f-4919-a5cd-1a646a493182 tempest-ServersTestMultiNic-1577499809 tempest-ServersTestMultiNic-1577499809-project] Matched version: v2 {{(pid=113602) process_request /opt/stack/glance/glance/api/middleware/version_negotiation.py:69}}
Jun 01 21:37:16.716575 n-d-830646-9 devstack@g-api.service[113602]: DEBUG glance.api.middleware.version_negotiation [None req-3f8aba74-868f-4919-a5cd-1a646a493182 tempest-ServersTestMultiNic-1577499809 tempest-ServersTestMultiNic-1577499809-project] new path /v2/schemas/image {{(pid=113602) process_request /opt/stack/glance/glance/api/middleware/version_negotiation.py:70}}
Jun 01 21:37:16.735121 n-d-830646-9 devstack@g-api.service[113602]: [pid: 113602|app: 0|req: 196/445] 127.0.0.1 () {42 vars in 991 bytes} [Wed Jun 1 21:37:16 2022] GET /v2/schemas/image => generated 6083 bytes in 22 msecs (HTTP/1.1 200) 4 headers in 158 bytes (1 switches on core 0)
Jun 01 21:37:16.746617 n-d-830646-9 devstack@g-api.service[113601]: DEBUG glance.api.middleware.version_negotiation [None req-0401f454-7e87-4c31-8e57-60ce3746c290 tempest-ImagesTestJSON-1947349749 tempest-ImagesTestJSON-1947349749-project] Determining version of request: GET /v2/images/f52e6cbd-e88f-4aa5-a192-55d0acfeae04 Accept: */* {{(pid=113601) process_request /opt/stack/glance/glance/api/middleware/version_negotiation.py:44}}
Jun 01 21:37:16.748055 n-d-830646-9 devstack@g-api.service[113601]: DEBUG glance.api.middleware.version_negotiation [None req-0401f454-7e87-4c31-8e57-60ce3746c290 tempest-ImagesTestJSON-1947349749 tempest-ImagesTestJSON-1947349749-project] Using url versioning {{(pid=113601) process_request /opt/stack/glance/glance/api/middleware/version_negotiation.py:57}}
Jun 01 21:37:16.748565 n-d-830646-9 devstack@g-api.service[113601]: DEBUG glance.api.middleware.version_negotiation [None req-0401f454-7e87-4c31-8e57-60ce3746c290 tempest-ImagesTestJSON-1947349749 tempest-ImagesTestJSON-1947349749-project] Matched version: v2 {{(pid=113601) process_request /opt/stack/glance/glance/api/middleware/version_negotiation.py:69}}
Jun 01 21:37:16.749449 n-d-830646-9 devstack@g-api.service[113601]: DEBUG glance.api.middleware.version_negotiation [None req-0401f454-7e87-4c31-8e57-60ce3746c290 tempest-ImagesTestJSON-1947349749 tempest-ImagesTestJSON-1947349749-project] new path /v2/images/f52e6cbd-e88f-4aa5-a192-55d0acfeae04 {{(pid=113601) process_request /opt/stack/glance/glance/api/middleware/version_negotiation.py:70}}
Jun 01 21:37:16.772063 n-d-830646-9 devstack@g-api.service[113601]: [pid: 113601|app: 0|req: 250/446] 127.0.0.1 () {42 vars in 1051 bytes} [Wed Jun 1 21:37:16 2022] GET /v2/images/f52e6cbd-e88f-4aa5-a192-55d0acfeae04 => generated 1343 bytes in 26 msecs (HTTP/1.1 200) 4 headers in 158 bytes (1 switches on core 0)
Jun 01 21:37:16.777557 n-d-830646-9 devstack@g-api.service[113602]: DEBUG glance.api.middleware.version_negotiation [None req-0401f454-7e87-4c31-8e57-60ce3746c290 tempest-ImagesTestJSON-1947349749 tempest-ImagesTestJSON-1947349749-project] Determining version of request: GET /v2/schemas/image Accept: */* {{(pid=113602) process_request /opt/stack/glance/glance/api/middleware/version_negotiation.py:44}}
Jun 01 21:37:16.777917 n-d-830646-9 devstack@g-api.service[113602]: DEBUG glance.api.middleware.version_negotiation [None req-0401f454-7e87-4c31-8e57-60ce3746c290 tempest-ImagesTestJSON-1947349749 tempest-ImagesTestJSON-1947349749-project] Using url versioning {{(pid=113602) process_request /opt/stack/glance/glance/api/middleware/version_negotiation.py:57}}
Jun 01 21:37:16.778236 n-d-830646-9 devstack@g-api.service[113602]: DEBUG glance.api.middleware.version_negotiation [None req-0401f454-7e87-4c31-8e57-60ce3746c290 tempest-ImagesTestJSON-1947349749 tempest-ImagesTestJSON-1947349749-project] Matched version: v2 {{(pid=113602) process_request /opt/stack/glance/glance/api/middleware/version_negotiation.py:69}}
Jun 01 21:37:16.779017 n-d-830646-9 devstack@g-api.service[113602]: DEBUG glance.api.middleware.version_negotiation [None req-0401f454-7e87-4c31-8e57-60ce3746c290 tempest-ImagesTestJSON-1947349749 tempest-ImagesTestJSON-1947349749-project] new path /v2/schemas/image {{(pid=113602) process_request /opt/stack/glance/glance/api/middleware/version_negotiation.py:70}}
Jun 01 21:37:16.784785 n-d-830646-9 devstack@g-api.service[113602]: [pid: 113602|app: 0|req: 197/447] 127.0.0.1 () {42 vars in 991 bytes} [Wed Jun 1 21:37:16 2022] GET /v2/schemas/image => generated 6083 bytes in 7 msecs (HTTP/1.1 200) 4 headers in 158 bytes (1 switches on core 0)
Jun 01 21:37:17.258549 n-d-830646-9 devstack@g-api.service[113601]: DEBUG glance.api.middleware.version_negotiation [None req-8da2fc6c-b953-4966-badc-ae24f72b1d7e tempest-ListImageFiltersTestJSON-2082455498 tempest-ListImageFiltersTestJSON-2082455498-project] Determining version of request: DELETE /v2/images/eee7f1c4-3832-447b-97aa-7ab6a77a58a2 Accept: */* {{(pid=113601) process_request /opt/stack/glance/glance/api/middleware/version_negotiation.py:44}}
Jun 01 21:37:17.260057 n-d-830646-9 devstack@g-api.service[113601]: DEBUG glance.api.middleware.version_negotiation [None req-8da2fc6c-b953-4966-badc-ae24f72b1d7e tempest-ListImageFiltersTestJSON-2082455498 tempest-ListImageFiltersTestJSON-2082455498-project] Using url versioning {{(pid=113601) process_request /opt/stack/glance/glance/api/middleware/version_negotiation.py:57}}
Jun 01 21:37:17.260057 n-d-830646-9 devstack@g-api.service[113601]: DEBUG glance.api.middleware.version_negotiation [None req-8da2fc6c-b953-4966-badc-ae24f72b1d7e tempest-ListImageFiltersTestJSON-2082455498 tempest-ListImageFiltersTestJSON-2082455498-project] Matched version: v2 {{(pid=113601) process_request /opt/stack/glance/glance/api/middleware/version_negotiation.py:69}}
Jun 01 21:37:17.260057 n-d-830646-9 devstack@g-api.service[113601]: DEBUG glance.api.middleware.version_negotiation [None req-8da2fc6c-b953-4966-badc-ae24f72b1d7e tempest-ListImageFiltersTestJSON-2082455498 tempest-ListImageFiltersTestJSON-2082455498-project] new path /v2/images/eee7f1c4-3832-447b-97aa-7ab6a77a58a2 {{(pid=113601) process_request /opt/stack/glance/glance/api/middleware/version_negotiation.py:70}}
Jun 01 21:37:17.288675 n-d-830646-9 devstack@g-api.service[113601]: WARNING glance.api.v2.images [None req-e70cf6bc-07cc-4456-b98a-f5fcfdad23ec tempest-ImagesTestJSON-1947349749 tempest-ImagesTestJSON-1947349749-project] After upload to backend, deletion of staged image data has failed because it cannot be found at /tmp/staging//eee7f1c4-3832-447b-97aa-7ab6a77a58a2
Jun 01 21:37:17.289759 n-d-830646-9 devstack@g-api.service[113601]: DEBUG glance_store.backend [None req-e70cf6bc-07cc-4456-b98a-f5fcfdad23ec tempest-ImagesTestJSON-1947349749 tempest-ImagesTestJSON-1947349749-project] Attempting to import store swift {{(pid=113601) _load_store /usr/local/lib/python3.8/dist-packages/glance_store/backend.py:217}}
Jun 01 21:37:17.292583 n-d-830646-9 devstack@g-api.service[113601]: DEBUG glance_store.capabilities [None req-e70cf6bc-07cc-4456-b98a-f5fcfdad23ec tempest-ImagesTestJSON-1947349749 tempest-ImagesTestJSON-1947349749-project] Store glance_store._drivers.swift.store.SingleTenantStore doesn't support updating dynamic storage capabilities. Please overwrite 'update_capabilities' method of the store to implement updating logics if needed. {{(pid=113601) update_capabilities /usr/local/lib/python3.8/dist-packages/glance_store/capabilities.py:91}}
Jun 01 21:37:17.294432 n-d-830646-9 devstack@g-api.service[113601]: DEBUG glance_store.driver [None req-e70cf6bc-07cc-4456-b98a-f5fcfdad23ec tempest-ImagesTestJSON-1947349749 tempest-ImagesTestJSON-1947349749-project] Late loading location class glance_store._drivers.swift.store.StoreLocation {{(pid=113601) get_store_location_class /usr/local/lib/python3.8/dist-packages/glance_store/driver.py:117}}
Jun 01 21:37:17.294432 n-d-830646-9 devstack@g-api.service[113601]: DEBUG glance_store.location [None req-e70cf6bc-07cc-4456-b98a-f5fcfdad23ec tempest-ImagesTestJSON-1947349749 tempest-ImagesTestJSON-1947349749-project] Registering scheme swift+https with {'store': , 'location_class': , 'store_entry': 'swift'} {{(pid=113601) register_scheme_map /usr/local/lib/python3.8/dist-packages/glance_store/location.py:146}}
Jun 01 21:37:17.294432 n-d-830646-9 devstack@g-api.service[113601]: DEBUG glance_store.location [None req-e70cf6bc-07cc-4456-b98a-f5fcfdad23ec tempest-ImagesTestJSON-1947349749 tempest-ImagesTestJSON-1947349749-project] Registering scheme swift+https with {'store': , 'location_class': , 'store_entry': 'swift'} {{(pid=113601) register_scheme_map /usr/local/lib/python3.8/dist-packages/glance_store/location.py:146}}
Jun 01 21:37:17.294432 n-d-830646-9 devstack@g-api.service[113601]: DEBUG glance_store.location [None req-e70cf6bc-07cc-4456-b98a-f5fcfdad23ec tempest-ImagesTestJSON-1947349749 tempest-ImagesTestJSON-1947349749-project] Registering scheme swift with {'store': , 'location_class': , 'store_entry': 'swift'} {{(pid=113601) register_scheme_map /usr/local/lib/python3.8/dist-packages/glance_store/location.py:146}}
Jun 01 21:37:17.294432 n-d-830646-9 devstack@g-api.service[113601]: DEBUG glance_store.location [None req-e70cf6bc-07cc-4456-b98a-f5fcfdad23ec tempest-ImagesTestJSON-1947349749 tempest-ImagesTestJSON-1947349749-project] Registering scheme swift+https with {'store': , 'location_class': , 'store_entry': 'swift'} {{(pid=113601) register_scheme_map /usr/local/lib/python3.8/dist-packages/glance_store/location.py:146}}
Jun 01 21:37:17.294432 n-d-830646-9 devstack@g-api.service[113601]: DEBUG glance_store.location [None req-e70cf6bc-07cc-4456-b98a-f5fcfdad23ec tempest-ImagesTestJSON-1947349749 tempest-ImagesTestJSON-1947349749-project] Registering scheme swift with {'store': , 'location_class': , 'store_entry': 'swift'} {{(pid=113601) register_scheme_map /usr/local/lib/python3.8/dist-packages/glance_store/location.py:146}}
Jun 01 21:37:17.294432 n-d-830646-9 devstack@g-api.service[113601]: DEBUG glance_store.location [None req-e70cf6bc-07cc-4456-b98a-f5fcfdad23ec tempest-ImagesTestJSON-1947349749 tempest-ImagesTestJSON-1947349749-project] Registering scheme swift+http with {'store': , 'location_class': , 'store_entry': 'swift'} {{(pid=113601) register_scheme_map /usr/local/lib/python3.8/dist-packages/glance_store/location.py:146}}
Jun 01 21:37:17.295106 n-d-830646-9 devstack@g-api.service[113601]: DEBUG glance_store.location [None req-e70cf6bc-07cc-4456-b98a-f5fcfdad23ec tempest-ImagesTestJSON-1947349749 tempest-ImagesTestJSON-1947349749-project] Registering scheme swift+https with {'store': , 'location_class': , 'store_entry': 'swift'} {{(pid=113601) register_scheme_map /usr/local/lib/python3.8/dist-packages/glance_store/location.py:146}}
Jun 01 21:37:17.295106 n-d-830646-9 devstack@g-api.service[113601]: DEBUG glance_store.location [None req-e70cf6bc-07cc-4456-b98a-f5fcfdad23ec tempest-ImagesTestJSON-1947349749 tempest-ImagesTestJSON-1947349749-project] Registering scheme swift with {'store': , 'location_class': , 'store_entry': 'swift'} {{(pid=113601) register_scheme_map /usr/local/lib/python3.8/dist-packages/glance_store/location.py:146}}
Jun 01 21:37:17.295106 n-d-830646-9 devstack@g-api.service[113601]: DEBUG glance_store.location [None req-e70cf6bc-07cc-4456-b98a-f5fcfdad23ec tempest-ImagesTestJSON-1947349749 tempest-ImagesTestJSON-1947349749-project] Registering scheme swift+http with {'store': , 'location_class': , 'store_entry': 'swift'} {{(pid=113601) register_scheme_map /usr/local/lib/python3.8/dist-packages/glance_store/location.py:146}}
Jun 01 21:37:17.295106 n-d-830646-9 devstack@g-api.service[113601]: DEBUG glance_store.location [None req-e70cf6bc-07cc-4456-b98a-f5fcfdad23ec tempest-ImagesTestJSON-1947349749 tempest-ImagesTestJSON-1947349749-project] Registering scheme swift+config with {'store': , 'location_class': , 'store_entry': 'swift'} {{(pid=113601) register_scheme_map /usr/local/lib/python3.8/dist-packages/glance_store/location.py:146}}
Jun 01 21:37:17.299894 n-d-830646-9 devstack@g-api.service[113601]: DEBUG keystoneclient.auth.identity.v3.base [None req-e70cf6bc-07cc-4456-b98a-f5fcfdad23ec tempest-ImagesTestJSON-1947349749 tempest-ImagesTestJSON-1947349749-project] Making authentication request to http://10.222.0.77/identity/v3/auth/tokens {{(pid=113601) get_auth_ref /usr/local/lib/python3.8/dist-packages/keystoneclient/auth/identity/v3/base.py:187}}
Jun 01 21:37:17.443565 n-d-830646-9 devstack@g-api.service[113601]: DEBUG keystoneclient.auth.identity.v3.base [None req-e70cf6bc-07cc-4456-b98a-f5fcfdad23ec tempest-ImagesTestJSON-1947349749 tempest-ImagesTestJSON-1947349749-project] {"token": {"methods": ["password"], "user": {"domain": {"id": "default", "name": "Default"}, "id": "528674fd75c446feb986e6912dff2b25", "name": "glance-swift", "password_expires_at": null}, "audit_ids": ["lH9WiTTARAiqEd_PrbcwRw"], "expires_at": "2022-06-01T22:37:17.000000Z", "issued_at": "2022-06-01T21:37:17.000000Z", "project": {"domain": {"id": "default", "name": "Default"}, "id": "f5df6a6f5e5845f4bba542935ff098fe", "name": "service"}, "is_domain": false, "roles": [{"id": "1b1faf380fd246b39e9c4781ddde9f06", "name": "service"}, {"id": "da5f4a99cdfe45d789f717d92f0a1d2c", "name": "ResellerAdmin"}], "catalog": [{"endpoints": [{"id": "253fde30cd20468297a2ec47ab02c71c", "interface": "public", "region_id": "RegionOne", "url": "http://10.222.0.77/compute/v2/f5df6a6f5e5845f4bba542935ff098fe", "region": "RegionOne"}], "id": "0caf7fb0febf4934b4e8ff26a6844825", "type": "compute_legacy", "name": "nova_legacy"}, {"endpoints": [{"id": "3e9205e2f3e54e61b95a42b17e2aed46", "interface": "public", "region_id": "RegionOne", "url": "http://10.222.0.77/volume/v3/f5df6a6f5e5845f4bba542935ff098fe", "region": "RegionOne"}], "id": "7b46a86f1e314ebaa11f4f19d6c741c7", "type": "block-storage", "name": "cinder"}, {"endpoints": [{"id": "291756aca06b4d0b815b7f45bc9b83f9", "interface": "public", "region_id": "RegionOne", "url": "http://10.222.0.77/identity", "region": "RegionOne"}], "id": "8340c1c5311744e4b3fe2a092cf9a445", "type": "identity", "name": "keystone"}, {"endpoints": [{"id": "5309180d2b82466dab870228b6c87505", "interface": "public", "region_id": "RegionOne", "url": "http://10.222.0.77/volume/v3/f5df6a6f5e5845f4bba542935ff098fe", "region": "RegionOne"}], "id": "8a25e0efb5d44f76bf4602d6f41103e3", "type": "volumev3", "name": "cinderv3"}, {"endpoints": [{"id": "42b1cf34b5d34f61a8ec2fe719617b60", "interface": "public", "region_id": "RegionOne", "url": "http://10.222.0.77:9696/", "region": "RegionOne"}], "id": "bc201b3829b14661b1a1556025665680", "type": "network", "name": "neutron"}, {"endpoints": [{"id": "3319c80536b24de1beffdcbb6bf03bc2", "interface": "public", "region_id": "RegionOne", "url": "http://10.222.0.77/compute/v2.1", "region": "RegionOne"}], "id": "c8fa778ab4714cc39f10fa7dce456c89", "type": "compute", "name": "nova"}, {"endpoints": [{"id": "b3efd323d6df4ad98b2b51ad13bff93b", "interface": "public", "region_id": "RegionOne", "url": "http://10.222.0.77/placement", "region": "RegionOne"}], "id": "d5973219f1914fbeaba2c604eb3f02ac", "type": "placement", "name": "placement"}, {"endpoints": [{"id": "2602cf3e4e2045a88609289dcfc6a976", "interface": "public", "region_id": "RegionOne", "url": "http://10.222.0.77:8080/v1/AUTH_f5df6a6f5e5845f4bba542935ff098fe", "region": "RegionOne"}, {"id": "b2f0f2174315489cb383c343bbc031a0", "interface": "admin", "region_id": "RegionOne", "url": "http://10.222.0.77:8080", "region": "RegionOne"}], "id": "d971579829ee4980b7865f110accbb59", "type": "object-store", "name": "swift"}, {"endpoints": [{"id": "555bef9481f845c5a16c6badec905e26", "interface": "public", "region_id": "RegionOne", "url": "http://10.222.0.77/image", "region": "RegionOne"}], "id": "dc929c66bdbc4781ab69d0f5df06a735", "type": "image", "name": "glance"}]}} {{(pid=113601) get_auth_ref /usr/local/lib/python3.8/dist-packages/keystoneclient/auth/identity/v3/base.py:192}}
Jun 01 21:37:17.444414 n-d-830646-9 devstack@g-api.service[113601]: DEBUG keystoneclient.httpclient [None req-e70cf6bc-07cc-4456-b98a-f5fcfdad23ec tempest-ImagesTestJSON-1947349749 tempest-ImagesTestJSON-1947349749-project] Failed to find endpoint for management url admin endpoint for identity service not found {{(pid=113601) _process_management_url /usr/local/lib/python3.8/dist-packages/keystoneclient/httpclient.py:676}}
Jun 01 21:37:17.770727 n-d-830646-9 devstack@g-api.service[113601]: DEBUG swiftclient [None req-e70cf6bc-07cc-4456-b98a-f5fcfdad23ec tempest-ImagesTestJSON-1947349749 tempest-ImagesTestJSON-1947349749-project] REQ: curl -i http://10.222.0.77:8080/v1/AUTH_f5df6a6f5e5845f4bba542935ff098fe/glance/eee7f1c4-3832-447b-97aa-7ab6a77a58a2 -I -H "X-Auth-Token: gAAAAABil9wNB9Gh..." {{(pid=113601) http_log /usr/local/lib/python3.8/dist-packages/swiftclient/client.py:157}}
Jun 01 21:37:17.771270 n-d-830646-9 devstack@g-api.service[113601]: DEBUG swiftclient [None req-e70cf6bc-07cc-4456-b98a-f5fcfdad23ec tempest-ImagesTestJSON-1947349749 tempest-ImagesTestJSON-1947349749-project] RESP STATUS: 200 OK {{(pid=113601) http_log /usr/local/lib/python3.8/dist-packages/swiftclient/client.py:158}}
Jun 01 21:37:17.771270 n-d-830646-9 devstack@g-api.service[113601]: DEBUG swiftclient [None req-e70cf6bc-07cc-4456-b98a-f5fcfdad23ec tempest-ImagesTestJSON-1947349749 tempest-ImagesTestJSON-1947349749-project] RESP HEADERS: {'Content-Type': 'application/octet-stream', 'X-Object-Manifest': 'glance/eee7f1c4-3832-447b-97aa-7ab6a77a58a2-', 'Last-Modified': 'Wed, 01 Jun 2022 21:37:16 GMT', 'X-Timestamp': '1654119435.11696', 'Accept-Ranges': 'bytes', 'Content-Length': '645922816', 'Etag': '"bc8ed4c254b7eddf1d1daefd73129f80"', 'X-Trans-Id': 'tx6b0a76e051e449e3869f1-006297dc0d', 'X-Openstack-Request-Id': 'tx6b0a76e051e449e3869f1-006297dc0d', 'Date': 'Wed, 01 Jun 2022 21:37:17 GMT'} {{(pid=113601) http_log /usr/local/lib/python3.8/dist-packages/swiftclient/client.py:159}}
Jun 01 21:37:17.798208 n-d-830646-9 devstack@g-api.service[113601]: DEBUG swiftclient [None req-e70cf6bc-07cc-4456-b98a-f5fcfdad23ec tempest-ImagesTestJSON-1947349749 tempest-ImagesTestJSON-1947349749-project] REQ: curl -i http://10.222.0.77:8080/v1/AUTH_f5df6a6f5e5845f4bba542935ff098fe/glance?format=json&prefix=eee7f1c4-3832-447b-97aa-7ab6a77a58a2- -X GET -H "X-Auth-Token: gAAAAABil9wNB9Gh..." -H "Accept-Encoding: gzip" {{(pid=113601) http_log /usr/local/lib/python3.8/dist-packages/swiftclient/client.py:157}}
Jun 01 21:37:17.798676 n-d-830646-9 devstack@g-api.service[113601]: DEBUG swiftclient [None req-e70cf6bc-07cc-4456-b98a-f5fcfdad23ec tempest-ImagesTestJSON-1947349749 tempest-ImagesTestJSON-1947349749-project] RESP STATUS: 200 OK {{(pid=113601) http_log /usr/local/lib/python3.8/dist-packages/swiftclient/client.py:158}}
Jun 01 21:37:17.799243 n-d-830646-9 devstack@g-api.service[113601]: DEBUG swiftclient [None req-e70cf6bc-07cc-4456-b98a-f5fcfdad23ec tempest-ImagesTestJSON-1947349749 tempest-ImagesTestJSON-1947349749-project] RESP HEADERS: {'Content-Type': 'application/json; charset=utf-8', 'Content-Length': '843', 'X-Container-Object-Count': '24', 'X-Container-Bytes-Used': '3263171584', 'X-Timestamp': '1654118494.69957', 'Last-Modified': 'Wed, 01 Jun 2022 21:21:35 GMT', 'Accept-Ranges': 'bytes', 'X-Storage-Policy': 'Policy-0', 'X-Container-Sharding': 'False', 'X-Trans-Id': 'txfa08a1776ee449089f7d2-006297dc0d', 'X-Openstack-Request-Id': 'txfa08a1776ee449089f7d2-006297dc0d', 'Date': 'Wed, 01 Jun 2022 21:37:17 GMT'} {{(pid=113601) http_log /usr/local/lib/python3.8/dist-packages/swiftclient/client.py:159}}
Jun 01 21:37:17.800027 n-d-830646-9 devstack@g-api.service[113601]: DEBUG swiftclient [None req-e70cf6bc-07cc-4456-b98a-f5fcfdad23ec tempest-ImagesTestJSON-1947349749 tempest-ImagesTestJSON-1947349749-project] RESP BODY: b'[{"bytes": 204800000, "hash": "35d97698ff07f31a6af6fd48d04e2982", "name": "eee7f1c4-3832-447b-97aa-7ab6a77a58a2-00001", "content_type": "application/octet-stream", "last_modified": "2022-06-01T21:36:56.514900"}, {"bytes": 204800000, "hash": "0cac3120b17bb1686ec6c5f9aa93c86d", "name": "eee7f1c4-3832-447b-97aa-7ab6a77a58a2-00002", "content_type": "application/octet-stream", "last_modified": "2022-06-01T21:37:02.762130"}, {"bytes": 204800000, "hash": "474c454a7d42aa08dc839c761619c10b", "name": "eee7f1c4-3832-447b-97aa-7ab6a77a58a2-00003", "content_type": "application/octet-stream", "last_modified": "2022-06-01T21:37:08.650100"}, {"bytes": 31522816, "hash": "0be982c76a84f3b50fdfe738452bdba1", "name": "eee7f1c4-3832-447b-97aa-7ab6a77a58a2-00004", "content_type": "application/octet-stream", "last_modified": "2022-06-01T21:37:13.967990"}]' {{(pid=113601) http_log /usr/local/lib/python3.8/dist-packages/swiftclient/client.py:163}}
Jun 01 21:37:17.891357 n-d-830646-9 devstack@g-api.service[113601]: DEBUG swiftclient [None req-e70cf6bc-07cc-4456-b98a-f5fcfdad23ec tempest-ImagesTestJSON-1947349749 tempest-ImagesTestJSON-1947349749-project] REQ: curl -i http://10.222.0.77:8080/v1/AUTH_f5df6a6f5e5845f4bba542935ff098fe/glance/eee7f1c4-3832-447b-97aa-7ab6a77a58a2-00001 DELETE -H "X-Auth-Token: gAAAAABil9wNB9Gh..." {{(pid=113601) http_log /usr/local/lib/python3.8/dist-packages/swiftclient/client.py:157}}
Jun 01 21:37:17.891609 n-d-830646-9 devstack@g-api.service[113601]: DEBUG swiftclient [None req-e70cf6bc-07cc-4456-b98a-f5fcfdad23ec tempest-ImagesTestJSON-1947349749 tempest-ImagesTestJSON-1947349749-project] RESP STATUS: 204 No Content {{(pid=113601) http_log /usr/local/lib/python3.8/dist-packages/swiftclient/client.py:158}}
Jun 01 21:37:17.891933 n-d-830646-9 devstack@g-api.service[113601]: DEBUG swiftclient [None req-e70cf6bc-07cc-4456-b98a-f5fcfdad23ec tempest-ImagesTestJSON-1947349749 tempest-ImagesTestJSON-1947349749-project] RESP HEADERS: {'Content-Type': 'text/html; charset=UTF-8', 'Content-Length': '0', 'X-Trans-Id': 'tx49988047f3014d579c342-006297dc0d', 'X-Openstack-Request-Id': 'tx49988047f3014d579c342-006297dc0d', 'Date': 'Wed, 01 Jun 2022 21:37:17 GMT'} {{(pid=113601) http_log /usr/local/lib/python3.8/dist-packages/swiftclient/client.py:159}}
Jun 01 21:37:17.991643 n-d-830646-9 devstack@g-api.service[113601]: DEBUG swiftclient [None req-e70cf6bc-07cc-4456-b98a-f5fcfdad23ec tempest-ImagesTestJSON-1947349749 tempest-ImagesTestJSON-1947349749-project] REQ: curl -i http://10.222.0.77:8080/v1/AUTH_f5df6a6f5e5845f4bba542935ff098fe/glance/eee7f1c4-3832-447b-97aa-7ab6a77a58a2-00002 DELETE -H "X-Auth-Token: gAAAAABil9wNB9Gh..." {{(pid=113601) http_log /usr/local/lib/python3.8/dist-packages/swiftclient/client.py:157}}
Jun 01 21:37:17.991643 n-d-830646-9 devstack@g-api.service[113601]: DEBUG swiftclient [None req-e70cf6bc-07cc-4456-b98a-f5fcfdad23ec tempest-ImagesTestJSON-1947349749 tempest-ImagesTestJSON-1947349749-project] RESP STATUS: 204 No Content {{(pid=113601) http_log /usr/local/lib/python3.8/dist-packages/swiftclient/client.py:158}}
Jun 01 21:37:17.991643 n-d-830646-9 devstack@g-api.service[113601]: DEBUG swiftclient [None req-e70cf6bc-07cc-4456-b98a-f5fcfdad23ec tempest-ImagesTestJSON-1947349749 tempest-ImagesTestJSON-1947349749-project] RESP HEADERS: {'Content-Type': 'text/html; charset=UTF-8', 'Content-Length': '0', 'X-Trans-Id': 'tx203b5d05c777493c80423-006297dc0d', 'X-Openstack-Request-Id': 'tx203b5d05c777493c80423-006297dc0d', 'Date': 'Wed, 01 Jun 2022 21:37:17 GMT'} {{(pid=113601) http_log /usr/local/lib/python3.8/dist-packages/swiftclient/client.py:159}}
Jun 01 21:37:18.051434 n-d-830646-9 devstack@g-api.service[113601]: DEBUG swiftclient [None req-e70cf6bc-07cc-4456-b98a-f5fcfdad23ec tempest-ImagesTestJSON-1947349749 tempest-ImagesTestJSON-1947349749-project] REQ: curl -i http://10.222.0.77:8080/v1/AUTH_f5df6a6f5e5845f4bba542935ff098fe/glance/eee7f1c4-3832-447b-97aa-7ab6a77a58a2-00003 DELETE -H "X-Auth-Token: gAAAAABil9wNB9Gh..." {{(pid=113601) http_log /usr/local/lib/python3.8/dist-packages/swiftclient/client.py:157}}
Jun 01 21:37:18.051684 n-d-830646-9 devstack@g-api.service[113601]: DEBUG swiftclient [None req-e70cf6bc-07cc-4456-b98a-f5fcfdad23ec tempest-ImagesTestJSON-1947349749 tempest-ImagesTestJSON-1947349749-project] RESP STATUS: 204 No Content {{(pid=113601) http_log /usr/local/lib/python3.8/dist-packages/swiftclient/client.py:158}}
Jun 01 21:37:18.051999 n-d-830646-9 devstack@g-api.service[113601]: DEBUG swiftclient [None req-e70cf6bc-07cc-4456-b98a-f5fcfdad23ec tempest-ImagesTestJSON-1947349749 tempest-ImagesTestJSON-1947349749-project] RESP HEADERS: {'Content-Type': 'text/html; charset=UTF-8', 'Content-Length': '0', 'X-Trans-Id': 'tx16cd442dc43d475a97977-006297dc0d', 'X-Openstack-Request-Id': 'tx16cd442dc43d475a97977-006297dc0d', 'Date': 'Wed, 01 Jun 2022 21:37:18 GMT'} {{(pid=113601) http_log /usr/local/lib/python3.8/dist-packages/swiftclient/client.py:159}}
Jun 01 21:37:18.152995 n-d-830646-9 devstack@g-api.service[113601]: DEBUG swiftclient [None req-e70cf6bc-07cc-4456-b98a-f5fcfdad23ec tempest-ImagesTestJSON-1947349749 tempest-ImagesTestJSON-1947349749-project] REQ: curl -i http://10.222.0.77:8080/v1/AUTH_f5df6a6f5e5845f4bba542935ff098fe/glance/eee7f1c4-3832-447b-97aa-7ab6a77a58a2-00004 DELETE -H "X-Auth-Token: gAAAAABil9wNB9Gh..." {{(pid=113601) http_log /usr/local/lib/python3.8/dist-packages/swiftclient/client.py:157}}
Jun 01 21:37:18.154016 n-d-830646-9 devstack@g-api.service[113601]: DEBUG swiftclient [None req-e70cf6bc-07cc-4456-b98a-f5fcfdad23ec tempest-ImagesTestJSON-1947349749 tempest-ImagesTestJSON-1947349749-project] RESP STATUS: 204 No Content {{(pid=113601) http_log /usr/local/lib/python3.8/dist-packages/swiftclient/client.py:158}}
