Sep 01 16:24:51.548915 n-d-830646-25 devstack@keystone.service[81897]: DEBUG keystone.server.flask.request_processing.req_logging [None req-e08c0b60-b07f-46d6-bb14-d7742d894f57 None admin] REQUEST_METHOD: `POST` {{(pid=81897) log_request_info /opt/stack/keystone/keystone/server/flask/request_processing/req_logging.py:27}}
Sep 01 16:24:51.549374 n-d-830646-25 devstack@keystone.service[81897]: DEBUG keystone.server.flask.request_processing.req_logging [None req-e08c0b60-b07f-46d6-bb14-d7742d894f57 None admin] SCRIPT_NAME: `/identity` {{(pid=81897) log_request_info /opt/stack/keystone/keystone/server/flask/request_processing/req_logging.py:28}}
Sep 01 16:24:51.549833 n-d-830646-25 devstack@keystone.service[81897]: DEBUG keystone.server.flask.request_processing.req_logging [None req-e08c0b60-b07f-46d6-bb14-d7742d894f57 None admin] PATH_INFO: `/v3/projects` {{(pid=81897) log_request_info /opt/stack/keystone/keystone/server/flask/request_processing/req_logging.py:29}}
Sep 01 16:24:51.550946 n-d-830646-25 devstack@keystone.service[81897]: DEBUG keystone.common.rbac_enforcer.enforcer [None req-e08c0b60-b07f-46d6-bb14-d7742d894f57 None admin] RBAC: Authorizing `identity:create_project()` {{(pid=81897) enforce_call /opt/stack/keystone/keystone/common/rbac_enforcer/enforcer.py:449}}
Sep 01 16:24:51.553071 n-d-830646-25 devstack@keystone.service[81897]: DEBUG keystone.common.rbac_enforcer.enforcer [None req-e08c0b60-b07f-46d6-bb14-d7742d894f57 None admin] RBAC: Authorization granted {{(pid=81897) enforce_call /opt/stack/keystone/keystone/common/rbac_enforcer/enforcer.py:457}}
Sep 01 16:24:51.577299 n-d-830646-25 devstack@keystone.service[81897]: DEBUG dbcounter [-] [81897] Writing DB stats keystone:SELECT=99,keystone:INSERT=1 {{(pid=81897) stat_writer /usr/local/lib/python3.8/dist-packages/dbcounter.py:114}}
Sep 01 16:24:51.595841 n-d-830646-25 devstack@keystone.service[81897]: [pid: 81897|app: 0|req: 23/46] 10.222.0.78 () {60 vars in 1141 bytes} [Thu Sep 1 16:24:51 2022] POST /identity/v3/projects => generated 312 bytes in 205 msecs (HTTP/1.1 201) 5 headers in 182 bytes (1 switches on core 0)
Sep 01 16:24:52.852446 n-d-830646-25 devstack@keystone.service[81896]: DEBUG keystone.server.flask.request_processing.req_logging [None req-e418cb31-7b32-4ecf-89b4-a466b4dae0d2 None None] REQUEST_METHOD: `GET` {{(pid=81896) log_request_info /opt/stack/keystone/keystone/server/flask/request_processing/req_logging.py:27}}
Sep 01 16:24:52.853230 n-d-830646-25 devstack@keystone.service[81896]: DEBUG keystone.server.flask.request_processing.req_logging [None req-e418cb31-7b32-4ecf-89b4-a466b4dae0d2 None None] SCRIPT_NAME: `/identity` {{(pid=81896) log_request_info /opt/stack/keystone/keystone/server/flask/request_processing/req_logging.py:28}}
Sep 01 16:24:52.853372 n-d-830646-25 devstack@keystone.service[81896]: DEBUG keystone.server.flask.request_processing.req_logging [None req-e418cb31-7b32-4ecf-89b4-a466b4dae0d2 None None] PATH_INFO: `/` {{(pid=81896) log_request_info /opt/stack/keystone/keystone/server/flask/request_processing/req_logging.py:29}}
Sep 01 16:24:52.854839 n-d-830646-25 devstack@keystone.service[81896]: [pid: 81896|app: 0|req: 24/47] 10.222.0.78 () {54 vars in 927 bytes} [Thu Sep 1 16:24:52 2022] GET /identity => generated 270 bytes in 4 msecs (HTTP/1.1 300) 6 headers in 234 bytes (1 switches on core 0)
Sep 01 16:24:52.860234 n-d-830646-25 devstack@keystone.service[81897]: DEBUG keystone.server.flask.request_processing.req_logging [None req-100224bd-c7c7-4884-bc3a-af71af19cc2b None None] REQUEST_METHOD: `POST` {{(pid=81897) log_request_info /opt/stack/keystone/keystone/server/flask/request_processing/req_logging.py:27}}
Sep 01 16:24:52.860688 n-d-830646-25 devstack@keystone.service[81897]: DEBUG keystone.server.flask.request_processing.req_logging [None req-100224bd-c7c7-4884-bc3a-af71af19cc2b None None] SCRIPT_NAME: `/identity` {{(pid=81897) log_request_info /opt/stack/keystone/keystone/server/flask/request_processing/req_logging.py:28}}
Sep 01 16:24:52.860913 n-d-830646-25 devstack@keystone.service[81897]: DEBUG keystone.server.flask.request_processing.req_logging [None req-100224bd-c7c7-4884-bc3a-af71af19cc2b None None] PATH_INFO: `/v3/auth/tokens` {{(pid=81897) log_request_info /opt/stack/keystone/keystone/server/flask/request_processing/req_logging.py:29}}
Sep 01 16:24:52.879863 n-d-830646-25 devstack@keystone.service[81897]: DEBUG keystone.auth.core [None req-100224bd-c7c7-4884-bc3a-af71af19cc2b None None] MFA Rules not processed for user `99d36e3514c1461fae8e8bfb5aae419b`. Rule list: `[]` (Enabled: `True`). {{(pid=81897) check_auth_methods_against_rules /opt/stack/keystone/keystone/auth/core.py:438}}
Sep 01 16:24:52.881124 n-d-830646-25 devstack@keystone.service[81897]: DEBUG keystone.common.fernet_utils [None req-100224bd-c7c7-4884-bc3a-af71af19cc2b None None] Loaded 2 Fernet keys from /etc/keystone/fernet-keys/, but `[fernet_tokens] max_active_keys = 3`; perhaps there have not been enough key rotations to reach `max_active_keys` yet? {{(pid=81897) load_keys /opt/stack/keystone/keystone/common/fernet_utils.py:286}}
Sep 01 16:24:52.969373 n-d-830646-25 devstack@keystone.service[81897]: [pid: 81897|app: 0|req: 24/48] 10.222.0.78 () {58 vars in 1024 bytes} [Thu Sep 1 16:24:52 2022] POST /identity/v3/auth/tokens => generated 799 bytes in 110 msecs (HTTP/1.1 201) 6 headers in 363 bytes (2 switches on core 0)
Sep 01 16:24:53.256997 n-d-830646-25 devstack@keystone.service[81896]: DEBUG keystone.server.flask.request_processing.middleware.auth_context [None req-e418cb31-7b32-4ecf-89b4-a466b4dae0d2 None None] Authenticating user token {{(pid=81896) process_request /usr/local/lib/python3.8/dist-packages/keystonemiddleware/auth_token/__init__.py:407}}
Sep 01 16:24:53.309100 n-d-830646-25 devstack@keystone.service[81896]: DEBUG dbcounter [-] [81896] Writing DB stats keystone:SELECT=99,keystone:INSERT=1 {{(pid=81896) stat_writer /usr/local/lib/python3.8/dist-packages/dbcounter.py:114}}
Sep 01 16:24:53.508993 n-d-830646-25 devstack@keystone.service[81896]: DEBUG keystone.server.flask.request_processing.middleware.auth_context [None req-e418cb31-7b32-4ecf-89b4-a466b4dae0d2 None None] Validating token access rules against request {{(pid=81896) validate_allowed_request /usr/local/lib/python3.8/dist-packages/keystonemiddleware/auth_token/__init__.py:545}}
Sep 01 16:24:53.545491 n-d-830646-25 devstack@keystone.service[81896]: DEBUG keystone.server.flask.request_processing.middleware.auth_context [None req-42eed710-2042-4696-990e-e43439d6d92a None admin] RBAC: auth_context: {'token': , 'domain_id': None, 'trust_id': None, 'trustor_id': None, 'trustee_id': None, 'domain_name': None, 'group_ids': [], 'user_id': '99d36e3514c1461fae8e8bfb5aae419b', 'user_domain_id': 'default', 'system_scope': 'all', 'project_id': None, 'project_domain_id': None, 'roles': ['admin', 'member', 'reader'], 'is_admin_project': True, 'service_user_id': None, 'service_user_domain_id': None, 'service_project_id': None, 'service_project_domain_id': None, 'service_roles': []} {{(pid=81896) fill_context /opt/stack/keystone/keystone/server/flask/request_processing/middleware/auth_context.py:478}}
Sep 01 16:24:53.546122 n-d-830646-25 devstack@keystone.service[81896]: DEBUG keystone.server.flask.request_processing.req_logging [None req-42eed710-2042-4696-990e-e43439d6d92a None admin] REQUEST_METHOD: `GET` {{(pid=81896) log_request_info /opt/stack/keystone/keystone/server/flask/request_processing/req_logging.py:27}}
Sep 01 16:24:53.546400 n-d-830646-25 devstack@keystone.service[81896]: DEBUG keystone.server.flask.request_processing.req_logging [None req-42eed710-2042-4696-990e-e43439d6d92a None admin] SCRIPT_NAME: `/identity` {{(pid=81896) log_request_info /opt/stack/keystone/keystone/server/flask/request_processing/req_logging.py:28}}
Sep 01 16:24:53.546674 n-d-830646-25 devstack@keystone.service[81896]: DEBUG keystone.server.flask.request_processing.req_logging [None req-42eed710-2042-4696-990e-e43439d6d92a None admin] PATH_INFO: `/v3/roles/admin` {{(pid=81896) log_request_info /opt/stack/keystone/keystone/server/flask/request_processing/req_logging.py:29}}
Sep 01 16:24:53.557927 n-d-830646-25 devstack@keystone.service[81896]: DEBUG keystone.common.rbac_enforcer.enforcer [None req-42eed710-2042-4696-990e-e43439d6d92a None admin] Extracting inferred target data resulted in "NOT FOUND (404)". {{(pid=81896) enforce_call /opt/stack/keystone/keystone/common/rbac_enforcer/enforcer.py:409}}
Sep 01 16:24:53.562832 n-d-830646-25 devstack@keystone.service[81896]: ERROR keystone.server.flask.application [None req-42eed710-2042-4696-990e-e43439d6d92a None admin] Could not find role: admin.: keystone.exception.RoleNotFound: Could not find role: admin.
Sep 01 16:24:53.562832 n-d-830646-25 devstack@keystone.service[81896]: ERROR keystone.server.flask.application
Traceback (most recent call last):
Sep 01 16:24:53.562832 n-d-830646-25 devstack@keystone.service[81896]: ERROR keystone.server.flask.application
File "/usr/local/lib/python3.8/dist-packages/flask/app.py", line 1820, in full_dispatch_request
Sep 01 16:24:53.562832 n-d-830646-25 devstack@keystone.service[81896]: ERROR keystone.server.flask.application rv = self.dispatch_request()
Sep 01 16:24:53.562832 n-d-830646-25 devstack@keystone.service[81896]: ERROR keystone.server.flask.application
File "/usr/local/lib/python3.8/dist-packages/flask/app.py", line 1796, in dispatch_request
Sep 01 16:24:53.562832 n-d-830646-25 devstack@keystone.service[81896]: ERROR keystone.server.flask.application return self.ensure_sync(self.view_functions[rule.endpoint])(**view_args)
Sep 01 16:24:53.562832 n-d-830646-25 devstack@keystone.service[81896]: ERROR keystone.server.flask.application
File "/usr/local/lib/python3.8/dist-packages/flask_restful/__init__.py", line 467, in wrapper
Sep 01 16:24:53.562832 n-d-830646-25 devstack@keystone.service[81896]: ERROR keystone.server.flask.application resp = resource(*args, **kwargs)
Sep 01 16:24:53.562832 n-d-830646-25 devstack@keystone.service[81896]: ERROR keystone.server.flask.application
File "/usr/local/lib/python3.8/dist-packages/flask/views.py", line 107, in view
Sep 01 16:24:53.562832 n-d-830646-25 devstack@keystone.service[81896]: ERROR keystone.server.flask.application return current_app.ensure_sync(self.dispatch_request)(**kwargs)
Sep 01 16:24:53.562832 n-d-830646-25 devstack@keystone.service[81896]: ERROR keystone.server.flask.application
File "/usr/local/lib/python3.8/dist-packages/flask_restful/__init__.py", line 582, in dispatch_request
Sep 01 16:24:53.562832 n-d-830646-25 devstack@keystone.service[81896]: ERROR keystone.server.flask.application resp = meth(*args, **kwargs)
Sep 01 16:24:53.562832 n-d-830646-25 devstack@keystone.service[81896]: ERROR keystone.server.flask.application
File "/opt/stack/keystone/keystone/api/roles.py", line 50, in get
Sep 01 16:24:53.562832 n-d-830646-25 devstack@keystone.service[81896]: ERROR keystone.server.flask.application return self._get_role(role_id)
Sep 01 16:24:53.562832 n-d-830646-25 devstack@keystone.service[81896]: ERROR keystone.server.flask.application
File "/opt/stack/keystone/keystone/api/roles.py", line 70, in _get_role
Sep 01 16:24:53.562832 n-d-830646-25 devstack@keystone.service[81896]: ERROR keystone.server.flask.application ENFORCER.enforce_call(action='identity:get_role')
Sep 01 16:24:53.563916 n-d-830646-25 devstack@keystone.service[81896]: ERROR keystone.server.flask.application
File "/opt/stack/keystone/keystone/common/rbac_enforcer/enforcer.py", line 402, in enforce_call
Sep 01 16:24:53.563916 n-d-830646-25 devstack@keystone.service[81896]: ERROR keystone.server.flask.application policy_dict.update(cls._extract_member_target_data(
Sep 01 16:24:53.563916 n-d-830646-25 devstack@keystone.service[81896]: ERROR keystone.server.flask.application
File "/opt/stack/keystone/keystone/common/rbac_enforcer/enforcer.py", line 234, in _extract_member_target_data
Sep 01 16:24:53.563916 n-d-830646-25 devstack@keystone.service[81896]: ERROR keystone.server.flask.application member_name: func(flask.request.view_args[key])
Sep 01 16:24:53.563916 n-d-830646-25 devstack@keystone.service[81896]: ERROR keystone.server.flask.application
File "/opt/stack/keystone/keystone/common/manager.py", line 115, in wrapped
Sep 01 16:24:53.563916 n-d-830646-25 devstack@keystone.service[81896]: ERROR keystone.server.flask.application __ret_val = __f(*args, **kwargs)
Sep 01 16:24:53.563916 n-d-830646-25 devstack@keystone.service[81896]: ERROR keystone.server.flask.application
File "/usr/local/lib/python3.8/dist-packages/decorator.py", line 232, in fun
Sep 01 16:24:53.563916 n-d-830646-25 devstack@keystone.service[81896]: ERROR keystone.server.flask.application return caller(func, *(extras + args), **kw)
Sep 01 16:24:53.563916 n-d-830646-25 devstack@keystone.service[81896]: ERROR keystone.server.flask.application
File "/usr/local/lib/python3.8/dist-packages/dogpile/cache/region.py", line 1577, in get_or_create_for_user_func
Sep 01 16:24:53.563916 n-d-830646-25 devstack@keystone.service[81896]: ERROR keystone.server.flask.application return self.get_or_create(
Sep 01 16:24:53.563916 n-d-830646-25 devstack@keystone.service[81896]: ERROR keystone.server.flask.application
File "/usr/local/lib/python3.8/dist-packages/dogpile/cache/region.py", line 1042, in get_or_create
Sep 01 16:24:53.563916 n-d-830646-25 devstack@keystone.service[81896]: ERROR keystone.server.flask.application with Lock(
Sep 01 16:24:53.563916 n-d-830646-25 devstack@keystone.service[81896]: ERROR keystone.server.flask.application
File "/usr/local/lib/python3.8/dist-packages/dogpile/lock.py", line 185, in __enter__
Sep 01 16:24:53.563916 n-d-830646-25 devstack@keystone.service[81896]: ERROR keystone.server.flask.application return self._enter()
Sep 01 16:24:53.563916 n-d-830646-25 devstack@keystone.service[81896]: ERROR keystone.server.flask.application
File "/usr/local/lib/python3.8/dist-packages/dogpile/lock.py", line 94, in _enter
Sep 01 16:24:53.563916 n-d-830646-25 devstack@keystone.service[81896]: ERROR keystone.server.flask.application generated = self._enter_create(value, createdtime)
Sep 01 16:24:53.564978 n-d-830646-25 devstack@keystone.service[81896]: ERROR keystone.server.flask.application
File "/usr/local/lib/python3.8/dist-packages/dogpile/lock.py", line 178, in _enter_create
Sep 01 16:24:53.564978 n-d-830646-25 devstack@keystone.service[81896]: ERROR keystone.server.flask.application return self.creator()
Sep 01 16:24:53.564978 n-d-830646-25 devstack@keystone.service[81896]: ERROR keystone.server.flask.application
File "/usr/local/lib/python3.8/dist-packages/dogpile/cache/region.py", line 995, in gen_value
Sep 01 16:24:53.564978 n-d-830646-25 devstack@keystone.service[81896]: ERROR keystone.server.flask.application created_value = creator(
Sep 01 16:24:53.564978 n-d-830646-25 devstack@keystone.service[81896]: ERROR keystone.server.flask.application
File "/opt/stack/keystone/keystone/assignment/core.py", line 1276, in get_role
Sep 01 16:24:53.564978 n-d-830646-25 devstack@keystone.service[81896]: ERROR keystone.server.flask.application return self.driver.get_role(role_id)
Sep 01 16:24:53.564978 n-d-830646-25 devstack@keystone.service[81896]: ERROR keystone.server.flask.application
File "/opt/stack/keystone/keystone/assignment/role_backends/sql.py", line 70, in get_role
Sep 01 16:24:53.564978 n-d-830646-25 devstack@keystone.service[81896]: ERROR keystone.server.flask.application return self._get_role(session, role_id).to_dict()
Sep 01 16:24:53.564978 n-d-830646-25 devstack@keystone.service[81896]: ERROR keystone.server.flask.application
File "/opt/stack/keystone/keystone/assignment/role_backends/sql.py", line 65, in _get_role
Sep 01 16:24:53.564978 n-d-830646-25 devstack@keystone.service[81896]: ERROR keystone.server.flask.application raise exception.RoleNotFound(role_id=role_id)
Sep 01 16:24:53.564978 n-d-830646-25 devstack@keystone.service[81896]: ERROR keystone.server.flask.application keystone.exception.RoleNotFound: Could not find role: admin.
Sep 01 16:24:53.564978 n-d-830646-25 devstack@keystone.service[81896]: ERROR keystone.server.flask.application
Sep 01 16:24:53.564978 n-d-830646-25 devstack@keystone.service[81896]: [pid: 81896|app: 0|req: 25/49] 10.222.0.78 () {56 vars in 1096 bytes} [Thu Sep 1 16:24:53 2022] GET /identity/v3/roles/admin => generated 83 bytes in 308 msecs (HTTP/1.1 404) 5 headers in 183 bytes (1 switches on core 0)
Sep 01 16:24:53.573595 n-d-830646-25 devstack@keystone.service[81897]: DEBUG keystone.server.flask.request_processing.middleware.auth_context [None req-100224bd-c7c7-4884-bc3a-af71af19cc2b None None] Authenticating user token {{(pid=81897) process_request /usr/local/lib/python3.8/dist-packages/keystonemiddleware/auth_token/__init__.py:407}}
Sep 01 16:24:53.610516 n-d-830646-25 devstack@keystone.service[81896]: DEBUG keystone.server.flask.request_processing.req_logging [None req-670071c4-790a-4fe1-ab26-9c7c90c70ba3 None None] REQUEST_METHOD: `GET` {{(pid=81896) log_request_info /opt/stack/keystone/keystone/server/flask/request_processing/req_logging.py:27}}
Sep 01 16:24:53.610799 n-d-830646-25 devstack@keystone.service[81896]: DEBUG keystone.server.flask.request_processing.req_logging [None req-670071c4-790a-4fe1-ab26-9c7c90c70ba3 None None] SCRIPT_NAME: `/identity` {{(pid=81896) log_request_info /opt/stack/keystone/keystone/server/flask/request_processing/req_logging.py:28}}
Sep 01 16:24:53.611074 n-d-830646-25 devstack@keystone.service[81896]: DEBUG keystone.server.flask.request_processing.req_logging [None req-670071c4-790a-4fe1-ab26-9c7c90c70ba3 None None] PATH_INFO: `/` {{(pid=81896) log_request_info /opt/stack/keystone/keystone/server/flask/request_processing/req_logging.py:29}}
Sep 01 16:24:53.612637 n-d-830646-25 devstack@keystone.service[81896]: [pid: 81896|app: 0|req: 26/50] 10.222.0.78 () {54 vars in 927 bytes} [Thu Sep 1 16:24:53 2022] GET /identity => generated 270 bytes in 4 msecs (HTTP/1.1 300) 6 headers in 234 bytes (1 switches on core 0)
Sep 01 16:24:53.618502 n-d-830646-25 devstack@keystone.service[81896]: DEBUG keystone.server.flask.request_processing.req_logging [None req-f0ab03d4-021d-4021-a39a-3ddbed55f428 None None] REQUEST_METHOD: `POST` {{(pid=81896) log_request_info /opt/stack/keystone/keystone/server/flask/request_processing/req_logging.py:27}}
Sep 01 16:24:53.618791 n-d-830646-25 devstack@keystone.service[81896]: DEBUG keystone.server.flask.request_processing.req_logging [None req-f0ab03d4-021d-4021-a39a-3ddbed55f428 None None] SCRIPT_NAME: `/identity` {{(pid=81896) log_request_info /opt/stack/keystone/keystone/server/flask/request_processing/req_logging.py:28}}
Sep 01 16:24:53.619069 n-d-830646-25 devstack@keystone.service[81896]: DEBUG keystone.server.flask.request_processing.req_logging [None req-f0ab03d4-021d-4021-a39a-3ddbed55f428 None None] PATH_INFO: `/v3/auth/tokens` {{(pid=81896) log_request_info /opt/stack/keystone/keystone/server/flask/request_processing/req_logging.py:29}}
Sep 01 16:24:53.642130 n-d-830646-25 devstack@keystone.service[81896]: DEBUG keystone.auth.core [None req-f0ab03d4-021d-4021-a39a-3ddbed55f428 None None] MFA Rules not processed for user `99d36e3514c1461fae8e8bfb5aae419b`. Rule list: `[]` (Enabled: `True`). {{(pid=81896) check_auth_methods_against_rules /opt/stack/keystone/keystone/auth/core.py:438}}
Sep 01 16:24:53.643877 n-d-830646-25 devstack@keystone.service[81896]: DEBUG keystone.common.fernet_utils [None req-f0ab03d4-021d-4021-a39a-3ddbed55f428 None None] Loaded 2 Fernet keys from /etc/keystone/fernet-keys/, but `[fernet_tokens] max_active_keys = 3`; perhaps there have not been enough key rotations to reach `max_active_keys` yet? {{(pid=81896) load_keys /opt/stack/keystone/keystone/common/fernet_utils.py:286}}
Sep 01 16:24:53.727925 n-d-830646-25 devstack@keystone.service[81896]: [pid: 81896|app: 0|req: 27/51] 10.222.0.78 () {58 vars in 1024 bytes} [Thu Sep 1 16:24:53 2022] POST /identity/v3/auth/tokens => generated 799 bytes in 110 msecs (HTTP/1.1 201) 6 headers in 363 bytes (2 switches on core 0)
Sep 01 16:24:53.804377 n-d-830646-25 devstack@keystone.service[81897]: DEBUG keystone.server.flask.request_processing.middleware.auth_context [None req-100224bd-c7c7-4884-bc3a-af71af19cc2b None None] Validating token access rules against request {{(pid=81897) validate_allowed_request /usr/local/lib/python3.8/dist-packages/keystonemiddleware/auth_token/__init__.py:545}}
Sep 01 16:24:53.829142 n-d-830646-25 devstack@keystone.service[81897]: DEBUG dbcounter [-] [81897] Writing DB stats keystone:INSERT=1,keystone:SELECT=99 {{(pid=81897) stat_writer /usr/local/lib/python3.8/dist-packages/dbcounter.py:114}}
Sep 01 16:24:53.841670 n-d-830646-25 devstack@keystone.service[81897]: DEBUG keystone.server.flask.request_processing.middleware.auth_context [None req-af014da9-0a81-4c2c-ac89-d74b093af47c None admin] RBAC: auth_context: {'token': , 'domain_id': None, 'trust_id': None, 'trustor_id': None, 'trustee_id': None, 'domain_name': None, 'group_ids': [], 'user_id': '99d36e3514c1461fae8e8bfb5aae419b', 'user_domain_id': 'default', 'system_scope': 'all', 'project_id': None, 'project_domain_id': None, 'roles': ['admin', 'member', 'reader'], 'is_admin_project': True, 'service_user_id': None, 'service_user_domain_id': None, 'service_project_id': None, 'service_project_domain_id': None, 'service_roles': []} {{(pid=81897) fill_context /opt/stack/keystone/keystone/server/flask/request_processing/middleware/auth_context.py:478}}
Sep 01 16:24:53.842290 n-d-830646-25 devstack@keystone.service[81897]: DEBUG keystone.server.flask.request_processing.req_logging [None req-af014da9-0a81-4c2c-ac89-d74b093af47c None admin] REQUEST_METHOD: `GET` {{(pid=81897) log_request_info /opt/stack/keystone/keystone/server/flask/request_processing/req_logging.py:27}}
Sep 01 16:24:53.842566 n-d-830646-25 devstack@keystone.service[81897]: DEBUG keystone.server.flask.request_processing.req_logging [None req-af014da9-0a81-4c2c-ac89-d74b093af47c None admin] SCRIPT_NAME: `/identity` {{(pid=81897) log_request_info /opt/stack/keystone/keystone/server/flask/request_processing/req_logging.py:28}}
Sep 01 16:24:53.842841 n-d-830646-25 devstack@keystone.service[81897]: DEBUG keystone.server.flask.request_processing.req_logging [None req-af014da9-0a81-4c2c-ac89-d74b093af47c None admin] PATH_INFO: `/v3/roles` {{(pid=81897) log_request_info /opt/stack/keystone/keystone/server/flask/request_processing/req_logging.py:29}}
Sep 01 16:24:53.843511 n-d-830646-25 devstack@keystone.service[81897]: DEBUG keystone.common.rbac_enforcer.enforcer [None req-af014da9-0a81-4c2c-ac89-d74b093af47c None admin] RBAC: Adding query filter params (name=admin) {{(pid=81897) _extract_filter_values /opt/stack/keystone/keystone/common/rbac_enforcer/enforcer.py:167}}
Sep 01 16:24:53.844218 n-d-830646-25 devstack@keystone.service[81897]: DEBUG keystone.common.rbac_enforcer.enforcer [None req-af014da9-0a81-4c2c-ac89-d74b093af47c None admin] RBAC: Authorizing `identity:list_roles()` {{(pid=81897) enforce_call /opt/stack/keystone/keystone/common/rbac_enforcer/enforcer.py:449}}
Sep 01 16:24:53.845236 n-d-830646-25 devstack@keystone.service[81897]: DEBUG keystone.common.rbac_enforcer.enforcer [None req-af014da9-0a81-4c2c-ac89-d74b093af47c None admin] RBAC: Authorization granted {{(pid=81897) enforce_call /opt/stack/keystone/keystone/common/rbac_enforcer/enforcer.py:457}}
Sep 01 16:24:53.858549 n-d-830646-25 devstack@keystone.service[81897]: [pid: 81897|app: 0|req: 25/52] 10.222.0.78 () {56 vars in 1099 bytes} [Thu Sep 1 16:24:53 2022] GET /identity/v3/roles?name=admin => generated 339 bytes in 286 msecs (HTTP/1.1 200) 5 headers in 177 bytes (2 switches on core 0)
Sep 01 16:24:53.864293 n-d-830646-25 devstack@keystone.service[81896]: DEBUG keystone.server.flask.request_processing.middleware.auth_context [None req-f0ab03d4-021d-4021-a39a-3ddbed55f428 None None] Authenticating user token {{(pid=81896) process_request /usr/local/lib/python3.8/dist-packages/keystonemiddleware/auth_token/__init__.py:407}}
Sep 01 16:24:53.887331 n-d-830646-25 devstack@keystone.service[81896]: DEBUG dbcounter [-] [81896] Writing DB stats keystone:SELECT=100 {{(pid=81896) stat_writer /usr/local/lib/python3.8/dist-packages/dbcounter.py:114}}
Sep 01 16:24:53.977982 n-d-830646-25 devstack@keystone.service[81896]: DEBUG keystone.server.flask.request_processing.middleware.auth_context [None req-f0ab03d4-021d-4021-a39a-3ddbed55f428 None None] Validating token access rules against request {{(pid=81896) validate_allowed_request /usr/local/lib/python3.8/dist-packages/keystonemiddleware/auth_token/__init__.py:545}}
Sep 01 16:24:54.015148 n-d-830646-25 devstack@keystone.service[81896]: DEBUG keystone.server.flask.request_processing.middleware.auth_context [None req-df093d98-8353-4986-844d-1eaed83dc810 None admin] RBAC: auth_context: {'token': , 'domain_id': None, 'trust_id': None, 'trustor_id': None, 'trustee_id': None, 'domain_name': None, 'group_ids': [], 'user_id': '99d36e3514c1461fae8e8bfb5aae419b', 'user_domain_id': 'default', 'system_scope': 'all', 'project_id': None, 'project_domain_id': None, 'roles': ['admin', 'member', 'reader'], 'is_admin_project': True, 'service_user_id': None, 'service_user_domain_id': None, 'service_project_id': None, 'service_project_domain_id': None, 'service_roles': []} {{(pid=81896) fill_context /opt/stack/keystone/keystone/server/flask/request_processing/middleware/auth_context.py:478}}
Sep 01 16:24:54.015796 n-d-830646-25 devstack@keystone.service[81896]: DEBUG keystone.server.flask.request_processing.req_logging [None req-df093d98-8353-4986-844d-1eaed83dc810 None admin] REQUEST_METHOD: `GET` {{(pid=81896) log_request_info /opt/stack/keystone/keystone/server/flask/request_processing/req_logging.py:27}}
Sep 01 16:24:54.016071 n-d-830646-25 devstack@keystone.service[81896]: DEBUG keystone.server.flask.request_processing.req_logging [None req-df093d98-8353-4986-844d-1eaed83dc810 None admin] SCRIPT_NAME: `/identity` {{(pid=81896) log_request_info /opt/stack/keystone/keystone/server/flask/request_processing/req_logging.py:28}}
Sep 01 16:24:54.016400 n-d-830646-25 devstack@keystone.service[81896]: DEBUG keystone.server.flask.request_processing.req_logging [None req-df093d98-8353-4986-844d-1eaed83dc810 None admin] PATH_INFO: `/v3/users/99d36e3514c1461fae8e8bfb5aae419b` {{(pid=81896) log_request_info /opt/stack/keystone/keystone/server/flask/request_processing/req_logging.py:29}}
Sep 01 16:24:54.017821 n-d-830646-25 devstack@keystone.service[81896]: DEBUG keystone.common.rbac_enforcer.enforcer [None req-df093d98-8353-4986-844d-1eaed83dc810 None admin] RBAC: Authorizing `identity:get_user(user_id=99d36e3514c1461fae8e8bfb5aae419b)` {{(pid=81896) enforce_call /opt/stack/keystone/keystone/common/rbac_enforcer/enforcer.py:449}}
Sep 01 16:24:54.019078 n-d-830646-25 devstack@keystone.service[81897]: DEBUG keystone.server.flask.request_processing.middleware.auth_context [None req-af014da9-0a81-4c2c-ac89-d74b093af47c None admin] Authenticating user token {{(pid=81897) process_request /usr/local/lib/python3.8/dist-packages/keystonemiddleware/auth_token/__init__.py:407}}
Sep 01 16:24:54.019980 n-d-830646-25 devstack@keystone.service[81896]: DEBUG keystone.common.rbac_enforcer.enforcer [None req-df093d98-8353-4986-844d-1eaed83dc810 None admin] RBAC: Authorization granted {{(pid=81896) enforce_call /opt/stack/keystone/keystone/common/rbac_enforcer/enforcer.py:457}}
Sep 01 16:24:54.020893 n-d-830646-25 devstack@keystone.service[81896]: [pid: 81896|app: 0|req: 28/53] 10.222.0.78 () {56 vars in 1177 bytes} [Thu Sep 1 16:24:53 2022] GET /identity/v3/users/99d36e3514c1461fae8e8bfb5aae419b => generated 247 bytes in 157 msecs (HTTP/1.1 200) 5 headers in 177 bytes (1 switches on core 0)
Sep 01 16:24:54.027138 n-d-830646-25 devstack@keystone.service[81896]: DEBUG keystone.server.flask.request_processing.middleware.auth_context [None req-df093d98-8353-4986-844d-1eaed83dc810 None admin] Authenticating user token {{(pid=81896) process_request /usr/local/lib/python3.8/dist-packages/keystonemiddleware/auth_token/__init__.py:407}}
Sep 01 16:24:54.132750 n-d-830646-25 devstack@keystone.service[81896]: DEBUG dbcounter [-] [81896] Writing DB stats keystone:SELECT=100 {{(pid=81896) stat_writer /usr/local/lib/python3.8/dist-packages/dbcounter.py:114}}
Sep 01 16:24:54.144206 n-d-830646-25 devstack@keystone.service[81897]: DEBUG keystone.server.flask.request_processing.middleware.auth_context [None req-af014da9-0a81-4c2c-ac89-d74b093af47c None admin] Validating token access rules against request {{(pid=81897) validate_allowed_request /usr/local/lib/python3.8/dist-packages/keystonemiddleware/auth_token/__init__.py:545}}
Sep 01 16:24:54.149920 n-d-830646-25 devstack@keystone.service[81896]: DEBUG keystone.server.flask.request_processing.middleware.auth_context [None req-df093d98-8353-4986-844d-1eaed83dc810 None admin] Validating token access rules against request {{(pid=81896) validate_allowed_request /usr/local/lib/python3.8/dist-packages/keystonemiddleware/auth_token/__init__.py:545}}
Sep 01 16:24:54.183887 n-d-830646-25 devstack@keystone.service[81897]: DEBUG keystone.server.flask.request_processing.middleware.auth_context [None req-b679bb20-5f75-4290-be32-df44bcb75c66 None admin] RBAC: auth_context: {'token': , 'domain_id': None, 'trust_id': None, 'trustor_id': None, 'trustee_id': None, 'domain_name': None, 'group_ids': [], 'user_id': '99d36e3514c1461fae8e8bfb5aae419b', 'user_domain_id': 'default', 'system_scope': 'all', 'project_id': None, 'project_domain_id': None, 'roles': ['admin', 'member', 'reader'], 'is_admin_project': True, 'service_user_id': None, 'service_user_domain_id': None, 'service_project_id': None, 'service_project_domain_id': None, 'service_roles': []} {{(pid=81897) fill_context /opt/stack/keystone/keystone/server/flask/request_processing/middleware/auth_context.py:478}}
Sep 01 16:24:54.184737 n-d-830646-25 devstack@keystone.service[81897]: DEBUG keystone.server.flask.request_processing.req_logging [None req-b679bb20-5f75-4290-be32-df44bcb75c66 None admin] REQUEST_METHOD: `GET` {{(pid=81897) log_request_info /opt/stack/keystone/keystone/server/flask/request_processing/req_logging.py:27}}
Sep 01 16:24:54.185116 n-d-830646-25 devstack@keystone.service[81897]: DEBUG keystone.server.flask.request_processing.req_logging [None req-b679bb20-5f75-4290-be32-df44bcb75c66 None admin] SCRIPT_NAME: `/identity` {{(pid=81897) log_request_info /opt/stack/keystone/keystone/server/flask/request_processing/req_logging.py:28}}
Sep 01 16:24:54.185550 n-d-830646-25 devstack@keystone.service[81897]: DEBUG keystone.server.flask.request_processing.req_logging [None req-b679bb20-5f75-4290-be32-df44bcb75c66 None admin] PATH_INFO: `/v3/domains/default` {{(pid=81897) log_request_info /opt/stack/keystone/keystone/server/flask/request_processing/req_logging.py:29}}
Sep 01 16:24:54.186975 n-d-830646-25 devstack@keystone.service[81897]: DEBUG keystone.common.rbac_enforcer.enforcer [None req-b679bb20-5f75-4290-be32-df44bcb75c66 None admin] RBAC: Authorizing `identity:get_domain(domain_id=default)` {{(pid=81897) enforce_call /opt/stack/keystone/keystone/common/rbac_enforcer/enforcer.py:449}}
Sep 01 16:24:54.187939 n-d-830646-25 devstack@keystone.service[81896]: DEBUG keystone.server.flask.request_processing.middleware.auth_context [None req-edf84728-fd8d-4e8c-85d8-b8ff7da0c69b None admin] RBAC: auth_context: {'token': , 'domain_id': None, 'trust_id': None, 'trustor_id': None, 'trustee_id': None, 'domain_name': None, 'group_ids': [], 'user_id': '99d36e3514c1461fae8e8bfb5aae419b', 'user_domain_id': 'default', 'system_scope': 'all', 'project_id': None, 'project_domain_id': None, 'roles': ['admin', 'member', 'reader'], 'is_admin_project': True, 'service_user_id': None, 'service_user_domain_id': None, 'service_project_id': None, 'service_project_domain_id': None, 'service_roles': []} {{(pid=81896) fill_context /opt/stack/keystone/keystone/server/flask/request_processing/middleware/auth_context.py:478}}
Sep 01 16:24:54.188610 n-d-830646-25 devstack@keystone.service[81896]: DEBUG keystone.server.flask.request_processing.req_logging [None req-edf84728-fd8d-4e8c-85d8-b8ff7da0c69b None admin] REQUEST_METHOD: `GET` {{(pid=81896) log_request_info /opt/stack/keystone/keystone/server/flask/request_processing/req_logging.py:27}}
Sep 01 16:24:54.188890 n-d-830646-25 devstack@keystone.service[81896]: DEBUG keystone.server.flask.request_processing.req_logging [None req-edf84728-fd8d-4e8c-85d8-b8ff7da0c69b None admin] SCRIPT_NAME: `/identity` {{(pid=81896) log_request_info /opt/stack/keystone/keystone/server/flask/request_processing/req_logging.py:28}}
Sep 01 16:24:54.189033 n-d-830646-25 devstack@keystone.service[81897]: DEBUG keystone.common.rbac_enforcer.enforcer [None req-b679bb20-5f75-4290-be32-df44bcb75c66 None admin] RBAC: Authorization granted {{(pid=81897) enforce_call /opt/stack/keystone/keystone/common/rbac_enforcer/enforcer.py:457}}
Sep 01 16:24:54.189169 n-d-830646-25 devstack@keystone.service[81896]: DEBUG keystone.server.flask.request_processing.req_logging [None req-edf84728-fd8d-4e8c-85d8-b8ff7da0c69b None admin] PATH_INFO: `/v3/domains/default` {{(pid=81896) log_request_info /opt/stack/keystone/keystone/server/flask/request_processing/req_logging.py:29}}
Sep 01 16:24:54.190281 n-d-830646-25 devstack@keystone.service[81896]: DEBUG keystone.common.rbac_enforcer.enforcer [None req-edf84728-fd8d-4e8c-85d8-b8ff7da0c69b None admin] RBAC: Authorizing `identity:get_domain(domain_id=default)` {{(pid=81896) enforce_call /opt/stack/keystone/keystone/common/rbac_enforcer/enforcer.py:449}}
Sep 01 16:24:54.190816 n-d-830646-25 devstack@keystone.service[81897]: [pid: 81897|app: 0|req: 26/54] 10.222.0.78 () {56 vars in 1108 bytes} [Thu Sep 1 16:24:54 2022] GET /identity/v3/domains/default => generated 199 bytes in 173 msecs (HTTP/1.1 200) 5 headers in 177 bytes (2 switches on core 0)
Sep 01 16:24:54.191845 n-d-830646-25 devstack@keystone.service[81896]: DEBUG keystone.common.rbac_enforcer.enforcer [None req-edf84728-fd8d-4e8c-85d8-b8ff7da0c69b None admin] RBAC: Authorization granted {{(pid=81896) enforce_call /opt/stack/keystone/keystone/common/rbac_enforcer/enforcer.py:457}}
Sep 01 16:24:54.193572 n-d-830646-25 devstack@keystone.service[81896]: [pid: 81896|app: 0|req: 29/55] 10.222.0.78 () {56 vars in 1108 bytes} [Thu Sep 1 16:24:54 2022] GET /identity/v3/domains/default => generated 199 bytes in 167 msecs (HTTP/1.1 200) 5 headers in 177 bytes (1 switches on core 0)
Sep 01 16:24:54.196818 n-d-830646-25 devstack@keystone.service[81897]: DEBUG keystone.server.flask.request_processing.middleware.auth_context [None req-b679bb20-5f75-4290-be32-df44bcb75c66 None admin] Authenticating user token {{(pid=81897) process_request /usr/local/lib/python3.8/dist-packages/keystonemiddleware/auth_token/__init__.py:407}}
Sep 01 16:24:54.200705 n-d-830646-25 devstack@keystone.service[81896]: DEBUG keystone.server.flask.request_processing.middleware.auth_context [None req-edf84728-fd8d-4e8c-85d8-b8ff7da0c69b None admin] Authenticating user token {{(pid=81896) process_request /usr/local/lib/python3.8/dist-packages/keystonemiddleware/auth_token/__init__.py:407}}
Sep 01 16:24:54.262974 n-d-830646-25 devstack@keystone.service[81897]: DEBUG dbcounter [-] [81897] Writing DB stats keystone:SELECT=100 {{(pid=81897) stat_writer /usr/local/lib/python3.8/dist-packages/dbcounter.py:114}}
Sep 01 16:24:54.321784 n-d-830646-25 devstack@keystone.service[81897]: DEBUG keystone.server.flask.request_processing.middleware.auth_context [None req-b679bb20-5f75-4290-be32-df44bcb75c66 None admin] Validating token access rules against request {{(pid=81897) validate_allowed_request /usr/local/lib/python3.8/dist-packages/keystonemiddleware/auth_token/__init__.py:545}}
Sep 01 16:24:54.341421 n-d-830646-25 devstack@keystone.service[81896]: DEBUG keystone.server.flask.request_processing.middleware.auth_context [None req-edf84728-fd8d-4e8c-85d8-b8ff7da0c69b None admin] Validating token access rules against request {{(pid=81896) validate_allowed_request /usr/local/lib/python3.8/dist-packages/keystonemiddleware/auth_token/__init__.py:545}}
Sep 01 16:24:54.362343 n-d-830646-25 devstack@keystone.service[81897]: DEBUG keystone.server.flask.request_processing.middleware.auth_context [None req-18a734d9-c2cc-4099-9903-8528cf9e25df None admin] RBAC: auth_context: {'token': , 'domain_id': None, 'trust_id': None, 'trustor_id': None, 'trustee_id': None, 'domain_name': None, 'group_ids': [], 'user_id': '99d36e3514c1461fae8e8bfb5aae419b', 'user_domain_id': 'default', 'system_scope': 'all', 'project_id': None, 'project_domain_id': None, 'roles': ['admin', 'member', 'reader'], 'is_admin_project': True, 'service_user_id': None, 'service_user_domain_id': None, 'service_project_id': None, 'service_project_domain_id': None, 'service_roles': []} {{(pid=81897) fill_context /opt/stack/keystone/keystone/server/flask/request_processing/middleware/auth_context.py:478}}
Sep 01 16:24:54.362970 n-d-830646-25 devstack@keystone.service[81897]: DEBUG keystone.server.flask.request_processing.req_logging [None req-18a734d9-c2cc-4099-9903-8528cf9e25df None admin] REQUEST_METHOD: `POST` {{(pid=81897) log_request_info /opt/stack/keystone/keystone/server/flask/request_processing/req_logging.py:27}}
Sep 01 16:24:54.363242 n-d-830646-25 devstack@keystone.service[81897]: DEBUG keystone.server.flask.request_processing.req_logging [None req-18a734d9-c2cc-4099-9903-8528cf9e25df None admin] SCRIPT_NAME: `/identity` {{(pid=81897) log_request_info /opt/stack/keystone/keystone/server/flask/request_processing/req_logging.py:28}}
Sep 01 16:24:54.363514 n-d-830646-25 devstack@keystone.service[81897]: DEBUG keystone.server.flask.request_processing.req_logging [None req-18a734d9-c2cc-4099-9903-8528cf9e25df None admin] PATH_INFO: `/v3/projects` {{(pid=81897) log_request_info /opt/stack/keystone/keystone/server/flask/request_processing/req_logging.py:29}}
Sep 01 16:24:54.364201 n-d-830646-25 devstack@keystone.service[81897]: DEBUG keystone.common.rbac_enforcer.enforcer [None req-18a734d9-c2cc-4099-9903-8528cf9e25df None admin] RBAC: Authorizing `identity:create_project()` {{(pid=81897) enforce_call /opt/stack/keystone/keystone/common/rbac_enforcer/enforcer.py:449}}
Sep 01 16:24:54.366051 n-d-830646-25 devstack@keystone.service[81897]: DEBUG keystone.common.rbac_enforcer.enforcer [None req-18a734d9-c2cc-4099-9903-8528cf9e25df None admin] RBAC: Authorization granted {{(pid=81897) enforce_call /opt/stack/keystone/keystone/common/rbac_enforcer/enforcer.py:457}}
Sep 01 16:24:54.383286 n-d-830646-25 devstack@keystone.service[81896]: DEBUG keystone.server.flask.request_processing.middleware.auth_context [None req-3e8076b6-0411-4e85-8774-8861d70e8fb7 None admin] RBAC: auth_context: {'token': , 'domain_id': None, 'trust_id': None, 'trustor_id': None, 'trustee_id': None, 'domain_name': None, 'group_ids': [], 'user_id': '99d36e3514c1461fae8e8bfb5aae419b', 'user_domain_id': 'default', 'system_scope': 'all', 'project_id': None, 'project_domain_id': None, 'roles': ['admin', 'member', 'reader'], 'is_admin_project': True, 'service_user_id': None, 'service_user_domain_id': None, 'service_project_id': None, 'service_project_domain_id': None, 'service_roles': []} {{(pid=81896) fill_context /opt/stack/keystone/keystone/server/flask/request_processing/middleware/auth_context.py:478}}
Sep 01 16:24:54.383805 n-d-830646-25 devstack@keystone.service[81896]: DEBUG keystone.server.flask.request_processing.req_logging [None req-3e8076b6-0411-4e85-8774-8861d70e8fb7 None admin] REQUEST_METHOD: `GET` {{(pid=81896) log_request_info /opt/stack/keystone/keystone/server/flask/request_processing/req_logging.py:27}}
Sep 01 16:24:54.384082 n-d-830646-25 devstack@keystone.service[81896]: DEBUG keystone.server.flask.request_processing.req_logging [None req-3e8076b6-0411-4e85-8774-8861d70e8fb7 None admin] SCRIPT_NAME: `/identity` {{(pid=81896) log_request_info /opt/stack/keystone/keystone/server/flask/request_processing/req_logging.py:28}}
Sep 01 16:24:54.384391 n-d-830646-25 devstack@keystone.service[81896]: DEBUG keystone.server.flask.request_processing.req_logging [None req-3e8076b6-0411-4e85-8774-8861d70e8fb7 None admin] PATH_INFO: `/v3/role_assignments` {{(pid=81896) log_request_info /opt/stack/keystone/keystone/server/flask/request_processing/req_logging.py:29}}
Sep 01 16:24:54.385118 n-d-830646-25 devstack@keystone.service[81896]: DEBUG keystone.common.rbac_enforcer.enforcer [None req-3e8076b6-0411-4e85-8774-8861d70e8fb7 None admin] RBAC: Adding query filter params (role.id=cb3241b3117f4fad85fa2f406b14fcd1, scope.domain.id=default, user.id=99d36e3514c1461fae8e8bfb5aae419b) {{(pid=81896) _extract_filter_values /opt/stack/keystone/keystone/common/rbac_enforcer/enforcer.py:167}}
Sep 01 16:24:54.385454 n-d-830646-25 devstack@keystone.service[81896]: DEBUG keystone.common.rbac_enforcer.enforcer [None req-3e8076b6-0411-4e85-8774-8861d70e8fb7 None admin] RBAC: Authorizing `identity:list_role_assignments()` {{(pid=81896) enforce_call /opt/stack/keystone/keystone/common/rbac_enforcer/enforcer.py:449}}
Sep 01 16:24:54.386986 n-d-830646-25 devstack@keystone.service[81896]: DEBUG keystone.common.rbac_enforcer.enforcer [None req-3e8076b6-0411-4e85-8774-8861d70e8fb7 None admin] RBAC: Authorization granted {{(pid=81896) enforce_call /opt/stack/keystone/keystone/common/rbac_enforcer/enforcer.py:457}}
Sep 01 16:24:54.393819 n-d-830646-25 devstack@keystone.service[81896]: [pid: 81896|app: 0|req: 30/56] 10.222.0.78 () {56 vars in 1322 bytes} [Thu Sep 1 16:24:54 2022] GET /identity/v3/role_assignments?user.id=99d36e3514c1461fae8e8bfb5aae419b&scope.domain.id=default&role.id=cb3241b3117f4fad85fa2f406b14fcd1 => generated 530 bytes in 194 msecs (HTTP/1.1 200) 5 headers in 177 bytes (1 switches on core 0)
Sep 01 16:24:54.405326 n-d-830646-25 devstack@keystone.service[81897]: [pid: 81897|app: 0|req: 27/57] 10.222.0.78 () {60 vars in 1140 bytes} [Thu Sep 1 16:24:54 2022] POST /identity/v3/projects => generated 298 bytes in 209 msecs (HTTP/1.1 201) 5 headers in 182 bytes (1 switches on core 0)
Sep 01 16:24:56.454499 n-d-830646-25 devstack@keystone.service[81896]: DEBUG keystone.server.flask.request_processing.req_logging [None req-450d40c9-aeb8-4baf-8043-3de136582f05 None None] REQUEST_METHOD: `GET` {{(pid=81896) log_request_info /opt/stack/keystone/keystone/server/flask/request_processing/req_logging.py:27}}
Sep 01 16:24:56.455024 n-d-830646-25 devstack@keystone.service[81896]: DEBUG keystone.server.flask.request_processing.req_logging [None req-450d40c9-aeb8-4baf-8043-3de136582f05 None None] SCRIPT_NAME: `/identity` {{(pid=81896) log_request_info /opt/stack/keystone/keystone/server/flask/request_processing/req_logging.py:28}}
Sep 01 16:24:56.455128 n-d-830646-25 devstack@keystone.service[81896]: DEBUG keystone.server.flask.request_processing.req_logging [None req-450d40c9-aeb8-4baf-8043-3de136582f05 None None] PATH_INFO: `/` {{(pid=81896) log_request_info /opt/stack/keystone/keystone/server/flask/request_processing/req_logging.py:29}}
Sep 01 16:24:56.456432 n-d-830646-25 devstack@keystone.service[81896]: [pid: 81896|app: 0|req: 31/58] 10.222.0.78 () {54 vars in 927 bytes} [Thu Sep 1 16:24:56 2022] GET /identity => generated 270 bytes in 3 msecs (HTTP/1.1 300) 6 headers in 234 bytes (1 switches on core 0)
Sep 01 16:24:56.462019 n-d-830646-25 devstack@keystone.service[81897]: DEBUG keystone.server.flask.request_processing.req_logging [None req-6c72574d-db37-4a96-9f80-cbd75d0367bb None None] REQUEST_METHOD: `POST` {{(pid=81897) log_request_info /opt/stack/keystone/keystone/server/flask/request_processing/req_logging.py:27}}
Sep 01 16:24:56.462396 n-d-830646-25 devstack@keystone.service[81897]: DEBUG keystone.server.flask.request_processing.req_logging [None req-6c72574d-db37-4a96-9f80-cbd75d0367bb None None] SCRIPT_NAME: `/identity` {{(pid=81897) log_request_info /opt/stack/keystone/keystone/server/flask/request_processing/req_logging.py:28}}
Sep 01 16:24:56.462579 n-d-830646-25 devstack@keystone.service[81897]: DEBUG keystone.server.flask.request_processing.req_logging [None req-6c72574d-db37-4a96-9f80-cbd75d0367bb None None] PATH_INFO: `/v3/auth/tokens` {{(pid=81897) log_request_info /opt/stack/keystone/keystone/server/flask/request_processing/req_logging.py:29}}
Sep 01 16:24:56.480829 n-d-830646-25 devstack@keystone.service[81897]: DEBUG keystone.auth.core [None req-6c72574d-db37-4a96-9f80-cbd75d0367bb None None] MFA Rules not processed for user `99d36e3514c1461fae8e8bfb5aae419b`. Rule list: `[]` (Enabled: `True`). {{(pid=81897) check_auth_methods_against_rules /opt/stack/keystone/keystone/auth/core.py:438}}
Sep 01 16:24:56.482007 n-d-830646-25 devstack@keystone.service[81897]: DEBUG keystone.common.fernet_utils [None req-6c72574d-db37-4a96-9f80-cbd75d0367bb None None] Loaded 2 Fernet keys from /etc/keystone/fernet-keys/, but `[fernet_tokens] max_active_keys = 3`; perhaps there have not been enough key rotations to reach `max_active_keys` yet? {{(pid=81897) load_keys /opt/stack/keystone/keystone/common/fernet_utils.py:286}}
Sep 01 16:24:56.547241 n-d-830646-25 devstack@keystone.service[81897]: [pid: 81897|app: 0|req: 28/59] 10.222.0.78 () {58 vars in 1024 bytes} [Thu Sep 1 16:24:56 2022] POST /identity/v3/auth/tokens => generated 799 bytes in 86 msecs (HTTP/1.1 201) 6 headers in 363 bytes (1 switches on core 0)
Sep 01 16:24:56.818643 n-d-830646-25 devstack@keystone.service[81896]: DEBUG keystone.server.flask.request_processing.middleware.auth_context [None req-450d40c9-aeb8-4baf-8043-3de136582f05 None None] Authenticating user token {{(pid=81896) process_request /usr/local/lib/python3.8/dist-packages/keystonemiddleware/auth_token/__init__.py:407}}
Sep 01 16:24:56.838509 n-d-830646-25 devstack@keystone.service[81896]: DEBUG dbcounter [-] [81896] Writing DB stats keystone:SELECT=100 {{(pid=81896) stat_writer /usr/local/lib/python3.8/dist-packages/dbcounter.py:114}}
Sep 01 16:24:56.921427 n-d-830646-25 devstack@keystone.service[81896]: DEBUG keystone.server.flask.request_processing.middleware.auth_context [None req-450d40c9-aeb8-4baf-8043-3de136582f05 None None] Validating token access rules against request {{(pid=81896) validate_allowed_request /usr/local/lib/python3.8/dist-packages/keystonemiddleware/auth_token/__init__.py:545}}
Sep 01 16:24:56.953980 n-d-830646-25 devstack@keystone.service[81896]: DEBUG keystone.server.flask.request_processing.middleware.auth_context [None req-03f35454-b393-491d-91d2-427f4abbe35b None admin] RBAC: auth_context: {'token': , 'domain_id': None, 'trust_id': None, 'trustor_id': None, 'trustee_id': None, 'domain_name': None, 'group_ids': [], 'user_id': '99d36e3514c1461fae8e8bfb5aae419b', 'user_domain_id': 'default', 'system_scope': 'all', 'project_id': None, 'project_domain_id': None, 'roles': ['admin', 'member', 'reader'], 'is_admin_project': True, 'service_user_id': None, 'service_user_domain_id': None, 'service_project_id': None, 'service_project_domain_id': None, 'service_roles': []} {{(pid=81896) fill_context /opt/stack/keystone/keystone/server/flask/request_processing/middleware/auth_context.py:478}}
Sep 01 16:24:56.954605 n-d-830646-25 devstack@keystone.service[81896]: DEBUG keystone.server.flask.request_processing.req_logging [None req-03f35454-b393-491d-91d2-427f4abbe35b None admin] REQUEST_METHOD: `GET` {{(pid=81896) log_request_info /opt/stack/keystone/keystone/server/flask/request_processing/req_logging.py:27}}
Sep 01 16:24:56.954883 n-d-830646-25 devstack@keystone.service[81896]: DEBUG keystone.server.flask.request_processing.req_logging [None req-03f35454-b393-491d-91d2-427f4abbe35b None admin] SCRIPT_NAME: `/identity` {{(pid=81896) log_request_info /opt/stack/keystone/keystone/server/flask/request_processing/req_logging.py:28}}
Sep 01 16:24:56.955159 n-d-830646-25 devstack@keystone.service[81896]: DEBUG keystone.server.flask.request_processing.req_logging [None req-03f35454-b393-491d-91d2-427f4abbe35b None admin] PATH_INFO: `/v3/domains/default` {{(pid=81896) log_request_info /opt/stack/keystone/keystone/server/flask/request_processing/req_logging.py:29}}
Sep 01 16:24:56.956305 n-d-830646-25 devstack@keystone.service[81896]: DEBUG keystone.common.rbac_enforcer.enforcer [None req-03f35454-b393-491d-91d2-427f4abbe35b None admin] RBAC: Authorizing `identity:get_domain(domain_id=default)` {{(pid=81896) enforce_call /opt/stack/keystone/keystone/common/rbac_enforcer/enforcer.py:449}}
Sep 01 16:24:56.957768 n-d-830646-25 devstack@keystone.service[81896]: DEBUG keystone.common.rbac_enforcer.enforcer [None req-03f35454-b393-491d-91d2-427f4abbe35b None admin] RBAC: Authorization granted {{(pid=81896) enforce_call /opt/stack/keystone/keystone/common/rbac_enforcer/enforcer.py:457}}
Sep 01 16:24:56.959348 n-d-830646-25 devstack@keystone.service[81896]: [pid: 81896|app: 0|req: 32/60] 10.222.0.78 () {56 vars in 1108 bytes} [Thu Sep 1 16:24:56 2022] GET /identity/v3/domains/default => generated 199 bytes in 141 msecs (HTTP/1.1 200) 5 headers in 177 bytes (1 switches on core 0)
Sep 01 16:24:56.965719 n-d-830646-25 devstack@keystone.service[81897]: DEBUG keystone.server.flask.request_processing.middleware.auth_context [None req-6c72574d-db37-4a96-9f80-cbd75d0367bb None None] Authenticating user token {{(pid=81897) process_request /usr/local/lib/python3.8/dist-packages/keystonemiddleware/auth_token/__init__.py:407}}
Sep 01 16:24:56.998942 n-d-830646-25 devstack@keystone.service[81897]: DEBUG dbcounter [-] [81897] Writing DB stats keystone:SELECT=99,keystone:INSERT=1 {{(pid=81897) stat_writer /usr/local/lib/python3.8/dist-packages/dbcounter.py:114}}
