Aug 12 21:22:51.739737 n-d-830646-16 devstack@placement-api.service[107970]: DEBUG placement.objects.allocation_candidate [req-94274af7-dd0f-48b7-b1a8-c431957010f0 req-946e463e-515b-41a6-ae8f-3e315df4caea service placement] Merging candidates yields 2 allocation requests and 2 provider summaries {{(pid=107970) _merge_candidates /opt/stack/placement/placement/objects/allocation_candidate.py:809}}
Aug 12 21:22:51.745954 n-d-830646-16 devstack@placement-api.service[107970]: INFO placement.requestlog [req-94274af7-dd0f-48b7-b1a8-c431957010f0 req-946e463e-515b-41a6-ae8f-3e315df4caea service placement] 10.222.0.15 "GET /placement/allocation_candidates?limit=1000&resources=DISK_GB%3A1%2CMEMORY_MB%3A1024%2CVCPU%3A1&root_required=%21COMPUTE_STATUS_DISABLED" status: 200 len: 1309 microversion: 1.36
Aug 12 21:22:51.747056 n-d-830646-16 devstack@placement-api.service[107970]: [pid: 107970|app: 0|req: 360/722] 10.222.0.15 () {60 vars in 1506 bytes} [Fri Aug 12 21:22:51 2022] GET /placement/allocation_candidates?limit=1000&resources=DISK_GB%3A1%2CMEMORY_MB%3A1024%2CVCPU%3A1&root_required=%21COMPUTE_STATUS_DISABLED => generated 1309 bytes in 187 msecs (HTTP/1.1 200) 8 headers in 297 bytes (2 switches on core 0)
Aug 12 21:22:51.938761 n-d-830646-16 devstack@placement-api.service[107971]: DEBUG placement.requestlog [req-ad738bf3-e848-47d3-94c0-eda75dba647e req-033bfe61-269b-4159-9b84-ea8cdfaf188f None None] Starting request: 10.222.0.15 "GET /placement/allocation_candidates?limit=1000&resources=DISK_GB%3A1%2CMEMORY_MB%3A1024%2CVCPU%3A1&root_required=%21COMPUTE_STATUS_DISABLED" {{(pid=107971) __call__ /opt/stack/placement/placement/requestlog.py:55}}
Aug 12 21:22:52.021082 n-d-830646-16 devstack@placement-api.service[107970]: DEBUG placement.requestlog [req-94274af7-dd0f-48b7-b1a8-c431957010f0 req-d4f158ac-b051-49e4-b1e9-3ac8d32c36e0 None None] Starting request: 10.222.0.15 "GET /placement/allocations/36365121-e353-469b-a51d-31eb1a0dd775" {{(pid=107970) __call__ /opt/stack/placement/placement/requestlog.py:55}}
Aug 12 21:22:52.040957 n-d-830646-16 devstack@placement-api.service[107970]: INFO placement.requestlog [req-94274af7-dd0f-48b7-b1a8-c431957010f0 req-d4f158ac-b051-49e4-b1e9-3ac8d32c36e0 service placement] 10.222.0.15 "GET /placement/allocations/36365121-e353-469b-a51d-31eb1a0dd775" status: 200 len: 19 microversion: 1.28
Aug 12 21:22:52.045901 n-d-830646-16 devstack@placement-api.service[107970]: [pid: 107970|app: 0|req: 361/723] 10.222.0.15 () {60 vars in 1380 bytes} [Fri Aug 12 21:22:52 2022] GET /placement/allocations/36365121-e353-469b-a51d-31eb1a0dd775 => generated 19 bytes in 25 msecs (HTTP/1.1 200) 8 headers in 295 bytes (1 switches on core 0)
Aug 12 21:22:52.049348 n-d-830646-16 devstack@placement-api.service[107970]: DEBUG placement.requestlog [req-94274af7-dd0f-48b7-b1a8-c431957010f0 req-1beff5a1-a697-40ec-95e7-0b65db9aa9c2 None None] Starting request: 10.222.0.15 "PUT /placement/allocations/36365121-e353-469b-a51d-31eb1a0dd775" {{(pid=107970) __call__ /opt/stack/placement/placement/requestlog.py:55}}
Aug 12 21:22:52.090000 n-d-830646-16 devstack@placement-api.service[107971]: DEBUG placement.objects.research_context [req-ad738bf3-e848-47d3-94c0-eda75dba647e req-033bfe61-269b-4159-9b84-ea8cdfaf188f service placement] getting providers with 1 DISK_GB {{(pid=107971) __init__ /opt/stack/placement/placement/objects/research_context.py:136}}
Aug 12 21:22:52.099174 n-d-830646-16 devstack@placement-api.service[107971]: DEBUG placement.objects.research_context [req-ad738bf3-e848-47d3-94c0-eda75dba647e req-033bfe61-269b-4159-9b84-ea8cdfaf188f service placement] getting providers with 1024 MEMORY_MB {{(pid=107971) __init__ /opt/stack/placement/placement/objects/research_context.py:136}}
Aug 12 21:22:52.107579 n-d-830646-16 devstack@placement-api.service[107971]: DEBUG placement.objects.research_context [req-ad738bf3-e848-47d3-94c0-eda75dba647e req-033bfe61-269b-4159-9b84-ea8cdfaf188f service placement] getting providers with 1 VCPU {{(pid=107971) __init__ /opt/stack/placement/placement/objects/research_context.py:136}}
Aug 12 21:22:52.118177 n-d-830646-16 devstack@placement-api.service[107971]: DEBUG placement.objects.research_context [req-ad738bf3-e848-47d3-94c0-eda75dba647e req-033bfe61-269b-4159-9b84-ea8cdfaf188f service placement] found 2 providers with available 1 DISK_GB {{(pid=107971) get_provider_ids_matching /opt/stack/placement/placement/objects/research_context.py:563}}
Aug 12 21:22:52.121475 n-d-830646-16 devstack@placement-api.service[107971]: DEBUG placement.objects.research_context [req-ad738bf3-e848-47d3-94c0-eda75dba647e req-033bfe61-269b-4159-9b84-ea8cdfaf188f service placement] found 2 providers with available 1024 MEMORY_MB {{(pid=107971) get_provider_ids_matching /opt/stack/placement/placement/objects/research_context.py:563}}
Aug 12 21:22:52.121943 n-d-830646-16 devstack@placement-api.service[107971]: DEBUG placement.objects.research_context [req-ad738bf3-e848-47d3-94c0-eda75dba647e req-033bfe61-269b-4159-9b84-ea8cdfaf188f service placement] found 2 providers after filtering by previous result {{(pid=107971) get_provider_ids_matching /opt/stack/placement/placement/objects/research_context.py:594}}
Aug 12 21:22:52.122367 n-d-830646-16 devstack@placement-api.service[107971]: DEBUG placement.objects.research_context [req-ad738bf3-e848-47d3-94c0-eda75dba647e req-033bfe61-269b-4159-9b84-ea8cdfaf188f service placement] found 2 providers with available 1 VCPU {{(pid=107971) get_provider_ids_matching /opt/stack/placement/placement/objects/research_context.py:563}}
Aug 12 21:22:52.122811 n-d-830646-16 devstack@placement-api.service[107971]: DEBUG placement.objects.research_context [req-ad738bf3-e848-47d3-94c0-eda75dba647e req-033bfe61-269b-4159-9b84-ea8cdfaf188f service placement] found 2 providers after filtering by previous result {{(pid=107971) get_provider_ids_matching /opt/stack/placement/placement/objects/research_context.py:594}}
Aug 12 21:22:52.150245 n-d-830646-16 devstack@placement-api.service[107971]: DEBUG placement.objects.allocation_candidate [req-ad738bf3-e848-47d3-94c0-eda75dba647e req-033bfe61-269b-4159-9b84-ea8cdfaf188f service placement] RequestGroup(use_same_provider=False, resources={DISK_GB:1, MEMORY_MB:1024, VCPU:1}, traits=(), aggregates=[]) (suffix '') returned 2 matches {{(pid=107971) _get_by_requests /opt/stack/placement/placement/objects/allocation_candidate.py:156}}
Aug 12 21:22:52.153254 n-d-830646-16 devstack@placement-api.service[107971]: DEBUG placement.objects.allocation_candidate [req-ad738bf3-e848-47d3-94c0-eda75dba647e req-033bfe61-269b-4159-9b84-ea8cdfaf188f service placement] Merging candidates yields 2 allocation requests and 2 provider summaries {{(pid=107971) _merge_candidates /opt/stack/placement/placement/objects/allocation_candidate.py:809}}
Aug 12 21:22:52.155750 n-d-830646-16 devstack@placement-api.service[107971]: INFO placement.requestlog [req-ad738bf3-e848-47d3-94c0-eda75dba647e req-033bfe61-269b-4159-9b84-ea8cdfaf188f service placement] 10.222.0.15 "GET /placement/allocation_candidates?limit=1000&resources=DISK_GB%3A1%2CMEMORY_MB%3A1024%2CVCPU%3A1&root_required=%21COMPUTE_STATUS_DISABLED" status: 200 len: 1309 microversion: 1.36
Aug 12 21:22:52.161304 n-d-830646-16 devstack@placement-api.service[107971]: [pid: 107971|app: 0|req: 363/724] 10.222.0.15 () {60 vars in 1506 bytes} [Fri Aug 12 21:22:51 2022] GET /placement/allocation_candidates?limit=1000&resources=DISK_GB%3A1%2CMEMORY_MB%3A1024%2CVCPU%3A1&root_required=%21COMPUTE_STATUS_DISABLED => generated 1309 bytes in 223 msecs (HTTP/1.1 200) 8 headers in 297 bytes (1 switches on core 0)
Aug 12 21:22:52.230551 n-d-830646-16 devstack@placement-api.service[107970]: DEBUG placement.handlers.allocation [req-94274af7-dd0f-48b7-b1a8-c431957010f0 req-1beff5a1-a697-40ec-95e7-0b65db9aa9c2 service placement] Successfully wrote allocations [, , ] {{(pid=107970) _update_consumers_and_create_allocations /opt/stack/placement/placement/handlers/allocation.py:462}}
Aug 12 21:22:52.243093 n-d-830646-16 devstack@placement-api.service[107970]: INFO placement.requestlog [req-94274af7-dd0f-48b7-b1a8-c431957010f0 req-1beff5a1-a697-40ec-95e7-0b65db9aa9c2 service placement] 10.222.0.15 "PUT /placement/allocations/36365121-e353-469b-a51d-31eb1a0dd775" status: 204 len: 0 microversion: 1.36
Aug 12 21:22:52.243693 n-d-830646-16 devstack@placement-api.service[107970]: [pid: 107970|app: 0|req: 362/725] 10.222.0.15 () {64 vars in 1433 bytes} [Fri Aug 12 21:22:52 2022] PUT /placement/allocations/36365121-e353-469b-a51d-31eb1a0dd775 => generated 0 bytes in 195 msecs (HTTP/1.1 204) 5 headers in 199 bytes (1 switches on core 0)
Aug 12 21:22:52.267200 n-d-830646-16 devstack@placement-api.service[107971]: DEBUG placement.requestlog [req-ad738bf3-e848-47d3-94c0-eda75dba647e req-7f6fbcfd-7ef7-409b-8a31-fcaaaf94afc6 None None] Starting request: 10.222.0.15 "GET /placement/allocations/5d03e690-c03f-4453-9df9-73ba8c8db6bb" {{(pid=107971) __call__ /opt/stack/placement/placement/requestlog.py:55}}
Aug 12 21:22:52.279970 n-d-830646-16 devstack@placement-api.service[107971]: INFO placement.requestlog [req-ad738bf3-e848-47d3-94c0-eda75dba647e req-7f6fbcfd-7ef7-409b-8a31-fcaaaf94afc6 service placement] 10.222.0.15 "GET /placement/allocations/5d03e690-c03f-4453-9df9-73ba8c8db6bb" status: 200 len: 19 microversion: 1.28
Aug 12 21:22:52.283403 n-d-830646-16 devstack@placement-api.service[107970]: DEBUG placement.requestlog [req-94274af7-dd0f-48b7-b1a8-c431957010f0 req-24d986e0-f658-4f02-9400-4debba03382e None None] Starting request: 10.222.0.15 "GET /placement/allocations/a10f236c-f7d3-46ca-819b-46fac286cdfa" {{(pid=107970) __call__ /opt/stack/placement/placement/requestlog.py:55}}
Aug 12 21:22:52.284631 n-d-830646-16 devstack@placement-api.service[107971]: [pid: 107971|app: 0|req: 364/726] 10.222.0.15 () {60 vars in 1380 bytes} [Fri Aug 12 21:22:52 2022] GET /placement/allocations/5d03e690-c03f-4453-9df9-73ba8c8db6bb => generated 19 bytes in 18 msecs (HTTP/1.1 200) 8 headers in 295 bytes (1 switches on core 0)
Aug 12 21:22:52.297285 n-d-830646-16 devstack@placement-api.service[107971]: DEBUG placement.requestlog [req-ad738bf3-e848-47d3-94c0-eda75dba647e req-b39867f5-6ab1-46e0-b733-84e2b0a16117 None None] Starting request: 10.222.0.15 "PUT /placement/allocations/5d03e690-c03f-4453-9df9-73ba8c8db6bb" {{(pid=107971) __call__ /opt/stack/placement/placement/requestlog.py:55}}
Aug 12 21:22:52.300488 n-d-830646-16 devstack@placement-api.service[107970]: INFO placement.requestlog [req-94274af7-dd0f-48b7-b1a8-c431957010f0 req-24d986e0-f658-4f02-9400-4debba03382e service placement] 10.222.0.15 "GET /placement/allocations/a10f236c-f7d3-46ca-819b-46fac286cdfa" status: 200 len: 19 microversion: 1.28
Aug 12 21:22:52.303047 n-d-830646-16 devstack@placement-api.service[107970]: [pid: 107970|app: 0|req: 363/727] 10.222.0.15 () {60 vars in 1380 bytes} [Fri Aug 12 21:22:52 2022] GET /placement/allocations/a10f236c-f7d3-46ca-819b-46fac286cdfa => generated 19 bytes in 20 msecs (HTTP/1.1 200) 8 headers in 295 bytes (1 switches on core 0)
Aug 12 21:22:52.307206 n-d-830646-16 devstack@placement-api.service[107970]: DEBUG placement.requestlog [req-94274af7-dd0f-48b7-b1a8-c431957010f0 req-b2408170-ae06-4410-a28a-4db475da0b3c None None] Starting request: 10.222.0.15 "PUT /placement/allocations/a10f236c-f7d3-46ca-819b-46fac286cdfa" {{(pid=107970) __call__ /opt/stack/placement/placement/requestlog.py:55}}
Aug 12 21:22:52.389685 n-d-830646-16 devstack@placement-api.service[107970]: DEBUG placement.handlers.allocation [req-94274af7-dd0f-48b7-b1a8-c431957010f0 req-b2408170-ae06-4410-a28a-4db475da0b3c service placement] Successfully wrote allocations [, , ] {{(pid=107970) _update_consumers_and_create_allocations /opt/stack/placement/placement/handlers/allocation.py:462}}
Aug 12 21:22:52.394266 n-d-830646-16 devstack@placement-api.service[107970]: INFO placement.requestlog [req-94274af7-dd0f-48b7-b1a8-c431957010f0 req-b2408170-ae06-4410-a28a-4db475da0b3c service placement] 10.222.0.15 "PUT /placement/allocations/a10f236c-f7d3-46ca-819b-46fac286cdfa" status: 204 len: 0 microversion: 1.36
Aug 12 21:22:52.394988 n-d-830646-16 devstack@placement-api.service[107970]: [pid: 107970|app: 0|req: 364/728] 10.222.0.15 () {64 vars in 1433 bytes} [Fri Aug 12 21:22:52 2022] PUT /placement/allocations/a10f236c-f7d3-46ca-819b-46fac286cdfa => generated 0 bytes in 88 msecs (HTTP/1.1 204) 5 headers in 199 bytes (2 switches on core 0)
Aug 12 21:22:52.398773 n-d-830646-16 devstack@placement-api.service[107971]: DEBUG placement.handlers.allocation [req-ad738bf3-e848-47d3-94c0-eda75dba647e req-b39867f5-6ab1-46e0-b733-84e2b0a16117 service placement] Successfully wrote allocations [, , ] {{(pid=107971) _update_consumers_and_create_allocations /opt/stack/placement/placement/handlers/allocation.py:462}}
Aug 12 21:22:52.406035 n-d-830646-16 devstack@placement-api.service[107971]: INFO placement.requestlog [req-ad738bf3-e848-47d3-94c0-eda75dba647e req-b39867f5-6ab1-46e0-b733-84e2b0a16117 service placement] 10.222.0.15 "PUT /placement/allocations/5d03e690-c03f-4453-9df9-73ba8c8db6bb" status: 204 len: 0 microversion: 1.36
Aug 12 21:22:52.406898 n-d-830646-16 devstack@placement-api.service[107971]: [pid: 107971|app: 0|req: 365/729] 10.222.0.15 () {64 vars in 1433 bytes} [Fri Aug 12 21:22:52 2022] PUT /placement/allocations/5d03e690-c03f-4453-9df9-73ba8c8db6bb => generated 0 bytes in 110 msecs (HTTP/1.1 204) 5 headers in 199 bytes (1 switches on core 0)
Aug 12 21:22:52.748356 n-d-830646-16 devstack@placement-api.service[107970]: DEBUG placement.requestlog [req-ad738bf3-e848-47d3-94c0-eda75dba647e req-60919fc3-135a-4c19-8c72-5c0d2f6c9b0a None None] Starting request: 10.222.0.18 "GET /placement/allocations/5d03e690-c03f-4453-9df9-73ba8c8db6bb" {{(pid=107970) __call__ /opt/stack/placement/placement/requestlog.py:55}}
Aug 12 21:22:52.767361 n-d-830646-16 devstack@placement-api.service[107970]: INFO placement.requestlog [req-ad738bf3-e848-47d3-94c0-eda75dba647e req-60919fc3-135a-4c19-8c72-5c0d2f6c9b0a service placement] 10.222.0.18 "GET /placement/allocations/5d03e690-c03f-4453-9df9-73ba8c8db6bb" status: 200 len: 259 microversion: 1.28
Aug 12 21:22:52.768168 n-d-830646-16 devstack@placement-api.service[107970]: [pid: 107970|app: 0|req: 365/730] 10.222.0.18 () {60 vars in 1377 bytes} [Fri Aug 12 21:22:52 2022] GET /placement/allocations/5d03e690-c03f-4453-9df9-73ba8c8db6bb => generated 259 bytes in 20 msecs (HTTP/1.1 200) 8 headers in 296 bytes (1 switches on core 0)
Aug 12 21:22:53.568406 n-d-830646-16 devstack@placement-api.service[107971]: DEBUG placement.requestlog [req-94274af7-dd0f-48b7-b1a8-c431957010f0 req-8a5f4363-0572-493f-9da8-953c287746f2 None None] Starting request: 10.222.0.36 "GET /placement/allocations/a10f236c-f7d3-46ca-819b-46fac286cdfa" {{(pid=107971) __call__ /opt/stack/placement/placement/requestlog.py:55}}
Aug 12 21:22:53.596567 n-d-830646-16 devstack@placement-api.service[107971]: INFO placement.requestlog [req-94274af7-dd0f-48b7-b1a8-c431957010f0 req-8a5f4363-0572-493f-9da8-953c287746f2 service placement] 10.222.0.36 "GET /placement/allocations/a10f236c-f7d3-46ca-819b-46fac286cdfa" status: 200 len: 259 microversion: 1.28
Aug 12 21:22:53.598296 n-d-830646-16 devstack@placement-api.service[107971]: [pid: 107971|app: 0|req: 366/731] 10.222.0.36 () {60 vars in 1377 bytes} [Fri Aug 12 21:22:53 2022] GET /placement/allocations/a10f236c-f7d3-46ca-819b-46fac286cdfa => generated 259 bytes in 30 msecs (HTTP/1.1 200) 8 headers in 296 bytes (1 switches on core 0)
Aug 12 21:22:54.491634 n-d-830646-16 devstack@placement-api.service[107970]: DEBUG placement.requestlog [req-94274af7-dd0f-48b7-b1a8-c431957010f0 req-c948983f-43a5-4c7d-963e-b3cb12b92f46 None None] Starting request: 10.222.0.18 "GET /placement/allocations/36365121-e353-469b-a51d-31eb1a0dd775" {{(pid=107970) __call__ /opt/stack/placement/placement/requestlog.py:55}}
Aug 12 21:22:54.547607 n-d-830646-16 devstack@placement-api.service[107970]: INFO placement.requestlog [req-94274af7-dd0f-48b7-b1a8-c431957010f0 req-c948983f-43a5-4c7d-963e-b3cb12b92f46 service placement] 10.222.0.18 "GET /placement/allocations/36365121-e353-469b-a51d-31eb1a0dd775" status: 200 len: 259 microversion: 1.28
Aug 12 21:22:54.548272 n-d-830646-16 devstack@placement-api.service[107970]: [pid: 107970|app: 0|req: 366/732] 10.222.0.18 () {60 vars in 1377 bytes} [Fri Aug 12 21:22:54 2022] GET /placement/allocations/36365121-e353-469b-a51d-31eb1a0dd775 => generated 259 bytes in 57 msecs (HTTP/1.1 200) 8 headers in 296 bytes (1 switches on core 0)
Aug 12 21:22:55.492070 n-d-830646-16 devstack@placement-api.service[107971]: DEBUG placement.requestlog [req-308248f4-828d-476f-b908-815fba8cd137 req-d491f024-8e14-43f8-83c0-4ade4f567ff6 None None] Starting request: 10.222.0.15 "GET /placement/allocation_candidates?limit=1000&resources=DISK_GB%3A1%2CMEMORY_MB%3A1024%2CVCPU%3A1&root_required=%21COMPUTE_STATUS_DISABLED" {{(pid=107971) __call__ /opt/stack/placement/placement/requestlog.py:55}}
Aug 12 21:22:55.606191 n-d-830646-16 devstack@placement-api.service[107971]: DEBUG placement.objects.research_context [req-308248f4-828d-476f-b908-815fba8cd137 req-d491f024-8e14-43f8-83c0-4ade4f567ff6 service placement] getting providers with 1 DISK_GB {{(pid=107971) __init__ /opt/stack/placement/placement/objects/research_context.py:136}}
Aug 12 21:22:55.622725 n-d-830646-16 devstack@placement-api.service[107971]: DEBUG placement.objects.research_context [req-308248f4-828d-476f-b908-815fba8cd137 req-d491f024-8e14-43f8-83c0-4ade4f567ff6 service placement] getting providers with 1024 MEMORY_MB {{(pid=107971) __init__ /opt/stack/placement/placement/objects/research_context.py:136}}
Aug 12 21:22:55.627739 n-d-830646-16 devstack@placement-api.service[107971]: DEBUG dbcounter [-] [107971] Writing DB stats placement:SELECT=82,placement:INSERT=8,placement:DELETE=5,placement:UPDATE=5 {{(pid=107971) stat_writer /usr/local/lib/python3.8/dist-packages/dbcounter.py:114}}
Aug 12 21:22:55.629319 n-d-830646-16 devstack@placement-api.service[107971]: DEBUG placement.objects.research_context [req-308248f4-828d-476f-b908-815fba8cd137 req-d491f024-8e14-43f8-83c0-4ade4f567ff6 service placement] getting providers with 1 VCPU {{(pid=107971) __init__ /opt/stack/placement/placement/objects/research_context.py:136}}
Aug 12 21:22:55.643954 n-d-830646-16 devstack@placement-api.service[107971]: DEBUG placement.objects.research_context [req-308248f4-828d-476f-b908-815fba8cd137 req-d491f024-8e14-43f8-83c0-4ade4f567ff6 service placement] found 2 providers with available 1 DISK_GB {{(pid=107971) get_provider_ids_matching /opt/stack/placement/placement/objects/research_context.py:563}}
Aug 12 21:22:55.644234 n-d-830646-16 devstack@placement-api.service[107971]: DEBUG placement.objects.research_context [req-308248f4-828d-476f-b908-815fba8cd137 req-d491f024-8e14-43f8-83c0-4ade4f567ff6 service placement] found 2 providers with available 1024 MEMORY_MB {{(pid=107971) get_provider_ids_matching /opt/stack/placement/placement/objects/research_context.py:563}}
Aug 12 21:22:55.644511 n-d-830646-16 devstack@placement-api.service[107971]: DEBUG placement.objects.research_context [req-308248f4-828d-476f-b908-815fba8cd137 req-d491f024-8e14-43f8-83c0-4ade4f567ff6 service placement] found 2 providers after filtering by previous result {{(pid=107971) get_provider_ids_matching /opt/stack/placement/placement/objects/research_context.py:594}}
Aug 12 21:22:55.648976 n-d-830646-16 devstack@placement-api.service[107971]: DEBUG placement.objects.research_context [req-308248f4-828d-476f-b908-815fba8cd137 req-d491f024-8e14-43f8-83c0-4ade4f567ff6 service placement] found 2 providers with available 1 VCPU {{(pid=107971) get_provider_ids_matching /opt/stack/placement/placement/objects/research_context.py:563}}
Aug 12 21:22:55.649313 n-d-830646-16 devstack@placement-api.service[107971]: DEBUG placement.objects.research_context [req-308248f4-828d-476f-b908-815fba8cd137 req-d491f024-8e14-43f8-83c0-4ade4f567ff6 service placement] found 2 providers after filtering by previous result {{(pid=107971) get_provider_ids_matching /opt/stack/placement/placement/objects/research_context.py:594}}
Aug 12 21:22:55.680608 n-d-830646-16 devstack@placement-api.service[107971]: DEBUG placement.objects.allocation_candidate [req-308248f4-828d-476f-b908-815fba8cd137 req-d491f024-8e14-43f8-83c0-4ade4f567ff6 service placement] RequestGroup(use_same_provider=False, resources={DISK_GB:1, MEMORY_MB:1024, VCPU:1}, traits=(), aggregates=[]) (suffix '') returned 2 matches {{(pid=107971) _get_by_requests /opt/stack/placement/placement/objects/allocation_candidate.py:156}}
Aug 12 21:22:55.680982 n-d-830646-16 devstack@placement-api.service[107971]: DEBUG placement.objects.allocation_candidate [req-308248f4-828d-476f-b908-815fba8cd137 req-d491f024-8e14-43f8-83c0-4ade4f567ff6 service placement] Merging candidates yields 2 allocation requests and 2 provider summaries {{(pid=107971) _merge_candidates /opt/stack/placement/placement/objects/allocation_candidate.py:809}}
Aug 12 21:22:55.683166 n-d-830646-16 devstack@placement-api.service[107971]: INFO placement.requestlog [req-308248f4-828d-476f-b908-815fba8cd137 req-d491f024-8e14-43f8-83c0-4ade4f567ff6 service placement] 10.222.0.15 "GET /placement/allocation_candidates?limit=1000&resources=DISK_GB%3A1%2CMEMORY_MB%3A1024%2CVCPU%3A1&root_required=%21COMPUTE_STATUS_DISABLED" status: 200 len: 1309 microversion: 1.36
Aug 12 21:22:55.683884 n-d-830646-16 devstack@placement-api.service[107971]: [pid: 107971|app: 0|req: 367/733] 10.222.0.15 () {60 vars in 1506 bytes} [Fri Aug 12 21:22:55 2022] GET /placement/allocation_candidates?limit=1000&resources=DISK_GB%3A1%2CMEMORY_MB%3A1024%2CVCPU%3A1&root_required=%21COMPUTE_STATUS_DISABLED => generated 1309 bytes in 192 msecs (HTTP/1.1 200) 8 headers in 297 bytes (1 switches on core 0)
Aug 12 21:22:55.810175 n-d-830646-16 devstack@placement-api.service[107970]: DEBUG placement.requestlog [req-308248f4-828d-476f-b908-815fba8cd137 req-dc2fcb5a-9328-4f03-b9ab-e979ce753900 None None] Starting request: 10.222.0.15 "GET /placement/allocations/2a33b69f-e806-4a48-b3ac-7bde4b5101b5" {{(pid=107970) __call__ /opt/stack/placement/placement/requestlog.py:55}}
Aug 12 21:22:55.833223 n-d-830646-16 devstack@placement-api.service[107970]: INFO placement.requestlog [req-308248f4-828d-476f-b908-815fba8cd137 req-dc2fcb5a-9328-4f03-b9ab-e979ce753900 service placement] 10.222.0.15 "GET /placement/allocations/2a33b69f-e806-4a48-b3ac-7bde4b5101b5" status: 200 len: 19 microversion: 1.28
Aug 12 21:22:55.833992 n-d-830646-16 devstack@placement-api.service[107970]: [pid: 107970|app: 0|req: 367/734] 10.222.0.15 () {60 vars in 1380 bytes} [Fri Aug 12 21:22:55 2022] GET /placement/allocations/2a33b69f-e806-4a48-b3ac-7bde4b5101b5 => generated 19 bytes in 24 msecs (HTTP/1.1 200) 8 headers in 295 bytes (1 switches on core 0)
Aug 12 21:22:55.842278 n-d-830646-16 devstack@placement-api.service[107971]: DEBUG placement.requestlog [req-308248f4-828d-476f-b908-815fba8cd137 req-dde48c10-b3e1-463a-825f-383eda935e93 None None] Starting request: 10.222.0.15 "PUT /placement/allocations/2a33b69f-e806-4a48-b3ac-7bde4b5101b5" {{(pid=107971) __call__ /opt/stack/placement/placement/requestlog.py:55}}
Aug 12 21:22:55.978687 n-d-830646-16 devstack@placement-api.service[107971]: DEBUG placement.handlers.allocation [req-308248f4-828d-476f-b908-815fba8cd137 req-dde48c10-b3e1-463a-825f-383eda935e93 service placement] Successfully wrote allocations [, , ] {{(pid=107971) _update_consumers_and_create_allocations /opt/stack/placement/placement/handlers/allocation.py:462}}
Aug 12 21:22:55.983791 n-d-830646-16 devstack@placement-api.service[107971]: INFO placement.requestlog [req-308248f4-828d-476f-b908-815fba8cd137 req-dde48c10-b3e1-463a-825f-383eda935e93 service placement] 10.222.0.15 "PUT /placement/allocations/2a33b69f-e806-4a48-b3ac-7bde4b5101b5" status: 204 len: 0 microversion: 1.36
Aug 12 21:22:55.984704 n-d-830646-16 devstack@placement-api.service[107971]: [pid: 107971|app: 0|req: 368/735] 10.222.0.15 () {64 vars in 1433 bytes} [Fri Aug 12 21:22:55 2022] PUT /placement/allocations/2a33b69f-e806-4a48-b3ac-7bde4b5101b5 => generated 0 bytes in 143 msecs (HTTP/1.1 204) 5 headers in 199 bytes (1 switches on core 0)
Aug 12 21:22:56.391434 n-d-830646-16 devstack@placement-api.service[107970]: DEBUG placement.requestlog [req-308248f4-828d-476f-b908-815fba8cd137 req-5d886674-5112-4cbe-bc9c-b850adbd69f2 None None] Starting request: 10.222.0.18 "GET /placement/allocations/2a33b69f-e806-4a48-b3ac-7bde4b5101b5" {{(pid=107970) __call__ /opt/stack/placement/placement/requestlog.py:55}}
Aug 12 21:22:56.416701 n-d-830646-16 devstack@placement-api.service[107970]: INFO placement.requestlog [req-308248f4-828d-476f-b908-815fba8cd137 req-5d886674-5112-4cbe-bc9c-b850adbd69f2 service placement] 10.222.0.18 "GET /placement/allocations/2a33b69f-e806-4a48-b3ac-7bde4b5101b5" status: 200 len: 259 microversion: 1.28
Aug 12 21:22:56.418074 n-d-830646-16 devstack@placement-api.service[107970]: [pid: 107970|app: 0|req: 368/736] 10.222.0.18 () {60 vars in 1377 bytes} [Fri Aug 12 21:22:56 2022] GET /placement/allocations/2a33b69f-e806-4a48-b3ac-7bde4b5101b5 => generated 259 bytes in 27 msecs (HTTP/1.1 200) 8 headers in 296 bytes (2 switches on core 0)
Aug 12 21:22:58.641983 n-d-830646-16 devstack@placement-api.service[107971]: DEBUG placement.requestlog [req-efc9ec19-b3d4-4cd4-8556-58848f208b15 req-afeadc75-e586-4b16-9921-68766b432ed0 None None] Starting request: 10.222.0.18 "DELETE /placement/allocations/5b3576d9-b0bc-4376-a4b9-4ac85d6bbc2f" {{(pid=107971) __call__ /opt/stack/placement/placement/requestlog.py:55}}
Aug 12 21:22:58.733080 n-d-830646-16 devstack@placement-api.service[107971]: DEBUG placement.handlers.allocation [req-efc9ec19-b3d4-4cd4-8556-58848f208b15 req-afeadc75-e586-4b16-9921-68766b432ed0 service placement] Successfully deleted allocations [, , ] {{(pid=107971) delete_allocations /opt/stack/placement/placement/handlers/allocation.py:627}}
Aug 12 21:22:58.733678 n-d-830646-16 devstack@placement-api.service[107971]: INFO placement.requestlog [req-efc9ec19-b3d4-4cd4-8556-58848f208b15 req-afeadc75-e586-4b16-9921-68766b432ed0 service placement] 10.222.0.18 "DELETE /placement/allocations/5b3576d9-b0bc-4376-a4b9-4ac85d6bbc2f" status: 204 len: 0 microversion: 1.0
Aug 12 21:22:58.734558 n-d-830646-16 devstack@placement-api.service[107971]: [pid: 107971|app: 0|req: 369/737] 10.222.0.18 () {60 vars in 1355 bytes} [Fri Aug 12 21:22:58 2022] DELETE /placement/allocations/5b3576d9-b0bc-4376-a4b9-4ac85d6bbc2f => generated 0 bytes in 93 msecs (HTTP/1.1 204) 5 headers in 198 bytes (1 switches on core 0)
Aug 12 21:23:06.159864 n-d-830646-16 devstack@placement-api.service[107970]: DEBUG placement.requestlog [req-8265f46b-27b4-44ce-8151-de31b5aadfbb req-df9bafe3-8bff-4b7b-9dd2-5f4f6aa69421 None None] Starting request: 10.222.0.36 "DELETE /placement/allocations/cfbbf846-1e96-4ea8-aa93-dfbcdf05058d" {{(pid=107970) __call__ /opt/stack/placement/placement/requestlog.py:55}}
Aug 12 21:23:06.249355 n-d-830646-16 devstack@placement-api.service[107970]: DEBUG placement.handlers.allocation [req-8265f46b-27b4-44ce-8151-de31b5aadfbb req-df9bafe3-8bff-4b7b-9dd2-5f4f6aa69421 service placement] Successfully deleted allocations [, , ] {{(pid=107970) delete_allocations /opt/stack/placement/placement/handlers/allocation.py:627}}
Aug 12 21:23:06.252033 n-d-830646-16 devstack@placement-api.service[107970]: INFO placement.requestlog [req-8265f46b-27b4-44ce-8151-de31b5aadfbb req-df9bafe3-8bff-4b7b-9dd2-5f4f6aa69421 service placement] 10.222.0.36 "DELETE /placement/allocations/cfbbf846-1e96-4ea8-aa93-dfbcdf05058d" status: 204 len: 0 microversion: 1.0
Aug 12 21:23:06.252595 n-d-830646-16 devstack@placement-api.service[107970]: [pid: 107970|app: 0|req: 369/738] 10.222.0.36 () {60 vars in 1355 bytes} [Fri Aug 12 21:23:06 2022] DELETE /placement/allocations/cfbbf846-1e96-4ea8-aa93-dfbcdf05058d => generated 0 bytes in 93 msecs (HTTP/1.1 204) 5 headers in 198 bytes (1 switches on core 0)
Aug 12 21:23:08.726899 n-d-830646-16 devstack@placement-api.service[107971]: DEBUG dbcounter [-] [107971] Writing DB stats placement:SELECT=24,placement:INSERT=4,placement:DELETE=4,placement:UPDATE=2 {{(pid=107971) stat_writer /usr/local/lib/python3.8/dist-packages/dbcounter.py:114}}
Aug 12 21:23:11.355589 n-d-830646-16 devstack@placement-api.service[107971]: DEBUG placement.requestlog [req-9afe6860-f7c7-4ca2-b503-7226bb56f58b req-db1d55c7-e115-4720-8753-261c38f9a393 None None] Starting request: 10.222.0.18 "DELETE /placement/allocations/cf3480f0-61de-4b40-8424-12d0bb2fdb9d" {{(pid=107971) __call__ /opt/stack/placement/placement/requestlog.py:55}}
Aug 12 21:23:11.420606 n-d-830646-16 devstack@placement-api.service[107971]: DEBUG placement.handlers.allocation [req-9afe6860-f7c7-4ca2-b503-7226bb56f58b req-db1d55c7-e115-4720-8753-261c38f9a393 service placement] Successfully deleted allocations [, , ] {{(pid=107971) delete_allocations /opt/stack/placement/placement/handlers/allocation.py:627}}
Aug 12 21:23:11.421139 n-d-830646-16 devstack@placement-api.service[107971]: INFO placement.requestlog [req-9afe6860-f7c7-4ca2-b503-7226bb56f58b req-db1d55c7-e115-4720-8753-261c38f9a393 service placement] 10.222.0.18 "DELETE /placement/allocations/cf3480f0-61de-4b40-8424-12d0bb2fdb9d" status: 204 len: 0 microversion: 1.0
Aug 12 21:23:11.421517 n-d-830646-16 devstack@placement-api.service[107971]: [pid: 107971|app: 0|req: 370/739] 10.222.0.18 () {60 vars in 1355 bytes} [Fri Aug 12 21:23:11 2022] DELETE /placement/allocations/cf3480f0-61de-4b40-8424-12d0bb2fdb9d => generated 0 bytes in 67 msecs (HTTP/1.1 204) 5 headers in 198 bytes (1 switches on core 0)
Aug 12 21:23:15.538948 n-d-830646-16 devstack@placement-api.service[107970]: DEBUG placement.requestlog [req-a1d59d88-9676-48b5-bc90-f827dba0fadb req-6e26bac4-174b-4d3e-9b60-3536b223f45c None None] Starting request: 10.222.0.15 "GET /placement/allocation_candidates?limit=1000&resources=MEMORY_MB%3A1024%2CVCPU%3A1&root_required=%21COMPUTE_STATUS_DISABLED" {{(pid=107970) __call__ /opt/stack/placement/placement/requestlog.py:55}}
Aug 12 21:23:15.560443 n-d-830646-16 devstack@placement-api.service[107970]: DEBUG dbcounter [-] [107970] Writing DB stats placement:SELECT=74,placement:INSERT=10,placement:DELETE=6,placement:UPDATE=4 {{(pid=107970) stat_writer /usr/local/lib/python3.8/dist-packages/dbcounter.py:114}}
Aug 12 21:23:15.593026 n-d-830646-16 devstack@placement-api.service[107970]: DEBUG placement.objects.research_context [req-a1d59d88-9676-48b5-bc90-f827dba0fadb req-6e26bac4-174b-4d3e-9b60-3536b223f45c service placement] getting providers with 1024 MEMORY_MB {{(pid=107970) __init__ /opt/stack/placement/placement/objects/research_context.py:136}}
Aug 12 21:23:15.599783 n-d-830646-16 devstack@placement-api.service[107970]: DEBUG placement.objects.research_context [req-a1d59d88-9676-48b5-bc90-f827dba0fadb req-6e26bac4-174b-4d3e-9b60-3536b223f45c service placement] getting providers with 1 VCPU {{(pid=107970) __init__ /opt/stack/placement/placement/objects/research_context.py:136}}
Aug 12 21:23:15.606463 n-d-830646-16 devstack@placement-api.service[107970]: DEBUG placement.objects.research_context [req-a1d59d88-9676-48b5-bc90-f827dba0fadb req-6e26bac4-174b-4d3e-9b60-3536b223f45c service placement] found 2 providers with available 1024 MEMORY_MB {{(pid=107970) get_provider_ids_matching /opt/stack/placement/placement/objects/research_context.py:563}}
Aug 12 21:23:15.607040 n-d-830646-16 devstack@placement-api.service[107970]: DEBUG placement.objects.research_context [req-a1d59d88-9676-48b5-bc90-f827dba0fadb req-6e26bac4-174b-4d3e-9b60-3536b223f45c service placement] found 2 providers with available 1 VCPU {{(pid=107970) get_provider_ids_matching /opt/stack/placement/placement/objects/research_context.py:563}}
Aug 12 21:23:15.607552 n-d-830646-16 devstack@placement-api.service[107970]: DEBUG placement.objects.research_context [req-a1d59d88-9676-48b5-bc90-f827dba0fadb req-6e26bac4-174b-4d3e-9b60-3536b223f45c service placement] found 2 providers after filtering by previous result {{(pid=107970) get_provider_ids_matching /opt/stack/placement/placement/objects/research_context.py:594}}
Aug 12 21:23:15.621328 n-d-830646-16 devstack@placement-api.service[107970]: DEBUG placement.objects.allocation_candidate [req-a1d59d88-9676-48b5-bc90-f827dba0fadb req-6e26bac4-174b-4d3e-9b60-3536b223f45c service placement] RequestGroup(use_same_provider=False, resources={MEMORY_MB:1024, VCPU:1}, traits=(), aggregates=[]) (suffix '') returned 2 matches {{(pid=107970) _get_by_requests /opt/stack/placement/placement/objects/allocation_candidate.py:156}}
Aug 12 21:23:15.622339 n-d-830646-16 devstack@placement-api.service[107970]: DEBUG placement.objects.allocation_candidate [req-a1d59d88-9676-48b5-bc90-f827dba0fadb req-6e26bac4-174b-4d3e-9b60-3536b223f45c service placement] Merging candidates yields 2 allocation requests and 2 provider summaries {{(pid=107970) _merge_candidates /opt/stack/placement/placement/objects/allocation_candidate.py:809}}
Aug 12 21:23:15.624739 n-d-830646-16 devstack@placement-api.service[107970]: INFO placement.requestlog [req-a1d59d88-9676-48b5-bc90-f827dba0fadb req-6e26bac4-174b-4d3e-9b60-3536b223f45c service placement] 10.222.0.15 "GET /placement/allocation_candidates?limit=1000&resources=MEMORY_MB%3A1024%2CVCPU%3A1&root_required=%21COMPUTE_STATUS_DISABLED" status: 200 len: 1281 microversion: 1.36
Aug 12 21:23:15.625803 n-d-830646-16 devstack@placement-api.service[107970]: [pid: 107970|app: 0|req: 370/740] 10.222.0.15 () {60 vars in 1478 bytes} [Fri Aug 12 21:23:15 2022] GET /placement/allocation_candidates?limit=1000&resources=MEMORY_MB%3A1024%2CVCPU%3A1&root_required=%21COMPUTE_STATUS_DISABLED => generated 1281 bytes in 88 msecs (HTTP/1.1 200) 8 headers in 297 bytes (1 switches on core 0)
Aug 12 21:23:15.773703 n-d-830646-16 devstack@placement-api.service[107971]: DEBUG placement.requestlog [req-a1d59d88-9676-48b5-bc90-f827dba0fadb req-53455e38-006e-4a74-8bb5-fbb5c995364e None None] Starting request: 10.222.0.15 "GET /placement/allocations/468229f1-b055-4d2a-bf86-67c708049df9" {{(pid=107971) __call__ /opt/stack/placement/placement/requestlog.py:55}}
Aug 12 21:23:15.809379 n-d-830646-16 devstack@placement-api.service[107971]: INFO placement.requestlog [req-a1d59d88-9676-48b5-bc90-f827dba0fadb req-53455e38-006e-4a74-8bb5-fbb5c995364e service placement] 10.222.0.15 "GET /placement/allocations/468229f1-b055-4d2a-bf86-67c708049df9" status: 200 len: 19 microversion: 1.28
Aug 12 21:23:15.810236 n-d-830646-16 devstack@placement-api.service[107971]: [pid: 107971|app: 0|req: 371/741] 10.222.0.15 () {60 vars in 1380 bytes} [Fri Aug 12 21:23:15 2022] GET /placement/allocations/468229f1-b055-4d2a-bf86-67c708049df9 => generated 19 bytes in 37 msecs (HTTP/1.1 200) 8 headers in 295 bytes (1 switches on core 0)
Aug 12 21:23:15.818814 n-d-830646-16 devstack@placement-api.service[107970]: DEBUG placement.requestlog [req-a1d59d88-9676-48b5-bc90-f827dba0fadb req-b3efe962-170a-4a90-8653-a3c3c56ee0c4 None None] Starting request: 10.222.0.15 "PUT /placement/allocations/468229f1-b055-4d2a-bf86-67c708049df9" {{(pid=107970) __call__ /opt/stack/placement/placement/requestlog.py:55}}
Aug 12 21:23:16.004709 n-d-830646-16 devstack@placement-api.service[107970]: DEBUG placement.handlers.allocation [req-a1d59d88-9676-48b5-bc90-f827dba0fadb req-b3efe962-170a-4a90-8653-a3c3c56ee0c4 service placement] Successfully wrote allocations [, ] {{(pid=107970) _update_consumers_and_create_allocations /opt/stack/placement/placement/handlers/allocation.py:462}}
Aug 12 21:23:16.025816 n-d-830646-16 devstack@placement-api.service[107970]: INFO placement.requestlog [req-a1d59d88-9676-48b5-bc90-f827dba0fadb req-b3efe962-170a-4a90-8653-a3c3c56ee0c4 service placement] 10.222.0.15 "PUT /placement/allocations/468229f1-b055-4d2a-bf86-67c708049df9" status: 204 len: 0 microversion: 1.36
Aug 12 21:23:16.026391 n-d-830646-16 devstack@placement-api.service[107970]: [pid: 107970|app: 0|req: 371/742] 10.222.0.15 () {64 vars in 1433 bytes} [Fri Aug 12 21:23:15 2022] PUT /placement/allocations/468229f1-b055-4d2a-bf86-67c708049df9 => generated 0 bytes in 208 msecs (HTTP/1.1 204) 5 headers in 199 bytes (1 switches on core 0)
Aug 12 21:23:16.701402 n-d-830646-16 devstack@placement-api.service[107971]: DEBUG placement.requestlog [req-a1d59d88-9676-48b5-bc90-f827dba0fadb req-e7961961-dfa1-4985-80a4-e473b80a17c5 None None] Starting request: 10.222.0.36 "GET /placement/allocations/468229f1-b055-4d2a-bf86-67c708049df9" {{(pid=107971) __call__ /opt/stack/placement/placement/requestlog.py:55}}
Aug 12 21:23:16.726237 n-d-830646-16 devstack@placement-api.service[107971]: INFO placement.requestlog [req-a1d59d88-9676-48b5-bc90-f827dba0fadb req-e7961961-dfa1-4985-80a4-e473b80a17c5 service placement] 10.222.0.36 "GET /placement/allocations/468229f1-b055-4d2a-bf86-67c708049df9" status: 200 len: 245 microversion: 1.28
Aug 12 21:23:16.726622 n-d-830646-16 devstack@placement-api.service[107971]: [pid: 107971|app: 0|req: 372/743] 10.222.0.36 () {60 vars in 1377 bytes} [Fri Aug 12 21:23:16 2022] GET /placement/allocations/468229f1-b055-4d2a-bf86-67c708049df9 => generated 245 bytes in 25 msecs (HTTP/1.1 200) 8 headers in 296 bytes (1 switches on core 0)
Aug 12 21:23:20.630987 n-d-830646-16 devstack@placement-api.service[107970]: DEBUG placement.requestlog [req-5ff2fe86-5267-4729-b734-bebed9cc999b req-57fc75a1-b139-48a8-8471-cd81f354e493 None None] Starting request: 10.222.0.18 "DELETE /placement/allocations/2a33b69f-e806-4a48-b3ac-7bde4b5101b5" {{(pid=107970) __call__ /opt/stack/placement/placement/requestlog.py:55}}
Aug 12 21:23:20.677861 n-d-830646-16 devstack@placement-api.service[107970]: DEBUG placement.handlers.allocation [req-5ff2fe86-5267-4729-b734-bebed9cc999b req-57fc75a1-b139-48a8-8471-cd81f354e493 service placement] Successfully deleted allocations [, , ] {{(pid=107970) delete_allocations /opt/stack/placement/placement/handlers/allocation.py:627}}
Aug 12 21:23:20.678793 n-d-830646-16 devstack@placement-api.service[107970]: INFO placement.requestlog [req-5ff2fe86-5267-4729-b734-bebed9cc999b req-57fc75a1-b139-48a8-8471-cd81f354e493 service placement] 10.222.0.18 "DELETE /placement/allocations/2a33b69f-e806-4a48-b3ac-7bde4b5101b5" status: 204 len: 0 microversion: 1.0
Aug 12 21:23:20.679366 n-d-830646-16 devstack@placement-api.service[107970]: [pid: 107970|app: 0|req: 372/744] 10.222.0.18 () {60 vars in 1355 bytes} [Fri Aug 12 21:23:20 2022] DELETE /placement/allocations/2a33b69f-e806-4a48-b3ac-7bde4b5101b5 => generated 0 bytes in 49 msecs (HTTP/1.1 204) 5 headers in 198 bytes (1 switches on core 0)
Aug 12 21:23:21.122744 n-d-830646-16 devstack@placement-api.service[107971]: DEBUG placement.requestlog [None req-b0242fb1-27a9-4779-a6df-75e5775dc9d8 None None] Starting request: 10.222.0.15 "GET /placement/resource_providers/76c99f9f-b8df-4bcd-870d-eb5f35b6c3c6/aggregates" {{(pid=107971) __call__ /opt/stack/placement/placement/requestlog.py:55}}
Aug 12 21:23:21.136734 n-d-830646-16 devstack@placement-api.service[107971]: INFO placement.requestlog [None req-b0242fb1-27a9-4779-a6df-75e5775dc9d8 service placement] 10.222.0.15 "GET /placement/resource_providers/76c99f9f-b8df-4bcd-870d-eb5f35b6c3c6/aggregates" status: 404 len: 235 microversion: 1.1
Aug 12 21:23:21.137135 n-d-830646-16 devstack@placement-api.service[107971]: [pid: 107971|app: 0|req: 373/745] 10.222.0.15 () {58 vars in 1362 bytes} [Fri Aug 12 21:23:21 2022] GET /placement/resource_providers/76c99f9f-b8df-4bcd-870d-eb5f35b6c3c6/aggregates => generated 235 bytes in 15 msecs (HTTP/1.1 404) 5 headers in 202 bytes (1 switches on core 0)
Aug 12 21:23:21.162100 n-d-830646-16 devstack@placement-api.service[107970]: DEBUG placement.requestlog [None req-a95f4449-b000-4617-9dfa-24e9a079c0ea None None] Starting request: 10.222.0.15 "DELETE /placement/resource_providers/76c99f9f-b8df-4bcd-870d-eb5f35b6c3c6" {{(pid=107970) __call__ /opt/stack/placement/placement/requestlog.py:55}}
Aug 12 21:23:21.179301 n-d-830646-16 devstack@placement-api.service[107970]: DEBUG placement.wsgi_wrapper [None req-a95f4449-b000-4617-9dfa-24e9a079c0ea service placement] Placement API returning an error response: No resource provider with uuid 76c99f9f-b8df-4bcd-870d-eb5f35b6c3c6 found for delete {{(pid=107970) call_func /opt/stack/placement/placement/wsgi_wrapper.py:31}}
Aug 12 21:23:21.180446 n-d-830646-16 devstack@placement-api.service[107970]: INFO placement.requestlog [None req-a95f4449-b000-4617-9dfa-24e9a079c0ea service placement] 10.222.0.15 "DELETE /placement/resource_providers/76c99f9f-b8df-4bcd-870d-eb5f35b6c3c6" status: 404 len: 246 microversion: 1.1
Aug 12 21:23:21.181342 n-d-830646-16 devstack@placement-api.service[107970]: [pid: 107970|app: 0|req: 373/746] 10.222.0.15 () {60 vars in 1351 bytes} [Fri Aug 12 21:23:21 2022] DELETE /placement/resource_providers/76c99f9f-b8df-4bcd-870d-eb5f35b6c3c6 => generated 246 bytes in 19 msecs (HTTP/1.1 404) 6 headers in 231 bytes (1 switches on core 0)
Aug 12 21:23:21.258647 n-d-830646-16 devstack@placement-api.service[107971]: DEBUG placement.requestlog [req-9ae8cff4-9f13-41d6-922d-b91b6b7f0696 req-893f297e-28bc-4041-aaf0-e74825390aee None None] Starting request: 10.222.0.15 "GET /placement/allocation_candidates?limit=1000&resources=DISK_GB%3A1%2CMEMORY_MB%3A1024%2CVCPU%3A1&root_required=%21COMPUTE_STATUS_DISABLED" {{(pid=107971) __call__ /opt/stack/placement/placement/requestlog.py:55}}
Aug 12 21:23:21.333827 n-d-830646-16 devstack@placement-api.service[107971]: DEBUG placement.objects.research_context [req-9ae8cff4-9f13-41d6-922d-b91b6b7f0696 req-893f297e-28bc-4041-aaf0-e74825390aee service placement] getting providers with 1 DISK_GB {{(pid=107971) __init__ /opt/stack/placement/placement/objects/research_context.py:136}}
Aug 12 21:23:21.343567 n-d-830646-16 devstack@placement-api.service[107971]: DEBUG placement.objects.research_context [req-9ae8cff4-9f13-41d6-922d-b91b6b7f0696 req-893f297e-28bc-4041-aaf0-e74825390aee service placement] getting providers with 1024 MEMORY_MB {{(pid=107971) __init__ /opt/stack/placement/placement/objects/research_context.py:136}}
Aug 12 21:23:21.354161 n-d-830646-16 devstack@placement-api.service[107971]: DEBUG placement.objects.research_context [req-9ae8cff4-9f13-41d6-922d-b91b6b7f0696 req-893f297e-28bc-4041-aaf0-e74825390aee service placement] getting providers with 1 VCPU {{(pid=107971) __init__ /opt/stack/placement/placement/objects/research_context.py:136}}
Aug 12 21:23:21.362235 n-d-830646-16 devstack@placement-api.service[107971]: DEBUG placement.objects.research_context [req-9ae8cff4-9f13-41d6-922d-b91b6b7f0696 req-893f297e-28bc-4041-aaf0-e74825390aee service placement] found 2 providers with available 1 DISK_GB {{(pid=107971) get_provider_ids_matching /opt/stack/placement/placement/objects/research_context.py:563}}
Aug 12 21:23:21.362858 n-d-830646-16 devstack@placement-api.service[107971]: DEBUG placement.objects.research_context [req-9ae8cff4-9f13-41d6-922d-b91b6b7f0696 req-893f297e-28bc-4041-aaf0-e74825390aee service placement] found 2 providers with available 1024 MEMORY_MB {{(pid=107971) get_provider_ids_matching /opt/stack/placement/placement/objects/research_context.py:563}}
Aug 12 21:23:21.363366 n-d-830646-16 devstack@placement-api.service[107971]: DEBUG placement.objects.research_context [req-9ae8cff4-9f13-41d6-922d-b91b6b7f0696 req-893f297e-28bc-4041-aaf0-e74825390aee service placement] found 2 providers after filtering by previous result {{(pid=107971) get_provider_ids_matching /opt/stack/placement/placement/objects/research_context.py:594}}
Aug 12 21:23:21.363901 n-d-830646-16 devstack@placement-api.service[107971]: DEBUG placement.objects.research_context [req-9ae8cff4-9f13-41d6-922d-b91b6b7f0696 req-893f297e-28bc-4041-aaf0-e74825390aee service placement] found 2 providers with available 1 VCPU {{(pid=107971) get_provider_ids_matching /opt/stack/placement/placement/objects/research_context.py:563}}
Aug 12 21:23:21.364327 n-d-830646-16 devstack@placement-api.service[107971]: DEBUG placement.objects.research_context [req-9ae8cff4-9f13-41d6-922d-b91b6b7f0696 req-893f297e-28bc-4041-aaf0-e74825390aee service placement] found 2 providers after filtering by previous result {{(pid=107971) get_provider_ids_matching /opt/stack/placement/placement/objects/research_context.py:594}}
Aug 12 21:23:21.401934 n-d-830646-16 devstack@placement-api.service[107971]: DEBUG placement.objects.allocation_candidate [req-9ae8cff4-9f13-41d6-922d-b91b6b7f0696 req-893f297e-28bc-4041-aaf0-e74825390aee service placement] RequestGroup(use_same_provider=False, resources={DISK_GB:1, MEMORY_MB:1024, VCPU:1}, traits=(), aggregates=[]) (suffix '') returned 2 matches {{(pid=107971) _get_by_requests /opt/stack/placement/placement/objects/allocation_candidate.py:156}}
Aug 12 21:23:21.402988 n-d-830646-16 devstack@placement-api.service[107971]: DEBUG placement.objects.allocation_candidate [req-9ae8cff4-9f13-41d6-922d-b91b6b7f0696 req-893f297e-28bc-4041-aaf0-e74825390aee service placement] Merging candidates yields 2 allocation requests and 2 provider summaries {{(pid=107971) _merge_candidates /opt/stack/placement/placement/objects/allocation_candidate.py:809}}
Aug 12 21:23:21.407717 n-d-830646-16 devstack@placement-api.service[107971]: INFO placement.requestlog [req-9ae8cff4-9f13-41d6-922d-b91b6b7f0696 req-893f297e-28bc-4041-aaf0-e74825390aee service placement] 10.222.0.15 "GET /placement/allocation_candidates?limit=1000&resources=DISK_GB%3A1%2CMEMORY_MB%3A1024%2CVCPU%3A1&root_required=%21COMPUTE_STATUS_DISABLED" status: 200 len: 1309 microversion: 1.36
Aug 12 21:23:21.409248 n-d-830646-16 devstack@placement-api.service[107971]: [pid: 107971|app: 0|req: 374/747] 10.222.0.15 () {60 vars in 1506 bytes} [Fri Aug 12 21:23:21 2022] GET /placement/allocation_candidates?limit=1000&resources=DISK_GB%3A1%2CMEMORY_MB%3A1024%2CVCPU%3A1&root_required=%21COMPUTE_STATUS_DISABLED => generated 1309 bytes in 151 msecs (HTTP/1.1 200) 8 headers in 297 bytes (1 switches on core 0)
Aug 12 21:23:21.596810 n-d-830646-16 devstack@placement-api.service[107970]: DEBUG placement.requestlog [req-9ae8cff4-9f13-41d6-922d-b91b6b7f0696 req-675f49b9-f4cd-4a0d-8136-b1d0125b5d5d None None] Starting request: 10.222.0.15 "GET /placement/allocations/d0254c74-cffa-4423-a6d0-a6ac3d447331" {{(pid=107970) __call__ /opt/stack/placement/placement/requestlog.py:55}}
Aug 12 21:23:21.610349 n-d-830646-16 devstack@placement-api.service[107970]: INFO placement.requestlog [req-9ae8cff4-9f13-41d6-922d-b91b6b7f0696 req-675f49b9-f4cd-4a0d-8136-b1d0125b5d5d service placement] 10.222.0.15 "GET /placement/allocations/d0254c74-cffa-4423-a6d0-a6ac3d447331" status: 200 len: 19 microversion: 1.28
Aug 12 21:23:21.616008 n-d-830646-16 devstack@placement-api.service[107970]: [pid: 107970|app: 0|req: 374/748] 10.222.0.15 () {60 vars in 1380 bytes} [Fri Aug 12 21:23:21 2022] GET /placement/allocations/d0254c74-cffa-4423-a6d0-a6ac3d447331 => generated 19 bytes in 19 msecs (HTTP/1.1 200) 8 headers in 295 bytes (1 switches on core 0)
Aug 12 21:23:21.618308 n-d-830646-16 devstack@placement-api.service[107971]: DEBUG placement.requestlog [req-9ae8cff4-9f13-41d6-922d-b91b6b7f0696 req-75f2b8f2-edd6-49ce-9519-1f458a3c2a19 None None] Starting request: 10.222.0.15 "PUT /placement/allocations/d0254c74-cffa-4423-a6d0-a6ac3d447331" {{(pid=107971) __call__ /opt/stack/placement/placement/requestlog.py:55}}
Aug 12 21:23:21.726824 n-d-830646-16 devstack@placement-api.service[107971]: DEBUG placement.handlers.allocation [req-9ae8cff4-9f13-41d6-922d-b91b6b7f0696 req-75f2b8f2-edd6-49ce-9519-1f458a3c2a19 service placement] Successfully wrote allocations [, , ] {{(pid=107971) _update_consumers_and_create_allocations /opt/stack/placement/placement/handlers/allocation.py:462}}
Aug 12 21:23:21.733552 n-d-830646-16 devstack@placement-api.service[107971]: INFO placement.requestlog [req-9ae8cff4-9f13-41d6-922d-b91b6b7f0696 req-75f2b8f2-edd6-49ce-9519-1f458a3c2a19 service placement] 10.222.0.15 "PUT /placement/allocations/d0254c74-cffa-4423-a6d0-a6ac3d447331" status: 204 len: 0 microversion: 1.36
Aug 12 21:23:21.734523 n-d-830646-16 devstack@placement-api.service[107971]: [pid: 107971|app: 0|req: 375/749] 10.222.0.15 () {64 vars in 1433 bytes} [Fri Aug 12 21:23:21 2022] PUT /placement/allocations/d0254c74-cffa-4423-a6d0-a6ac3d447331 => generated 0 bytes in 117 msecs (HTTP/1.1 204) 5 headers in 199 bytes (1 switches on core 0)
Aug 12 21:23:21.783984 n-d-830646-16 devstack@placement-api.service[107970]: DEBUG placement.requestlog [req-9ae8cff4-9f13-41d6-922d-b91b6b7f0696 req-8710a3f1-4652-4419-a4fa-7534ac62ce72 None None] Starting request: 10.222.0.15 "GET /placement/allocations/69dfe537-9b1f-473b-8d70-54d4c9f8a3fb" {{(pid=107970) __call__ /opt/stack/placement/placement/requestlog.py:55}}
Aug 12 21:23:21.800498 n-d-830646-16 devstack@placement-api.service[107970]: INFO placement.requestlog [req-9ae8cff4-9f13-41d6-922d-b91b6b7f0696 req-8710a3f1-4652-4419-a4fa-7534ac62ce72 service placement] 10.222.0.15 "GET /placement/allocations/69dfe537-9b1f-473b-8d70-54d4c9f8a3fb" status: 200 len: 19 microversion: 1.28
Aug 12 21:23:21.802668 n-d-830646-16 devstack@placement-api.service[107970]: [pid: 107970|app: 0|req: 375/750] 10.222.0.15 () {60 vars in 1380 bytes} [Fri Aug 12 21:23:21 2022] GET /placement/allocations/69dfe537-9b1f-473b-8d70-54d4c9f8a3fb => generated 19 bytes in 19 msecs (HTTP/1.1 200) 8 headers in 295 bytes (1 switches on core 0)
Aug 12 21:23:21.812906 n-d-830646-16 devstack@placement-api.service[107971]: DEBUG placement.requestlog [req-9ae8cff4-9f13-41d6-922d-b91b6b7f0696 req-d1db0b65-e950-4cf5-90ce-c17002f24c68 None None] Starting request: 10.222.0.15 "PUT /placement/allocations/69dfe537-9b1f-473b-8d70-54d4c9f8a3fb" {{(pid=107971) __call__ /opt/stack/placement/placement/requestlog.py:55}}
