Aug 12 20:58:39.361354 n-d-830646-16 devstack@n-api.service[106653]: DEBUG nova.context [None req-99b51aab-cc47-4e51-a77b-9be05e3e7cff None None] Found 2 cells: 00000000-0000-0000-0000-000000000000(cell0),ba635f7c-5d87-473f-990c-e8830ac0e6c4(cell1) {{(pid=106653) load_cells /opt/stack/nova/nova/context.py:464}}
Aug 12 20:58:39.361486 n-d-830646-16 devstack@n-api.service[106654]: DEBUG oslo_concurrency.lockutils [None req-58d31d25-8c6e-409a-93e5-31bc0e83032d None None] Acquiring lock "00000000-0000-0000-0000-000000000000" by "nova.context.set_target_cell..get_or_set_cached_cell_and_set_connections" {{(pid=106654) inner /usr/local/lib/python3.8/dist-packages/oslo_concurrency/lockutils.py:385}}
Aug 12 20:58:39.361912 n-d-830646-16 devstack@n-api.service[106654]: DEBUG oslo_concurrency.lockutils [None req-58d31d25-8c6e-409a-93e5-31bc0e83032d None None] Lock "00000000-0000-0000-0000-000000000000" acquired by "nova.context.set_target_cell..get_or_set_cached_cell_and_set_connections" :: waited 0.000s {{(pid=106654) inner /usr/local/lib/python3.8/dist-packages/oslo_concurrency/lockutils.py:390}}
Aug 12 20:58:39.363469 n-d-830646-16 devstack@n-api.service[106654]: DEBUG oslo_concurrency.lockutils [None req-58d31d25-8c6e-409a-93e5-31bc0e83032d None None] Lock "00000000-0000-0000-0000-000000000000" "released" by "nova.context.set_target_cell..get_or_set_cached_cell_and_set_connections" :: held 0.002s {{(pid=106654) inner /usr/local/lib/python3.8/dist-packages/oslo_concurrency/lockutils.py:404}}
Aug 12 20:58:39.364220 n-d-830646-16 devstack@n-api.service[106654]: DEBUG oslo_concurrency.lockutils [None req-58d31d25-8c6e-409a-93e5-31bc0e83032d None None] Acquiring lock "ba635f7c-5d87-473f-990c-e8830ac0e6c4" by "nova.context.set_target_cell..get_or_set_cached_cell_and_set_connections" {{(pid=106654) inner /usr/local/lib/python3.8/dist-packages/oslo_concurrency/lockutils.py:385}}
Aug 12 20:58:39.364658 n-d-830646-16 devstack@n-api.service[106654]: DEBUG oslo_concurrency.lockutils [None req-58d31d25-8c6e-409a-93e5-31bc0e83032d None None] Lock "ba635f7c-5d87-473f-990c-e8830ac0e6c4" acquired by "nova.context.set_target_cell..get_or_set_cached_cell_and_set_connections" :: waited 0.000s {{(pid=106654) inner /usr/local/lib/python3.8/dist-packages/oslo_concurrency/lockutils.py:390}}
Aug 12 20:58:39.365192 n-d-830646-16 devstack@n-api.service[106653]: DEBUG oslo_concurrency.lockutils [None req-99b51aab-cc47-4e51-a77b-9be05e3e7cff None None] Acquiring lock "00000000-0000-0000-0000-000000000000" by "nova.context.set_target_cell..get_or_set_cached_cell_and_set_connections" {{(pid=106653) inner /usr/local/lib/python3.8/dist-packages/oslo_concurrency/lockutils.py:385}}
Aug 12 20:58:39.365665 n-d-830646-16 devstack@n-api.service[106653]: DEBUG oslo_concurrency.lockutils [None req-99b51aab-cc47-4e51-a77b-9be05e3e7cff None None] Lock "00000000-0000-0000-0000-000000000000" acquired by "nova.context.set_target_cell..get_or_set_cached_cell_and_set_connections" :: waited 0.001s {{(pid=106653) inner /usr/local/lib/python3.8/dist-packages/oslo_concurrency/lockutils.py:390}}
Aug 12 20:58:39.366618 n-d-830646-16 devstack@n-api.service[106654]: DEBUG oslo_concurrency.lockutils [None req-58d31d25-8c6e-409a-93e5-31bc0e83032d None None] Lock "ba635f7c-5d87-473f-990c-e8830ac0e6c4" "released" by "nova.context.set_target_cell..get_or_set_cached_cell_and_set_connections" :: held 0.002s {{(pid=106654) inner /usr/local/lib/python3.8/dist-packages/oslo_concurrency/lockutils.py:404}}
Aug 12 20:58:39.367522 n-d-830646-16 devstack@n-api.service[106653]: DEBUG oslo_concurrency.lockutils [None req-99b51aab-cc47-4e51-a77b-9be05e3e7cff None None] Lock "00000000-0000-0000-0000-000000000000" "released" by "nova.context.set_target_cell..get_or_set_cached_cell_and_set_connections" :: held 0.002s {{(pid=106653) inner /usr/local/lib/python3.8/dist-packages/oslo_concurrency/lockutils.py:404}}
Aug 12 20:58:39.368264 n-d-830646-16 devstack@n-api.service[106653]: DEBUG oslo_concurrency.lockutils [None req-99b51aab-cc47-4e51-a77b-9be05e3e7cff None None] Acquiring lock "ba635f7c-5d87-473f-990c-e8830ac0e6c4" by "nova.context.set_target_cell..get_or_set_cached_cell_and_set_connections" {{(pid=106653) inner /usr/local/lib/python3.8/dist-packages/oslo_concurrency/lockutils.py:385}}
Aug 12 20:58:39.368709 n-d-830646-16 devstack@n-api.service[106653]: DEBUG oslo_concurrency.lockutils [None req-99b51aab-cc47-4e51-a77b-9be05e3e7cff None None] Lock "ba635f7c-5d87-473f-990c-e8830ac0e6c4" acquired by "nova.context.set_target_cell..get_or_set_cached_cell_and_set_connections" :: waited 0.000s {{(pid=106653) inner /usr/local/lib/python3.8/dist-packages/oslo_concurrency/lockutils.py:390}}
Aug 12 20:58:39.368853 n-d-830646-16 devstack@n-api.service[106654]: INFO dbcounter [None req-58d31d25-8c6e-409a-93e5-31bc0e83032d None None] Registered counter for database nova_cell0
Aug 12 20:58:39.370695 n-d-830646-16 devstack@n-api.service[106653]: DEBUG oslo_concurrency.lockutils [None req-99b51aab-cc47-4e51-a77b-9be05e3e7cff None None] Lock "ba635f7c-5d87-473f-990c-e8830ac0e6c4" "released" by "nova.context.set_target_cell..get_or_set_cached_cell_and_set_connections" :: held 0.002s {{(pid=106653) inner /usr/local/lib/python3.8/dist-packages/oslo_concurrency/lockutils.py:404}}
Aug 12 20:58:39.372691 n-d-830646-16 devstack@n-api.service[106653]: INFO dbcounter [None req-99b51aab-cc47-4e51-a77b-9be05e3e7cff None None] Registered counter for database nova_cell0
Aug 12 20:58:39.374122 n-d-830646-16 devstack@n-api.service[106654]: INFO dbcounter [None req-58d31d25-8c6e-409a-93e5-31bc0e83032d None None] Registered counter for database nova_cell1
Aug 12 20:58:39.378094 n-d-830646-16 devstack@n-api.service[106653]: INFO dbcounter [None req-99b51aab-cc47-4e51-a77b-9be05e3e7cff None None] Registered counter for database nova_cell1
Aug 12 20:58:39.382087 n-d-830646-16 devstack@n-api.service[106654]: DEBUG oslo_db.sqlalchemy.engines [None req-58d31d25-8c6e-409a-93e5-31bc0e83032d None None] MySQL server mode set to STRICT_TRANS_TABLES,STRICT_ALL_TABLES,NO_ZERO_IN_DATE,NO_ZERO_DATE,ERROR_FOR_DIVISION_BY_ZERO,TRADITIONAL,NO_ENGINE_SUBSTITUTION {{(pid=106654) _check_effective_sql_mode /usr/local/lib/python3.8/dist-packages/oslo_db/sqlalchemy/engines.py:314}}
Aug 12 20:58:39.382871 n-d-830646-16 devstack@n-api.service[106654]: DEBUG oslo_db.sqlalchemy.engines [None req-58d31d25-8c6e-409a-93e5-31bc0e83032d None None] MySQL server mode set to STRICT_TRANS_TABLES,STRICT_ALL_TABLES,NO_ZERO_IN_DATE,NO_ZERO_DATE,ERROR_FOR_DIVISION_BY_ZERO,TRADITIONAL,NO_ENGINE_SUBSTITUTION {{(pid=106654) _check_effective_sql_mode /usr/local/lib/python3.8/dist-packages/oslo_db/sqlalchemy/engines.py:314}}
Aug 12 20:58:39.385031 n-d-830646-16 devstack@n-api.service[106653]: DEBUG oslo_db.sqlalchemy.engines [None req-99b51aab-cc47-4e51-a77b-9be05e3e7cff None None] MySQL server mode set to STRICT_TRANS_TABLES,STRICT_ALL_TABLES,NO_ZERO_IN_DATE,NO_ZERO_DATE,ERROR_FOR_DIVISION_BY_ZERO,TRADITIONAL,NO_ENGINE_SUBSTITUTION {{(pid=106653) _check_effective_sql_mode /usr/local/lib/python3.8/dist-packages/oslo_db/sqlalchemy/engines.py:314}}
Aug 12 20:58:39.390257 n-d-830646-16 devstack@n-api.service[106654]: DEBUG dbcounter [-] [106654] Writer thread running {{(pid=106654) stat_writer /usr/local/lib/python3.8/dist-packages/dbcounter.py:99}}
Aug 12 20:58:39.390391 n-d-830646-16 devstack@n-api.service[106653]: DEBUG dbcounter [-] [106653] Writer thread running {{(pid=106653) stat_writer /usr/local/lib/python3.8/dist-packages/dbcounter.py:99}}
Aug 12 20:58:39.390867 n-d-830646-16 devstack@n-api.service[106653]: DEBUG oslo_db.sqlalchemy.engines [None req-99b51aab-cc47-4e51-a77b-9be05e3e7cff None None] MySQL server mode set to STRICT_TRANS_TABLES,STRICT_ALL_TABLES,NO_ZERO_IN_DATE,NO_ZERO_DATE,ERROR_FOR_DIVISION_BY_ZERO,TRADITIONAL,NO_ENGINE_SUBSTITUTION {{(pid=106653) _check_effective_sql_mode /usr/local/lib/python3.8/dist-packages/oslo_db/sqlalchemy/engines.py:314}}
Aug 12 20:58:39.392462 n-d-830646-16 devstack@n-api.service[106654]: DEBUG dbcounter [-] [106654] Writer thread running {{(pid=106654) stat_writer /usr/local/lib/python3.8/dist-packages/dbcounter.py:99}}
Aug 12 20:58:39.531306 n-d-830646-16 devstack@n-api.service[106653]: DEBUG dbcounter [-] [106653] Writer thread running {{(pid=106653) stat_writer /usr/local/lib/python3.8/dist-packages/dbcounter.py:99}}
Aug 12 20:58:39.533510 n-d-830646-16 devstack@n-api.service[106654]: INFO dbcounter [None req-58d31d25-8c6e-409a-93e5-31bc0e83032d None None] Registered counter for database nova_cell0
Aug 12 20:58:39.540338 n-d-830646-16 devstack@n-api.service[106653]: INFO dbcounter [None req-99b51aab-cc47-4e51-a77b-9be05e3e7cff None None] Registered counter for database nova_cell0
Aug 12 20:58:39.542665 n-d-830646-16 devstack@n-api.service[106654]: DEBUG oslo_db.sqlalchemy.engines [None req-58d31d25-8c6e-409a-93e5-31bc0e83032d None None] MySQL server mode set to STRICT_TRANS_TABLES,STRICT_ALL_TABLES,NO_ZERO_IN_DATE,NO_ZERO_DATE,ERROR_FOR_DIVISION_BY_ZERO,TRADITIONAL,NO_ENGINE_SUBSTITUTION {{(pid=106654) _check_effective_sql_mode /usr/local/lib/python3.8/dist-packages/oslo_db/sqlalchemy/engines.py:314}}
Aug 12 20:58:39.547049 n-d-830646-16 devstack@n-api.service[106653]: DEBUG oslo_db.sqlalchemy.engines [None req-99b51aab-cc47-4e51-a77b-9be05e3e7cff None None] MySQL server mode set to STRICT_TRANS_TABLES,STRICT_ALL_TABLES,NO_ZERO_IN_DATE,NO_ZERO_DATE,ERROR_FOR_DIVISION_BY_ZERO,TRADITIONAL,NO_ENGINE_SUBSTITUTION {{(pid=106653) _check_effective_sql_mode /usr/local/lib/python3.8/dist-packages/oslo_db/sqlalchemy/engines.py:314}}
Aug 12 20:58:39.547405 n-d-830646-16 devstack@n-api.service[106654]: DEBUG dbcounter [-] [106654] Writer thread running {{(pid=106654) stat_writer /usr/local/lib/python3.8/dist-packages/dbcounter.py:99}}
Aug 12 20:58:39.551730 n-d-830646-16 devstack@n-api.service[106653]: DEBUG dbcounter [-] [106653] Writer thread running {{(pid=106653) stat_writer /usr/local/lib/python3.8/dist-packages/dbcounter.py:99}}
Aug 12 20:58:39.889298 n-d-830646-16 devstack@n-api.service[106653]: WARNING keystonemiddleware.auth_token [None req-99b51aab-cc47-4e51-a77b-9be05e3e7cff None None] AuthToken middleware is set with keystone_authtoken.service_token_roles_required set to False. This is backwards compatible but deprecated behaviour. Please set this to True.
Aug 12 20:58:39.890015 n-d-830646-16 devstack@n-api.service[106654]: WARNING keystonemiddleware.auth_token [None req-58d31d25-8c6e-409a-93e5-31bc0e83032d None None] AuthToken middleware is set with keystone_authtoken.service_token_roles_required set to False. This is backwards compatible but deprecated behaviour. Please set this to True.
Aug 12 20:58:39.896541 n-d-830646-16 devstack@n-api.service[106653]: WARNING keystonemiddleware.auth_token [None req-99b51aab-cc47-4e51-a77b-9be05e3e7cff None None] Configuring www_authenticate_uri to point to the public identity endpoint is required; clients may not be able to authenticate against an admin endpoint
Aug 12 20:58:39.896737 n-d-830646-16 devstack@n-api.service[106654]: WARNING keystonemiddleware.auth_token [None req-58d31d25-8c6e-409a-93e5-31bc0e83032d None None] Configuring www_authenticate_uri to point to the public identity endpoint is required; clients may not be able to authenticate against an admin endpoint
Aug 12 20:58:40.236187 n-d-830646-16 devstack@n-api.service[106653]: WARNING keystonemiddleware.auth_token [None req-99b51aab-cc47-4e51-a77b-9be05e3e7cff None None] AuthToken middleware is set with keystone_authtoken.service_token_roles_required set to False. This is backwards compatible but deprecated behaviour. Please set this to True.
Aug 12 20:58:40.237349 n-d-830646-16 devstack@n-api.service[106654]: WARNING keystonemiddleware.auth_token [None req-58d31d25-8c6e-409a-93e5-31bc0e83032d None None] AuthToken middleware is set with keystone_authtoken.service_token_roles_required set to False. This is backwards compatible but deprecated behaviour. Please set this to True.
Aug 12 20:58:40.242046 n-d-830646-16 devstack@n-api.service[106653]: WARNING keystonemiddleware.auth_token [None req-99b51aab-cc47-4e51-a77b-9be05e3e7cff None None] Configuring www_authenticate_uri to point to the public identity endpoint is required; clients may not be able to authenticate against an admin endpoint
Aug 12 20:58:40.243183 n-d-830646-16 devstack@n-api.service[106654]: WARNING keystonemiddleware.auth_token [None req-58d31d25-8c6e-409a-93e5-31bc0e83032d None None] Configuring www_authenticate_uri to point to the public identity endpoint is required; clients may not be able to authenticate against an admin endpoint
Aug 12 20:58:40.247967 n-d-830646-16 devstack@n-api.service[106653]: WSGI app 0 (mountpoint='') ready in 6 seconds on interpreter 0x55c0fd45b9c0 pid: 106653 (default app)
Aug 12 20:58:40.249003 n-d-830646-16 devstack@n-api.service[106654]: WSGI app 0 (mountpoint='') ready in 6 seconds on interpreter 0x55c0fd45b9c0 pid: 106654 (default app)
Aug 12 20:58:40.250032 n-d-830646-16 devstack@n-api.service[106653]: DEBUG nova.api.openstack.wsgi [None req-99b51aab-cc47-4e51-a77b-9be05e3e7cff None None] Calling method '>' {{(pid=106653) _process_stack /opt/stack/nova/nova/api/openstack/wsgi.py:513}}
Aug 12 20:58:40.251208 n-d-830646-16 devstack@n-api.service[106653]: INFO nova.api.openstack.requestlog [None req-99b51aab-cc47-4e51-a77b-9be05e3e7cff None None] 10.222.0.15 "GET /compute/v2.1/" status: 200 len: 388 microversion: 2.1 time: 0.001727
Aug 12 20:58:40.251619 n-d-830646-16 devstack@n-api.service[106653]: [pid: 106653|app: 0|req: 1/1] 10.222.0.15 () {50 vars in 788 bytes} [Fri Aug 12 20:58:40 2022] GET /compute/v2.1/ => generated 388 bytes in 3 msecs (HTTP/1.1 200) 9 headers in 357 bytes (1 switches on core 0)
Aug 12 20:59:57.928529 n-d-830646-16 devstack@n-api.service[106654]: DEBUG nova.api.openstack.wsgi [None req-58d31d25-8c6e-409a-93e5-31bc0e83032d None None] Calling method '>' {{(pid=106654) _process_stack /opt/stack/nova/nova/api/openstack/wsgi.py:513}}
Aug 12 20:59:57.929830 n-d-830646-16 devstack@n-api.service[106654]: INFO nova.api.openstack.requestlog [None req-58d31d25-8c6e-409a-93e5-31bc0e83032d None None] 10.222.0.15 "GET /compute/v2.1" status: 200 len: 388 microversion: 2.1 time: 0.002653
Aug 12 20:59:57.930316 n-d-830646-16 devstack@n-api.service[106654]: [pid: 106654|app: 0|req: 1/2] 10.222.0.15 () {54 vars in 931 bytes} [Fri Aug 12 20:59:57 2022] GET /compute/v2.1 => generated 388 bytes in 4 msecs (HTTP/1.1 200) 9 headers in 357 bytes (1 switches on core 0)
Aug 12 20:59:57.941467 n-d-830646-16 devstack@n-api.service[106653]: DEBUG dbcounter [-] [106653] Writing DB stats nova_api:SELECT=3 {{(pid=106653) stat_writer /usr/local/lib/python3.8/dist-packages/dbcounter.py:114}}
Aug 12 20:59:57.942384 n-d-830646-16 devstack@n-api.service[106653]: DEBUG dbcounter [-] [106653] Writing DB stats nova_cell0:SELECT=3 {{(pid=106653) stat_writer /usr/local/lib/python3.8/dist-packages/dbcounter.py:114}}
Aug 12 20:59:57.944242 n-d-830646-16 devstack@n-api.service[106653]: DEBUG dbcounter [-] [106653] Writing DB stats nova_cell1:SELECT=3 {{(pid=106653) stat_writer /usr/local/lib/python3.8/dist-packages/dbcounter.py:114}}
Aug 12 20:59:57.944939 n-d-830646-16 devstack@n-api.service[106653]: DEBUG dbcounter [-] [106653] Writing DB stats nova_cell0:SELECT=6,nova_cell0:INSERT=1 {{(pid=106653) stat_writer /usr/local/lib/python3.8/dist-packages/dbcounter.py:114}}
Aug 12 20:59:58.830418 n-d-830646-16 devstack@n-api.service[106653]: DEBUG nova.api.openstack.wsgi [None req-c995c4b3-757f-4029-a900-7fcdc74dd854 admin admin] Calling method '>' {{(pid=106653) _process_stack /opt/stack/nova/nova/api/openstack/wsgi.py:513}}
Aug 12 20:59:58.862105 n-d-830646-16 devstack@n-api.service[106653]: INFO nova.api.openstack.requestlog [None req-c995c4b3-757f-4029-a900-7fcdc74dd854 admin admin] 10.222.0.15 "GET /compute/v2.1/flavors/detail?is_public=True" status: 200 len: 15 microversion: 2.61 time: 0.925726
Aug 12 20:59:58.862843 n-d-830646-16 devstack@n-api.service[106653]: [pid: 106653|app: 0|req: 2/3] 10.222.0.15 () {60 vars in 1292 bytes} [Fri Aug 12 20:59:57 2022] GET /compute/v2.1/flavors/detail?is_public=True => generated 15 bytes in 927 msecs (HTTP/1.1 200) 9 headers in 358 bytes (1 switches on core 0)
Aug 12 21:00:01.253259 n-d-830646-16 devstack@n-api.service[106654]: DEBUG nova.api.openstack.wsgi [None req-58d31d25-8c6e-409a-93e5-31bc0e83032d None None] Calling method '>' {{(pid=106654) _process_stack /opt/stack/nova/nova/api/openstack/wsgi.py:513}}
Aug 12 21:00:01.254270 n-d-830646-16 devstack@n-api.service[106654]: INFO nova.api.openstack.requestlog [None req-58d31d25-8c6e-409a-93e5-31bc0e83032d None None] 10.222.0.15 "GET /compute/v2.1" status: 200 len: 388 microversion: 2.1 time: 0.001420
Aug 12 21:00:01.256758 n-d-830646-16 devstack@n-api.service[106654]: [pid: 106654|app: 0|req: 2/4] 10.222.0.15 () {54 vars in 931 bytes} [Fri Aug 12 21:00:01 2022] GET /compute/v2.1 => generated 388 bytes in 4 msecs (HTTP/1.1 200) 9 headers in 357 bytes (1 switches on core 0)
Aug 12 21:00:01.818724 n-d-830646-16 devstack@n-api.service[106653]: DEBUG nova.api.openstack.wsgi [None req-d51da046-e9d7-4269-a33c-01bd1f82c042 admin admin] Action: 'create', calling method: >, body: {"flavor": {"name": "cirros256", "OS-FLV-EXT-DATA:ephemeral": 0, "os-flavor-access:is_public": true, "vcpus": 1, "id": "c1", "swap": 0, "ram": 256, "rxtx_factor": 1.0, "disk": 1}} {{(pid=106653) _process_stack /opt/stack/nova/nova/api/openstack/wsgi.py:511}}
Aug 12 21:00:01.841050 n-d-830646-16 devstack@n-api.service[106653]: /usr/local/lib/python3.8/dist-packages/oslo_policy/policy.py:1129: UserWarning: Policy "os_compute_api:os-flavor-manage:create": "rule:context_is_admin" failed scope check. The token used to make the request was project scoped but the policy requires ['system'] scope. This behavior may change in the future where using the intended scope is required
Aug 12 21:00:01.841050 n-d-830646-16 devstack@n-api.service[106653]: warnings.warn(msg)
Aug 12 21:00:01.872104 n-d-830646-16 devstack@n-api.service[106653]: INFO nova.api.openstack.requestlog [None req-d51da046-e9d7-4269-a33c-01bd1f82c042 admin admin] 10.222.0.15 "POST /compute/v2.1/flavors" status: 200 len: 407 microversion: 2.61 time: 0.610729
Aug 12 21:00:01.872877 n-d-830646-16 devstack@n-api.service[106653]: [pid: 106653|app: 0|req: 3/5] 10.222.0.15 () {64 vars in 1283 bytes} [Fri Aug 12 21:00:01 2022] POST /compute/v2.1/flavors => generated 407 bytes in 612 msecs (HTTP/1.1 200) 9 headers in 359 bytes (1 switches on core 0)
Aug 12 21:00:01.888102 n-d-830646-16 devstack@n-api.service[106654]: DEBUG dbcounter [-] [106654] Writing DB stats nova_api:SELECT=3 {{(pid=106654) stat_writer /usr/local/lib/python3.8/dist-packages/dbcounter.py:114}}
Aug 12 21:00:01.889308 n-d-830646-16 devstack@n-api.service[106654]: DEBUG dbcounter [-] [106654] Writing DB stats nova_cell0:SELECT=3 {{(pid=106654) stat_writer /usr/local/lib/python3.8/dist-packages/dbcounter.py:114}}
Aug 12 21:00:01.890361 n-d-830646-16 devstack@n-api.service[106654]: DEBUG dbcounter [-] [106654] Writing DB stats nova_cell1:SELECT=3 {{(pid=106654) stat_writer /usr/local/lib/python3.8/dist-packages/dbcounter.py:114}}
Aug 12 21:00:01.891784 n-d-830646-16 devstack@n-api.service[106654]: DEBUG dbcounter [-] [106654] Writing DB stats nova_cell0:SELECT=6,nova_cell0:INSERT=1 {{(pid=106654) stat_writer /usr/local/lib/python3.8/dist-packages/dbcounter.py:114}}
Aug 12 21:00:02.098975 n-d-830646-16 devstack@n-api.service[106654]: DEBUG nova.api.openstack.wsgi [None req-4620f761-54c6-45ae-9ae4-13c9aae74f63 admin admin] Action: 'create', calling method: >, body: {"extra_specs": {"hw_rng:allowed": "True"}} {{(pid=106654) _process_stack /opt/stack/nova/nova/api/openstack/wsgi.py:511}}
Aug 12 21:00:02.103294 n-d-830646-16 devstack@n-api.service[106654]: /usr/local/lib/python3.8/dist-packages/oslo_policy/policy.py:1129: UserWarning: Policy "os_compute_api:os-flavor-extra-specs:create": "rule:context_is_admin" failed scope check. The token used to make the request was project scoped but the policy requires ['system'] scope. This behavior may change in the future where using the intended scope is required
Aug 12 21:00:02.103294 n-d-830646-16 devstack@n-api.service[106654]: warnings.warn(msg)
Aug 12 21:00:02.165592 n-d-830646-16 devstack@n-api.service[106654]: INFO nova.api.openstack.requestlog [None req-4620f761-54c6-45ae-9ae4-13c9aae74f63 admin admin] 10.222.0.15 "POST /compute/v2.1/flavors/c1/os-extra_specs" status: 200 len: 43 microversion: 2.61 time: 0.283218
Aug 12 21:00:02.166321 n-d-830646-16 devstack@n-api.service[106654]: [pid: 106654|app: 0|req: 3/6] 10.222.0.15 () {64 vars in 1336 bytes} [Fri Aug 12 21:00:01 2022] POST /compute/v2.1/flavors/c1/os-extra_specs => generated 43 bytes in 285 msecs (HTTP/1.1 200) 9 headers in 358 bytes (1 switches on core 0)
Aug 12 21:00:04.552968 n-d-830646-16 devstack@n-api.service[106653]: DEBUG nova.api.openstack.wsgi [None req-d51da046-e9d7-4269-a33c-01bd1f82c042 admin admin] Calling method '>' {{(pid=106653) _process_stack /opt/stack/nova/nova/api/openstack/wsgi.py:513}}
Aug 12 21:00:04.553902 n-d-830646-16 devstack@n-api.service[106653]: INFO nova.api.openstack.requestlog [None req-d51da046-e9d7-4269-a33c-01bd1f82c042 admin admin] 10.222.0.15 "GET /compute/v2.1" status: 200 len: 388 microversion: 2.1 time: 0.001479
Aug 12 21:00:04.554473 n-d-830646-16 devstack@n-api.service[106653]: [pid: 106653|app: 0|req: 4/7] 10.222.0.15 () {54 vars in 931 bytes} [Fri Aug 12 21:00:04 2022] GET /compute/v2.1 => generated 388 bytes in 3 msecs (HTTP/1.1 200) 9 headers in 357 bytes (1 switches on core 0)
Aug 12 21:00:05.253262 n-d-830646-16 devstack@n-api.service[106654]: DEBUG nova.api.openstack.wsgi [None req-06ded4be-05c0-4e9a-a12d-b638071a7dff admin admin] Action: 'create', calling method: >, body: {"flavor": {"os-flavor-access:is_public": true, "ram": 512, "id": "d1", "rxtx_factor": 1.0, "OS-FLV-EXT-DATA:ephemeral": 0, "swap": 0, "disk": 5, "name": "ds512M", "vcpus": 1}} {{(pid=106654) _process_stack /opt/stack/nova/nova/api/openstack/wsgi.py:511}}
Aug 12 21:00:05.280301 n-d-830646-16 devstack@n-api.service[106654]: /usr/local/lib/python3.8/dist-packages/oslo_policy/policy.py:1129: UserWarning: Policy "os_compute_api:os-flavor-manage:create": "rule:context_is_admin" failed scope check. The token used to make the request was project scoped but the policy requires ['system'] scope. This behavior may change in the future where using the intended scope is required
Aug 12 21:00:05.280301 n-d-830646-16 devstack@n-api.service[106654]: warnings.warn(msg)
Aug 12 21:00:05.319265 n-d-830646-16 devstack@n-api.service[106654]: INFO nova.api.openstack.requestlog [None req-06ded4be-05c0-4e9a-a12d-b638071a7dff admin admin] 10.222.0.15 "POST /compute/v2.1/flavors" status: 200 len: 404 microversion: 2.61 time: 0.758599
Aug 12 21:00:05.320045 n-d-830646-16 devstack@n-api.service[106654]: [pid: 106654|app: 0|req: 4/8] 10.222.0.15 () {64 vars in 1283 bytes} [Fri Aug 12 21:00:04 2022] POST /compute/v2.1/flavors => generated 404 bytes in 760 msecs (HTTP/1.1 200) 9 headers in 359 bytes (1 switches on core 0)
Aug 12 21:00:05.335820 n-d-830646-16 devstack@n-api.service[106653]: DEBUG nova.api.openstack.wsgi [None req-43980644-c189-40f7-beeb-35ce61ec5d11 admin admin] Action: 'create', calling method: >, body: {"extra_specs": {"hw_rng:allowed": "True"}} {{(pid=106653) _process_stack /opt/stack/nova/nova/api/openstack/wsgi.py:511}}
Aug 12 21:00:05.339709 n-d-830646-16 devstack@n-api.service[106653]: /usr/local/lib/python3.8/dist-packages/oslo_policy/policy.py:1129: UserWarning: Policy "os_compute_api:os-flavor-extra-specs:create": "rule:context_is_admin" failed scope check. The token used to make the request was project scoped but the policy requires ['system'] scope. This behavior may change in the future where using the intended scope is required
Aug 12 21:00:05.339709 n-d-830646-16 devstack@n-api.service[106653]: warnings.warn(msg)
Aug 12 21:00:05.377517 n-d-830646-16 devstack@n-api.service[106653]: INFO nova.api.openstack.requestlog [None req-43980644-c189-40f7-beeb-35ce61ec5d11 admin admin] 10.222.0.15 "POST /compute/v2.1/flavors/d1/os-extra_specs" status: 200 len: 43 microversion: 2.61 time: 0.047419
Aug 12 21:00:05.378749 n-d-830646-16 devstack@n-api.service[106653]: [pid: 106653|app: 0|req: 5/9] 10.222.0.15 () {64 vars in 1336 bytes} [Fri Aug 12 21:00:05 2022] POST /compute/v2.1/flavors/d1/os-extra_specs => generated 43 bytes in 49 msecs (HTTP/1.1 200) 9 headers in 358 bytes (2 switches on core 0)
Aug 12 21:00:08.097411 n-d-830646-16 devstack@n-api.service[106654]: DEBUG nova.api.openstack.wsgi [None req-06ded4be-05c0-4e9a-a12d-b638071a7dff admin admin] Calling method '>' {{(pid=106654) _process_stack /opt/stack/nova/nova/api/openstack/wsgi.py:513}}
Aug 12 21:00:08.098472 n-d-830646-16 devstack@n-api.service[106654]: INFO nova.api.openstack.requestlog [None req-06ded4be-05c0-4e9a-a12d-b638071a7dff admin admin] 10.222.0.15 "GET /compute/v2.1" status: 200 len: 388 microversion: 2.1 time: 0.001522
Aug 12 21:00:08.099164 n-d-830646-16 devstack@n-api.service[106654]: [pid: 106654|app: 0|req: 5/10] 10.222.0.15 () {54 vars in 931 bytes} [Fri Aug 12 21:00:08 2022] GET /compute/v2.1 => generated 388 bytes in 2 msecs (HTTP/1.1 200) 9 headers in 357 bytes (1 switches on core 0)
Aug 12 21:00:08.564649 n-d-830646-16 devstack@n-api.service[106653]: DEBUG nova.api.openstack.wsgi [None req-d3bfed8c-e971-4f60-9df9-5f5fee52f96a admin admin] Action: 'create', calling method: >, body: {"flavor": {"OS-FLV-EXT-DATA:ephemeral": 0, "swap": 0, "vcpus": 1, "name": "ds1G", "id": "d2", "ram": 1024, "rxtx_factor": 1.0, "os-flavor-access:is_public": true, "disk": 10}} {{(pid=106653) _process_stack /opt/stack/nova/nova/api/openstack/wsgi.py:511}}
Aug 12 21:00:08.594894 n-d-830646-16 devstack@n-api.service[106653]: INFO nova.api.openstack.requestlog [None req-d3bfed8c-e971-4f60-9df9-5f5fee52f96a admin admin] 10.222.0.15 "POST /compute/v2.1/flavors" status: 200 len: 404 microversion: 2.61 time: 0.487993
Aug 12 21:00:08.596238 n-d-830646-16 devstack@n-api.service[106653]: [pid: 106653|app: 0|req: 6/11] 10.222.0.15 () {64 vars in 1283 bytes} [Fri Aug 12 21:00:08 2022] POST /compute/v2.1/flavors => generated 404 bytes in 490 msecs (HTTP/1.1 200) 9 headers in 359 bytes (1 switches on core 0)
Aug 12 21:00:08.608530 n-d-830646-16 devstack@n-api.service[106654]: DEBUG nova.api.openstack.wsgi [None req-c1b3768f-34aa-47d1-977f-3095e1ef4ed6 admin admin] Action: 'create', calling method: >, body: {"extra_specs": {"hw_rng:allowed": "True"}} {{(pid=106654) _process_stack /opt/stack/nova/nova/api/openstack/wsgi.py:511}}
Aug 12 21:00:08.644470 n-d-830646-16 devstack@n-api.service[106654]: INFO nova.api.openstack.requestlog [None req-c1b3768f-34aa-47d1-977f-3095e1ef4ed6 admin admin] 10.222.0.15 "POST /compute/v2.1/flavors/d2/os-extra_specs" status: 200 len: 43 microversion: 2.61 time: 0.040216
Aug 12 21:00:08.646324 n-d-830646-16 devstack@n-api.service[106654]: [pid: 106654|app: 0|req: 6/12] 10.222.0.15 () {64 vars in 1336 bytes} [Fri Aug 12 21:00:08 2022] POST /compute/v2.1/flavors/d2/os-extra_specs => generated 43 bytes in 43 msecs (HTTP/1.1 200) 9 headers in 358 bytes (2 switches on core 0)
Aug 12 21:00:11.108038 n-d-830646-16 devstack@n-api.service[106653]: DEBUG nova.api.openstack.wsgi [None req-d3bfed8c-e971-4f60-9df9-5f5fee52f96a admin admin] Calling method '>' {{(pid=106653) _process_stack /opt/stack/nova/nova/api/openstack/wsgi.py:513}}
Aug 12 21:00:11.109205 n-d-830646-16 devstack@n-api.service[106653]: INFO nova.api.openstack.requestlog [None req-d3bfed8c-e971-4f60-9df9-5f5fee52f96a admin admin] 10.222.0.15 "GET /compute/v2.1" status: 200 len: 388 microversion: 2.1 time: 0.001933
Aug 12 21:00:11.124949 n-d-830646-16 devstack@n-api.service[106653]: [pid: 106653|app: 0|req: 7/13] 10.222.0.15 () {54 vars in 931 bytes} [Fri Aug 12 21:00:11 2022] GET /compute/v2.1 => generated 388 bytes in 17 msecs (HTTP/1.1 200) 9 headers in 357 bytes (1 switches on core 0)
Aug 12 21:00:11.613417 n-d-830646-16 devstack@n-api.service[106654]: DEBUG nova.api.openstack.wsgi [None req-d23e64b4-52e6-4f11-972f-cbb1b941ef4e admin admin] Action: 'create', calling method: >, body: {"flavor": {"ram": 2048, "rxtx_factor": 1.0, "id": "d3", "name": "ds2G", "swap": 0, "vcpus": 2, "OS-FLV-EXT-DATA:ephemeral": 0, "disk": 10, "os-flavor-access:is_public": true}} {{(pid=106654) _process_stack /opt/stack/nova/nova/api/openstack/wsgi.py:511}}
Aug 12 21:00:11.633458 n-d-830646-16 devstack@n-api.service[106654]: INFO nova.api.openstack.requestlog [None req-d23e64b4-52e6-4f11-972f-cbb1b941ef4e admin admin] 10.222.0.15 "POST /compute/v2.1/flavors" status: 200 len: 404 microversion: 2.61 time: 0.514347
Aug 12 21:00:11.634345 n-d-830646-16 devstack@n-api.service[106654]: [pid: 106654|app: 0|req: 7/14] 10.222.0.15 () {64 vars in 1283 bytes} [Fri Aug 12 21:00:11 2022] POST /compute/v2.1/flavors => generated 404 bytes in 516 msecs (HTTP/1.1 200) 9 headers in 359 bytes (1 switches on core 0)
Aug 12 21:00:11.646686 n-d-830646-16 devstack@n-api.service[106653]: DEBUG nova.api.openstack.wsgi [None req-da9daa8f-6cc6-4b36-b400-df9536ba0e91 admin admin] Action: 'create', calling method: >, body: {"extra_specs": {"hw_rng:allowed": "True"}} {{(pid=106653) _process_stack /opt/stack/nova/nova/api/openstack/wsgi.py:511}}
Aug 12 21:00:11.671720 n-d-830646-16 devstack@n-api.service[106653]: INFO nova.api.openstack.requestlog [None req-da9daa8f-6cc6-4b36-b400-df9536ba0e91 admin admin] 10.222.0.15 "POST /compute/v2.1/flavors/d3/os-extra_specs" status: 200 len: 43 microversion: 2.61 time: 0.029174
Aug 12 21:00:11.672497 n-d-830646-16 devstack@n-api.service[106653]: [pid: 106653|app: 0|req: 8/15] 10.222.0.15 () {64 vars in 1336 bytes} [Fri Aug 12 21:00:11 2022] POST /compute/v2.1/flavors/d3/os-extra_specs => generated 43 bytes in 31 msecs (HTTP/1.1 200) 9 headers in 358 bytes (2 switches on core 0)
Aug 12 21:00:14.028960 n-d-830646-16 devstack@n-api.service[106654]: DEBUG nova.api.openstack.wsgi [None req-d23e64b4-52e6-4f11-972f-cbb1b941ef4e admin admin] Calling method '>' {{(pid=106654) _process_stack /opt/stack/nova/nova/api/openstack/wsgi.py:513}}
Aug 12 21:00:14.029997 n-d-830646-16 devstack@n-api.service[106654]: INFO nova.api.openstack.requestlog [None req-d23e64b4-52e6-4f11-972f-cbb1b941ef4e admin admin] 10.222.0.15 "GET /compute/v2.1" status: 200 len: 388 microversion: 2.1 time: 0.001577
Aug 12 21:00:14.030385 n-d-830646-16 devstack@n-api.service[106654]: [pid: 106654|app: 0|req: 8/16] 10.222.0.15 () {54 vars in 931 bytes} [Fri Aug 12 21:00:14 2022] GET /compute/v2.1 => generated 388 bytes in 3 msecs (HTTP/1.1 200) 9 headers in 357 bytes (1 switches on core 0)
Aug 12 21:00:14.510881 n-d-830646-16 devstack@n-api.service[106653]: DEBUG nova.api.openstack.wsgi [None req-4c2db020-86ab-4ba2-9e27-cdde0f0c2601 admin admin] Action: 'create', calling method: >, body: {"flavor": {"swap": 0, "disk": 20, "name": "ds4G", "OS-FLV-EXT-DATA:ephemeral": 0, "vcpus": 4, "id": "d4", "ram": 4096, "rxtx_factor": 1.0, "os-flavor-access:is_public": true}} {{(pid=106653) _process_stack /opt/stack/nova/nova/api/openstack/wsgi.py:511}}
Aug 12 21:00:14.571313 n-d-830646-16 devstack@n-api.service[106653]: INFO nova.api.openstack.requestlog [None req-4c2db020-86ab-4ba2-9e27-cdde0f0c2601 admin admin] 10.222.0.15 "POST /compute/v2.1/flavors" status: 200 len: 404 microversion: 2.61 time: 0.534074
Aug 12 21:00:14.572240 n-d-830646-16 devstack@n-api.service[106653]: [pid: 106653|app: 0|req: 9/17] 10.222.0.15 () {64 vars in 1283 bytes} [Fri Aug 12 21:00:14 2022] POST /compute/v2.1/flavors => generated 404 bytes in 536 msecs (HTTP/1.1 200) 9 headers in 359 bytes (2 switches on core 0)
Aug 12 21:00:14.585168 n-d-830646-16 devstack@n-api.service[106654]: DEBUG nova.api.openstack.wsgi [None req-85c5adb9-388d-4a5b-93f4-936efed7fd76 admin admin] Action: 'create', calling method: >, body: {"extra_specs": {"hw_rng:allowed": "True"}} {{(pid=106654) _process_stack /opt/stack/nova/nova/api/openstack/wsgi.py:511}}
Aug 12 21:00:14.616029 n-d-830646-16 devstack@n-api.service[106654]: INFO nova.api.openstack.requestlog [None req-85c5adb9-388d-4a5b-93f4-936efed7fd76 admin admin] 10.222.0.15 "POST /compute/v2.1/flavors/d4/os-extra_specs" status: 200 len: 43 microversion: 2.61 time: 0.035263
Aug 12 21:00:14.617551 n-d-830646-16 devstack@n-api.service[106654]: [pid: 106654|app: 0|req: 9/18] 10.222.0.15 () {64 vars in 1336 bytes} [Fri Aug 12 21:00:14 2022] POST /compute/v2.1/flavors/d4/os-extra_specs => generated 43 bytes in 37 msecs (HTTP/1.1 200) 9 headers in 358 bytes (1 switches on core 0)
Aug 12 21:00:17.022433 n-d-830646-16 devstack@n-api.service[106653]: DEBUG nova.api.openstack.wsgi [None req-4c2db020-86ab-4ba2-9e27-cdde0f0c2601 admin admin] Calling method '>' {{(pid=106653) _process_stack /opt/stack/nova/nova/api/openstack/wsgi.py:513}}
Aug 12 21:00:17.024149 n-d-830646-16 devstack@n-api.service[106653]: INFO nova.api.openstack.requestlog [None req-4c2db020-86ab-4ba2-9e27-cdde0f0c2601 admin admin] 10.222.0.15 "GET /compute/v2.1" status: 200 len: 388 microversion: 2.1 time: 0.002035
Aug 12 21:00:17.035211 n-d-830646-16 devstack@n-api.service[106653]: [pid: 106653|app: 0|req: 10/19] 10.222.0.15 () {54 vars in 931 bytes} [Fri Aug 12 21:00:17 2022] GET /compute/v2.1 => generated 388 bytes in 8 msecs (HTTP/1.1 200) 9 headers in 357 bytes (1 switches on core 0)
Aug 12 21:00:17.473059 n-d-830646-16 devstack@n-api.service[106654]: DEBUG nova.api.openstack.wsgi [None req-55f9bdc2-cac1-4eeb-afb0-8d4c5323aae0 admin admin] Calling method '>' {{(pid=106654) _process_stack /opt/stack/nova/nova/api/openstack/wsgi.py:513}}
Aug 12 21:00:17.498525 n-d-830646-16 devstack@n-api.service[106654]: INFO nova.api.openstack.requestlog [None req-55f9bdc2-cac1-4eeb-afb0-8d4c5323aae0 admin admin] 10.222.0.15 "GET /compute/v2.1/flavors/detail?is_public=True" status: 200 len: 2106 microversion: 2.61 time: 0.467248
Aug 12 21:00:17.499081 n-d-830646-16 devstack@n-api.service[106654]: [pid: 106654|app: 0|req: 10/20] 10.222.0.15 () {60 vars in 1292 bytes} [Fri Aug 12 21:00:17 2022] GET /compute/v2.1/flavors/detail?is_public=True => generated 2106 bytes in 468 msecs (HTTP/1.1 200) 9 headers in 360 bytes (1 switches on core 0)
Aug 12 21:00:19.915613 n-d-830646-16 devstack@n-api.service[106653]: DEBUG nova.api.openstack.wsgi [None req-4c2db020-86ab-4ba2-9e27-cdde0f0c2601 admin admin] Calling method '>' {{(pid=106653) _process_stack /opt/stack/nova/nova/api/openstack/wsgi.py:513}}
Aug 12 21:00:19.917340 n-d-830646-16 devstack@n-api.service[106653]: INFO nova.api.openstack.requestlog [None req-4c2db020-86ab-4ba2-9e27-cdde0f0c2601 admin admin] 10.222.0.15 "GET /compute/v2.1" status: 200 len: 388 microversion: 2.1 time: 0.002310
Aug 12 21:00:19.917820 n-d-830646-16 devstack@n-api.service[106653]: [pid: 106653|app: 0|req: 11/21] 10.222.0.15 () {54 vars in 931 bytes} [Fri Aug 12 21:00:19 2022] GET /compute/v2.1 => generated 388 bytes in 3 msecs (HTTP/1.1 200) 9 headers in 357 bytes (1 switches on core 0)
Aug 12 21:00:20.324566 n-d-830646-16 devstack@n-api.service[106654]: DEBUG nova.api.openstack.wsgi [None req-437ecc50-53e4-4843-b2aa-d2711a90e159 admin admin] Action: 'create', calling method: >, body: {"flavor": {"name": "m1.tiny", "ram": 512, "OS-FLV-EXT-DATA:ephemeral": 0, "disk": 1, "os-flavor-access:is_public": true, "rxtx_factor": 1.0, "swap": 0, "id": "1", "vcpus": 1}} {{(pid=106654) _process_stack /opt/stack/nova/nova/api/openstack/wsgi.py:511}}
Aug 12 21:00:20.343919 n-d-830646-16 devstack@n-api.service[106654]: INFO nova.api.openstack.requestlog [None req-437ecc50-53e4-4843-b2aa-d2711a90e159 admin admin] 10.222.0.15 "POST /compute/v2.1/flavors" status: 200 len: 402 microversion: 2.61 time: 0.420224
Aug 12 21:00:20.344481 n-d-830646-16 devstack@n-api.service[106654]: [pid: 106654|app: 0|req: 11/22] 10.222.0.15 () {64 vars in 1283 bytes} [Fri Aug 12 21:00:19 2022] POST /compute/v2.1/flavors => generated 402 bytes in 421 msecs (HTTP/1.1 200) 9 headers in 359 bytes (1 switches on core 0)
Aug 12 21:00:20.359894 n-d-830646-16 devstack@n-api.service[106653]: DEBUG nova.api.openstack.wsgi [None req-f96ed8f0-b8ef-4efc-a504-aba4981b4d03 admin admin] Action: 'create', calling method: >, body: {"extra_specs": {"hw_rng:allowed": "True"}} {{(pid=106653) _process_stack /opt/stack/nova/nova/api/openstack/wsgi.py:511}}
Aug 12 21:00:20.388836 n-d-830646-16 devstack@n-api.service[106653]: INFO nova.api.openstack.requestlog [None req-f96ed8f0-b8ef-4efc-a504-aba4981b4d03 admin admin] 10.222.0.15 "POST /compute/v2.1/flavors/1/os-extra_specs" status: 200 len: 43 microversion: 2.61 time: 0.033706
Aug 12 21:00:20.389547 n-d-830646-16 devstack@n-api.service[106653]: [pid: 106653|app: 0|req: 12/23] 10.222.0.15 () {64 vars in 1333 bytes} [Fri Aug 12 21:00:20 2022] POST /compute/v2.1/flavors/1/os-extra_specs => generated 43 bytes in 35 msecs (HTTP/1.1 200) 9 headers in 358 bytes (2 switches on core 0)
Aug 12 21:00:23.076722 n-d-830646-16 devstack@n-api.service[106654]: DEBUG nova.api.openstack.wsgi [None req-437ecc50-53e4-4843-b2aa-d2711a90e159 admin admin] Calling method '>' {{(pid=106654) _process_stack /opt/stack/nova/nova/api/openstack/wsgi.py:513}}
Aug 12 21:00:23.078948 n-d-830646-16 devstack@n-api.service[106654]: INFO nova.api.openstack.requestlog [None req-437ecc50-53e4-4843-b2aa-d2711a90e159 admin admin] 10.222.0.15 "GET /compute/v2.1" status: 200 len: 388 microversion: 2.1 time: 0.001504
Aug 12 21:00:23.078948 n-d-830646-16 devstack@n-api.service[106654]: [pid: 106654|app: 0|req: 12/24] 10.222.0.15 () {54 vars in 931 bytes} [Fri Aug 12 21:00:23 2022] GET /compute/v2.1 => generated 388 bytes in 3 msecs (HTTP/1.1 200) 9 headers in 357 bytes (1 switches on core 0)
Aug 12 21:00:23.499236 n-d-830646-16 devstack@n-api.service[106653]: DEBUG nova.api.openstack.wsgi [None req-e0dc73c0-be61-4748-b0c0-0a02790677fa admin admin] Action: 'create', calling method: >, body: {"flavor": {"swap": 0, "os-flavor-access:is_public": true, "vcpus": 1, "name": "m1.small", "rxtx_factor": 1.0, "id": "2", "OS-FLV-EXT-DATA:ephemeral": 0, "ram": 2048, "disk": 20}} {{(pid=106653) _process_stack /opt/stack/nova/nova/api/openstack/wsgi.py:511}}
Aug 12 21:00:23.517949 n-d-830646-16 devstack@n-api.service[106653]: INFO nova.api.openstack.requestlog [None req-e0dc73c0-be61-4748-b0c0-0a02790677fa admin admin] 10.222.0.15 "POST /compute/v2.1/flavors" status: 200 len: 405 microversion: 2.61 time: 0.432199
Aug 12 21:00:23.519019 n-d-830646-16 devstack@n-api.service[106653]: [pid: 106653|app: 0|req: 13/25] 10.222.0.15 () {64 vars in 1283 bytes} [Fri Aug 12 21:00:23 2022] POST /compute/v2.1/flavors => generated 405 bytes in 433 msecs (HTTP/1.1 200) 9 headers in 359 bytes (2 switches on core 0)
Aug 12 21:00:23.530863 n-d-830646-16 devstack@n-api.service[106654]: DEBUG nova.api.openstack.wsgi [None req-eb769ab3-71ee-4935-9608-ffead0c04732 admin admin] Action: 'create', calling method: >, body: {"extra_specs": {"hw_rng:allowed": "True"}} {{(pid=106654) _process_stack /opt/stack/nova/nova/api/openstack/wsgi.py:511}}
Aug 12 21:00:23.562710 n-d-830646-16 devstack@n-api.service[106654]: INFO nova.api.openstack.requestlog [None req-eb769ab3-71ee-4935-9608-ffead0c04732 admin admin] 10.222.0.15 "POST /compute/v2.1/flavors/2/os-extra_specs" status: 200 len: 43 microversion: 2.61 time: 0.035008
Aug 12 21:00:23.564054 n-d-830646-16 devstack@n-api.service[106654]: [pid: 106654|app: 0|req: 13/26] 10.222.0.15 () {64 vars in 1333 bytes} [Fri Aug 12 21:00:23 2022] POST /compute/v2.1/flavors/2/os-extra_specs => generated 43 bytes in 37 msecs (HTTP/1.1 200) 9 headers in 358 bytes (1 switches on core 0)
Aug 12 21:00:25.875074 n-d-830646-16 devstack@n-api.service[106653]: DEBUG nova.api.openstack.wsgi [None req-e0dc73c0-be61-4748-b0c0-0a02790677fa admin admin] Calling method '>' {{(pid=106653) _process_stack /opt/stack/nova/nova/api/openstack/wsgi.py:513}}
Aug 12 21:00:25.876119 n-d-830646-16 devstack@n-api.service[106653]: INFO nova.api.openstack.requestlog [None req-e0dc73c0-be61-4748-b0c0-0a02790677fa admin admin] 10.222.0.15 "GET /compute/v2.1" status: 200 len: 388 microversion: 2.1 time: 0.001467
Aug 12 21:00:25.876523 n-d-830646-16 devstack@n-api.service[106653]: [pid: 106653|app: 0|req: 14/27] 10.222.0.15 () {54 vars in 931 bytes} [Fri Aug 12 21:00:25 2022] GET /compute/v2.1 => generated 388 bytes in 2 msecs (HTTP/1.1 200) 9 headers in 357 bytes (1 switches on core 0)
Aug 12 21:00:26.276524 n-d-830646-16 devstack@n-api.service[106654]: DEBUG nova.api.openstack.wsgi [None req-4ae3dff6-a2aa-46d5-abfc-5ec5f3c4e926 admin admin] Action: 'create', calling method: >, body: {"flavor": {"ram": 4096, "swap": 0, "OS-FLV-EXT-DATA:ephemeral": 0, "rxtx_factor": 1.0, "id": "3", "disk": 40, "name": "m1.medium", "vcpus": 2, "os-flavor-access:is_public": true}} {{(pid=106654) _process_stack /opt/stack/nova/nova/api/openstack/wsgi.py:511}}
Aug 12 21:00:26.294587 n-d-830646-16 devstack@n-api.service[106654]: INFO nova.api.openstack.requestlog [None req-4ae3dff6-a2aa-46d5-abfc-5ec5f3c4e926 admin admin] 10.222.0.15 "POST /compute/v2.1/flavors" status: 200 len: 406 microversion: 2.61 time: 0.411333
Aug 12 21:00:26.295113 n-d-830646-16 devstack@n-api.service[106654]: [pid: 106654|app: 0|req: 14/28] 10.222.0.15 () {64 vars in 1283 bytes} [Fri Aug 12 21:00:25 2022] POST /compute/v2.1/flavors => generated 406 bytes in 412 msecs (HTTP/1.1 200) 9 headers in 359 bytes (2 switches on core 0)
Aug 12 21:00:26.307422 n-d-830646-16 devstack@n-api.service[106653]: DEBUG nova.api.openstack.wsgi [None req-83195033-54e3-456a-94bd-891cde79ecec admin admin] Action: 'create', calling method: >, body: {"extra_specs": {"hw_rng:allowed": "True"}} {{(pid=106653) _process_stack /opt/stack/nova/nova/api/openstack/wsgi.py:511}}
Aug 12 21:00:26.331298 n-d-830646-16 devstack@n-api.service[106653]: INFO nova.api.openstack.requestlog [None req-83195033-54e3-456a-94bd-891cde79ecec admin admin] 10.222.0.15 "POST /compute/v2.1/flavors/3/os-extra_specs" status: 200 len: 43 microversion: 2.61 time: 0.027482
Aug 12 21:00:26.331882 n-d-830646-16 devstack@n-api.service[106653]: [pid: 106653|app: 0|req: 15/29] 10.222.0.15 () {64 vars in 1333 bytes} [Fri Aug 12 21:00:26 2022] POST /compute/v2.1/flavors/3/os-extra_specs => generated 43 bytes in 29 msecs (HTTP/1.1 200) 9 headers in 358 bytes (1 switches on core 0)
Aug 12 21:00:28.747624 n-d-830646-16 devstack@n-api.service[106654]: DEBUG nova.api.openstack.wsgi [None req-4ae3dff6-a2aa-46d5-abfc-5ec5f3c4e926 admin admin] Calling method '>' {{(pid=106654) _process_stack /opt/stack/nova/nova/api/openstack/wsgi.py:513}}
Aug 12 21:00:28.748666 n-d-830646-16 devstack@n-api.service[106654]: INFO nova.api.openstack.requestlog [None req-4ae3dff6-a2aa-46d5-abfc-5ec5f3c4e926 admin admin] 10.222.0.15 "GET /compute/v2.1" status: 200 len: 388 microversion: 2.1 time: 0.001527
Aug 12 21:00:28.749058 n-d-830646-16 devstack@n-api.service[106654]: [pid: 106654|app: 0|req: 15/30] 10.222.0.15 () {54 vars in 931 bytes} [Fri Aug 12 21:00:28 2022] GET /compute/v2.1 => generated 388 bytes in 2 msecs (HTTP/1.1 200) 9 headers in 357 bytes (1 switches on core 0)
Aug 12 21:00:29.149662 n-d-830646-16 devstack@n-api.service[106653]: DEBUG nova.api.openstack.wsgi [None req-abffb102-5d96-4f35-b8e6-4e74b866a5d6 admin admin] Action: 'create', calling method: >, body: {"flavor": {"rxtx_factor": 1.0, "id": "4", "OS-FLV-EXT-DATA:ephemeral": 0, "ram": 8192, "name": "m1.large", "disk": 80, "swap": 0, "vcpus": 4, "os-flavor-access:is_public": true}} {{(pid=106653) _process_stack /opt/stack/nova/nova/api/openstack/wsgi.py:511}}
Aug 12 21:00:29.156559 n-d-830646-16 devstack@n-api.service[106653]: DEBUG dbcounter [-] [106653] Writing DB stats nova_api:SELECT=39,nova_api:INSERT=8,nova_api:SAVEPOINT=4,nova_api:RELEASE=4 {{(pid=106653) stat_writer /usr/local/lib/python3.8/dist-packages/dbcounter.py:114}}
Aug 12 21:00:29.171243 n-d-830646-16 devstack@n-api.service[106653]: INFO nova.api.openstack.requestlog [None req-abffb102-5d96-4f35-b8e6-4e74b866a5d6 admin admin] 10.222.0.15 "POST /compute/v2.1/flavors" status: 200 len: 405 microversion: 2.61 time: 0.415883
Aug 12 21:00:29.171940 n-d-830646-16 devstack@n-api.service[106653]: [pid: 106653|app: 0|req: 16/31] 10.222.0.15 () {64 vars in 1283 bytes} [Fri Aug 12 21:00:28 2022] POST /compute/v2.1/flavors => generated 405 bytes in 417 msecs (HTTP/1.1 200) 9 headers in 359 bytes (1 switches on core 0)
Aug 12 21:00:29.185039 n-d-830646-16 devstack@n-api.service[106654]: DEBUG nova.api.openstack.wsgi [None req-0e33f411-fcd8-421a-a517-7ec3ca36d737 admin admin] Action: 'create', calling method: >, body: {"extra_specs": {"hw_rng:allowed": "True"}} {{(pid=106654) _process_stack /opt/stack/nova/nova/api/openstack/wsgi.py:511}}
Aug 12 21:00:29.210252 n-d-830646-16 devstack@n-api.service[106654]: INFO nova.api.openstack.requestlog [None req-0e33f411-fcd8-421a-a517-7ec3ca36d737 admin admin] 10.222.0.15 "POST /compute/v2.1/flavors/4/os-extra_specs" status: 200 len: 43 microversion: 2.61 time: 0.028800
Aug 12 21:00:29.213928 n-d-830646-16 devstack@n-api.service[106654]: [pid: 106654|app: 0|req: 16/32] 10.222.0.15 () {64 vars in 1333 bytes} [Fri Aug 12 21:00:29 2022] POST /compute/v2.1/flavors/4/os-extra_specs => generated 43 bytes in 30 msecs (HTTP/1.1 200) 9 headers in 358 bytes (2 switches on core 0)
Aug 12 21:00:31.650078 n-d-830646-16 devstack@n-api.service[106653]: DEBUG nova.api.openstack.wsgi [None req-abffb102-5d96-4f35-b8e6-4e74b866a5d6 admin admin] Calling method '>' {{(pid=106653) _process_stack /opt/stack/nova/nova/api/openstack/wsgi.py:513}}
Aug 12 21:00:31.651712 n-d-830646-16 devstack@n-api.service[106653]: INFO nova.api.openstack.requestlog [None req-abffb102-5d96-4f35-b8e6-4e74b866a5d6 admin admin] 10.222.0.15 "GET /compute/v2.1" status: 200 len: 388 microversion: 2.1 time: 0.002045
Aug 12 21:00:31.652303 n-d-830646-16 devstack@n-api.service[106653]: [pid: 106653|app: 0|req: 17/33] 10.222.0.15 () {54 vars in 931 bytes} [Fri Aug 12 21:00:31 2022] GET /compute/v2.1 => generated 388 bytes in 3 msecs (HTTP/1.1 200) 9 headers in 357 bytes (1 switches on core 0)
Aug 12 21:00:32.092954 n-d-830646-16 devstack@n-api.service[106654]: DEBUG nova.api.openstack.wsgi [None req-cd787bef-9bd5-42f3-b90f-aad892d03812 admin admin] Action: 'create', calling method: >, body: {"flavor": {"id": "5", "vcpus": 8, "disk": 160, "os-flavor-access:is_public": true, "name": "m1.xlarge", "OS-FLV-EXT-DATA:ephemeral": 0, "rxtx_factor": 1.0, "swap": 0, "ram": 16384}} {{(pid=106654) _process_stack /opt/stack/nova/nova/api/openstack/wsgi.py:511}}
Aug 12 21:00:32.121028 n-d-830646-16 devstack@n-api.service[106654]: INFO nova.api.openstack.requestlog [None req-cd787bef-9bd5-42f3-b90f-aad892d03812 admin admin] 10.222.0.15 "POST /compute/v2.1/flavors" status: 200 len: 408 microversion: 2.61 time: 0.462803
Aug 12 21:00:32.122095 n-d-830646-16 devstack@n-api.service[106654]: [pid: 106654|app: 0|req: 17/34] 10.222.0.15 () {64 vars in 1283 bytes} [Fri Aug 12 21:00:31 2022] POST /compute/v2.1/flavors => generated 408 bytes in 464 msecs (HTTP/1.1 200) 9 headers in 359 bytes (1 switches on core 0)
Aug 12 21:00:32.133928 n-d-830646-16 devstack@n-api.service[106653]: DEBUG nova.api.openstack.wsgi [None req-1588420b-703e-4e3d-95bd-0e11d275a720 admin admin] Action: 'create', calling method: >, body: {"extra_specs": {"hw_rng:allowed": "True"}} {{(pid=106653) _process_stack /opt/stack/nova/nova/api/openstack/wsgi.py:511}}
Aug 12 21:00:32.159991 n-d-830646-16 devstack@n-api.service[106653]: INFO nova.api.openstack.requestlog [None req-1588420b-703e-4e3d-95bd-0e11d275a720 admin admin] 10.222.0.15 "POST /compute/v2.1/flavors/5/os-extra_specs" status: 200 len: 43 microversion: 2.61 time: 0.029155
Aug 12 21:00:32.160669 n-d-830646-16 devstack@n-api.service[106653]: [pid: 106653|app: 0|req: 18/35] 10.222.0.15 () {64 vars in 1333 bytes} [Fri Aug 12 21:00:32 2022] POST /compute/v2.1/flavors/5/os-extra_specs => generated 43 bytes in 31 msecs (HTTP/1.1 200) 9 headers in 358 bytes (1 switches on core 0)
Aug 12 21:00:54.818051 n-d-830646-16 devstack@n-api.service[106654]: DEBUG nova.api.openstack.wsgi [None req-cd787bef-9bd5-42f3-b90f-aad892d03812 admin admin] Calling method '>' {{(pid=106654) _process_stack /opt/stack/nova/nova/api/openstack/wsgi.py:513}}
Aug 12 21:00:54.819057 n-d-830646-16 devstack@n-api.service[106654]: INFO nova.api.openstack.requestlog [None req-cd787bef-9bd5-42f3-b90f-aad892d03812 admin admin] 10.222.0.15 "GET /compute/v2.1" status: 200 len: 388 microversion: 2.1 time: 0.001448
Aug 12 21:00:54.819456 n-d-830646-16 devstack@n-api.service[106654]: [pid: 106654|app: 0|req: 18/36] 10.222.0.15 () {54 vars in 931 bytes} [Fri Aug 12 21:00:54 2022] GET /compute/v2.1 => generated 388 bytes in 2 msecs (HTTP/1.1 200) 9 headers in 357 bytes (1 switches on core 0)
Aug 12 21:00:54.829866 n-d-830646-16 devstack@n-api.service[106653]: DEBUG dbcounter [-] [106653] Writing DB stats nova_api:INSERT=2,nova_api:SELECT=8,nova_api:SAVEPOINT=1,nova_api:RELEASE=1 {{(pid=106653) stat_writer /usr/local/lib/python3.8/dist-packages/dbcounter.py:114}}
Aug 12 21:00:55.201675 n-d-830646-16 devstack@n-api.service[106653]: DEBUG nova.api.openstack.wsgi [None req-6fedd084-bdee-4796-8aab-ffc613921765 admin admin] Calling method '>' {{(pid=106653) _process_stack /opt/stack/nova/nova/api/openstack/wsgi.py:513}}
Aug 12 21:00:55.222585 n-d-830646-16 devstack@n-api.service[106653]: INFO nova.api.openstack.requestlog [None req-6fedd084-bdee-4796-8aab-ffc613921765 admin admin] 10.222.0.15 "GET /compute/v2.1/flavors/detail?is_public=True" status: 200 len: 4202 microversion: 2.61 time: 0.397196
