Aug 12 20:53:42.982323 n-d-830646-16 devstack@keystone.service[82013]: DEBUG keystone.server.flask.request_processing.middleware.auth_context [None req-35a12d58-59e5-4e2c-9ae5-9fb1cb581236 None admin] Validating token access rules against request {{(pid=82013) validate_allowed_request /usr/local/lib/python3.8/dist-packages/keystonemiddleware/auth_token/__init__.py:545}}
Aug 12 20:53:43.040526 n-d-830646-16 devstack@keystone.service[82013]: DEBUG keystone.server.flask.request_processing.middleware.auth_context [None req-7405ef34-adec-4047-b2ff-13d2650ec22c None admin] RBAC: auth_context: {'token': , 'domain_id': None, 'trust_id': None, 'trustor_id': None, 'trustee_id': None, 'domain_name': None, 'group_ids': [], 'user_id': 'af19da1e775e4986b56159c9331ab813', 'user_domain_id': 'default', 'system_scope': 'all', 'project_id': None, 'project_domain_id': None, 'roles': ['admin', 'member', 'reader'], 'is_admin_project': True, 'service_user_id': None, 'service_user_domain_id': None, 'service_project_id': None, 'service_project_domain_id': None, 'service_roles': []} {{(pid=82013) fill_context /opt/stack/keystone/keystone/server/flask/request_processing/middleware/auth_context.py:478}}
Aug 12 20:53:43.041461 n-d-830646-16 devstack@keystone.service[82013]: DEBUG keystone.server.flask.request_processing.req_logging [None req-7405ef34-adec-4047-b2ff-13d2650ec22c None admin] REQUEST_METHOD: `GET` {{(pid=82013) log_request_info /opt/stack/keystone/keystone/server/flask/request_processing/req_logging.py:27}}
Aug 12 20:53:43.041893 n-d-830646-16 devstack@keystone.service[82013]: DEBUG keystone.server.flask.request_processing.req_logging [None req-7405ef34-adec-4047-b2ff-13d2650ec22c None admin] SCRIPT_NAME: `/identity` {{(pid=82013) log_request_info /opt/stack/keystone/keystone/server/flask/request_processing/req_logging.py:28}}
Aug 12 20:53:43.042320 n-d-830646-16 devstack@keystone.service[82013]: DEBUG keystone.server.flask.request_processing.req_logging [None req-7405ef34-adec-4047-b2ff-13d2650ec22c None admin] PATH_INFO: `/v3/projects/59702add0db64179bc06bac7f4f634fe` {{(pid=82013) log_request_info /opt/stack/keystone/keystone/server/flask/request_processing/req_logging.py:29}}
Aug 12 20:53:43.043697 n-d-830646-16 devstack@keystone.service[82013]: DEBUG keystone.common.rbac_enforcer.enforcer [None req-7405ef34-adec-4047-b2ff-13d2650ec22c None admin] RBAC: Authorizing `identity:get_project(project_id=59702add0db64179bc06bac7f4f634fe)` {{(pid=82013) enforce_call /opt/stack/keystone/keystone/common/rbac_enforcer/enforcer.py:449}}
Aug 12 20:53:43.045390 n-d-830646-16 devstack@keystone.service[82013]: DEBUG keystone.common.rbac_enforcer.enforcer [None req-7405ef34-adec-4047-b2ff-13d2650ec22c None admin] RBAC: Authorization granted {{(pid=82013) enforce_call /opt/stack/keystone/keystone/common/rbac_enforcer/enforcer.py:457}}
Aug 12 20:53:43.047281 n-d-830646-16 devstack@keystone.service[82013]: [pid: 82013|app: 0|req: 86/172] 10.222.0.15 () {56 vars in 1186 bytes} [Fri Aug 12 20:53:42 2022] GET /identity/v3/projects/59702add0db64179bc06bac7f4f634fe => generated 298 bytes in 265 msecs (HTTP/1.1 200) 5 headers in 177 bytes (1 switches on core 0)
Aug 12 20:53:43.048567 n-d-830646-16 devstack@keystone.service[82013]: DEBUG keystone.server.flask.request_processing.req_logging [None req-a20d8d69-7b3e-4b80-8896-cda4f768412a None None] REQUEST_METHOD: `GET` {{(pid=82013) log_request_info /opt/stack/keystone/keystone/server/flask/request_processing/req_logging.py:27}}
Aug 12 20:53:43.048993 n-d-830646-16 devstack@keystone.service[82013]: DEBUG keystone.server.flask.request_processing.req_logging [None req-a20d8d69-7b3e-4b80-8896-cda4f768412a None None] SCRIPT_NAME: `/identity` {{(pid=82013) log_request_info /opt/stack/keystone/keystone/server/flask/request_processing/req_logging.py:28}}
Aug 12 20:53:43.049410 n-d-830646-16 devstack@keystone.service[82013]: DEBUG keystone.server.flask.request_processing.req_logging [None req-a20d8d69-7b3e-4b80-8896-cda4f768412a None None] PATH_INFO: `/` {{(pid=82013) log_request_info /opt/stack/keystone/keystone/server/flask/request_processing/req_logging.py:29}}
Aug 12 20:53:43.057677 n-d-830646-16 devstack@keystone.service[82013]: [pid: 82013|app: 0|req: 87/173] 10.222.0.15 () {54 vars in 927 bytes} [Fri Aug 12 20:53:43 2022] GET /identity => generated 270 bytes in 10 msecs (HTTP/1.1 300) 6 headers in 234 bytes (1 switches on core 0)
Aug 12 20:53:43.058662 n-d-830646-16 devstack@keystone.service[82013]: DEBUG keystone.server.flask.request_processing.middleware.auth_context [None req-a20d8d69-7b3e-4b80-8896-cda4f768412a None None] Authenticating user token {{(pid=82013) process_request /usr/local/lib/python3.8/dist-packages/keystonemiddleware/auth_token/__init__.py:407}}
Aug 12 20:53:43.093566 n-d-830646-16 devstack@keystone.service[82012]: DEBUG keystone.server.flask.request_processing.middleware.auth_context [None req-94559cf1-81a7-41c2-8e1f-61120f007349 None admin] Validating token access rules against request {{(pid=82012) validate_allowed_request /usr/local/lib/python3.8/dist-packages/keystonemiddleware/auth_token/__init__.py:545}}
Aug 12 20:53:43.151234 n-d-830646-16 devstack@keystone.service[82012]: DEBUG keystone.server.flask.request_processing.middleware.auth_context [None req-45019a66-a9cf-4563-9333-3a8fdc457f3c None admin] RBAC: auth_context: {'token': , 'domain_id': None, 'trust_id': None, 'trustor_id': None, 'trustee_id': None, 'domain_name': None, 'group_ids': [], 'user_id': 'af19da1e775e4986b56159c9331ab813', 'user_domain_id': 'default', 'system_scope': 'all', 'project_id': None, 'project_domain_id': None, 'roles': ['admin', 'member', 'reader'], 'is_admin_project': True, 'service_user_id': None, 'service_user_domain_id': None, 'service_project_id': None, 'service_project_domain_id': None, 'service_roles': []} {{(pid=82012) fill_context /opt/stack/keystone/keystone/server/flask/request_processing/middleware/auth_context.py:478}}
Aug 12 20:53:43.151885 n-d-830646-16 devstack@keystone.service[82012]: DEBUG keystone.server.flask.request_processing.req_logging [None req-45019a66-a9cf-4563-9333-3a8fdc457f3c None admin] REQUEST_METHOD: `GET` {{(pid=82012) log_request_info /opt/stack/keystone/keystone/server/flask/request_processing/req_logging.py:27}}
Aug 12 20:53:43.152143 n-d-830646-16 devstack@keystone.service[82012]: DEBUG keystone.server.flask.request_processing.req_logging [None req-45019a66-a9cf-4563-9333-3a8fdc457f3c None admin] SCRIPT_NAME: `/identity` {{(pid=82012) log_request_info /opt/stack/keystone/keystone/server/flask/request_processing/req_logging.py:28}}
Aug 12 20:53:43.152598 n-d-830646-16 devstack@keystone.service[82012]: DEBUG keystone.server.flask.request_processing.req_logging [None req-45019a66-a9cf-4563-9333-3a8fdc457f3c None admin] PATH_INFO: `/v3/auth/tokens` {{(pid=82012) log_request_info /opt/stack/keystone/keystone/server/flask/request_processing/req_logging.py:29}}
Aug 12 20:53:43.242737 n-d-830646-16 devstack@keystone.service[82013]: DEBUG keystone.server.flask.request_processing.middleware.auth_context [None req-a20d8d69-7b3e-4b80-8896-cda4f768412a None None] Validating token access rules against request {{(pid=82013) validate_allowed_request /usr/local/lib/python3.8/dist-packages/keystonemiddleware/auth_token/__init__.py:545}}
Aug 12 20:53:43.246610 n-d-830646-16 devstack@keystone.service[82012]: DEBUG dbcounter [-] [82012] Writing DB stats keystone:SELECT=100 {{(pid=82012) stat_writer /usr/local/lib/python3.8/dist-packages/dbcounter.py:114}}
Aug 12 20:53:43.260946 n-d-830646-16 devstack@keystone.service[82012]: DEBUG keystone.common.rbac_enforcer.enforcer [None req-45019a66-a9cf-4563-9333-3a8fdc457f3c None admin] RBAC: Authorizing `identity:validate_token()` {{(pid=82012) enforce_call /opt/stack/keystone/keystone/common/rbac_enforcer/enforcer.py:449}}
Aug 12 20:53:43.262422 n-d-830646-16 devstack@keystone.service[82012]: DEBUG keystone.common.rbac_enforcer.enforcer [None req-45019a66-a9cf-4563-9333-3a8fdc457f3c None admin] RBAC: Authorization granted {{(pid=82012) enforce_call /opt/stack/keystone/keystone/common/rbac_enforcer/enforcer.py:457}}
Aug 12 20:53:43.292007 n-d-830646-16 devstack@keystone.service[82013]: DEBUG dbcounter [-] [82013] Writing DB stats keystone:SELECT=100 {{(pid=82013) stat_writer /usr/local/lib/python3.8/dist-packages/dbcounter.py:114}}
Aug 12 20:53:43.298494 n-d-830646-16 devstack@keystone.service[82013]: DEBUG keystone.server.flask.request_processing.middleware.auth_context [None req-9111e1fb-0757-4c95-ba17-e9df3205014d None admin] RBAC: auth_context: {'token': , 'domain_id': None, 'trust_id': None, 'trustor_id': None, 'trustee_id': None, 'domain_name': None, 'group_ids': [], 'user_id': 'af19da1e775e4986b56159c9331ab813', 'user_domain_id': 'default', 'system_scope': 'all', 'project_id': None, 'project_domain_id': None, 'roles': ['admin', 'member', 'reader'], 'is_admin_project': True, 'service_user_id': None, 'service_user_domain_id': None, 'service_project_id': None, 'service_project_domain_id': None, 'service_roles': []} {{(pid=82013) fill_context /opt/stack/keystone/keystone/server/flask/request_processing/middleware/auth_context.py:478}}
Aug 12 20:53:43.299334 n-d-830646-16 devstack@keystone.service[82013]: DEBUG keystone.server.flask.request_processing.req_logging [None req-9111e1fb-0757-4c95-ba17-e9df3205014d None admin] REQUEST_METHOD: `GET` {{(pid=82013) log_request_info /opt/stack/keystone/keystone/server/flask/request_processing/req_logging.py:27}}
Aug 12 20:53:43.299749 n-d-830646-16 devstack@keystone.service[82013]: DEBUG keystone.server.flask.request_processing.req_logging [None req-9111e1fb-0757-4c95-ba17-e9df3205014d None admin] SCRIPT_NAME: `/identity` {{(pid=82013) log_request_info /opt/stack/keystone/keystone/server/flask/request_processing/req_logging.py:28}}
Aug 12 20:53:43.300182 n-d-830646-16 devstack@keystone.service[82013]: DEBUG keystone.server.flask.request_processing.req_logging [None req-9111e1fb-0757-4c95-ba17-e9df3205014d None admin] PATH_INFO: `/v3/users/6bf639ccb7c74e88afe810989b6e3563` {{(pid=82013) log_request_info /opt/stack/keystone/keystone/server/flask/request_processing/req_logging.py:29}}
Aug 12 20:53:43.301515 n-d-830646-16 devstack@keystone.service[82013]: DEBUG keystone.common.rbac_enforcer.enforcer [None req-9111e1fb-0757-4c95-ba17-e9df3205014d None admin] RBAC: Authorizing `identity:get_user(user_id=6bf639ccb7c74e88afe810989b6e3563)` {{(pid=82013) enforce_call /opt/stack/keystone/keystone/common/rbac_enforcer/enforcer.py:449}}
Aug 12 20:53:43.303102 n-d-830646-16 devstack@keystone.service[82013]: DEBUG keystone.common.rbac_enforcer.enforcer [None req-9111e1fb-0757-4c95-ba17-e9df3205014d None admin] RBAC: Authorization granted {{(pid=82013) enforce_call /opt/stack/keystone/keystone/common/rbac_enforcer/enforcer.py:457}}
Aug 12 20:53:43.305771 n-d-830646-16 devstack@keystone.service[82013]: [pid: 82013|app: 0|req: 88/174] 10.222.0.15 () {56 vars in 1177 bytes} [Fri Aug 12 20:53:43 2022] GET /identity/v3/users/6bf639ccb7c74e88afe810989b6e3563 => generated 275 bytes in 247 msecs (HTTP/1.1 200) 5 headers in 177 bytes (1 switches on core 0)
Aug 12 20:53:43.306700 n-d-830646-16 devstack@keystone.service[82013]: DEBUG keystone.server.flask.request_processing.middleware.auth_context [None req-9111e1fb-0757-4c95-ba17-e9df3205014d None admin] Authenticating user token {{(pid=82013) process_request /usr/local/lib/python3.8/dist-packages/keystonemiddleware/auth_token/__init__.py:407}}
Aug 12 20:53:43.394365 n-d-830646-16 devstack@keystone.service[82012]: [pid: 82012|app: 0|req: 87/175] 10.222.0.15 () {58 vars in 1282 bytes} [Fri Aug 12 20:53:42 2022] GET /identity/v3/auth/tokens => generated 799 bytes in 444 msecs (HTTP/1.1 200) 6 headers in 358 bytes (1 switches on core 0)
Aug 12 20:53:43.400268 n-d-830646-16 devstack@keystone.service[82012]: DEBUG keystone.server.flask.request_processing.req_logging [None req-f51271be-63e2-4a98-8b29-6741f632279d None None] REQUEST_METHOD: `POST` {{(pid=82012) log_request_info /opt/stack/keystone/keystone/server/flask/request_processing/req_logging.py:27}}
Aug 12 20:53:43.400843 n-d-830646-16 devstack@keystone.service[82012]: DEBUG keystone.server.flask.request_processing.req_logging [None req-f51271be-63e2-4a98-8b29-6741f632279d None None] SCRIPT_NAME: `/identity` {{(pid=82012) log_request_info /opt/stack/keystone/keystone/server/flask/request_processing/req_logging.py:28}}
Aug 12 20:53:43.401270 n-d-830646-16 devstack@keystone.service[82012]: DEBUG keystone.server.flask.request_processing.req_logging [None req-f51271be-63e2-4a98-8b29-6741f632279d None None] PATH_INFO: `/v3/auth/tokens` {{(pid=82012) log_request_info /opt/stack/keystone/keystone/server/flask/request_processing/req_logging.py:29}}
Aug 12 20:53:43.410997 n-d-830646-16 devstack@keystone.service[82013]: DEBUG keystone.server.flask.request_processing.middleware.auth_context [None req-9111e1fb-0757-4c95-ba17-e9df3205014d None admin] Validating token access rules against request {{(pid=82013) validate_allowed_request /usr/local/lib/python3.8/dist-packages/keystonemiddleware/auth_token/__init__.py:545}}
Aug 12 20:53:43.420298 n-d-830646-16 devstack@keystone.service[82012]: DEBUG keystone.auth.core [None req-f51271be-63e2-4a98-8b29-6741f632279d None None] MFA Rules not processed for user `af19da1e775e4986b56159c9331ab813`. Rule list: `[]` (Enabled: `True`). {{(pid=82012) check_auth_methods_against_rules /opt/stack/keystone/keystone/auth/core.py:438}}
Aug 12 20:53:43.422224 n-d-830646-16 devstack@keystone.service[82012]: DEBUG keystone.common.fernet_utils [None req-f51271be-63e2-4a98-8b29-6741f632279d None None] Loaded 2 Fernet keys from /etc/keystone/fernet-keys/, but `[fernet_tokens] max_active_keys = 3`; perhaps there have not been enough key rotations to reach `max_active_keys` yet? {{(pid=82012) load_keys /opt/stack/keystone/keystone/common/fernet_utils.py:286}}
Aug 12 20:53:43.445965 n-d-830646-16 devstack@keystone.service[82013]: DEBUG keystone.server.flask.request_processing.middleware.auth_context [None req-d210f4ad-f058-4525-88bb-a4b3baa695ea None admin] RBAC: auth_context: {'token': , 'domain_id': None, 'trust_id': None, 'trustor_id': None, 'trustee_id': None, 'domain_name': None, 'group_ids': [], 'user_id': 'af19da1e775e4986b56159c9331ab813', 'user_domain_id': 'default', 'system_scope': 'all', 'project_id': None, 'project_domain_id': None, 'roles': ['admin', 'member', 'reader'], 'is_admin_project': True, 'service_user_id': None, 'service_user_domain_id': None, 'service_project_id': None, 'service_project_domain_id': None, 'service_roles': []} {{(pid=82013) fill_context /opt/stack/keystone/keystone/server/flask/request_processing/middleware/auth_context.py:478}}
Aug 12 20:53:43.446648 n-d-830646-16 devstack@keystone.service[82013]: DEBUG keystone.server.flask.request_processing.req_logging [None req-d210f4ad-f058-4525-88bb-a4b3baa695ea None admin] REQUEST_METHOD: `GET` {{(pid=82013) log_request_info /opt/stack/keystone/keystone/server/flask/request_processing/req_logging.py:27}}
Aug 12 20:53:43.446930 n-d-830646-16 devstack@keystone.service[82013]: DEBUG keystone.server.flask.request_processing.req_logging [None req-d210f4ad-f058-4525-88bb-a4b3baa695ea None admin] SCRIPT_NAME: `/identity` {{(pid=82013) log_request_info /opt/stack/keystone/keystone/server/flask/request_processing/req_logging.py:28}}
Aug 12 20:53:43.447202 n-d-830646-16 devstack@keystone.service[82013]: DEBUG keystone.server.flask.request_processing.req_logging [None req-d210f4ad-f058-4525-88bb-a4b3baa695ea None admin] PATH_INFO: `/v3/role_assignments` {{(pid=82013) log_request_info /opt/stack/keystone/keystone/server/flask/request_processing/req_logging.py:29}}
Aug 12 20:53:43.455775 n-d-830646-16 devstack@keystone.service[82013]: DEBUG keystone.common.rbac_enforcer.enforcer [None req-d210f4ad-f058-4525-88bb-a4b3baa695ea None admin] RBAC: Adding query filter params (role.id=17a6306e7271452d852d1c30d7b94175, scope.project.id=59702add0db64179bc06bac7f4f634fe, user.id=af19da1e775e4986b56159c9331ab813) {{(pid=82013) _extract_filter_values /opt/stack/keystone/keystone/common/rbac_enforcer/enforcer.py:167}}
Aug 12 20:53:43.455775 n-d-830646-16 devstack@keystone.service[82013]: DEBUG keystone.common.rbac_enforcer.enforcer [None req-d210f4ad-f058-4525-88bb-a4b3baa695ea None admin] RBAC: Authorizing `identity:list_role_assignments()` {{(pid=82013) enforce_call /opt/stack/keystone/keystone/common/rbac_enforcer/enforcer.py:449}}
Aug 12 20:53:43.455775 n-d-830646-16 devstack@keystone.service[82013]: DEBUG keystone.common.rbac_enforcer.enforcer [None req-d210f4ad-f058-4525-88bb-a4b3baa695ea None admin] RBAC: Authorization granted {{(pid=82013) enforce_call /opt/stack/keystone/keystone/common/rbac_enforcer/enforcer.py:457}}
Aug 12 20:53:43.455775 n-d-830646-16 devstack@keystone.service[82013]: [pid: 82013|app: 0|req: 89/176] 10.222.0.15 () {56 vars in 1374 bytes} [Fri Aug 12 20:53:43 2022] GET /identity/v3/role_assignments?user.id=af19da1e775e4986b56159c9331ab813&scope.project.id=59702add0db64179bc06bac7f4f634fe&role.id=17a6306e7271452d852d1c30d7b94175 => generated 608 bytes in 149 msecs (HTTP/1.1 200) 5 headers in 177 bytes (1 switches on core 0)
Aug 12 20:53:43.456644 n-d-830646-16 devstack@keystone.service[82013]: DEBUG keystone.server.flask.request_processing.middleware.auth_context [None req-d210f4ad-f058-4525-88bb-a4b3baa695ea None admin] Authenticating user token {{(pid=82013) process_request /usr/local/lib/python3.8/dist-packages/keystonemiddleware/auth_token/__init__.py:407}}
Aug 12 20:53:43.524359 n-d-830646-16 devstack@keystone.service[82013]: DEBUG dbcounter [-] [82013] Writing DB stats keystone:SELECT=100 {{(pid=82013) stat_writer /usr/local/lib/python3.8/dist-packages/dbcounter.py:114}}
Aug 12 20:53:43.554160 n-d-830646-16 devstack@keystone.service[82012]: [pid: 82012|app: 0|req: 88/177] 10.222.0.15 () {58 vars in 1024 bytes} [Fri Aug 12 20:53:43 2022] POST /identity/v3/auth/tokens => generated 799 bytes in 159 msecs (HTTP/1.1 201) 6 headers in 363 bytes (1 switches on core 0)
Aug 12 20:53:43.555341 n-d-830646-16 devstack@keystone.service[82012]: DEBUG keystone.server.flask.request_processing.middleware.auth_context [None req-f51271be-63e2-4a98-8b29-6741f632279d None None] Authenticating user token {{(pid=82012) process_request /usr/local/lib/python3.8/dist-packages/keystonemiddleware/auth_token/__init__.py:407}}
Aug 12 20:53:43.589287 n-d-830646-16 devstack@keystone.service[82013]: DEBUG keystone.server.flask.request_processing.middleware.auth_context [None req-d210f4ad-f058-4525-88bb-a4b3baa695ea None admin] Validating token access rules against request {{(pid=82013) validate_allowed_request /usr/local/lib/python3.8/dist-packages/keystonemiddleware/auth_token/__init__.py:545}}
Aug 12 20:53:43.627138 n-d-830646-16 devstack@keystone.service[82012]: DEBUG dbcounter [-] [82012] Writing DB stats keystone:SELECT=100 {{(pid=82012) stat_writer /usr/local/lib/python3.8/dist-packages/dbcounter.py:114}}
Aug 12 20:53:43.657956 n-d-830646-16 devstack@keystone.service[82013]: DEBUG keystone.server.flask.request_processing.middleware.auth_context [None req-5b7db8e4-a881-430e-bbc3-0d5768f53d1f None admin] RBAC: auth_context: {'token': , 'domain_id': None, 'trust_id': None, 'trustor_id': None, 'trustee_id': None, 'domain_name': None, 'group_ids': [], 'user_id': 'af19da1e775e4986b56159c9331ab813', 'user_domain_id': 'default', 'system_scope': 'all', 'project_id': None, 'project_domain_id': None, 'roles': ['admin', 'member', 'reader'], 'is_admin_project': True, 'service_user_id': None, 'service_user_domain_id': None, 'service_project_id': None, 'service_project_domain_id': None, 'service_roles': []} {{(pid=82013) fill_context /opt/stack/keystone/keystone/server/flask/request_processing/middleware/auth_context.py:478}}
Aug 12 20:53:43.657956 n-d-830646-16 devstack@keystone.service[82013]: DEBUG keystone.server.flask.request_processing.req_logging [None req-5b7db8e4-a881-430e-bbc3-0d5768f53d1f None admin] REQUEST_METHOD: `GET` {{(pid=82013) log_request_info /opt/stack/keystone/keystone/server/flask/request_processing/req_logging.py:27}}
Aug 12 20:53:43.657956 n-d-830646-16 devstack@keystone.service[82013]: DEBUG keystone.server.flask.request_processing.req_logging [None req-5b7db8e4-a881-430e-bbc3-0d5768f53d1f None admin] SCRIPT_NAME: `/identity` {{(pid=82013) log_request_info /opt/stack/keystone/keystone/server/flask/request_processing/req_logging.py:28}}
Aug 12 20:53:43.657956 n-d-830646-16 devstack@keystone.service[82013]: DEBUG keystone.server.flask.request_processing.req_logging [None req-5b7db8e4-a881-430e-bbc3-0d5768f53d1f None admin] PATH_INFO: `/v3/auth/tokens` {{(pid=82013) log_request_info /opt/stack/keystone/keystone/server/flask/request_processing/req_logging.py:29}}
Aug 12 20:53:43.747668 n-d-830646-16 devstack@keystone.service[82013]: DEBUG keystone.common.rbac_enforcer.enforcer [None req-5b7db8e4-a881-430e-bbc3-0d5768f53d1f None admin] RBAC: Authorizing `identity:validate_token()` {{(pid=82013) enforce_call /opt/stack/keystone/keystone/common/rbac_enforcer/enforcer.py:449}}
Aug 12 20:53:43.749694 n-d-830646-16 devstack@keystone.service[82013]: DEBUG keystone.common.rbac_enforcer.enforcer [None req-5b7db8e4-a881-430e-bbc3-0d5768f53d1f None admin] RBAC: Authorization granted {{(pid=82013) enforce_call /opt/stack/keystone/keystone/common/rbac_enforcer/enforcer.py:457}}
Aug 12 20:53:43.763650 n-d-830646-16 devstack@keystone.service[82012]: DEBUG keystone.server.flask.request_processing.middleware.auth_context [None req-f51271be-63e2-4a98-8b29-6741f632279d None None] Validating token access rules against request {{(pid=82012) validate_allowed_request /usr/local/lib/python3.8/dist-packages/keystonemiddleware/auth_token/__init__.py:545}}
Aug 12 20:53:43.838559 n-d-830646-16 devstack@keystone.service[82012]: DEBUG keystone.server.flask.request_processing.middleware.auth_context [None req-7bba6f0d-d39f-4515-aada-c31478ed9f29 None admin] RBAC: auth_context: {'token': , 'domain_id': None, 'trust_id': None, 'trustor_id': None, 'trustee_id': None, 'domain_name': None, 'group_ids': [], 'user_id': 'af19da1e775e4986b56159c9331ab813', 'user_domain_id': 'default', 'system_scope': 'all', 'project_id': None, 'project_domain_id': None, 'roles': ['admin', 'member', 'reader'], 'is_admin_project': True, 'service_user_id': None, 'service_user_domain_id': None, 'service_project_id': None, 'service_project_domain_id': None, 'service_roles': []} {{(pid=82012) fill_context /opt/stack/keystone/keystone/server/flask/request_processing/middleware/auth_context.py:478}}
Aug 12 20:53:43.839125 n-d-830646-16 devstack@keystone.service[82012]: DEBUG keystone.server.flask.request_processing.req_logging [None req-7bba6f0d-d39f-4515-aada-c31478ed9f29 None admin] REQUEST_METHOD: `GET` {{(pid=82012) log_request_info /opt/stack/keystone/keystone/server/flask/request_processing/req_logging.py:27}}
Aug 12 20:53:43.839410 n-d-830646-16 devstack@keystone.service[82012]: DEBUG keystone.server.flask.request_processing.req_logging [None req-7bba6f0d-d39f-4515-aada-c31478ed9f29 None admin] SCRIPT_NAME: `/identity` {{(pid=82012) log_request_info /opt/stack/keystone/keystone/server/flask/request_processing/req_logging.py:28}}
Aug 12 20:53:43.839686 n-d-830646-16 devstack@keystone.service[82012]: DEBUG keystone.server.flask.request_processing.req_logging [None req-7bba6f0d-d39f-4515-aada-c31478ed9f29 None admin] PATH_INFO: `/v3/projects/59702add0db64179bc06bac7f4f634fe` {{(pid=82012) log_request_info /opt/stack/keystone/keystone/server/flask/request_processing/req_logging.py:29}}
Aug 12 20:53:43.840962 n-d-830646-16 devstack@keystone.service[82012]: DEBUG keystone.common.rbac_enforcer.enforcer [None req-7bba6f0d-d39f-4515-aada-c31478ed9f29 None admin] RBAC: Authorizing `identity:get_project(project_id=59702add0db64179bc06bac7f4f634fe)` {{(pid=82012) enforce_call /opt/stack/keystone/keystone/common/rbac_enforcer/enforcer.py:449}}
Aug 12 20:53:43.842414 n-d-830646-16 devstack@keystone.service[82012]: DEBUG keystone.common.rbac_enforcer.enforcer [None req-7bba6f0d-d39f-4515-aada-c31478ed9f29 None admin] RBAC: Authorization granted {{(pid=82012) enforce_call /opt/stack/keystone/keystone/common/rbac_enforcer/enforcer.py:457}}
Aug 12 20:53:43.846578 n-d-830646-16 devstack@keystone.service[82012]: [pid: 82012|app: 0|req: 89/178] 10.222.0.15 () {56 vars in 1186 bytes} [Fri Aug 12 20:53:43 2022] GET /identity/v3/projects/59702add0db64179bc06bac7f4f634fe => generated 298 bytes in 291 msecs (HTTP/1.1 200) 5 headers in 177 bytes (1 switches on core 0)
Aug 12 20:53:43.847759 n-d-830646-16 devstack@keystone.service[82012]: DEBUG keystone.server.flask.request_processing.req_logging [None req-442f6dca-6af8-450f-8868-174fda22114b None None] REQUEST_METHOD: `GET` {{(pid=82012) log_request_info /opt/stack/keystone/keystone/server/flask/request_processing/req_logging.py:27}}
Aug 12 20:53:43.848069 n-d-830646-16 devstack@keystone.service[82012]: DEBUG keystone.server.flask.request_processing.req_logging [None req-442f6dca-6af8-450f-8868-174fda22114b None None] SCRIPT_NAME: `/identity` {{(pid=82012) log_request_info /opt/stack/keystone/keystone/server/flask/request_processing/req_logging.py:28}}
Aug 12 20:53:43.848348 n-d-830646-16 devstack@keystone.service[82012]: DEBUG keystone.server.flask.request_processing.req_logging [None req-442f6dca-6af8-450f-8868-174fda22114b None None] PATH_INFO: `/` {{(pid=82012) log_request_info /opt/stack/keystone/keystone/server/flask/request_processing/req_logging.py:29}}
Aug 12 20:53:43.854549 n-d-830646-16 devstack@keystone.service[82012]: [pid: 82012|app: 0|req: 90/179] 10.222.0.15 () {54 vars in 927 bytes} [Fri Aug 12 20:53:43 2022] GET /identity => generated 270 bytes in 3 msecs (HTTP/1.1 300) 6 headers in 234 bytes (1 switches on core 0)
Aug 12 20:53:43.857005 n-d-830646-16 devstack@keystone.service[82013]: DEBUG dbcounter [-] [82013] Writing DB stats keystone:SELECT=100 {{(pid=82013) stat_writer /usr/local/lib/python3.8/dist-packages/dbcounter.py:114}}
Aug 12 20:53:43.857288 n-d-830646-16 devstack@keystone.service[82012]: DEBUG keystone.server.flask.request_processing.middleware.auth_context [None req-442f6dca-6af8-450f-8868-174fda22114b None None] Authenticating user token {{(pid=82012) process_request /usr/local/lib/python3.8/dist-packages/keystonemiddleware/auth_token/__init__.py:407}}
Aug 12 20:53:43.951021 n-d-830646-16 devstack@keystone.service[82013]: [pid: 82013|app: 0|req: 90/180] 10.222.0.15 () {58 vars in 1282 bytes} [Fri Aug 12 20:53:43 2022] GET /identity/v3/auth/tokens => generated 799 bytes in 495 msecs (HTTP/1.1 200) 6 headers in 358 bytes (1 switches on core 0)
Aug 12 20:53:43.952429 n-d-830646-16 devstack@keystone.service[82013]: DEBUG keystone.server.flask.request_processing.req_logging [None req-978662dc-1616-459f-828f-9ba892f9f04f None None] REQUEST_METHOD: `POST` {{(pid=82013) log_request_info /opt/stack/keystone/keystone/server/flask/request_processing/req_logging.py:27}}
Aug 12 20:53:43.952899 n-d-830646-16 devstack@keystone.service[82013]: DEBUG keystone.server.flask.request_processing.req_logging [None req-978662dc-1616-459f-828f-9ba892f9f04f None None] SCRIPT_NAME: `/identity` {{(pid=82013) log_request_info /opt/stack/keystone/keystone/server/flask/request_processing/req_logging.py:28}}
Aug 12 20:53:43.953010 n-d-830646-16 devstack@keystone.service[82013]: DEBUG keystone.server.flask.request_processing.req_logging [None req-978662dc-1616-459f-828f-9ba892f9f04f None None] PATH_INFO: `/v3/auth/tokens` {{(pid=82013) log_request_info /opt/stack/keystone/keystone/server/flask/request_processing/req_logging.py:29}}
Aug 12 20:53:43.977909 n-d-830646-16 devstack@keystone.service[82013]: DEBUG keystone.auth.core [None req-978662dc-1616-459f-828f-9ba892f9f04f None None] MFA Rules not processed for user `af19da1e775e4986b56159c9331ab813`. Rule list: `[]` (Enabled: `True`). {{(pid=82013) check_auth_methods_against_rules /opt/stack/keystone/keystone/auth/core.py:438}}
Aug 12 20:53:43.979111 n-d-830646-16 devstack@keystone.service[82013]: DEBUG keystone.common.fernet_utils [None req-978662dc-1616-459f-828f-9ba892f9f04f None None] Loaded 2 Fernet keys from /etc/keystone/fernet-keys/, but `[fernet_tokens] max_active_keys = 3`; perhaps there have not been enough key rotations to reach `max_active_keys` yet? {{(pid=82013) load_keys /opt/stack/keystone/keystone/common/fernet_utils.py:286}}
Aug 12 20:53:43.981107 n-d-830646-16 devstack@keystone.service[82012]: DEBUG dbcounter [-] [82012] Writing DB stats keystone:SELECT=100 {{(pid=82012) stat_writer /usr/local/lib/python3.8/dist-packages/dbcounter.py:114}}
Aug 12 20:53:43.991380 n-d-830646-16 devstack@keystone.service[82012]: DEBUG keystone.server.flask.request_processing.middleware.auth_context [None req-442f6dca-6af8-450f-8868-174fda22114b None None] Validating token access rules against request {{(pid=82012) validate_allowed_request /usr/local/lib/python3.8/dist-packages/keystonemiddleware/auth_token/__init__.py:545}}
Aug 12 20:53:44.029291 n-d-830646-16 devstack@keystone.service[82012]: DEBUG keystone.server.flask.request_processing.middleware.auth_context [None req-8a4245f0-ac81-4876-9570-18270c891045 None admin] RBAC: auth_context: {'token': , 'domain_id': None, 'trust_id': None, 'trustor_id': None, 'trustee_id': None, 'domain_name': None, 'group_ids': [], 'user_id': 'af19da1e775e4986b56159c9331ab813', 'user_domain_id': 'default', 'system_scope': 'all', 'project_id': None, 'project_domain_id': None, 'roles': ['admin', 'member', 'reader'], 'is_admin_project': True, 'service_user_id': None, 'service_user_domain_id': None, 'service_project_id': None, 'service_project_domain_id': None, 'service_roles': []} {{(pid=82012) fill_context /opt/stack/keystone/keystone/server/flask/request_processing/middleware/auth_context.py:478}}
Aug 12 20:53:44.030143 n-d-830646-16 devstack@keystone.service[82012]: DEBUG keystone.server.flask.request_processing.req_logging [None req-8a4245f0-ac81-4876-9570-18270c891045 None admin] REQUEST_METHOD: `GET` {{(pid=82012) log_request_info /opt/stack/keystone/keystone/server/flask/request_processing/req_logging.py:27}}
Aug 12 20:53:44.030512 n-d-830646-16 devstack@keystone.service[82012]: DEBUG keystone.server.flask.request_processing.req_logging [None req-8a4245f0-ac81-4876-9570-18270c891045 None admin] SCRIPT_NAME: `/identity` {{(pid=82012) log_request_info /opt/stack/keystone/keystone/server/flask/request_processing/req_logging.py:28}}
Aug 12 20:53:44.030786 n-d-830646-16 devstack@keystone.service[82012]: DEBUG keystone.server.flask.request_processing.req_logging [None req-8a4245f0-ac81-4876-9570-18270c891045 None admin] PATH_INFO: `/v3/role_assignments` {{(pid=82012) log_request_info /opt/stack/keystone/keystone/server/flask/request_processing/req_logging.py:29}}
Aug 12 20:53:44.031508 n-d-830646-16 devstack@keystone.service[82012]: DEBUG keystone.common.rbac_enforcer.enforcer [None req-8a4245f0-ac81-4876-9570-18270c891045 None admin] RBAC: Adding query filter params (role.id=b53b67900dc048f7a310855d39a2377f, scope.project.id=59702add0db64179bc06bac7f4f634fe, user.id=6bf639ccb7c74e88afe810989b6e3563) {{(pid=82012) _extract_filter_values /opt/stack/keystone/keystone/common/rbac_enforcer/enforcer.py:167}}
Aug 12 20:53:44.031814 n-d-830646-16 devstack@keystone.service[82012]: DEBUG keystone.common.rbac_enforcer.enforcer [None req-8a4245f0-ac81-4876-9570-18270c891045 None admin] RBAC: Authorizing `identity:list_role_assignments()` {{(pid=82012) enforce_call /opt/stack/keystone/keystone/common/rbac_enforcer/enforcer.py:449}}
Aug 12 20:53:44.033277 n-d-830646-16 devstack@keystone.service[82012]: DEBUG keystone.common.rbac_enforcer.enforcer [None req-8a4245f0-ac81-4876-9570-18270c891045 None admin] RBAC: Authorization granted {{(pid=82012) enforce_call /opt/stack/keystone/keystone/common/rbac_enforcer/enforcer.py:457}}
Aug 12 20:53:44.039014 n-d-830646-16 devstack@keystone.service[82012]: [pid: 82012|app: 0|req: 91/181] 10.222.0.15 () {56 vars in 1374 bytes} [Fri Aug 12 20:53:43 2022] GET /identity/v3/role_assignments?user.id=6bf639ccb7c74e88afe810989b6e3563&scope.project.id=59702add0db64179bc06bac7f4f634fe&role.id=b53b67900dc048f7a310855d39a2377f => generated 608 bytes in 184 msecs (HTTP/1.1 200) 5 headers in 177 bytes (1 switches on core 0)
Aug 12 20:53:44.039780 n-d-830646-16 devstack@keystone.service[82012]: DEBUG keystone.server.flask.request_processing.middleware.auth_context [None req-8a4245f0-ac81-4876-9570-18270c891045 None admin] Authenticating user token {{(pid=82012) process_request /usr/local/lib/python3.8/dist-packages/keystonemiddleware/auth_token/__init__.py:407}}
Aug 12 20:53:44.058598 n-d-830646-16 devstack@keystone.service[82013]: [pid: 82013|app: 0|req: 91/182] 10.222.0.15 () {58 vars in 1024 bytes} [Fri Aug 12 20:53:43 2022] POST /identity/v3/auth/tokens => generated 799 bytes in 107 msecs (HTTP/1.1 201) 6 headers in 363 bytes (1 switches on core 0)
Aug 12 20:53:44.059489 n-d-830646-16 devstack@keystone.service[82013]: DEBUG keystone.server.flask.request_processing.middleware.auth_context [None req-978662dc-1616-459f-828f-9ba892f9f04f None None] Authenticating user token {{(pid=82013) process_request /usr/local/lib/python3.8/dist-packages/keystonemiddleware/auth_token/__init__.py:407}}
Aug 12 20:53:44.160190 n-d-830646-16 devstack@keystone.service[82012]: DEBUG keystone.server.flask.request_processing.middleware.auth_context [None req-8a4245f0-ac81-4876-9570-18270c891045 None admin] Validating token access rules against request {{(pid=82012) validate_allowed_request /usr/local/lib/python3.8/dist-packages/keystonemiddleware/auth_token/__init__.py:545}}
Aug 12 20:53:44.176214 n-d-830646-16 devstack@keystone.service[82013]: DEBUG dbcounter [-] [82013] Writing DB stats keystone:SELECT=100 {{(pid=82013) stat_writer /usr/local/lib/python3.8/dist-packages/dbcounter.py:114}}
Aug 12 20:53:44.186427 n-d-830646-16 devstack@keystone.service[82013]: DEBUG keystone.server.flask.request_processing.middleware.auth_context [None req-978662dc-1616-459f-828f-9ba892f9f04f None None] Validating token access rules against request {{(pid=82013) validate_allowed_request /usr/local/lib/python3.8/dist-packages/keystonemiddleware/auth_token/__init__.py:545}}
Aug 12 20:53:44.206392 n-d-830646-16 devstack@keystone.service[82012]: DEBUG keystone.server.flask.request_processing.middleware.auth_context [None req-cb8d6057-f9ce-465d-90e5-49cd12257c76 None admin] RBAC: auth_context: {'token': , 'domain_id': None, 'trust_id': None, 'trustor_id': None, 'trustee_id': None, 'domain_name': None, 'group_ids': [], 'user_id': 'af19da1e775e4986b56159c9331ab813', 'user_domain_id': 'default', 'system_scope': 'all', 'project_id': None, 'project_domain_id': None, 'roles': ['admin', 'member', 'reader'], 'is_admin_project': True, 'service_user_id': None, 'service_user_domain_id': None, 'service_project_id': None, 'service_project_domain_id': None, 'service_roles': []} {{(pid=82012) fill_context /opt/stack/keystone/keystone/server/flask/request_processing/middleware/auth_context.py:478}}
Aug 12 20:53:44.207568 n-d-830646-16 devstack@keystone.service[82012]: DEBUG keystone.server.flask.request_processing.req_logging [None req-cb8d6057-f9ce-465d-90e5-49cd12257c76 None admin] REQUEST_METHOD: `GET` {{(pid=82012) log_request_info /opt/stack/keystone/keystone/server/flask/request_processing/req_logging.py:27}}
Aug 12 20:53:44.208149 n-d-830646-16 devstack@keystone.service[82012]: DEBUG keystone.server.flask.request_processing.req_logging [None req-cb8d6057-f9ce-465d-90e5-49cd12257c76 None admin] SCRIPT_NAME: `/identity` {{(pid=82012) log_request_info /opt/stack/keystone/keystone/server/flask/request_processing/req_logging.py:28}}
Aug 12 20:53:44.208434 n-d-830646-16 devstack@keystone.service[82012]: DEBUG keystone.server.flask.request_processing.req_logging [None req-cb8d6057-f9ce-465d-90e5-49cd12257c76 None admin] PATH_INFO: `/v3/roles/admin` {{(pid=82012) log_request_info /opt/stack/keystone/keystone/server/flask/request_processing/req_logging.py:29}}
Aug 12 20:53:44.225434 n-d-830646-16 devstack@keystone.service[82012]: DEBUG keystone.common.rbac_enforcer.enforcer [None req-cb8d6057-f9ce-465d-90e5-49cd12257c76 None admin] Extracting inferred target data resulted in "NOT FOUND (404)". {{(pid=82012) enforce_call /opt/stack/keystone/keystone/common/rbac_enforcer/enforcer.py:409}}
Aug 12 20:53:44.229921 n-d-830646-16 devstack@keystone.service[82013]: DEBUG keystone.server.flask.request_processing.middleware.auth_context [None req-8c7e0f46-c280-486f-adae-fdbfce359ce5 None admin] RBAC: auth_context: {'token': , 'domain_id': None, 'trust_id': None, 'trustor_id': None, 'trustee_id': None, 'domain_name': None, 'group_ids': [], 'user_id': 'af19da1e775e4986b56159c9331ab813', 'user_domain_id': 'default', 'system_scope': 'all', 'project_id': None, 'project_domain_id': None, 'roles': ['admin', 'member', 'reader'], 'is_admin_project': True, 'service_user_id': None, 'service_user_domain_id': None, 'service_project_id': None, 'service_project_domain_id': None, 'service_roles': []} {{(pid=82013) fill_context /opt/stack/keystone/keystone/server/flask/request_processing/middleware/auth_context.py:478}}
Aug 12 20:53:44.230565 n-d-830646-16 devstack@keystone.service[82013]: DEBUG keystone.server.flask.request_processing.req_logging [None req-8c7e0f46-c280-486f-adae-fdbfce359ce5 None admin] REQUEST_METHOD: `GET` {{(pid=82013) log_request_info /opt/stack/keystone/keystone/server/flask/request_processing/req_logging.py:27}}
Aug 12 20:53:44.230993 n-d-830646-16 devstack@keystone.service[82012]: ERROR keystone.server.flask.application [None req-cb8d6057-f9ce-465d-90e5-49cd12257c76 None admin] Could not find role: admin.: keystone.exception.RoleNotFound: Could not find role: admin.
Aug 12 20:53:44.230993 n-d-830646-16 devstack@keystone.service[82012]: ERROR keystone.server.flask.application
Traceback (most recent call last):
Aug 12 20:53:44.230993 n-d-830646-16 devstack@keystone.service[82012]: ERROR keystone.server.flask.application
File "/usr/local/lib/python3.8/dist-packages/flask/app.py", line 1820, in full_dispatch_request
Aug 12 20:53:44.230993 n-d-830646-16 devstack@keystone.service[82012]: ERROR keystone.server.flask.application rv = self.dispatch_request()
Aug 12 20:53:44.230993 n-d-830646-16 devstack@keystone.service[82012]: ERROR keystone.server.flask.application
File "/usr/local/lib/python3.8/dist-packages/flask/app.py", line 1796, in dispatch_request
Aug 12 20:53:44.230993 n-d-830646-16 devstack@keystone.service[82012]: ERROR keystone.server.flask.application return self.ensure_sync(self.view_functions[rule.endpoint])(**view_args)
Aug 12 20:53:44.230993 n-d-830646-16 devstack@keystone.service[82012]: ERROR keystone.server.flask.application
File "/usr/local/lib/python3.8/dist-packages/flask_restful/__init__.py", line 467, in wrapper
Aug 12 20:53:44.230993 n-d-830646-16 devstack@keystone.service[82012]: ERROR keystone.server.flask.application resp = resource(*args, **kwargs)
Aug 12 20:53:44.230993 n-d-830646-16 devstack@keystone.service[82012]: ERROR keystone.server.flask.application
File "/usr/local/lib/python3.8/dist-packages/flask/views.py", line 107, in view
Aug 12 20:53:44.230993 n-d-830646-16 devstack@keystone.service[82012]: ERROR keystone.server.flask.application return current_app.ensure_sync(self.dispatch_request)(**kwargs)
Aug 12 20:53:44.230993 n-d-830646-16 devstack@keystone.service[82012]: ERROR keystone.server.flask.application
File "/usr/local/lib/python3.8/dist-packages/flask_restful/__init__.py", line 582, in dispatch_request
Aug 12 20:53:44.230993 n-d-830646-16 devstack@keystone.service[82012]: ERROR keystone.server.flask.application resp = meth(*args, **kwargs)
Aug 12 20:53:44.230993 n-d-830646-16 devstack@keystone.service[82012]: ERROR keystone.server.flask.application
File "/opt/stack/keystone/keystone/api/roles.py", line 50, in get
Aug 12 20:53:44.230993 n-d-830646-16 devstack@keystone.service[82012]: ERROR keystone.server.flask.application return self._get_role(role_id)
Aug 12 20:53:44.230993 n-d-830646-16 devstack@keystone.service[82012]: ERROR keystone.server.flask.application
File "/opt/stack/keystone/keystone/api/roles.py", line 70, in _get_role
Aug 12 20:53:44.230993 n-d-830646-16 devstack@keystone.service[82012]: ERROR keystone.server.flask.application ENFORCER.enforce_call(action='identity:get_role')
Aug 12 20:53:44.231871 n-d-830646-16 devstack@keystone.service[82012]: ERROR keystone.server.flask.application
File "/opt/stack/keystone/keystone/common/rbac_enforcer/enforcer.py", line 402, in enforce_call
Aug 12 20:53:44.231871 n-d-830646-16 devstack@keystone.service[82012]: ERROR keystone.server.flask.application policy_dict.update(cls._extract_member_target_data(
Aug 12 20:53:44.231871 n-d-830646-16 devstack@keystone.service[82012]: ERROR keystone.server.flask.application
File "/opt/stack/keystone/keystone/common/rbac_enforcer/enforcer.py", line 234, in _extract_member_target_data
Aug 12 20:53:44.231871 n-d-830646-16 devstack@keystone.service[82012]: ERROR keystone.server.flask.application member_name: func(flask.request.view_args[key])
Aug 12 20:53:44.231871 n-d-830646-16 devstack@keystone.service[82012]: ERROR keystone.server.flask.application
File "/opt/stack/keystone/keystone/common/manager.py", line 115, in wrapped
Aug 12 20:53:44.231871 n-d-830646-16 devstack@keystone.service[82012]: ERROR keystone.server.flask.application __ret_val = __f(*args, **kwargs)
Aug 12 20:53:44.231871 n-d-830646-16 devstack@keystone.service[82012]: ERROR keystone.server.flask.application
File "/usr/local/lib/python3.8/dist-packages/decorator.py", line 232, in fun
Aug 12 20:53:44.231871 n-d-830646-16 devstack@keystone.service[82012]: ERROR keystone.server.flask.application return caller(func, *(extras + args), **kw)
Aug 12 20:53:44.231871 n-d-830646-16 devstack@keystone.service[82012]: ERROR keystone.server.flask.application
File "/usr/local/lib/python3.8/dist-packages/dogpile/cache/region.py", line 1577, in get_or_create_for_user_func
Aug 12 20:53:44.231871 n-d-830646-16 devstack@keystone.service[82012]: ERROR keystone.server.flask.application return self.get_or_create(
Aug 12 20:53:44.231871 n-d-830646-16 devstack@keystone.service[82012]: ERROR keystone.server.flask.application
File "/usr/local/lib/python3.8/dist-packages/dogpile/cache/region.py", line 1042, in get_or_create
Aug 12 20:53:44.231871 n-d-830646-16 devstack@keystone.service[82012]: ERROR keystone.server.flask.application with Lock(
Aug 12 20:53:44.231871 n-d-830646-16 devstack@keystone.service[82012]: ERROR keystone.server.flask.application
File "/usr/local/lib/python3.8/dist-packages/dogpile/lock.py", line 185, in __enter__
Aug 12 20:53:44.231871 n-d-830646-16 devstack@keystone.service[82012]: ERROR keystone.server.flask.application return self._enter()
Aug 12 20:53:44.231871 n-d-830646-16 devstack@keystone.service[82012]: ERROR keystone.server.flask.application
File "/usr/local/lib/python3.8/dist-packages/dogpile/lock.py", line 94, in _enter
Aug 12 20:53:44.231871 n-d-830646-16 devstack@keystone.service[82012]: ERROR keystone.server.flask.application generated = self._enter_create(value, createdtime)
Aug 12 20:53:44.232672 n-d-830646-16 devstack@keystone.service[82012]: ERROR keystone.server.flask.application
File "/usr/local/lib/python3.8/dist-packages/dogpile/lock.py", line 178, in _enter_create
Aug 12 20:53:44.232672 n-d-830646-16 devstack@keystone.service[82012]: ERROR keystone.server.flask.application return self.creator()
Aug 12 20:53:44.232672 n-d-830646-16 devstack@keystone.service[82012]: ERROR keystone.server.flask.application
File "/usr/local/lib/python3.8/dist-packages/dogpile/cache/region.py", line 995, in gen_value
Aug 12 20:53:44.232672 n-d-830646-16 devstack@keystone.service[82012]: ERROR keystone.server.flask.application created_value = creator(
Aug 12 20:53:44.232672 n-d-830646-16 devstack@keystone.service[82012]: ERROR keystone.server.flask.application
File "/opt/stack/keystone/keystone/assignment/core.py", line 1276, in get_role
Aug 12 20:53:44.232672 n-d-830646-16 devstack@keystone.service[82012]: ERROR keystone.server.flask.application return self.driver.get_role(role_id)
Aug 12 20:53:44.232672 n-d-830646-16 devstack@keystone.service[82012]: ERROR keystone.server.flask.application
File "/opt/stack/keystone/keystone/assignment/role_backends/sql.py", line 70, in get_role
Aug 12 20:53:44.232672 n-d-830646-16 devstack@keystone.service[82012]: ERROR keystone.server.flask.application return self._get_role(session, role_id).to_dict()
Aug 12 20:53:44.232672 n-d-830646-16 devstack@keystone.service[82012]: ERROR keystone.server.flask.application
File "/opt/stack/keystone/keystone/assignment/role_backends/sql.py", line 65, in _get_role
Aug 12 20:53:44.232672 n-d-830646-16 devstack@keystone.service[82012]: ERROR keystone.server.flask.application raise exception.RoleNotFound(role_id=role_id)
Aug 12 20:53:44.232672 n-d-830646-16 devstack@keystone.service[82012]: ERROR keystone.server.flask.application keystone.exception.RoleNotFound: Could not find role: admin.
Aug 12 20:53:44.232672 n-d-830646-16 devstack@keystone.service[82012]: ERROR keystone.server.flask.application
Aug 12 20:53:44.233262 n-d-830646-16 devstack@keystone.service[82013]: DEBUG keystone.server.flask.request_processing.req_logging [None req-8c7e0f46-c280-486f-adae-fdbfce359ce5 None admin] SCRIPT_NAME: `/identity` {{(pid=82013) log_request_info /opt/stack/keystone/keystone/server/flask/request_processing/req_logging.py:28}}
Aug 12 20:53:44.233262 n-d-830646-16 devstack@keystone.service[82013]: DEBUG keystone.server.flask.request_processing.req_logging [None req-8c7e0f46-c280-486f-adae-fdbfce359ce5 None admin] PATH_INFO: `/v3/projects/7d960557fe8744dc84bd7b181a2046be` {{(pid=82013) log_request_info /opt/stack/keystone/keystone/server/flask/request_processing/req_logging.py:29}}
Aug 12 20:53:44.233431 n-d-830646-16 devstack@keystone.service[82012]: [pid: 82012|app: 0|req: 92/183] 10.222.0.15 () {56 vars in 1096 bytes} [Fri Aug 12 20:53:44 2022] GET /identity/v3/roles/admin => generated 83 bytes in 193 msecs (HTTP/1.1 404) 5 headers in 183 bytes (1 switches on core 0)
Aug 12 20:53:44.234020 n-d-830646-16 devstack@keystone.service[82012]: DEBUG keystone.server.flask.request_processing.req_logging [None req-a3983592-8ade-47b4-87b9-c4bf48c8715f None None] REQUEST_METHOD: `GET` {{(pid=82012) log_request_info /opt/stack/keystone/keystone/server/flask/request_processing/req_logging.py:27}}
Aug 12 20:53:44.234273 n-d-830646-16 devstack@keystone.service[82012]: DEBUG keystone.server.flask.request_processing.req_logging [None req-a3983592-8ade-47b4-87b9-c4bf48c8715f None None] SCRIPT_NAME: `/identity` {{(pid=82012) log_request_info /opt/stack/keystone/keystone/server/flask/request_processing/req_logging.py:28}}
Aug 12 20:53:44.234543 n-d-830646-16 devstack@keystone.service[82012]: DEBUG keystone.server.flask.request_processing.req_logging [None req-a3983592-8ade-47b4-87b9-c4bf48c8715f None None] PATH_INFO: `/` {{(pid=82012) log_request_info /opt/stack/keystone/keystone/server/flask/request_processing/req_logging.py:29}}
Aug 12 20:53:44.235369 n-d-830646-16 devstack@keystone.service[82013]: DEBUG keystone.common.rbac_enforcer.enforcer [None req-8c7e0f46-c280-486f-adae-fdbfce359ce5 None admin] RBAC: Authorizing `identity:get_project(project_id=7d960557fe8744dc84bd7b181a2046be)` {{(pid=82013) enforce_call /opt/stack/keystone/keystone/common/rbac_enforcer/enforcer.py:449}}
Aug 12 20:53:44.235783 n-d-830646-16 devstack@keystone.service[82012]: [pid: 82012|app: 0|req: 93/184] 10.222.0.15 () {54 vars in 927 bytes} [Fri Aug 12 20:53:44 2022] GET /identity => generated 270 bytes in 3 msecs (HTTP/1.1 300) 6 headers in 234 bytes (1 switches on core 0)
Aug 12 20:53:44.236804 n-d-830646-16 devstack@keystone.service[82012]: DEBUG keystone.server.flask.request_processing.req_logging [None req-f34262fa-f2b4-46d2-aa27-45d1d5732aca None None] REQUEST_METHOD: `GET` {{(pid=82012) log_request_info /opt/stack/keystone/keystone/server/flask/request_processing/req_logging.py:27}}
Aug 12 20:53:44.237085 n-d-830646-16 devstack@keystone.service[82012]: DEBUG keystone.server.flask.request_processing.req_logging [None req-f34262fa-f2b4-46d2-aa27-45d1d5732aca None None] SCRIPT_NAME: `/identity` {{(pid=82012) log_request_info /opt/stack/keystone/keystone/server/flask/request_processing/req_logging.py:28}}
Aug 12 20:53:44.237355 n-d-830646-16 devstack@keystone.service[82012]: DEBUG keystone.server.flask.request_processing.req_logging [None req-f34262fa-f2b4-46d2-aa27-45d1d5732aca None None] PATH_INFO: `/` {{(pid=82012) log_request_info /opt/stack/keystone/keystone/server/flask/request_processing/req_logging.py:29}}
Aug 12 20:53:44.238169 n-d-830646-16 devstack@keystone.service[82013]: DEBUG keystone.common.rbac_enforcer.enforcer [None req-8c7e0f46-c280-486f-adae-fdbfce359ce5 None admin] RBAC: Authorization granted {{(pid=82013) enforce_call /opt/stack/keystone/keystone/common/rbac_enforcer/enforcer.py:457}}
Aug 12 20:53:44.238537 n-d-830646-16 devstack@keystone.service[82012]: [pid: 82012|app: 0|req: 94/185] 10.222.0.15 () {54 vars in 927 bytes} [Fri Aug 12 20:53:44 2022] GET /identity => generated 270 bytes in 2 msecs (HTTP/1.1 300) 6 headers in 234 bytes (1 switches on core 0)
Aug 12 20:53:44.242702 n-d-830646-16 devstack@keystone.service[82012]: DEBUG keystone.server.flask.request_processing.middleware.auth_context [None req-f34262fa-f2b4-46d2-aa27-45d1d5732aca None None] Authenticating user token {{(pid=82012) process_request /usr/local/lib/python3.8/dist-packages/keystonemiddleware/auth_token/__init__.py:407}}
