Jun 02 12:51:26.570177 n-d-830646-10 devstack@placement-api.service[117311]: DEBUG placement.requestlog [req-f70f5874-a1fb-4b63-9e9c-a2a6239feb42 req-a16c0aba-3905-4687-b7e7-981cdd1d024e None None] Starting request: 10.222.0.42 "GET /placement/resource_providers/b080eae5-ffb4-4b96-a7ec-2a52c88b1f1e/allocations" {{(pid=117311) __call__ /opt/stack/placement/placement/requestlog.py:55}}
Jun 02 12:51:26.605849 n-d-830646-10 devstack@placement-api.service[117311]: INFO placement.requestlog [req-f70f5874-a1fb-4b63-9e9c-a2a6239feb42 req-a16c0aba-3905-4687-b7e7-981cdd1d024e service placement] 10.222.0.42 "GET /placement/resource_providers/b080eae5-ffb4-4b96-a7ec-2a52c88b1f1e/allocations" status: 200 len: 644 microversion: 1.0
Jun 02 12:51:26.606836 n-d-830646-10 devstack@placement-api.service[117311]: [pid: 117311|app: 0|req: 118/245] 10.222.0.42 () {58 vars in 1390 bytes} [Thu Jun 2 12:51:26 2022] GET /placement/resource_providers/b080eae5-ffb4-4b96-a7ec-2a52c88b1f1e/allocations => generated 644 bytes in 37 msecs (HTTP/1.1 200) 6 headers in 224 bytes (1 switches on core 0)
Jun 02 12:51:27.460590 n-d-830646-10 devstack@placement-api.service[117310]: DEBUG placement.requestlog [req-1e1958f8-8aa0-4ab4-96e0-fb19e4b606c0 req-2779072a-5257-4655-a24e-67029094519d None None] Starting request: 10.222.0.42 "GET /placement/allocations/c48a3ae7-9692-4e21-941d-6952346b3e4a" {{(pid=117310) __call__ /opt/stack/placement/placement/requestlog.py:55}}
Jun 02 12:51:27.493997 n-d-830646-10 devstack@placement-api.service[117310]: INFO placement.requestlog [req-1e1958f8-8aa0-4ab4-96e0-fb19e4b606c0 req-2779072a-5257-4655-a24e-67029094519d service placement] 10.222.0.42 "GET /placement/allocations/c48a3ae7-9692-4e21-941d-6952346b3e4a" status: 200 len: 259 microversion: 1.28
Jun 02 12:51:27.497037 n-d-830646-10 devstack@placement-api.service[117310]: [pid: 117310|app: 0|req: 128/246] 10.222.0.42 () {60 vars in 1377 bytes} [Thu Jun 2 12:51:27 2022] GET /placement/allocations/c48a3ae7-9692-4e21-941d-6952346b3e4a => generated 259 bytes in 37 msecs (HTTP/1.1 200) 8 headers in 296 bytes (1 switches on core 0)
Jun 02 12:51:30.175426 n-d-830646-10 devstack@placement-api.service[117311]: DEBUG placement.requestlog [req-d96b689c-059e-4f66-9793-6d491bacc862 req-04a923bf-68bd-4895-93c9-cd25bef10d06 None None] Starting request: 10.222.0.42 "GET /placement/resource_providers/b080eae5-ffb4-4b96-a7ec-2a52c88b1f1e/allocations" {{(pid=117311) __call__ /opt/stack/placement/placement/requestlog.py:55}}
Jun 02 12:51:30.214979 n-d-830646-10 devstack@placement-api.service[117311]: INFO placement.requestlog [req-d96b689c-059e-4f66-9793-6d491bacc862 req-04a923bf-68bd-4895-93c9-cd25bef10d06 service placement] 10.222.0.42 "GET /placement/resource_providers/b080eae5-ffb4-4b96-a7ec-2a52c88b1f1e/allocations" status: 200 len: 644 microversion: 1.0
Jun 02 12:51:30.216869 n-d-830646-10 devstack@placement-api.service[117311]: [pid: 117311|app: 0|req: 119/247] 10.222.0.42 () {58 vars in 1390 bytes} [Thu Jun 2 12:51:30 2022] GET /placement/resource_providers/b080eae5-ffb4-4b96-a7ec-2a52c88b1f1e/allocations => generated 644 bytes in 41 msecs (HTTP/1.1 200) 6 headers in 224 bytes (1 switches on core 0)
Jun 02 12:51:30.732970 n-d-830646-10 devstack@placement-api.service[117310]: DEBUG placement.requestlog [req-d96b689c-059e-4f66-9793-6d491bacc862 req-773eea34-c12d-4e4c-821e-343d848b318e None None] Starting request: 10.222.0.42 "GET /placement/allocations/7698af63-d176-4f51-a118-91c4b2a847d5" {{(pid=117310) __call__ /opt/stack/placement/placement/requestlog.py:55}}
Jun 02 12:51:30.761442 n-d-830646-10 devstack@placement-api.service[117310]: INFO placement.requestlog [req-d96b689c-059e-4f66-9793-6d491bacc862 req-773eea34-c12d-4e4c-821e-343d848b318e service placement] 10.222.0.42 "GET /placement/allocations/7698af63-d176-4f51-a118-91c4b2a847d5" status: 200 len: 259 microversion: 1.28
Jun 02 12:51:30.764172 n-d-830646-10 devstack@placement-api.service[117310]: [pid: 117310|app: 0|req: 129/248] 10.222.0.42 () {60 vars in 1377 bytes} [Thu Jun 2 12:51:30 2022] GET /placement/allocations/7698af63-d176-4f51-a118-91c4b2a847d5 => generated 259 bytes in 31 msecs (HTTP/1.1 200) 8 headers in 296 bytes (1 switches on core 0)
Jun 02 12:51:30.790921 n-d-830646-10 devstack@placement-api.service[117311]: DEBUG placement.requestlog [req-d96b689c-059e-4f66-9793-6d491bacc862 req-234b5a33-bdb3-4437-92de-3eca8fd6e9d6 None None] Starting request: 10.222.0.42 "PUT /placement/allocations/7698af63-d176-4f51-a118-91c4b2a847d5" {{(pid=117311) __call__ /opt/stack/placement/placement/requestlog.py:55}}
Jun 02 12:51:30.915406 n-d-830646-10 devstack@placement-api.service[117311]: DEBUG placement.handlers.allocation [req-d96b689c-059e-4f66-9793-6d491bacc862 req-234b5a33-bdb3-4437-92de-3eca8fd6e9d6 service placement] Successfully wrote allocations [, , ] {{(pid=117311) _update_consumers_and_create_allocations /opt/stack/placement/placement/handlers/allocation.py:462}}
Jun 02 12:51:30.978427 n-d-830646-10 devstack@placement-api.service[117311]: INFO placement.requestlog [req-d96b689c-059e-4f66-9793-6d491bacc862 req-234b5a33-bdb3-4437-92de-3eca8fd6e9d6 service placement] 10.222.0.42 "PUT /placement/allocations/7698af63-d176-4f51-a118-91c4b2a847d5" status: 204 len: 0 microversion: 1.28
Jun 02 12:51:30.980013 n-d-830646-10 devstack@placement-api.service[117311]: [pid: 117311|app: 0|req: 120/249] 10.222.0.42 () {64 vars in 1430 bytes} [Thu Jun 2 12:51:30 2022] PUT /placement/allocations/7698af63-d176-4f51-a118-91c4b2a847d5 => generated 0 bytes in 190 msecs (HTTP/1.1 204) 5 headers in 199 bytes (1 switches on core 0)
Jun 02 12:51:40.756520 n-d-830646-10 devstack@placement-api.service[117310]: DEBUG dbcounter [-] [117310] Writing DB stats placement:SELECT=56,placement:DELETE=4,placement:UPDATE=4,placement:INSERT=4 {{(pid=117310) stat_writer /usr/local/lib/python3.8/dist-packages/dbcounter.py:114}}
Jun 02 12:51:40.914967 n-d-830646-10 devstack@placement-api.service[117311]: DEBUG dbcounter [-] [117311] Writing DB stats placement:SELECT=68,placement:INSERT=6,placement:DELETE=4,placement:UPDATE=4 {{(pid=117311) stat_writer /usr/local/lib/python3.8/dist-packages/dbcounter.py:114}}
Jun 02 12:51:46.079913 n-d-830646-10 devstack@placement-api.service[117310]: DEBUG placement.requestlog [None req-89bc0c7c-88a3-4c0b-bdb7-25a91b33769a None None] Starting request: 10.222.0.40 "GET /placement/resource_providers/4cf34554-25f9-4ab9-8ad1-b2a79c33a8f2/aggregates" {{(pid=117310) __call__ /opt/stack/placement/placement/requestlog.py:55}}
Jun 02 12:51:46.092235 n-d-830646-10 devstack@placement-api.service[117310]: INFO placement.requestlog [None req-89bc0c7c-88a3-4c0b-bdb7-25a91b33769a service placement] 10.222.0.40 "GET /placement/resource_providers/4cf34554-25f9-4ab9-8ad1-b2a79c33a8f2/aggregates" status: 404 len: 235 microversion: 1.1
Jun 02 12:51:46.093148 n-d-830646-10 devstack@placement-api.service[117310]: [pid: 117310|app: 0|req: 130/250] 10.222.0.40 () {58 vars in 1362 bytes} [Thu Jun 2 12:51:46 2022] GET /placement/resource_providers/4cf34554-25f9-4ab9-8ad1-b2a79c33a8f2/aggregates => generated 235 bytes in 14 msecs (HTTP/1.1 404) 5 headers in 202 bytes (1 switches on core 0)
Jun 02 12:51:46.151929 n-d-830646-10 devstack@placement-api.service[117311]: DEBUG placement.requestlog [None req-5629b453-329d-43f6-a2bb-30effd6f7117 None None] Starting request: 10.222.0.40 "DELETE /placement/resource_providers/4cf34554-25f9-4ab9-8ad1-b2a79c33a8f2" {{(pid=117311) __call__ /opt/stack/placement/placement/requestlog.py:55}}
Jun 02 12:51:46.170473 n-d-830646-10 devstack@placement-api.service[117311]: DEBUG placement.wsgi_wrapper [None req-5629b453-329d-43f6-a2bb-30effd6f7117 service placement] Placement API returning an error response: No resource provider with uuid 4cf34554-25f9-4ab9-8ad1-b2a79c33a8f2 found for delete {{(pid=117311) call_func /opt/stack/placement/placement/wsgi_wrapper.py:31}}
Jun 02 12:51:46.171987 n-d-830646-10 devstack@placement-api.service[117311]: INFO placement.requestlog [None req-5629b453-329d-43f6-a2bb-30effd6f7117 service placement] 10.222.0.40 "DELETE /placement/resource_providers/4cf34554-25f9-4ab9-8ad1-b2a79c33a8f2" status: 404 len: 246 microversion: 1.1
Jun 02 12:51:46.175624 n-d-830646-10 devstack@placement-api.service[117311]: [pid: 117311|app: 0|req: 121/251] 10.222.0.40 () {60 vars in 1351 bytes} [Thu Jun 2 12:51:46 2022] DELETE /placement/resource_providers/4cf34554-25f9-4ab9-8ad1-b2a79c33a8f2 => generated 246 bytes in 22 msecs (HTTP/1.1 404) 6 headers in 231 bytes (1 switches on core 0)
Jun 02 12:51:49.150852 n-d-830646-10 devstack@placement-api.service[117310]: DEBUG placement.requestlog [None req-70a275df-446e-422f-bf44-65c44c618805 None None] Starting request: 10.222.0.40 "GET /placement/" {{(pid=117310) __call__ /opt/stack/placement/placement/requestlog.py:55}}
Jun 02 12:51:49.151829 n-d-830646-10 devstack@placement-api.service[117310]: INFO placement.requestlog [None req-70a275df-446e-422f-bf44-65c44c618805 None None] 10.222.0.40 "GET /placement/" status: 200 len: 136 microversion: 1.0
Jun 02 12:51:49.152660 n-d-830646-10 devstack@placement-api.service[117310]: [pid: 117310|app: 0|req: 131/252] 10.222.0.40 () {54 vars in 916 bytes} [Thu Jun 2 12:51:49 2022] GET /placement => generated 136 bytes in 2 msecs (HTTP/1.1 200) 6 headers in 224 bytes (1 switches on core 0)
Jun 02 12:51:49.167504 n-d-830646-10 devstack@placement-api.service[117311]: DEBUG placement.requestlog [req-854d4c5e-fb15-4486-a46e-cb9d1bff2210 req-d5fc67a3-3fb4-4200-8c43-1c5158555417 None None] Starting request: 10.222.0.40 "GET /placement/allocations/3a4ff348-fbc2-4b76-97cd-52bb3d10f3bc" {{(pid=117311) __call__ /opt/stack/placement/placement/requestlog.py:55}}
Jun 02 12:51:49.463776 n-d-830646-10 devstack@placement-api.service[117311]: INFO placement.requestlog [req-854d4c5e-fb15-4486-a46e-cb9d1bff2210 req-d5fc67a3-3fb4-4200-8c43-1c5158555417 service placement] 10.222.0.40 "GET /placement/allocations/3a4ff348-fbc2-4b76-97cd-52bb3d10f3bc" status: 200 len: 259 microversion: 1.28
Jun 02 12:51:49.465819 n-d-830646-10 devstack@placement-api.service[117311]: [pid: 117311|app: 0|req: 122/253] 10.222.0.40 () {60 vars in 1380 bytes} [Thu Jun 2 12:51:49 2022] GET /placement/allocations/3a4ff348-fbc2-4b76-97cd-52bb3d10f3bc => generated 259 bytes in 304 msecs (HTTP/1.1 200) 8 headers in 296 bytes (1 switches on core 0)
Jun 02 12:51:49.474414 n-d-830646-10 devstack@placement-api.service[117310]: DEBUG placement.requestlog [req-854d4c5e-fb15-4486-a46e-cb9d1bff2210 req-480334dd-44af-46f1-9a68-ee16d413e113 None None] Starting request: 10.222.0.40 "GET /placement/allocations/3a4ff348-fbc2-4b76-97cd-52bb3d10f3bc" {{(pid=117310) __call__ /opt/stack/placement/placement/requestlog.py:55}}
Jun 02 12:51:49.523414 n-d-830646-10 devstack@placement-api.service[117310]: INFO placement.requestlog [req-854d4c5e-fb15-4486-a46e-cb9d1bff2210 req-480334dd-44af-46f1-9a68-ee16d413e113 service placement] 10.222.0.40 "GET /placement/allocations/3a4ff348-fbc2-4b76-97cd-52bb3d10f3bc" status: 200 len: 259 microversion: 1.28
Jun 02 12:51:49.532916 n-d-830646-10 devstack@placement-api.service[117311]: DEBUG placement.requestlog [req-854d4c5e-fb15-4486-a46e-cb9d1bff2210 req-fea933ce-fdb8-4087-a8b7-b9cf2afd5e4e None None] Starting request: 10.222.0.40 "GET /placement/allocations/e9cd2254-c33f-4fe6-9946-56e556392137" {{(pid=117311) __call__ /opt/stack/placement/placement/requestlog.py:55}}
Jun 02 12:51:49.533158 n-d-830646-10 devstack@placement-api.service[117310]: [pid: 117310|app: 0|req: 132/254] 10.222.0.40 () {60 vars in 1380 bytes} [Thu Jun 2 12:51:49 2022] GET /placement/allocations/3a4ff348-fbc2-4b76-97cd-52bb3d10f3bc => generated 259 bytes in 58 msecs (HTTP/1.1 200) 8 headers in 296 bytes (1 switches on core 0)
Jun 02 12:51:49.550071 n-d-830646-10 devstack@placement-api.service[117311]: INFO placement.requestlog [req-854d4c5e-fb15-4486-a46e-cb9d1bff2210 req-fea933ce-fdb8-4087-a8b7-b9cf2afd5e4e service placement] 10.222.0.40 "GET /placement/allocations/e9cd2254-c33f-4fe6-9946-56e556392137" status: 200 len: 19 microversion: 1.28
Jun 02 12:51:49.550676 n-d-830646-10 devstack@placement-api.service[117311]: [pid: 117311|app: 0|req: 123/255] 10.222.0.40 () {60 vars in 1380 bytes} [Thu Jun 2 12:51:49 2022] GET /placement/allocations/e9cd2254-c33f-4fe6-9946-56e556392137 => generated 19 bytes in 18 msecs (HTTP/1.1 200) 8 headers in 295 bytes (1 switches on core 0)
Jun 02 12:51:49.557934 n-d-830646-10 devstack@placement-api.service[117310]: DEBUG placement.requestlog [req-854d4c5e-fb15-4486-a46e-cb9d1bff2210 req-d0d47dca-2a65-44f7-9889-1b2f8f7a96d3 None None] Starting request: 10.222.0.40 "POST /placement/allocations" {{(pid=117310) __call__ /opt/stack/placement/placement/requestlog.py:55}}
Jun 02 12:51:49.785853 n-d-830646-10 devstack@placement-api.service[117310]: DEBUG placement.handlers.allocation [req-854d4c5e-fb15-4486-a46e-cb9d1bff2210 req-d0d47dca-2a65-44f7-9889-1b2f8f7a96d3 service placement] Successfully wrote allocations [, , , , , ] {{(pid=117310) _update_consumers_and_create_allocations /opt/stack/placement/placement/handlers/allocation.py:572}}
Jun 02 12:51:49.850919 n-d-830646-10 devstack@placement-api.service[117310]: INFO placement.requestlog [req-854d4c5e-fb15-4486-a46e-cb9d1bff2210 req-d0d47dca-2a65-44f7-9889-1b2f8f7a96d3 service placement] 10.222.0.40 "POST /placement/allocations" status: 204 len: 0 microversion: 1.28
Jun 02 12:51:49.856816 n-d-830646-10 devstack@placement-api.service[117310]: [pid: 117310|app: 0|req: 133/256] 10.222.0.40 () {64 vars in 1323 bytes} [Thu Jun 2 12:51:49 2022] POST /placement/allocations => generated 0 bytes in 294 msecs (HTTP/1.1 204) 5 headers in 199 bytes (1 switches on core 0)
Jun 02 12:51:49.962491 n-d-830646-10 devstack@placement-api.service[117311]: DEBUG placement.requestlog [req-405f0bbb-4899-446b-b39f-272dfd88afff req-fe83a4e0-5173-46ef-9fbd-501a22946d2f None None] Starting request: 10.222.0.20 "DELETE /placement/allocations/4321e7bf-ef9b-467a-b913-9c3617d293b2" {{(pid=117311) __call__ /opt/stack/placement/placement/requestlog.py:55}}
Jun 02 12:51:50.085459 n-d-830646-10 devstack@placement-api.service[117310]: DEBUG placement.requestlog [req-854d4c5e-fb15-4486-a46e-cb9d1bff2210 req-612a7ccb-b700-432f-bc91-8261225d9379 None None] Starting request: 10.222.0.40 "GET /placement/allocation_candidates?limit=1000&resources=DISK_GB%3A1%2CMEMORY_MB%3A512%2CVCPU%3A1&root_required=%21COMPUTE_STATUS_DISABLED" {{(pid=117310) __call__ /opt/stack/placement/placement/requestlog.py:55}}
Jun 02 12:51:50.172795 n-d-830646-10 devstack@placement-api.service[117311]: DEBUG placement.handlers.allocation [req-405f0bbb-4899-446b-b39f-272dfd88afff req-fe83a4e0-5173-46ef-9fbd-501a22946d2f service placement] Successfully deleted allocations [, , ] {{(pid=117311) delete_allocations /opt/stack/placement/placement/handlers/allocation.py:627}}
Jun 02 12:51:50.173505 n-d-830646-10 devstack@placement-api.service[117311]: INFO placement.requestlog [req-405f0bbb-4899-446b-b39f-272dfd88afff req-fe83a4e0-5173-46ef-9fbd-501a22946d2f service placement] 10.222.0.20 "DELETE /placement/allocations/4321e7bf-ef9b-467a-b913-9c3617d293b2" status: 204 len: 0 microversion: 1.0
Jun 02 12:51:50.173891 n-d-830646-10 devstack@placement-api.service[117311]: [pid: 117311|app: 0|req: 124/257] 10.222.0.20 () {60 vars in 1355 bytes} [Thu Jun 2 12:51:49 2022] DELETE /placement/allocations/4321e7bf-ef9b-467a-b913-9c3617d293b2 => generated 0 bytes in 212 msecs (HTTP/1.1 204) 5 headers in 198 bytes (1 switches on core 0)
Jun 02 12:51:50.227209 n-d-830646-10 devstack@placement-api.service[117310]: DEBUG placement.objects.research_context [req-854d4c5e-fb15-4486-a46e-cb9d1bff2210 req-612a7ccb-b700-432f-bc91-8261225d9379 service placement] getting providers with 1 DISK_GB {{(pid=117310) __init__ /opt/stack/placement/placement/objects/research_context.py:136}}
Jun 02 12:51:50.246659 n-d-830646-10 devstack@placement-api.service[117310]: DEBUG placement.objects.research_context [req-854d4c5e-fb15-4486-a46e-cb9d1bff2210 req-612a7ccb-b700-432f-bc91-8261225d9379 service placement] getting providers with 512 MEMORY_MB {{(pid=117310) __init__ /opt/stack/placement/placement/objects/research_context.py:136}}
Jun 02 12:51:50.272962 n-d-830646-10 devstack@placement-api.service[117310]: DEBUG placement.objects.research_context [req-854d4c5e-fb15-4486-a46e-cb9d1bff2210 req-612a7ccb-b700-432f-bc91-8261225d9379 service placement] getting providers with 1 VCPU {{(pid=117310) __init__ /opt/stack/placement/placement/objects/research_context.py:136}}
Jun 02 12:51:50.299125 n-d-830646-10 devstack@placement-api.service[117310]: DEBUG placement.objects.research_context [req-854d4c5e-fb15-4486-a46e-cb9d1bff2210 req-612a7ccb-b700-432f-bc91-8261225d9379 service placement] found 2 providers with available 1 DISK_GB {{(pid=117310) get_provider_ids_matching /opt/stack/placement/placement/objects/research_context.py:563}}
Jun 02 12:51:50.299710 n-d-830646-10 devstack@placement-api.service[117310]: DEBUG placement.objects.research_context [req-854d4c5e-fb15-4486-a46e-cb9d1bff2210 req-612a7ccb-b700-432f-bc91-8261225d9379 service placement] found 2 providers with available 512 MEMORY_MB {{(pid=117310) get_provider_ids_matching /opt/stack/placement/placement/objects/research_context.py:563}}
Jun 02 12:51:50.300214 n-d-830646-10 devstack@placement-api.service[117310]: DEBUG placement.objects.research_context [req-854d4c5e-fb15-4486-a46e-cb9d1bff2210 req-612a7ccb-b700-432f-bc91-8261225d9379 service placement] found 2 providers after filtering by previous result {{(pid=117310) get_provider_ids_matching /opt/stack/placement/placement/objects/research_context.py:594}}
Jun 02 12:51:50.300660 n-d-830646-10 devstack@placement-api.service[117310]: DEBUG placement.objects.research_context [req-854d4c5e-fb15-4486-a46e-cb9d1bff2210 req-612a7ccb-b700-432f-bc91-8261225d9379 service placement] found 2 providers with available 1 VCPU {{(pid=117310) get_provider_ids_matching /opt/stack/placement/placement/objects/research_context.py:563}}
Jun 02 12:51:50.301119 n-d-830646-10 devstack@placement-api.service[117310]: DEBUG placement.objects.research_context [req-854d4c5e-fb15-4486-a46e-cb9d1bff2210 req-612a7ccb-b700-432f-bc91-8261225d9379 service placement] found 2 providers after filtering by previous result {{(pid=117310) get_provider_ids_matching /opt/stack/placement/placement/objects/research_context.py:594}}
Jun 02 12:51:50.337212 n-d-830646-10 devstack@placement-api.service[117310]: DEBUG placement.objects.allocation_candidate [req-854d4c5e-fb15-4486-a46e-cb9d1bff2210 req-612a7ccb-b700-432f-bc91-8261225d9379 service placement] RequestGroup(use_same_provider=False, resources={DISK_GB:1, MEMORY_MB:512, VCPU:1}, traits=(), aggregates=[]) (suffix '') returned 2 matches {{(pid=117310) _get_by_requests /opt/stack/placement/placement/objects/allocation_candidate.py:156}}
Jun 02 12:51:50.337212 n-d-830646-10 devstack@placement-api.service[117310]: DEBUG placement.objects.allocation_candidate [req-854d4c5e-fb15-4486-a46e-cb9d1bff2210 req-612a7ccb-b700-432f-bc91-8261225d9379 service placement] Merging candidates yields 2 allocation requests and 2 provider summaries {{(pid=117310) _merge_candidates /opt/stack/placement/placement/objects/allocation_candidate.py:809}}
Jun 02 12:51:50.338030 n-d-830646-10 devstack@placement-api.service[117310]: INFO placement.requestlog [req-854d4c5e-fb15-4486-a46e-cb9d1bff2210 req-612a7ccb-b700-432f-bc91-8261225d9379 service placement] 10.222.0.40 "GET /placement/allocation_candidates?limit=1000&resources=DISK_GB%3A1%2CMEMORY_MB%3A512%2CVCPU%3A1&root_required=%21COMPUTE_STATUS_DISABLED" status: 200 len: 1307 microversion: 1.36
Jun 02 12:51:50.338839 n-d-830646-10 devstack@placement-api.service[117310]: [pid: 117310|app: 0|req: 134/258] 10.222.0.40 () {60 vars in 1504 bytes} [Thu Jun 2 12:51:50 2022] GET /placement/allocation_candidates?limit=1000&resources=DISK_GB%3A1%2CMEMORY_MB%3A512%2CVCPU%3A1&root_required=%21COMPUTE_STATUS_DISABLED => generated 1307 bytes in 253 msecs (HTTP/1.1 200) 8 headers in 297 bytes (1 switches on core 0)
Jun 02 12:51:50.458162 n-d-830646-10 devstack@placement-api.service[117311]: DEBUG placement.requestlog [req-854d4c5e-fb15-4486-a46e-cb9d1bff2210 req-3d3340bd-afe9-4291-b3ca-f88dc0a691f2 None None] Starting request: 10.222.0.40 "GET /placement/allocations/3a4ff348-fbc2-4b76-97cd-52bb3d10f3bc" {{(pid=117311) __call__ /opt/stack/placement/placement/requestlog.py:55}}
Jun 02 12:51:50.473461 n-d-830646-10 devstack@placement-api.service[117311]: INFO placement.requestlog [req-854d4c5e-fb15-4486-a46e-cb9d1bff2210 req-3d3340bd-afe9-4291-b3ca-f88dc0a691f2 service placement] 10.222.0.40 "GET /placement/allocations/3a4ff348-fbc2-4b76-97cd-52bb3d10f3bc" status: 200 len: 19 microversion: 1.28
Jun 02 12:51:50.482683 n-d-830646-10 devstack@placement-api.service[117310]: DEBUG placement.requestlog [req-854d4c5e-fb15-4486-a46e-cb9d1bff2210 req-00d6a431-819a-489b-bbd7-fcd066882e26 None None] Starting request: 10.222.0.40 "PUT /placement/allocations/3a4ff348-fbc2-4b76-97cd-52bb3d10f3bc" {{(pid=117310) __call__ /opt/stack/placement/placement/requestlog.py:55}}
Jun 02 12:51:50.494402 n-d-830646-10 devstack@placement-api.service[117311]: [pid: 117311|app: 0|req: 125/259] 10.222.0.40 () {60 vars in 1380 bytes} [Thu Jun 2 12:51:50 2022] GET /placement/allocations/3a4ff348-fbc2-4b76-97cd-52bb3d10f3bc => generated 19 bytes in 36 msecs (HTTP/1.1 200) 8 headers in 295 bytes (1 switches on core 0)
Jun 02 12:51:50.715423 n-d-830646-10 devstack@placement-api.service[117310]: DEBUG placement.handlers.allocation [req-854d4c5e-fb15-4486-a46e-cb9d1bff2210 req-00d6a431-819a-489b-bbd7-fcd066882e26 service placement] Successfully wrote allocations [, , ] {{(pid=117310) _update_consumers_and_create_allocations /opt/stack/placement/placement/handlers/allocation.py:462}}
Jun 02 12:51:50.830276 n-d-830646-10 devstack@placement-api.service[117310]: INFO placement.requestlog [req-854d4c5e-fb15-4486-a46e-cb9d1bff2210 req-00d6a431-819a-489b-bbd7-fcd066882e26 service placement] 10.222.0.40 "PUT /placement/allocations/3a4ff348-fbc2-4b76-97cd-52bb3d10f3bc" status: 204 len: 0 microversion: 1.36
Jun 02 12:51:50.832519 n-d-830646-10 devstack@placement-api.service[117310]: [pid: 117310|app: 0|req: 135/260] 10.222.0.40 () {64 vars in 1433 bytes} [Thu Jun 2 12:51:50 2022] PUT /placement/allocations/3a4ff348-fbc2-4b76-97cd-52bb3d10f3bc => generated 0 bytes in 350 msecs (HTTP/1.1 204) 5 headers in 199 bytes (2 switches on core 0)
Jun 02 12:51:51.235356 n-d-830646-10 devstack@placement-api.service[117311]: DEBUG placement.requestlog [req-854d4c5e-fb15-4486-a46e-cb9d1bff2210 req-39ce7359-2e68-4d64-bae3-57c0212c1775 None None] Starting request: 10.222.0.20 "GET /placement/allocations/3a4ff348-fbc2-4b76-97cd-52bb3d10f3bc" {{(pid=117311) __call__ /opt/stack/placement/placement/requestlog.py:55}}
Jun 02 12:51:51.273785 n-d-830646-10 devstack@placement-api.service[117311]: INFO placement.requestlog [req-854d4c5e-fb15-4486-a46e-cb9d1bff2210 req-39ce7359-2e68-4d64-bae3-57c0212c1775 service placement] 10.222.0.20 "GET /placement/allocations/3a4ff348-fbc2-4b76-97cd-52bb3d10f3bc" status: 200 len: 258 microversion: 1.28
Jun 02 12:51:51.277086 n-d-830646-10 devstack@placement-api.service[117311]: [pid: 117311|app: 0|req: 126/261] 10.222.0.20 () {60 vars in 1377 bytes} [Thu Jun 2 12:51:51 2022] GET /placement/allocations/3a4ff348-fbc2-4b76-97cd-52bb3d10f3bc => generated 258 bytes in 43 msecs (HTTP/1.1 200) 8 headers in 296 bytes (2 switches on core 0)
Jun 02 12:51:52.913172 n-d-830646-10 devstack@placement-api.service[117310]: DEBUG placement.requestlog [req-9c0e4b7f-aaf8-42d6-a401-db22c2da372f req-a7dfc89e-da90-44e4-9fc2-d5ce142c19ad None None] Starting request: 10.222.0.40 "GET /placement/allocation_candidates?limit=1000&resources=DISK_GB%3A1%2CMEMORY_MB%3A1024%2CVCPU%3A1&root_required=%21COMPUTE_STATUS_DISABLED" {{(pid=117310) __call__ /opt/stack/placement/placement/requestlog.py:55}}
Jun 02 12:51:52.977607 n-d-830646-10 devstack@placement-api.service[117310]: DEBUG placement.objects.research_context [req-9c0e4b7f-aaf8-42d6-a401-db22c2da372f req-a7dfc89e-da90-44e4-9fc2-d5ce142c19ad service placement] getting providers with 1 DISK_GB {{(pid=117310) __init__ /opt/stack/placement/placement/objects/research_context.py:136}}
Jun 02 12:51:52.991651 n-d-830646-10 devstack@placement-api.service[117310]: DEBUG placement.objects.research_context [req-9c0e4b7f-aaf8-42d6-a401-db22c2da372f req-a7dfc89e-da90-44e4-9fc2-d5ce142c19ad service placement] getting providers with 1024 MEMORY_MB {{(pid=117310) __init__ /opt/stack/placement/placement/objects/research_context.py:136}}
Jun 02 12:51:53.001045 n-d-830646-10 devstack@placement-api.service[117310]: DEBUG placement.objects.research_context [req-9c0e4b7f-aaf8-42d6-a401-db22c2da372f req-a7dfc89e-da90-44e4-9fc2-d5ce142c19ad service placement] getting providers with 1 VCPU {{(pid=117310) __init__ /opt/stack/placement/placement/objects/research_context.py:136}}
Jun 02 12:51:53.010597 n-d-830646-10 devstack@placement-api.service[117310]: DEBUG placement.objects.research_context [req-9c0e4b7f-aaf8-42d6-a401-db22c2da372f req-a7dfc89e-da90-44e4-9fc2-d5ce142c19ad service placement] found 2 providers with available 1 DISK_GB {{(pid=117310) get_provider_ids_matching /opt/stack/placement/placement/objects/research_context.py:563}}
Jun 02 12:51:53.010740 n-d-830646-10 devstack@placement-api.service[117310]: DEBUG placement.objects.research_context [req-9c0e4b7f-aaf8-42d6-a401-db22c2da372f req-a7dfc89e-da90-44e4-9fc2-d5ce142c19ad service placement] found 2 providers with available 1024 MEMORY_MB {{(pid=117310) get_provider_ids_matching /opt/stack/placement/placement/objects/research_context.py:563}}
Jun 02 12:51:53.011139 n-d-830646-10 devstack@placement-api.service[117310]: DEBUG placement.objects.research_context [req-9c0e4b7f-aaf8-42d6-a401-db22c2da372f req-a7dfc89e-da90-44e4-9fc2-d5ce142c19ad service placement] found 2 providers after filtering by previous result {{(pid=117310) get_provider_ids_matching /opt/stack/placement/placement/objects/research_context.py:594}}
Jun 02 12:51:53.011411 n-d-830646-10 devstack@placement-api.service[117310]: DEBUG placement.objects.research_context [req-9c0e4b7f-aaf8-42d6-a401-db22c2da372f req-a7dfc89e-da90-44e4-9fc2-d5ce142c19ad service placement] found 2 providers with available 1 VCPU {{(pid=117310) get_provider_ids_matching /opt/stack/placement/placement/objects/research_context.py:563}}
Jun 02 12:51:53.011829 n-d-830646-10 devstack@placement-api.service[117310]: DEBUG placement.objects.research_context [req-9c0e4b7f-aaf8-42d6-a401-db22c2da372f req-a7dfc89e-da90-44e4-9fc2-d5ce142c19ad service placement] found 2 providers after filtering by previous result {{(pid=117310) get_provider_ids_matching /opt/stack/placement/placement/objects/research_context.py:594}}
Jun 02 12:51:53.028744 n-d-830646-10 devstack@placement-api.service[117310]: DEBUG placement.objects.allocation_candidate [req-9c0e4b7f-aaf8-42d6-a401-db22c2da372f req-a7dfc89e-da90-44e4-9fc2-d5ce142c19ad service placement] RequestGroup(use_same_provider=False, resources={DISK_GB:1, MEMORY_MB:1024, VCPU:1}, traits=(), aggregates=[]) (suffix '') returned 2 matches {{(pid=117310) _get_by_requests /opt/stack/placement/placement/objects/allocation_candidate.py:156}}
Jun 02 12:51:53.029116 n-d-830646-10 devstack@placement-api.service[117310]: DEBUG placement.objects.allocation_candidate [req-9c0e4b7f-aaf8-42d6-a401-db22c2da372f req-a7dfc89e-da90-44e4-9fc2-d5ce142c19ad service placement] Merging candidates yields 2 allocation requests and 2 provider summaries {{(pid=117310) _merge_candidates /opt/stack/placement/placement/objects/allocation_candidate.py:809}}
Jun 02 12:51:53.036794 n-d-830646-10 devstack@placement-api.service[117310]: INFO placement.requestlog [req-9c0e4b7f-aaf8-42d6-a401-db22c2da372f req-a7dfc89e-da90-44e4-9fc2-d5ce142c19ad service placement] 10.222.0.40 "GET /placement/allocation_candidates?limit=1000&resources=DISK_GB%3A1%2CMEMORY_MB%3A1024%2CVCPU%3A1&root_required=%21COMPUTE_STATUS_DISABLED" status: 200 len: 1309 microversion: 1.36
Jun 02 12:51:53.037399 n-d-830646-10 devstack@placement-api.service[117310]: [pid: 117310|app: 0|req: 136/262] 10.222.0.40 () {60 vars in 1506 bytes} [Thu Jun 2 12:51:52 2022] GET /placement/allocation_candidates?limit=1000&resources=DISK_GB%3A1%2CMEMORY_MB%3A1024%2CVCPU%3A1&root_required=%21COMPUTE_STATUS_DISABLED => generated 1309 bytes in 125 msecs (HTTP/1.1 200) 8 headers in 297 bytes (1 switches on core 0)
Jun 02 12:51:53.161050 n-d-830646-10 devstack@placement-api.service[117311]: DEBUG placement.requestlog [req-9c0e4b7f-aaf8-42d6-a401-db22c2da372f req-a81ffae4-9b7c-43f4-be41-b4d031a26839 None None] Starting request: 10.222.0.40 "GET /placement/allocations/e482dae7-194f-4daf-8833-b4d716afd947" {{(pid=117311) __call__ /opt/stack/placement/placement/requestlog.py:55}}
Jun 02 12:51:53.174438 n-d-830646-10 devstack@placement-api.service[117311]: INFO placement.requestlog [req-9c0e4b7f-aaf8-42d6-a401-db22c2da372f req-a81ffae4-9b7c-43f4-be41-b4d031a26839 service placement] 10.222.0.40 "GET /placement/allocations/e482dae7-194f-4daf-8833-b4d716afd947" status: 200 len: 19 microversion: 1.28
Jun 02 12:51:53.181151 n-d-830646-10 devstack@placement-api.service[117311]: [pid: 117311|app: 0|req: 127/263] 10.222.0.40 () {60 vars in 1380 bytes} [Thu Jun 2 12:51:53 2022] GET /placement/allocations/e482dae7-194f-4daf-8833-b4d716afd947 => generated 19 bytes in 20 msecs (HTTP/1.1 200) 8 headers in 295 bytes (1 switches on core 0)
Jun 02 12:51:53.185007 n-d-830646-10 devstack@placement-api.service[117310]: DEBUG placement.requestlog [req-9c0e4b7f-aaf8-42d6-a401-db22c2da372f req-e2d78c17-44d9-46ce-810c-e8711ec70ae1 None None] Starting request: 10.222.0.40 "PUT /placement/allocations/e482dae7-194f-4daf-8833-b4d716afd947" {{(pid=117310) __call__ /opt/stack/placement/placement/requestlog.py:55}}
Jun 02 12:51:53.395539 n-d-830646-10 devstack@placement-api.service[117310]: DEBUG dbcounter [-] [117310] Writing DB stats placement:SELECT=77,placement:INSERT=12,placement:DELETE=6,placement:UPDATE=5 {{(pid=117310) stat_writer /usr/local/lib/python3.8/dist-packages/dbcounter.py:114}}
Jun 02 12:51:53.426981 n-d-830646-10 devstack@placement-api.service[117310]: DEBUG placement.handlers.allocation [req-9c0e4b7f-aaf8-42d6-a401-db22c2da372f req-e2d78c17-44d9-46ce-810c-e8711ec70ae1 service placement] Successfully wrote allocations [, , ] {{(pid=117310) _update_consumers_and_create_allocations /opt/stack/placement/placement/handlers/allocation.py:462}}
Jun 02 12:51:53.519859 n-d-830646-10 devstack@placement-api.service[117310]: INFO placement.requestlog [req-9c0e4b7f-aaf8-42d6-a401-db22c2da372f req-e2d78c17-44d9-46ce-810c-e8711ec70ae1 service placement] 10.222.0.40 "PUT /placement/allocations/e482dae7-194f-4daf-8833-b4d716afd947" status: 204 len: 0 microversion: 1.36
Jun 02 12:51:53.521122 n-d-830646-10 devstack@placement-api.service[117310]: [pid: 117310|app: 0|req: 137/264] 10.222.0.40 () {64 vars in 1433 bytes} [Thu Jun 2 12:51:53 2022] PUT /placement/allocations/e482dae7-194f-4daf-8833-b4d716afd947 => generated 0 bytes in 337 msecs (HTTP/1.1 204) 5 headers in 199 bytes (2 switches on core 0)
Jun 02 12:51:54.771371 n-d-830646-10 devstack@placement-api.service[117311]: DEBUG placement.requestlog [req-9c0e4b7f-aaf8-42d6-a401-db22c2da372f req-94a2b1e8-9cd4-4808-83aa-c757f861f9b7 None None] Starting request: 10.222.0.20 "GET /placement/allocations/e482dae7-194f-4daf-8833-b4d716afd947" {{(pid=117311) __call__ /opt/stack/placement/placement/requestlog.py:55}}
Jun 02 12:51:54.799989 n-d-830646-10 devstack@placement-api.service[117311]: INFO placement.requestlog [req-9c0e4b7f-aaf8-42d6-a401-db22c2da372f req-94a2b1e8-9cd4-4808-83aa-c757f861f9b7 service placement] 10.222.0.20 "GET /placement/allocations/e482dae7-194f-4daf-8833-b4d716afd947" status: 200 len: 259 microversion: 1.28
Jun 02 12:51:54.801096 n-d-830646-10 devstack@placement-api.service[117311]: [pid: 117311|app: 0|req: 128/265] 10.222.0.20 () {60 vars in 1377 bytes} [Thu Jun 2 12:51:54 2022] GET /placement/allocations/e482dae7-194f-4daf-8833-b4d716afd947 => generated 259 bytes in 30 msecs (HTTP/1.1 200) 8 headers in 296 bytes (1 switches on core 0)
Jun 02 12:51:56.097014 n-d-830646-10 devstack@placement-api.service[117310]: DEBUG placement.requestlog [None req-964affdd-8500-4dda-9373-4c21faac53e9 None None] Starting request: 10.222.0.40 "GET /placement/resource_providers/959ea406-f7ef-46c8-9261-7a0ef479b10a/aggregates" {{(pid=117310) __call__ /opt/stack/placement/placement/requestlog.py:55}}
Jun 02 12:51:56.605217 n-d-830646-10 devstack@placement-api.service[117310]: INFO placement.requestlog [None req-964affdd-8500-4dda-9373-4c21faac53e9 service placement] 10.222.0.40 "GET /placement/resource_providers/959ea406-f7ef-46c8-9261-7a0ef479b10a/aggregates" status: 404 len: 235 microversion: 1.1
Jun 02 12:51:56.607243 n-d-830646-10 devstack@placement-api.service[117310]: [pid: 117310|app: 0|req: 138/266] 10.222.0.40 () {58 vars in 1362 bytes} [Thu Jun 2 12:51:56 2022] GET /placement/resource_providers/959ea406-f7ef-46c8-9261-7a0ef479b10a/aggregates => generated 235 bytes in 510 msecs (HTTP/1.1 404) 5 headers in 202 bytes (1 switches on core 0)
Jun 02 12:51:56.630065 n-d-830646-10 devstack@placement-api.service[117311]: DEBUG placement.requestlog [None req-627c2270-e103-4e94-94fb-4c886f5f6777 None None] Starting request: 10.222.0.40 "DELETE /placement/resource_providers/959ea406-f7ef-46c8-9261-7a0ef479b10a" {{(pid=117311) __call__ /opt/stack/placement/placement/requestlog.py:55}}
Jun 02 12:51:56.661161 n-d-830646-10 devstack@placement-api.service[117311]: DEBUG placement.wsgi_wrapper [None req-627c2270-e103-4e94-94fb-4c886f5f6777 service placement] Placement API returning an error response: No resource provider with uuid 959ea406-f7ef-46c8-9261-7a0ef479b10a found for delete {{(pid=117311) call_func /opt/stack/placement/placement/wsgi_wrapper.py:31}}
Jun 02 12:51:56.663626 n-d-830646-10 devstack@placement-api.service[117311]: INFO placement.requestlog [None req-627c2270-e103-4e94-94fb-4c886f5f6777 service placement] 10.222.0.40 "DELETE /placement/resource_providers/959ea406-f7ef-46c8-9261-7a0ef479b10a" status: 404 len: 246 microversion: 1.1
Jun 02 12:51:56.666359 n-d-830646-10 devstack@placement-api.service[117311]: [pid: 117311|app: 0|req: 129/267] 10.222.0.40 () {60 vars in 1351 bytes} [Thu Jun 2 12:51:56 2022] DELETE /placement/resource_providers/959ea406-f7ef-46c8-9261-7a0ef479b10a => generated 246 bytes in 36 msecs (HTTP/1.1 404) 6 headers in 231 bytes (1 switches on core 0)
Jun 02 12:52:06.600463 n-d-830646-10 devstack@placement-api.service[117310]: DEBUG dbcounter [-] [117310] Writing DB stats placement:UPDATE=2,placement:SELECT=3,placement:DELETE=1 {{(pid=117310) stat_writer /usr/local/lib/python3.8/dist-packages/dbcounter.py:114}}
Jun 02 12:52:06.657402 n-d-830646-10 devstack@placement-api.service[117311]: DEBUG dbcounter [-] [117311] Writing DB stats placement:SELECT=29,placement:DELETE=2 {{(pid=117311) stat_writer /usr/local/lib/python3.8/dist-packages/dbcounter.py:114}}
Jun 02 12:52:12.447832 n-d-830646-10 devstack@placement-api.service[117310]: DEBUG placement.requestlog [req-7f091831-7213-4739-82b3-b7570636f709 req-c69b36b0-5add-463f-b599-ca726b9b03e3 None None] Starting request: 10.222.0.40 "GET /placement/allocation_candidates?limit=1000&resources=DISK_GB%3A1%2CMEMORY_MB%3A1024%2CVCPU%3A1&root_required=%21COMPUTE_STATUS_DISABLED" {{(pid=117310) __call__ /opt/stack/placement/placement/requestlog.py:55}}
Jun 02 12:52:12.505273 n-d-830646-10 devstack@placement-api.service[117310]: DEBUG placement.objects.research_context [req-7f091831-7213-4739-82b3-b7570636f709 req-c69b36b0-5add-463f-b599-ca726b9b03e3 service placement] getting providers with 1 DISK_GB {{(pid=117310) __init__ /opt/stack/placement/placement/objects/research_context.py:136}}
Jun 02 12:52:12.514983 n-d-830646-10 devstack@placement-api.service[117310]: DEBUG placement.objects.research_context [req-7f091831-7213-4739-82b3-b7570636f709 req-c69b36b0-5add-463f-b599-ca726b9b03e3 service placement] getting providers with 1024 MEMORY_MB {{(pid=117310) __init__ /opt/stack/placement/placement/objects/research_context.py:136}}
Jun 02 12:52:12.525193 n-d-830646-10 devstack@placement-api.service[117310]: DEBUG placement.objects.research_context [req-7f091831-7213-4739-82b3-b7570636f709 req-c69b36b0-5add-463f-b599-ca726b9b03e3 service placement] getting providers with 1 VCPU {{(pid=117310) __init__ /opt/stack/placement/placement/objects/research_context.py:136}}
Jun 02 12:52:12.532908 n-d-830646-10 devstack@placement-api.service[117310]: DEBUG placement.objects.research_context [req-7f091831-7213-4739-82b3-b7570636f709 req-c69b36b0-5add-463f-b599-ca726b9b03e3 service placement] found 2 providers with available 1 DISK_GB {{(pid=117310) get_provider_ids_matching /opt/stack/placement/placement/objects/research_context.py:563}}
Jun 02 12:52:12.533810 n-d-830646-10 devstack@placement-api.service[117310]: DEBUG placement.objects.research_context [req-7f091831-7213-4739-82b3-b7570636f709 req-c69b36b0-5add-463f-b599-ca726b9b03e3 service placement] found 2 providers with available 1024 MEMORY_MB {{(pid=117310) get_provider_ids_matching /opt/stack/placement/placement/objects/research_context.py:563}}
Jun 02 12:52:12.534255 n-d-830646-10 devstack@placement-api.service[117310]: DEBUG placement.objects.research_context [req-7f091831-7213-4739-82b3-b7570636f709 req-c69b36b0-5add-463f-b599-ca726b9b03e3 service placement] found 2 providers after filtering by previous result {{(pid=117310) get_provider_ids_matching /opt/stack/placement/placement/objects/research_context.py:594}}
Jun 02 12:52:12.534784 n-d-830646-10 devstack@placement-api.service[117310]: DEBUG placement.objects.research_context [req-7f091831-7213-4739-82b3-b7570636f709 req-c69b36b0-5add-463f-b599-ca726b9b03e3 service placement] found 2 providers with available 1 VCPU {{(pid=117310) get_provider_ids_matching /opt/stack/placement/placement/objects/research_context.py:563}}
Jun 02 12:52:12.535613 n-d-830646-10 devstack@placement-api.service[117310]: DEBUG placement.objects.research_context [req-7f091831-7213-4739-82b3-b7570636f709 req-c69b36b0-5add-463f-b599-ca726b9b03e3 service placement] found 2 providers after filtering by previous result {{(pid=117310) get_provider_ids_matching /opt/stack/placement/placement/objects/research_context.py:594}}
Jun 02 12:52:12.550954 n-d-830646-10 devstack@placement-api.service[117310]: DEBUG placement.objects.allocation_candidate [req-7f091831-7213-4739-82b3-b7570636f709 req-c69b36b0-5add-463f-b599-ca726b9b03e3 service placement] RequestGroup(use_same_provider=False, resources={DISK_GB:1, MEMORY_MB:1024, VCPU:1}, traits=(), aggregates=[]) (suffix '') returned 2 matches {{(pid=117310) _get_by_requests /opt/stack/placement/placement/objects/allocation_candidate.py:156}}
Jun 02 12:52:12.552265 n-d-830646-10 devstack@placement-api.service[117310]: DEBUG placement.objects.allocation_candidate [req-7f091831-7213-4739-82b3-b7570636f709 req-c69b36b0-5add-463f-b599-ca726b9b03e3 service placement] Merging candidates yields 2 allocation requests and 2 provider summaries {{(pid=117310) _merge_candidates /opt/stack/placement/placement/objects/allocation_candidate.py:809}}
Jun 02 12:52:12.557253 n-d-830646-10 devstack@placement-api.service[117310]: INFO placement.requestlog [req-7f091831-7213-4739-82b3-b7570636f709 req-c69b36b0-5add-463f-b599-ca726b9b03e3 service placement] 10.222.0.40 "GET /placement/allocation_candidates?limit=1000&resources=DISK_GB%3A1%2CMEMORY_MB%3A1024%2CVCPU%3A1&root_required=%21COMPUTE_STATUS_DISABLED" status: 200 len: 1309 microversion: 1.36
Jun 02 12:52:12.557863 n-d-830646-10 devstack@placement-api.service[117310]: [pid: 117310|app: 0|req: 139/268] 10.222.0.40 () {60 vars in 1506 bytes} [Thu Jun 2 12:52:12 2022] GET /placement/allocation_candidates?limit=1000&resources=DISK_GB%3A1%2CMEMORY_MB%3A1024%2CVCPU%3A1&root_required=%21COMPUTE_STATUS_DISABLED => generated 1309 bytes in 110 msecs (HTTP/1.1 200) 8 headers in 297 bytes (1 switches on core 0)
Jun 02 12:52:12.648734 n-d-830646-10 devstack@placement-api.service[117311]: DEBUG placement.requestlog [req-7f091831-7213-4739-82b3-b7570636f709 req-ce2888ed-142a-4187-975c-2811acb5b793 None None] Starting request: 10.222.0.40 "GET /placement/allocations/7c730eea-254b-4634-afe4-f6cc4114c9d1" {{(pid=117311) __call__ /opt/stack/placement/placement/requestlog.py:55}}
Jun 02 12:52:12.683350 n-d-830646-10 devstack@placement-api.service[117311]: INFO placement.requestlog [req-7f091831-7213-4739-82b3-b7570636f709 req-ce2888ed-142a-4187-975c-2811acb5b793 service placement] 10.222.0.40 "GET /placement/allocations/7c730eea-254b-4634-afe4-f6cc4114c9d1" status: 200 len: 19 microversion: 1.28
Jun 02 12:52:12.690131 n-d-830646-10 devstack@placement-api.service[117310]: DEBUG placement.requestlog [req-7f091831-7213-4739-82b3-b7570636f709 req-a8701e53-808a-49cf-a6d3-b418f9da4e05 None None] Starting request: 10.222.0.40 "PUT /placement/allocations/7c730eea-254b-4634-afe4-f6cc4114c9d1" {{(pid=117310) __call__ /opt/stack/placement/placement/requestlog.py:55}}
Jun 02 12:52:12.694884 n-d-830646-10 devstack@placement-api.service[117311]: [pid: 117311|app: 0|req: 130/269] 10.222.0.40 () {60 vars in 1380 bytes} [Thu Jun 2 12:52:12 2022] GET /placement/allocations/7c730eea-254b-4634-afe4-f6cc4114c9d1 => generated 19 bytes in 49 msecs (HTTP/1.1 200) 8 headers in 295 bytes (1 switches on core 0)
Jun 02 12:52:13.891571 n-d-830646-10 devstack@placement-api.service[117311]: DEBUG placement.requestlog [req-02cd0521-2fb4-4608-a620-da869dd642df req-78508861-51ab-496a-9444-7e62f5065605 None None] Starting request: 10.222.0.40 "GET /placement/allocation_candidates?limit=1000&resources=DISK_GB%3A1%2CMEMORY_MB%3A1024%2CVCPU%3A1&root_required=%21COMPUTE_STATUS_DISABLED" {{(pid=117311) __call__ /opt/stack/placement/placement/requestlog.py:55}}
Jun 02 12:52:13.981181 n-d-830646-10 devstack@placement-api.service[117311]: DEBUG placement.objects.research_context [req-02cd0521-2fb4-4608-a620-da869dd642df req-78508861-51ab-496a-9444-7e62f5065605 service placement] getting providers with 1 DISK_GB {{(pid=117311) __init__ /opt/stack/placement/placement/objects/research_context.py:136}}
Jun 02 12:52:14.003318 n-d-830646-10 devstack@placement-api.service[117311]: DEBUG placement.objects.research_context [req-02cd0521-2fb4-4608-a620-da869dd642df req-78508861-51ab-496a-9444-7e62f5065605 service placement] getting providers with 1024 MEMORY_MB {{(pid=117311) __init__ /opt/stack/placement/placement/objects/research_context.py:136}}
Jun 02 12:52:14.020656 n-d-830646-10 devstack@placement-api.service[117311]: DEBUG placement.objects.research_context [req-02cd0521-2fb4-4608-a620-da869dd642df req-78508861-51ab-496a-9444-7e62f5065605 service placement] getting providers with 1 VCPU {{(pid=117311) __init__ /opt/stack/placement/placement/objects/research_context.py:136}}
Jun 02 12:52:14.035304 n-d-830646-10 devstack@placement-api.service[117311]: DEBUG placement.objects.research_context [req-02cd0521-2fb4-4608-a620-da869dd642df req-78508861-51ab-496a-9444-7e62f5065605 service placement] found 2 providers with available 1 DISK_GB {{(pid=117311) get_provider_ids_matching /opt/stack/placement/placement/objects/research_context.py:563}}
Jun 02 12:52:14.045446 n-d-830646-10 devstack@placement-api.service[117311]: DEBUG placement.objects.research_context [req-02cd0521-2fb4-4608-a620-da869dd642df req-78508861-51ab-496a-9444-7e62f5065605 service placement] found 2 providers with available 1024 MEMORY_MB {{(pid=117311) get_provider_ids_matching /opt/stack/placement/placement/objects/research_context.py:563}}
Jun 02 12:52:14.045446 n-d-830646-10 devstack@placement-api.service[117311]: DEBUG placement.objects.research_context [req-02cd0521-2fb4-4608-a620-da869dd642df req-78508861-51ab-496a-9444-7e62f5065605 service placement] found 2 providers after filtering by previous result {{(pid=117311) get_provider_ids_matching /opt/stack/placement/placement/objects/research_context.py:594}}
Jun 02 12:52:14.045446 n-d-830646-10 devstack@placement-api.service[117311]: DEBUG placement.objects.research_context [req-02cd0521-2fb4-4608-a620-da869dd642df req-78508861-51ab-496a-9444-7e62f5065605 service placement] found 2 providers with available 1 VCPU {{(pid=117311) get_provider_ids_matching /opt/stack/placement/placement/objects/research_context.py:563}}
Jun 02 12:52:14.045446 n-d-830646-10 devstack@placement-api.service[117311]: DEBUG placement.objects.research_context [req-02cd0521-2fb4-4608-a620-da869dd642df req-78508861-51ab-496a-9444-7e62f5065605 service placement] found 2 providers after filtering by previous result {{(pid=117311) get_provider_ids_matching /opt/stack/placement/placement/objects/research_context.py:594}}
Jun 02 12:52:14.072246 n-d-830646-10 devstack@placement-api.service[117311]: DEBUG placement.objects.allocation_candidate [req-02cd0521-2fb4-4608-a620-da869dd642df req-78508861-51ab-496a-9444-7e62f5065605 service placement] RequestGroup(use_same_provider=False, resources={DISK_GB:1, MEMORY_MB:1024, VCPU:1}, traits=(), aggregates=[]) (suffix '') returned 2 matches {{(pid=117311) _get_by_requests /opt/stack/placement/placement/objects/allocation_candidate.py:156}}
Jun 02 12:52:14.072646 n-d-830646-10 devstack@placement-api.service[117311]: DEBUG placement.objects.allocation_candidate [req-02cd0521-2fb4-4608-a620-da869dd642df req-78508861-51ab-496a-9444-7e62f5065605 service placement] Merging candidates yields 2 allocation requests and 2 provider summaries {{(pid=117311) _merge_candidates /opt/stack/placement/placement/objects/allocation_candidate.py:809}}
Jun 02 12:52:14.076638 n-d-830646-10 devstack@placement-api.service[117311]: INFO placement.requestlog [req-02cd0521-2fb4-4608-a620-da869dd642df req-78508861-51ab-496a-9444-7e62f5065605 service placement] 10.222.0.40 "GET /placement/allocation_candidates?limit=1000&resources=DISK_GB%3A1%2CMEMORY_MB%3A1024%2CVCPU%3A1&root_required=%21COMPUTE_STATUS_DISABLED" status: 200 len: 1309 microversion: 1.36
Jun 02 12:52:14.079076 n-d-830646-10 devstack@placement-api.service[117311]: [pid: 117311|app: 0|req: 131/270] 10.222.0.40 () {60 vars in 1506 bytes} [Thu Jun 2 12:52:13 2022] GET /placement/allocation_candidates?limit=1000&resources=DISK_GB%3A1%2CMEMORY_MB%3A1024%2CVCPU%3A1&root_required=%21COMPUTE_STATUS_DISABLED => generated 1309 bytes in 190 msecs (HTTP/1.1 200) 8 headers in 297 bytes (1 switches on core 0)
Jun 02 12:52:14.170581 n-d-830646-10 devstack@placement-api.service[117310]: DEBUG placement.handlers.allocation [req-7f091831-7213-4739-82b3-b7570636f709 req-a8701e53-808a-49cf-a6d3-b418f9da4e05 service placement] Successfully wrote allocations [, , ] {{(pid=117310) _update_consumers_and_create_allocations /opt/stack/placement/placement/handlers/allocation.py:462}}
Jun 02 12:52:14.247628 n-d-830646-10 devstack@placement-api.service[117311]: DEBUG placement.requestlog [req-02cd0521-2fb4-4608-a620-da869dd642df req-077531bb-b724-4a27-9617-5be7b90de62a None None] Starting request: 10.222.0.40 "GET /placement/allocations/485c6bef-d396-477f-8b61-b44a686fd74d" {{(pid=117311) __call__ /opt/stack/placement/placement/requestlog.py:55}}
Jun 02 12:52:14.263925 n-d-830646-10 devstack@placement-api.service[117311]: INFO placement.requestlog [req-02cd0521-2fb4-4608-a620-da869dd642df req-077531bb-b724-4a27-9617-5be7b90de62a service placement] 10.222.0.40 "GET /placement/allocations/485c6bef-d396-477f-8b61-b44a686fd74d" status: 200 len: 19 microversion: 1.28
Jun 02 12:52:14.264646 n-d-830646-10 devstack@placement-api.service[117311]: [pid: 117311|app: 0|req: 132/271] 10.222.0.40 () {60 vars in 1380 bytes} [Thu Jun 2 12:52:14 2022] GET /placement/allocations/485c6bef-d396-477f-8b61-b44a686fd74d => generated 19 bytes in 17 msecs (HTTP/1.1 200) 8 headers in 295 bytes (1 switches on core 0)
Jun 02 12:52:14.274734 n-d-830646-10 devstack@placement-api.service[117311]: DEBUG placement.requestlog [req-02cd0521-2fb4-4608-a620-da869dd642df req-fffa1a1a-63ed-4a0f-b9fe-10165f52f9e8 None None] Starting request: 10.222.0.40 "PUT /placement/allocations/485c6bef-d396-477f-8b61-b44a686fd74d" {{(pid=117311) __call__ /opt/stack/placement/placement/requestlog.py:55}}
Jun 02 12:52:14.371750 n-d-830646-10 devstack@placement-api.service[117310]: INFO placement.requestlog [req-7f091831-7213-4739-82b3-b7570636f709 req-a8701e53-808a-49cf-a6d3-b418f9da4e05 service placement] 10.222.0.40 "PUT /placement/allocations/7c730eea-254b-4634-afe4-f6cc4114c9d1" status: 204 len: 0 microversion: 1.36
Jun 02 12:52:14.372511 n-d-830646-10 devstack@placement-api.service[117310]: [pid: 117310|app: 0|req: 140/272] 10.222.0.40 () {64 vars in 1433 bytes} [Thu Jun 2 12:52:12 2022] PUT /placement/allocations/7c730eea-254b-4634-afe4-f6cc4114c9d1 => generated 0 bytes in 1682 msecs (HTTP/1.1 204) 5 headers in 199 bytes (3 switches on core 0)
Jun 02 12:52:14.578552 n-d-830646-10 devstack@placement-api.service[117311]: DEBUG placement.handlers.allocation [req-02cd0521-2fb4-4608-a620-da869dd642df req-fffa1a1a-63ed-4a0f-b9fe-10165f52f9e8 service placement] Successfully wrote allocations [, , ] {{(pid=117311) _update_consumers_and_create_allocations /opt/stack/placement/placement/handlers/allocation.py:462}}
Jun 02 12:52:14.670817 n-d-830646-10 devstack@placement-api.service[117311]: INFO placement.requestlog [req-02cd0521-2fb4-4608-a620-da869dd642df req-fffa1a1a-63ed-4a0f-b9fe-10165f52f9e8 service placement] 10.222.0.40 "PUT /placement/allocations/485c6bef-d396-477f-8b61-b44a686fd74d" status: 204 len: 0 microversion: 1.36
