Jun 15 20:30:45.534314 n-d-830645-6 devstack@g-api.service[113735]: DEBUG glance_store.location [None req-7d333579-fed5-4ec8-ad43-34d260ad9eeb tempest-ImagesMetadataTestJSON-1603671563 tempest-ImagesMetadataTestJSON-1603671563-project] Registering scheme swift+http with {'store': , 'location_class': , 'store_entry': 'swift'} {{(pid=113735) register_scheme_map /usr/local/lib/python3.8/dist-packages/glance_store/location.py:146}}
Jun 15 20:30:45.534706 n-d-830645-6 devstack@g-api.service[113735]: DEBUG glance_store.location [None req-7d333579-fed5-4ec8-ad43-34d260ad9eeb tempest-ImagesMetadataTestJSON-1603671563 tempest-ImagesMetadataTestJSON-1603671563-project] Registering scheme swift+https with {'store': , 'location_class': , 'store_entry': 'swift'} {{(pid=113735) register_scheme_map /usr/local/lib/python3.8/dist-packages/glance_store/location.py:146}}
Jun 15 20:30:45.534955 n-d-830645-6 devstack@g-api.service[113735]: DEBUG glance_store.location [None req-7d333579-fed5-4ec8-ad43-34d260ad9eeb tempest-ImagesMetadataTestJSON-1603671563 tempest-ImagesMetadataTestJSON-1603671563-project] Registering scheme swift with {'store': , 'location_class': , 'store_entry': 'swift'} {{(pid=113735) register_scheme_map /usr/local/lib/python3.8/dist-packages/glance_store/location.py:146}}
Jun 15 20:30:45.535191 n-d-830645-6 devstack@g-api.service[113735]: DEBUG glance_store.location [None req-7d333579-fed5-4ec8-ad43-34d260ad9eeb tempest-ImagesMetadataTestJSON-1603671563 tempest-ImagesMetadataTestJSON-1603671563-project] Registering scheme swift+http with {'store': , 'location_class': , 'store_entry': 'swift'} {{(pid=113735) register_scheme_map /usr/local/lib/python3.8/dist-packages/glance_store/location.py:146}}
Jun 15 20:30:45.535425 n-d-830645-6 devstack@g-api.service[113735]: DEBUG glance_store.location [None req-7d333579-fed5-4ec8-ad43-34d260ad9eeb tempest-ImagesMetadataTestJSON-1603671563 tempest-ImagesMetadataTestJSON-1603671563-project] Registering scheme swift+config with {'store': , 'location_class': , 'store_entry': 'swift'} {{(pid=113735) register_scheme_map /usr/local/lib/python3.8/dist-packages/glance_store/location.py:146}}
Jun 15 20:30:45.535670 n-d-830645-6 devstack@g-api.service[113735]: DEBUG glance_store.backend [None req-7d333579-fed5-4ec8-ad43-34d260ad9eeb tempest-ImagesMetadataTestJSON-1603671563 tempest-ImagesMetadataTestJSON-1603671563-project] Skipping store.set_acls... not implemented. {{(pid=113735) set_acls /usr/local/lib/python3.8/dist-packages/glance_store/backend.py:509}}
Jun 15 20:30:45.543287 n-d-830645-6 devstack@g-api.service[113735]: [pid: 113735|app: 0|req: 110/210] 127.0.0.1 () {44 vars in 1094 bytes} [Wed Jun 15 20:30:45 2022] PATCH /v2/images/84c0ffdc-2803-4369-a251-09fa658ee3ca => generated 862 bytes in 217 msecs (HTTP/1.1 200) 4 headers in 157 bytes (1 switches on core 0)
Jun 15 20:30:45.548843 n-d-830645-6 devstack@g-api.service[113737]: DEBUG glance.api.middleware.version_negotiation [None req-7d333579-fed5-4ec8-ad43-34d260ad9eeb tempest-ImagesMetadataTestJSON-1603671563 tempest-ImagesMetadataTestJSON-1603671563-project] Determining version of request: GET /v2/images/84c0ffdc-2803-4369-a251-09fa658ee3ca Accept: */* {{(pid=113737) process_request /opt/stack/glance/glance/api/middleware/version_negotiation.py:44}}
Jun 15 20:30:45.549753 n-d-830645-6 devstack@g-api.service[113737]: DEBUG glance.api.middleware.version_negotiation [None req-7d333579-fed5-4ec8-ad43-34d260ad9eeb tempest-ImagesMetadataTestJSON-1603671563 tempest-ImagesMetadataTestJSON-1603671563-project] Using url versioning {{(pid=113737) process_request /opt/stack/glance/glance/api/middleware/version_negotiation.py:57}}
Jun 15 20:30:45.550243 n-d-830645-6 devstack@g-api.service[113737]: DEBUG glance.api.middleware.version_negotiation [None req-7d333579-fed5-4ec8-ad43-34d260ad9eeb tempest-ImagesMetadataTestJSON-1603671563 tempest-ImagesMetadataTestJSON-1603671563-project] Matched version: v2 {{(pid=113737) process_request /opt/stack/glance/glance/api/middleware/version_negotiation.py:69}}
Jun 15 20:30:45.550685 n-d-830645-6 devstack@g-api.service[113737]: DEBUG glance.api.middleware.version_negotiation [None req-7d333579-fed5-4ec8-ad43-34d260ad9eeb tempest-ImagesMetadataTestJSON-1603671563 tempest-ImagesMetadataTestJSON-1603671563-project] new path /v2/images/84c0ffdc-2803-4369-a251-09fa658ee3ca {{(pid=113737) process_request /opt/stack/glance/glance/api/middleware/version_negotiation.py:70}}
Jun 15 20:30:45.573850 n-d-830645-6 devstack@g-api.service[113737]: [pid: 113737|app: 0|req: 101/211] 127.0.0.1 () {42 vars in 1051 bytes} [Wed Jun 15 20:30:45 2022] GET /v2/images/84c0ffdc-2803-4369-a251-09fa658ee3ca => generated 862 bytes in 25 msecs (HTTP/1.1 200) 4 headers in 157 bytes (1 switches on core 0)
Jun 15 20:30:45.889498 n-d-830645-6 devstack@g-api.service[113735]: DEBUG glance.api.middleware.version_negotiation [None req-7d333579-fed5-4ec8-ad43-34d260ad9eeb tempest-ImagesMetadataTestJSON-1603671563 tempest-ImagesMetadataTestJSON-1603671563-project] Determining version of request: GET /v2/images/84c0ffdc-2803-4369-a251-09fa658ee3ca Accept: */* {{(pid=113735) process_request /opt/stack/glance/glance/api/middleware/version_negotiation.py:44}}
Jun 15 20:30:45.890004 n-d-830645-6 devstack@g-api.service[113735]: DEBUG glance.api.middleware.version_negotiation [None req-7d333579-fed5-4ec8-ad43-34d260ad9eeb tempest-ImagesMetadataTestJSON-1603671563 tempest-ImagesMetadataTestJSON-1603671563-project] Using url versioning {{(pid=113735) process_request /opt/stack/glance/glance/api/middleware/version_negotiation.py:57}}
Jun 15 20:30:45.890158 n-d-830645-6 devstack@g-api.service[113735]: DEBUG glance.api.middleware.version_negotiation [None req-7d333579-fed5-4ec8-ad43-34d260ad9eeb tempest-ImagesMetadataTestJSON-1603671563 tempest-ImagesMetadataTestJSON-1603671563-project] Matched version: v2 {{(pid=113735) process_request /opt/stack/glance/glance/api/middleware/version_negotiation.py:69}}
Jun 15 20:30:45.890444 n-d-830645-6 devstack@g-api.service[113735]: DEBUG glance.api.middleware.version_negotiation [None req-7d333579-fed5-4ec8-ad43-34d260ad9eeb tempest-ImagesMetadataTestJSON-1603671563 tempest-ImagesMetadataTestJSON-1603671563-project] new path /v2/images/84c0ffdc-2803-4369-a251-09fa658ee3ca {{(pid=113735) process_request /opt/stack/glance/glance/api/middleware/version_negotiation.py:70}}
Jun 15 20:30:45.931853 n-d-830645-6 devstack@g-api.service[113735]: [pid: 113735|app: 0|req: 111/212] 127.0.0.1 () {42 vars in 1051 bytes} [Wed Jun 15 20:30:45 2022] GET /v2/images/84c0ffdc-2803-4369-a251-09fa658ee3ca => generated 862 bytes in 31 msecs (HTTP/1.1 200) 4 headers in 157 bytes (1 switches on core 0)
Jun 15 20:30:45.932162 n-d-830645-6 devstack@g-api.service[113737]: DEBUG glance.api.middleware.version_negotiation [None req-7d333579-fed5-4ec8-ad43-34d260ad9eeb tempest-ImagesMetadataTestJSON-1603671563 tempest-ImagesMetadataTestJSON-1603671563-project] Determining version of request: GET /v2/schemas/image Accept: */* {{(pid=113737) process_request /opt/stack/glance/glance/api/middleware/version_negotiation.py:44}}
Jun 15 20:30:45.932162 n-d-830645-6 devstack@g-api.service[113737]: DEBUG glance.api.middleware.version_negotiation [None req-7d333579-fed5-4ec8-ad43-34d260ad9eeb tempest-ImagesMetadataTestJSON-1603671563 tempest-ImagesMetadataTestJSON-1603671563-project] Using url versioning {{(pid=113737) process_request /opt/stack/glance/glance/api/middleware/version_negotiation.py:57}}
Jun 15 20:30:45.932162 n-d-830645-6 devstack@g-api.service[113737]: DEBUG glance.api.middleware.version_negotiation [None req-7d333579-fed5-4ec8-ad43-34d260ad9eeb tempest-ImagesMetadataTestJSON-1603671563 tempest-ImagesMetadataTestJSON-1603671563-project] Matched version: v2 {{(pid=113737) process_request /opt/stack/glance/glance/api/middleware/version_negotiation.py:69}}
Jun 15 20:30:45.932162 n-d-830645-6 devstack@g-api.service[113737]: DEBUG glance.api.middleware.version_negotiation [None req-7d333579-fed5-4ec8-ad43-34d260ad9eeb tempest-ImagesMetadataTestJSON-1603671563 tempest-ImagesMetadataTestJSON-1603671563-project] new path /v2/schemas/image {{(pid=113737) process_request /opt/stack/glance/glance/api/middleware/version_negotiation.py:70}}
Jun 15 20:30:45.934908 n-d-830645-6 devstack@g-api.service[113737]: [pid: 113737|app: 0|req: 102/213] 127.0.0.1 () {42 vars in 991 bytes} [Wed Jun 15 20:30:45 2022] GET /v2/schemas/image => generated 6083 bytes in 6 msecs (HTTP/1.1 200) 4 headers in 158 bytes (1 switches on core 0)
Jun 15 20:30:45.948700 n-d-830645-6 devstack@g-api.service[113735]: DEBUG glance.api.middleware.version_negotiation [None req-ef87ee03-e077-465f-a2d5-b56694631947 tempest-ImagesMetadataTestJSON-1603671563 tempest-ImagesMetadataTestJSON-1603671563-project] Determining version of request: DELETE /v2/images/84c0ffdc-2803-4369-a251-09fa658ee3ca Accept: application/json {{(pid=113735) process_request /opt/stack/glance/glance/api/middleware/version_negotiation.py:44}}
Jun 15 20:30:45.948974 n-d-830645-6 devstack@g-api.service[113735]: DEBUG glance.api.middleware.version_negotiation [None req-ef87ee03-e077-465f-a2d5-b56694631947 tempest-ImagesMetadataTestJSON-1603671563 tempest-ImagesMetadataTestJSON-1603671563-project] Using url versioning {{(pid=113735) process_request /opt/stack/glance/glance/api/middleware/version_negotiation.py:57}}
Jun 15 20:30:45.949271 n-d-830645-6 devstack@g-api.service[113735]: DEBUG glance.api.middleware.version_negotiation [None req-ef87ee03-e077-465f-a2d5-b56694631947 tempest-ImagesMetadataTestJSON-1603671563 tempest-ImagesMetadataTestJSON-1603671563-project] Matched version: v2 {{(pid=113735) process_request /opt/stack/glance/glance/api/middleware/version_negotiation.py:69}}
Jun 15 20:30:45.949553 n-d-830645-6 devstack@g-api.service[113735]: DEBUG glance.api.middleware.version_negotiation [None req-ef87ee03-e077-465f-a2d5-b56694631947 tempest-ImagesMetadataTestJSON-1603671563 tempest-ImagesMetadataTestJSON-1603671563-project] new path /v2/images/84c0ffdc-2803-4369-a251-09fa658ee3ca {{(pid=113735) process_request /opt/stack/glance/glance/api/middleware/version_negotiation.py:70}}
Jun 15 20:30:45.973747 n-d-830645-6 devstack@g-api.service[113735]: WARNING glance.api.v2.images [None req-8671d54f-ed76-4924-ab67-93a6e86dca74 tempest-ImagesMetadataTestJSON-1603671563 tempest-ImagesMetadataTestJSON-1603671563-project] After upload to backend, deletion of staged image data has failed because it cannot be found at /tmp/staging//84c0ffdc-2803-4369-a251-09fa658ee3ca
Jun 15 20:30:45.975552 n-d-830645-6 devstack@g-api.service[113735]: DEBUG glance_store.backend [None req-8671d54f-ed76-4924-ab67-93a6e86dca74 tempest-ImagesMetadataTestJSON-1603671563 tempest-ImagesMetadataTestJSON-1603671563-project] Attempting to import store swift {{(pid=113735) _load_store /usr/local/lib/python3.8/dist-packages/glance_store/backend.py:217}}
Jun 15 20:30:45.980359 n-d-830645-6 devstack@g-api.service[113735]: DEBUG glance_store.capabilities [None req-8671d54f-ed76-4924-ab67-93a6e86dca74 tempest-ImagesMetadataTestJSON-1603671563 tempest-ImagesMetadataTestJSON-1603671563-project] Store glance_store._drivers.swift.store.SingleTenantStore doesn't support updating dynamic storage capabilities. Please overwrite 'update_capabilities' method of the store to implement updating logics if needed. {{(pid=113735) update_capabilities /usr/local/lib/python3.8/dist-packages/glance_store/capabilities.py:91}}
Jun 15 20:30:45.980635 n-d-830645-6 devstack@g-api.service[113735]: DEBUG glance_store.driver [None req-8671d54f-ed76-4924-ab67-93a6e86dca74 tempest-ImagesMetadataTestJSON-1603671563 tempest-ImagesMetadataTestJSON-1603671563-project] Late loading location class glance_store._drivers.swift.store.StoreLocation {{(pid=113735) get_store_location_class /usr/local/lib/python3.8/dist-packages/glance_store/driver.py:117}}
Jun 15 20:30:45.980885 n-d-830645-6 devstack@g-api.service[113735]: DEBUG glance_store.location [None req-8671d54f-ed76-4924-ab67-93a6e86dca74 tempest-ImagesMetadataTestJSON-1603671563 tempest-ImagesMetadataTestJSON-1603671563-project] Registering scheme swift+https with {'store': , 'location_class': , 'store_entry': 'swift'} {{(pid=113735) register_scheme_map /usr/local/lib/python3.8/dist-packages/glance_store/location.py:146}}
Jun 15 20:30:45.981135 n-d-830645-6 devstack@g-api.service[113735]: DEBUG glance_store.location [None req-8671d54f-ed76-4924-ab67-93a6e86dca74 tempest-ImagesMetadataTestJSON-1603671563 tempest-ImagesMetadataTestJSON-1603671563-project] Registering scheme swift+https with {'store': , 'location_class': , 'store_entry': 'swift'} {{(pid=113735) register_scheme_map /usr/local/lib/python3.8/dist-packages/glance_store/location.py:146}}
Jun 15 20:30:45.981384 n-d-830645-6 devstack@g-api.service[113735]: DEBUG glance_store.location [None req-8671d54f-ed76-4924-ab67-93a6e86dca74 tempest-ImagesMetadataTestJSON-1603671563 tempest-ImagesMetadataTestJSON-1603671563-project] Registering scheme swift with {'store': , 'location_class': , 'store_entry': 'swift'} {{(pid=113735) register_scheme_map /usr/local/lib/python3.8/dist-packages/glance_store/location.py:146}}
Jun 15 20:30:45.981618 n-d-830645-6 devstack@g-api.service[113735]: DEBUG glance_store.location [None req-8671d54f-ed76-4924-ab67-93a6e86dca74 tempest-ImagesMetadataTestJSON-1603671563 tempest-ImagesMetadataTestJSON-1603671563-project] Registering scheme swift+https with {'store': , 'location_class': , 'store_entry': 'swift'} {{(pid=113735) register_scheme_map /usr/local/lib/python3.8/dist-packages/glance_store/location.py:146}}
Jun 15 20:30:45.981859 n-d-830645-6 devstack@g-api.service[113735]: DEBUG glance_store.location [None req-8671d54f-ed76-4924-ab67-93a6e86dca74 tempest-ImagesMetadataTestJSON-1603671563 tempest-ImagesMetadataTestJSON-1603671563-project] Registering scheme swift with {'store': , 'location_class': , 'store_entry': 'swift'} {{(pid=113735) register_scheme_map /usr/local/lib/python3.8/dist-packages/glance_store/location.py:146}}
Jun 15 20:30:45.982100 n-d-830645-6 devstack@g-api.service[113735]: DEBUG glance_store.location [None req-8671d54f-ed76-4924-ab67-93a6e86dca74 tempest-ImagesMetadataTestJSON-1603671563 tempest-ImagesMetadataTestJSON-1603671563-project] Registering scheme swift+http with {'store': , 'location_class': , 'store_entry': 'swift'} {{(pid=113735) register_scheme_map /usr/local/lib/python3.8/dist-packages/glance_store/location.py:146}}
Jun 15 20:30:45.982339 n-d-830645-6 devstack@g-api.service[113735]: DEBUG glance_store.location [None req-8671d54f-ed76-4924-ab67-93a6e86dca74 tempest-ImagesMetadataTestJSON-1603671563 tempest-ImagesMetadataTestJSON-1603671563-project] Registering scheme swift+https with {'store': , 'location_class': , 'store_entry': 'swift'} {{(pid=113735) register_scheme_map /usr/local/lib/python3.8/dist-packages/glance_store/location.py:146}}
Jun 15 20:30:45.982578 n-d-830645-6 devstack@g-api.service[113735]: DEBUG glance_store.location [None req-8671d54f-ed76-4924-ab67-93a6e86dca74 tempest-ImagesMetadataTestJSON-1603671563 tempest-ImagesMetadataTestJSON-1603671563-project] Registering scheme swift with {'store': , 'location_class': , 'store_entry': 'swift'} {{(pid=113735) register_scheme_map /usr/local/lib/python3.8/dist-packages/glance_store/location.py:146}}
Jun 15 20:30:45.982979 n-d-830645-6 devstack@g-api.service[113735]: DEBUG glance_store.location [None req-8671d54f-ed76-4924-ab67-93a6e86dca74 tempest-ImagesMetadataTestJSON-1603671563 tempest-ImagesMetadataTestJSON-1603671563-project] Registering scheme swift+http with {'store': , 'location_class': , 'store_entry': 'swift'} {{(pid=113735) register_scheme_map /usr/local/lib/python3.8/dist-packages/glance_store/location.py:146}}
Jun 15 20:30:45.983241 n-d-830645-6 devstack@g-api.service[113735]: DEBUG glance_store.location [None req-8671d54f-ed76-4924-ab67-93a6e86dca74 tempest-ImagesMetadataTestJSON-1603671563 tempest-ImagesMetadataTestJSON-1603671563-project] Registering scheme swift+config with {'store': , 'location_class': , 'store_entry': 'swift'} {{(pid=113735) register_scheme_map /usr/local/lib/python3.8/dist-packages/glance_store/location.py:146}}
Jun 15 20:30:45.984218 n-d-830645-6 devstack@g-api.service[113735]: DEBUG keystoneclient.auth.identity.v3.base [None req-8671d54f-ed76-4924-ab67-93a6e86dca74 tempest-ImagesMetadataTestJSON-1603671563 tempest-ImagesMetadataTestJSON-1603671563-project] Making authentication request to http://10.222.0.36/identity/v3/auth/tokens {{(pid=113735) get_auth_ref /usr/local/lib/python3.8/dist-packages/keystoneclient/auth/identity/v3/base.py:187}}
Jun 15 20:30:46.044256 n-d-830645-6 devstack@g-api.service[113735]: DEBUG keystoneclient.auth.identity.v3.base [None req-8671d54f-ed76-4924-ab67-93a6e86dca74 tempest-ImagesMetadataTestJSON-1603671563 tempest-ImagesMetadataTestJSON-1603671563-project] {"token": {"methods": ["password"], "user": {"domain": {"id": "default", "name": "Default"}, "id": "48211011176d405982f1a3290772cfab", "name": "glance-swift", "password_expires_at": null}, "audit_ids": ["Y5-vUF6aRpucQopYAATw9g"], "expires_at": "2022-06-15T21:30:46.000000Z", "issued_at": "2022-06-15T20:30:46.000000Z", "project": {"domain": {"id": "default", "name": "Default"}, "id": "42b9e7b2cdf34843900456312a80e347", "name": "service"}, "is_domain": false, "roles": [{"id": "9e07d65ddc0b4b8a89a7ee716b1ffe31", "name": "ResellerAdmin"}, {"id": "97ddb98b860f4073b6b67ad905bfaf9a", "name": "service"}], "catalog": [{"endpoints": [{"id": "d19b5fbcaae14550a07ab09abc17903c", "interface": "public", "region_id": "RegionOne", "url": "http://10.222.0.36/identity", "region": "RegionOne"}], "id": "1a31e142cb264884b942bed5f24357ea", "type": "identity", "name": "keystone"}, {"endpoints": [{"id": "f8e59c5dd71449fc8b296926cc03d90f", "interface": "public", "region_id": "RegionOne", "url": "http://10.222.0.36:9696/", "region": "RegionOne"}], "id": "2dbf680c78b0482ab918d1796ab22b59", "type": "network", "name": "neutron"}, {"endpoints": [{"id": "52ff706f6fae4f439fd5ffbdaa5448f5", "interface": "public", "region_id": "RegionOne", "url": "http://10.222.0.36/placement", "region": "RegionOne"}], "id": "37308a795feb4680a8b66fe08962de3f", "type": "placement", "name": "placement"}, {"endpoints": [{"id": "edb1a5d1a76a4f8a89c2c30d780b9a4c", "interface": "public", "region_id": "RegionOne", "url": "http://10.222.0.36/volume/v3/42b9e7b2cdf34843900456312a80e347", "region": "RegionOne"}], "id": "63790ebcce81404cabe46f2bf53cb613", "type": "block-storage", "name": "cinder"}, {"endpoints": [{"id": "c62ea91a5fbf412b9475cff3bd30f385", "interface": "public", "region_id": "RegionOne", "url": "http://10.222.0.36/compute/v2.1", "region": "RegionOne"}], "id": "7698ac28f7bf49bf89b11a960a02cffd", "type": "compute", "name": "nova"}, {"endpoints": [{"id": "9895e05598f841059827b91f2fd8988f", "interface": "public", "region_id": "RegionOne", "url": "http://10.222.0.36/compute/v2/42b9e7b2cdf34843900456312a80e347", "region": "RegionOne"}], "id": "77fea1244dd547cb8f23d0bf81a04b83", "type": "compute_legacy", "name": "nova_legacy"}, {"endpoints": [{"id": "ee21984c44e2450ea964f9921d58721c", "interface": "public", "region_id": "RegionOne", "url": "http://10.222.0.36/volume/v3/42b9e7b2cdf34843900456312a80e347", "region": "RegionOne"}], "id": "8b52c1e39e8c4ed3b2c20cd67c5a2699", "type": "volumev3", "name": "cinderv3"}, {"endpoints": [{"id": "b7fffac1e5e6467987046fed74e44be2", "interface": "public", "region_id": "RegionOne", "url": "http://10.222.0.36:8080/v1/AUTH_42b9e7b2cdf34843900456312a80e347", "region": "RegionOne"}, {"id": "fb1ac56c9d44436e8c103473ce07b60d", "interface": "admin", "region_id": "RegionOne", "url": "http://10.222.0.36:8080", "region": "RegionOne"}], "id": "a4e02860bc52454c8f5508ddb2ba36cb", "type": "object-store", "name": "swift"}, {"endpoints": [{"id": "c05057b00a644345b7a117a21de8eba5", "interface": "public", "region_id": "RegionOne", "url": "http://10.222.0.36/image", "region": "RegionOne"}], "id": "b774cc69a54d44fab3400dfc113d8b2a", "type": "image", "name": "glance"}]}} {{(pid=113735) get_auth_ref /usr/local/lib/python3.8/dist-packages/keystoneclient/auth/identity/v3/base.py:192}}
Jun 15 20:30:46.045756 n-d-830645-6 devstack@g-api.service[113735]: DEBUG keystoneclient.httpclient [None req-8671d54f-ed76-4924-ab67-93a6e86dca74 tempest-ImagesMetadataTestJSON-1603671563 tempest-ImagesMetadataTestJSON-1603671563-project] Failed to find endpoint for management url admin endpoint for identity service not found {{(pid=113735) _process_management_url /usr/local/lib/python3.8/dist-packages/keystoneclient/httpclient.py:676}}
Jun 15 20:30:46.140831 n-d-830645-6 devstack@g-api.service[113735]: DEBUG swiftclient [None req-8671d54f-ed76-4924-ab67-93a6e86dca74 tempest-ImagesMetadataTestJSON-1603671563 tempest-ImagesMetadataTestJSON-1603671563-project] REQ: curl -i http://10.222.0.36:8080/v1/AUTH_42b9e7b2cdf34843900456312a80e347/glance/84c0ffdc-2803-4369-a251-09fa658ee3ca -I -H "X-Auth-Token: gAAAAABiqkF2VtuG..." {{(pid=113735) http_log /usr/local/lib/python3.8/dist-packages/swiftclient/client.py:157}}
Jun 15 20:30:46.141175 n-d-830645-6 devstack@g-api.service[113735]: DEBUG swiftclient [None req-8671d54f-ed76-4924-ab67-93a6e86dca74 tempest-ImagesMetadataTestJSON-1603671563 tempest-ImagesMetadataTestJSON-1603671563-project] RESP STATUS: 200 OK {{(pid=113735) http_log /usr/local/lib/python3.8/dist-packages/swiftclient/client.py:158}}
Jun 15 20:30:46.141651 n-d-830645-6 devstack@g-api.service[113735]: DEBUG swiftclient [None req-8671d54f-ed76-4924-ab67-93a6e86dca74 tempest-ImagesMetadataTestJSON-1603671563 tempest-ImagesMetadataTestJSON-1603671563-project] RESP HEADERS: {'Content-Type': 'application/octet-stream', 'Etag': 'fb10c6486390bec8414be90a93dfff3b', 'Last-Modified': 'Wed, 15 Jun 2022 20:30:37 GMT', 'X-Timestamp': '1655325036.10495', 'Accept-Ranges': 'bytes', 'Content-Length': '1024', 'X-Trans-Id': 'tx4b1b1cc952344152b4edc-0062aa4176', 'X-Openstack-Request-Id': 'tx4b1b1cc952344152b4edc-0062aa4176', 'Date': 'Wed, 15 Jun 2022 20:30:46 GMT'} {{(pid=113735) http_log /usr/local/lib/python3.8/dist-packages/swiftclient/client.py:159}}
Jun 15 20:30:46.276116 n-d-830645-6 devstack@g-api.service[113735]: DEBUG swiftclient [None req-8671d54f-ed76-4924-ab67-93a6e86dca74 tempest-ImagesMetadataTestJSON-1603671563 tempest-ImagesMetadataTestJSON-1603671563-project] REQ: curl -i http://10.222.0.36:8080/v1/AUTH_42b9e7b2cdf34843900456312a80e347/glance/84c0ffdc-2803-4369-a251-09fa658ee3ca DELETE -H "X-Auth-Token: gAAAAABiqkF2VtuG..." {{(pid=113735) http_log /usr/local/lib/python3.8/dist-packages/swiftclient/client.py:157}}
Jun 15 20:30:46.276489 n-d-830645-6 devstack@g-api.service[113735]: DEBUG swiftclient [None req-8671d54f-ed76-4924-ab67-93a6e86dca74 tempest-ImagesMetadataTestJSON-1603671563 tempest-ImagesMetadataTestJSON-1603671563-project] RESP STATUS: 204 No Content {{(pid=113735) http_log /usr/local/lib/python3.8/dist-packages/swiftclient/client.py:158}}
Jun 15 20:30:46.276925 n-d-830645-6 devstack@g-api.service[113735]: DEBUG swiftclient [None req-8671d54f-ed76-4924-ab67-93a6e86dca74 tempest-ImagesMetadataTestJSON-1603671563 tempest-ImagesMetadataTestJSON-1603671563-project] RESP HEADERS: {'Content-Type': 'text/html; charset=UTF-8', 'Content-Length': '0', 'X-Trans-Id': 'txc0ba4a4f70dc4034864d5-0062aa4176', 'X-Openstack-Request-Id': 'txc0ba4a4f70dc4034864d5-0062aa4176', 'Date': 'Wed, 15 Jun 2022 20:30:46 GMT'} {{(pid=113735) http_log /usr/local/lib/python3.8/dist-packages/swiftclient/client.py:159}}
Jun 15 20:30:46.695734 n-d-830645-6 devstack@g-api.service[113735]: [pid: 113735|app: 0|req: 112/214] 127.0.0.1 () {38 vars in 778 bytes} [Wed Jun 15 20:30:45 2022] DELETE /v2/images/84c0ffdc-2803-4369-a251-09fa658ee3ca => generated 0 bytes in 748 msecs (HTTP/1.1 204) 4 headers in 171 bytes (1 switches on core 0)
Jun 15 20:30:48.874503 n-d-830645-6 devstack@g-api.service[113737]: DEBUG glance.api.middleware.version_negotiation [None req-ef87ee03-e077-465f-a2d5-b56694631947 tempest-ImagesMetadataTestJSON-1603671563 tempest-ImagesMetadataTestJSON-1603671563-project] Determining version of request: GET /v2/images/9a72c013-0659-4ae3-8eb4-43c74ca26d29 Accept: */* {{(pid=113737) process_request /opt/stack/glance/glance/api/middleware/version_negotiation.py:44}}
Jun 15 20:30:48.875273 n-d-830645-6 devstack@g-api.service[113737]: DEBUG glance.api.middleware.version_negotiation [None req-ef87ee03-e077-465f-a2d5-b56694631947 tempest-ImagesMetadataTestJSON-1603671563 tempest-ImagesMetadataTestJSON-1603671563-project] Using url versioning {{(pid=113737) process_request /opt/stack/glance/glance/api/middleware/version_negotiation.py:57}}
Jun 15 20:30:48.875727 n-d-830645-6 devstack@g-api.service[113737]: DEBUG glance.api.middleware.version_negotiation [None req-ef87ee03-e077-465f-a2d5-b56694631947 tempest-ImagesMetadataTestJSON-1603671563 tempest-ImagesMetadataTestJSON-1603671563-project] Matched version: v2 {{(pid=113737) process_request /opt/stack/glance/glance/api/middleware/version_negotiation.py:69}}
Jun 15 20:30:48.876242 n-d-830645-6 devstack@g-api.service[113737]: DEBUG glance.api.middleware.version_negotiation [None req-ef87ee03-e077-465f-a2d5-b56694631947 tempest-ImagesMetadataTestJSON-1603671563 tempest-ImagesMetadataTestJSON-1603671563-project] new path /v2/images/9a72c013-0659-4ae3-8eb4-43c74ca26d29 {{(pid=113737) process_request /opt/stack/glance/glance/api/middleware/version_negotiation.py:70}}
Jun 15 20:30:48.915418 n-d-830645-6 devstack@g-api.service[113735]: DEBUG glance.api.middleware.version_negotiation [None req-8671d54f-ed76-4924-ab67-93a6e86dca74 tempest-ImagesMetadataTestJSON-1603671563 tempest-ImagesMetadataTestJSON-1603671563-project] Determining version of request: GET /v2/schemas/image Accept: */* {{(pid=113735) process_request /opt/stack/glance/glance/api/middleware/version_negotiation.py:44}}
Jun 15 20:30:48.915418 n-d-830645-6 devstack@g-api.service[113735]: DEBUG glance.api.middleware.version_negotiation [None req-8671d54f-ed76-4924-ab67-93a6e86dca74 tempest-ImagesMetadataTestJSON-1603671563 tempest-ImagesMetadataTestJSON-1603671563-project] Using url versioning {{(pid=113735) process_request /opt/stack/glance/glance/api/middleware/version_negotiation.py:57}}
Jun 15 20:30:48.915418 n-d-830645-6 devstack@g-api.service[113735]: DEBUG glance.api.middleware.version_negotiation [None req-8671d54f-ed76-4924-ab67-93a6e86dca74 tempest-ImagesMetadataTestJSON-1603671563 tempest-ImagesMetadataTestJSON-1603671563-project] Matched version: v2 {{(pid=113735) process_request /opt/stack/glance/glance/api/middleware/version_negotiation.py:69}}
Jun 15 20:30:48.915418 n-d-830645-6 devstack@g-api.service[113735]: DEBUG glance.api.middleware.version_negotiation [None req-8671d54f-ed76-4924-ab67-93a6e86dca74 tempest-ImagesMetadataTestJSON-1603671563 tempest-ImagesMetadataTestJSON-1603671563-project] new path /v2/schemas/image {{(pid=113735) process_request /opt/stack/glance/glance/api/middleware/version_negotiation.py:70}}
Jun 15 20:30:48.943952 n-d-830645-6 devstack@g-api.service[113735]: [pid: 113735|app: 0|req: 113/215] 127.0.0.1 () {40 vars in 784 bytes} [Wed Jun 15 20:30:48 2022] GET /v2/schemas/image => generated 6083 bytes in 28 msecs (HTTP/1.1 200) 4 headers in 158 bytes (1 switches on core 0)
Jun 15 20:30:48.944551 n-d-830645-6 devstack@g-api.service[113737]: [pid: 113737|app: 0|req: 103/216] 127.0.0.1 () {40 vars in 844 bytes} [Wed Jun 15 20:30:48 2022] GET /v2/images/9a72c013-0659-4ae3-8eb4-43c74ca26d29 => generated 946 bytes in 71 msecs (HTTP/1.1 200) 4 headers in 157 bytes (1 switches on core 0)
Jun 15 20:30:48.945454 n-d-830645-6 devstack@g-api.service[113735]: DEBUG glance.api.middleware.version_negotiation [None req-97b0d588-4d27-4e08-896f-766d3ba2fe48 tempest-LiveAutoBlockMigrationV225Test-824418334 tempest-LiveAutoBlockMigrationV225Test-824418334-project] Determining version of request: GET /v2/schemas/image Accept: */* {{(pid=113735) process_request /opt/stack/glance/glance/api/middleware/version_negotiation.py:44}}
Jun 15 20:30:48.945958 n-d-830645-6 devstack@g-api.service[113735]: DEBUG glance.api.middleware.version_negotiation [None req-97b0d588-4d27-4e08-896f-766d3ba2fe48 tempest-LiveAutoBlockMigrationV225Test-824418334 tempest-LiveAutoBlockMigrationV225Test-824418334-project] Using url versioning {{(pid=113735) process_request /opt/stack/glance/glance/api/middleware/version_negotiation.py:57}}
Jun 15 20:30:48.946418 n-d-830645-6 devstack@g-api.service[113735]: DEBUG glance.api.middleware.version_negotiation [None req-97b0d588-4d27-4e08-896f-766d3ba2fe48 tempest-LiveAutoBlockMigrationV225Test-824418334 tempest-LiveAutoBlockMigrationV225Test-824418334-project] Matched version: v2 {{(pid=113735) process_request /opt/stack/glance/glance/api/middleware/version_negotiation.py:69}}
Jun 15 20:30:48.946830 n-d-830645-6 devstack@g-api.service[113735]: DEBUG glance.api.middleware.version_negotiation [None req-97b0d588-4d27-4e08-896f-766d3ba2fe48 tempest-LiveAutoBlockMigrationV225Test-824418334 tempest-LiveAutoBlockMigrationV225Test-824418334-project] new path /v2/schemas/image {{(pid=113735) process_request /opt/stack/glance/glance/api/middleware/version_negotiation.py:70}}
Jun 15 20:30:48.954621 n-d-830645-6 devstack@g-api.service[113735]: [pid: 113735|app: 0|req: 114/217] 127.0.0.1 () {40 vars in 784 bytes} [Wed Jun 15 20:30:48 2022] GET /v2/schemas/image => generated 6083 bytes in 10 msecs (HTTP/1.1 200) 4 headers in 158 bytes (1 switches on core 0)
Jun 15 20:30:48.969527 n-d-830645-6 devstack@g-api.service[113737]: DEBUG glance.api.middleware.version_negotiation [None req-97b0d588-4d27-4e08-896f-766d3ba2fe48 tempest-LiveAutoBlockMigrationV225Test-824418334 tempest-LiveAutoBlockMigrationV225Test-824418334-project] Determining version of request: GET /v2/images/9a72c013-0659-4ae3-8eb4-43c74ca26d29 Accept: */* {{(pid=113737) process_request /opt/stack/glance/glance/api/middleware/version_negotiation.py:44}}
Jun 15 20:30:48.970122 n-d-830645-6 devstack@g-api.service[113737]: DEBUG glance.api.middleware.version_negotiation [None req-97b0d588-4d27-4e08-896f-766d3ba2fe48 tempest-LiveAutoBlockMigrationV225Test-824418334 tempest-LiveAutoBlockMigrationV225Test-824418334-project] Using url versioning {{(pid=113737) process_request /opt/stack/glance/glance/api/middleware/version_negotiation.py:57}}
Jun 15 20:30:48.971011 n-d-830645-6 devstack@g-api.service[113737]: DEBUG glance.api.middleware.version_negotiation [None req-97b0d588-4d27-4e08-896f-766d3ba2fe48 tempest-LiveAutoBlockMigrationV225Test-824418334 tempest-LiveAutoBlockMigrationV225Test-824418334-project] Matched version: v2 {{(pid=113737) process_request /opt/stack/glance/glance/api/middleware/version_negotiation.py:69}}
Jun 15 20:30:48.971453 n-d-830645-6 devstack@g-api.service[113737]: DEBUG glance.api.middleware.version_negotiation [None req-97b0d588-4d27-4e08-896f-766d3ba2fe48 tempest-LiveAutoBlockMigrationV225Test-824418334 tempest-LiveAutoBlockMigrationV225Test-824418334-project] new path /v2/images/9a72c013-0659-4ae3-8eb4-43c74ca26d29 {{(pid=113737) process_request /opt/stack/glance/glance/api/middleware/version_negotiation.py:70}}
Jun 15 20:30:49.011171 n-d-830645-6 devstack@g-api.service[113737]: [pid: 113737|app: 0|req: 104/218] 127.0.0.1 () {40 vars in 844 bytes} [Wed Jun 15 20:30:48 2022] GET /v2/images/9a72c013-0659-4ae3-8eb4-43c74ca26d29 => generated 946 bytes in 42 msecs (HTTP/1.1 200) 4 headers in 157 bytes (1 switches on core 0)
Jun 15 20:30:49.016994 n-d-830645-6 devstack@g-api.service[113735]: DEBUG glance.api.middleware.version_negotiation [None req-97b0d588-4d27-4e08-896f-766d3ba2fe48 tempest-LiveAutoBlockMigrationV225Test-824418334 tempest-LiveAutoBlockMigrationV225Test-824418334-project] Determining version of request: GET /v2/schemas/image Accept: */* {{(pid=113735) process_request /opt/stack/glance/glance/api/middleware/version_negotiation.py:44}}
Jun 15 20:30:49.017327 n-d-830645-6 devstack@g-api.service[113735]: DEBUG glance.api.middleware.version_negotiation [None req-97b0d588-4d27-4e08-896f-766d3ba2fe48 tempest-LiveAutoBlockMigrationV225Test-824418334 tempest-LiveAutoBlockMigrationV225Test-824418334-project] Using url versioning {{(pid=113735) process_request /opt/stack/glance/glance/api/middleware/version_negotiation.py:57}}
Jun 15 20:30:49.017646 n-d-830645-6 devstack@g-api.service[113735]: DEBUG glance.api.middleware.version_negotiation [None req-97b0d588-4d27-4e08-896f-766d3ba2fe48 tempest-LiveAutoBlockMigrationV225Test-824418334 tempest-LiveAutoBlockMigrationV225Test-824418334-project] Matched version: v2 {{(pid=113735) process_request /opt/stack/glance/glance/api/middleware/version_negotiation.py:69}}
Jun 15 20:30:49.017926 n-d-830645-6 devstack@g-api.service[113735]: DEBUG glance.api.middleware.version_negotiation [None req-97b0d588-4d27-4e08-896f-766d3ba2fe48 tempest-LiveAutoBlockMigrationV225Test-824418334 tempest-LiveAutoBlockMigrationV225Test-824418334-project] new path /v2/schemas/image {{(pid=113735) process_request /opt/stack/glance/glance/api/middleware/version_negotiation.py:70}}
Jun 15 20:30:49.030874 n-d-830645-6 devstack@g-api.service[113735]: [pid: 113735|app: 0|req: 115/219] 127.0.0.1 () {40 vars in 784 bytes} [Wed Jun 15 20:30:49 2022] GET /v2/schemas/image => generated 6083 bytes in 15 msecs (HTTP/1.1 200) 4 headers in 158 bytes (1 switches on core 0)
Jun 15 20:30:49.039949 n-d-830645-6 devstack@g-api.service[113737]: DEBUG glance.api.middleware.version_negotiation [None req-97b0d588-4d27-4e08-896f-766d3ba2fe48 tempest-LiveAutoBlockMigrationV225Test-824418334 tempest-LiveAutoBlockMigrationV225Test-824418334-project] Determining version of request: GET /v2/schemas/image Accept: */* {{(pid=113737) process_request /opt/stack/glance/glance/api/middleware/version_negotiation.py:44}}
Jun 15 20:30:49.039949 n-d-830645-6 devstack@g-api.service[113737]: DEBUG glance.api.middleware.version_negotiation [None req-97b0d588-4d27-4e08-896f-766d3ba2fe48 tempest-LiveAutoBlockMigrationV225Test-824418334 tempest-LiveAutoBlockMigrationV225Test-824418334-project] Using url versioning {{(pid=113737) process_request /opt/stack/glance/glance/api/middleware/version_negotiation.py:57}}
Jun 15 20:30:49.039949 n-d-830645-6 devstack@g-api.service[113737]: DEBUG glance.api.middleware.version_negotiation [None req-97b0d588-4d27-4e08-896f-766d3ba2fe48 tempest-LiveAutoBlockMigrationV225Test-824418334 tempest-LiveAutoBlockMigrationV225Test-824418334-project] Matched version: v2 {{(pid=113737) process_request /opt/stack/glance/glance/api/middleware/version_negotiation.py:69}}
Jun 15 20:30:49.040400 n-d-830645-6 devstack@g-api.service[113737]: DEBUG glance.api.middleware.version_negotiation [None req-97b0d588-4d27-4e08-896f-766d3ba2fe48 tempest-LiveAutoBlockMigrationV225Test-824418334 tempest-LiveAutoBlockMigrationV225Test-824418334-project] new path /v2/schemas/image {{(pid=113737) process_request /opt/stack/glance/glance/api/middleware/version_negotiation.py:70}}
Jun 15 20:30:49.045059 n-d-830645-6 devstack@g-api.service[113737]: [pid: 113737|app: 0|req: 105/220] 127.0.0.1 () {40 vars in 784 bytes} [Wed Jun 15 20:30:49 2022] GET /v2/schemas/image => generated 6083 bytes in 7 msecs (HTTP/1.1 200) 4 headers in 158 bytes (1 switches on core 0)
Jun 15 20:30:49.126163 n-d-830645-6 devstack@g-api.service[113735]: DEBUG glance.api.middleware.version_negotiation [None req-97b0d588-4d27-4e08-896f-766d3ba2fe48 tempest-LiveAutoBlockMigrationV225Test-824418334 tempest-LiveAutoBlockMigrationV225Test-824418334-project] Determining version of request: GET /v2/images/9a72c013-0659-4ae3-8eb4-43c74ca26d29 Accept: */* {{(pid=113735) process_request /opt/stack/glance/glance/api/middleware/version_negotiation.py:44}}
Jun 15 20:30:49.126904 n-d-830645-6 devstack@g-api.service[113735]: DEBUG glance.api.middleware.version_negotiation [None req-97b0d588-4d27-4e08-896f-766d3ba2fe48 tempest-LiveAutoBlockMigrationV225Test-824418334 tempest-LiveAutoBlockMigrationV225Test-824418334-project] Using url versioning {{(pid=113735) process_request /opt/stack/glance/glance/api/middleware/version_negotiation.py:57}}
Jun 15 20:30:49.127438 n-d-830645-6 devstack@g-api.service[113735]: DEBUG glance.api.middleware.version_negotiation [None req-97b0d588-4d27-4e08-896f-766d3ba2fe48 tempest-LiveAutoBlockMigrationV225Test-824418334 tempest-LiveAutoBlockMigrationV225Test-824418334-project] Matched version: v2 {{(pid=113735) process_request /opt/stack/glance/glance/api/middleware/version_negotiation.py:69}}
Jun 15 20:30:49.127909 n-d-830645-6 devstack@g-api.service[113735]: DEBUG glance.api.middleware.version_negotiation [None req-97b0d588-4d27-4e08-896f-766d3ba2fe48 tempest-LiveAutoBlockMigrationV225Test-824418334 tempest-LiveAutoBlockMigrationV225Test-824418334-project] new path /v2/images/9a72c013-0659-4ae3-8eb4-43c74ca26d29 {{(pid=113735) process_request /opt/stack/glance/glance/api/middleware/version_negotiation.py:70}}
Jun 15 20:30:49.163352 n-d-830645-6 devstack@g-api.service[113737]: DEBUG glance.api.middleware.version_negotiation [None req-97b0d588-4d27-4e08-896f-766d3ba2fe48 tempest-LiveAutoBlockMigrationV225Test-824418334 tempest-LiveAutoBlockMigrationV225Test-824418334-project] Determining version of request: GET /v2/schemas/image Accept: */* {{(pid=113737) process_request /opt/stack/glance/glance/api/middleware/version_negotiation.py:44}}
Jun 15 20:30:49.163704 n-d-830645-6 devstack@g-api.service[113737]: DEBUG glance.api.middleware.version_negotiation [None req-97b0d588-4d27-4e08-896f-766d3ba2fe48 tempest-LiveAutoBlockMigrationV225Test-824418334 tempest-LiveAutoBlockMigrationV225Test-824418334-project] Using url versioning {{(pid=113737) process_request /opt/stack/glance/glance/api/middleware/version_negotiation.py:57}}
Jun 15 20:30:49.164188 n-d-830645-6 devstack@g-api.service[113737]: DEBUG glance.api.middleware.version_negotiation [None req-97b0d588-4d27-4e08-896f-766d3ba2fe48 tempest-LiveAutoBlockMigrationV225Test-824418334 tempest-LiveAutoBlockMigrationV225Test-824418334-project] Matched version: v2 {{(pid=113737) process_request /opt/stack/glance/glance/api/middleware/version_negotiation.py:69}}
Jun 15 20:30:49.164347 n-d-830645-6 devstack@g-api.service[113737]: DEBUG glance.api.middleware.version_negotiation [None req-97b0d588-4d27-4e08-896f-766d3ba2fe48 tempest-LiveAutoBlockMigrationV225Test-824418334 tempest-LiveAutoBlockMigrationV225Test-824418334-project] new path /v2/schemas/image {{(pid=113737) process_request /opt/stack/glance/glance/api/middleware/version_negotiation.py:70}}
Jun 15 20:30:49.175166 n-d-830645-6 devstack@g-api.service[113737]: [pid: 113737|app: 0|req: 106/221] 127.0.0.1 () {40 vars in 784 bytes} [Wed Jun 15 20:30:49 2022] GET /v2/schemas/image => generated 6083 bytes in 11 msecs (HTTP/1.1 200) 4 headers in 158 bytes (1 switches on core 0)
Jun 15 20:30:49.181476 n-d-830645-6 devstack@g-api.service[113735]: [pid: 113735|app: 0|req: 116/222] 127.0.0.1 () {40 vars in 844 bytes} [Wed Jun 15 20:30:49 2022] GET /v2/images/9a72c013-0659-4ae3-8eb4-43c74ca26d29 => generated 946 bytes in 56 msecs (HTTP/1.1 200) 4 headers in 157 bytes (1 switches on core 0)
Jun 15 20:30:49.185785 n-d-830645-6 devstack@g-api.service[113737]: DEBUG glance.api.middleware.version_negotiation [None req-97b0d588-4d27-4e08-896f-766d3ba2fe48 tempest-LiveAutoBlockMigrationV225Test-824418334 tempest-LiveAutoBlockMigrationV225Test-824418334-project] Determining version of request: GET /v2/schemas/image Accept: */* {{(pid=113737) process_request /opt/stack/glance/glance/api/middleware/version_negotiation.py:44}}
Jun 15 20:30:49.186628 n-d-830645-6 devstack@g-api.service[113737]: DEBUG glance.api.middleware.version_negotiation [None req-97b0d588-4d27-4e08-896f-766d3ba2fe48 tempest-LiveAutoBlockMigrationV225Test-824418334 tempest-LiveAutoBlockMigrationV225Test-824418334-project] Using url versioning {{(pid=113737) process_request /opt/stack/glance/glance/api/middleware/version_negotiation.py:57}}
Jun 15 20:30:49.187118 n-d-830645-6 devstack@g-api.service[113737]: DEBUG glance.api.middleware.version_negotiation [None req-97b0d588-4d27-4e08-896f-766d3ba2fe48 tempest-LiveAutoBlockMigrationV225Test-824418334 tempest-LiveAutoBlockMigrationV225Test-824418334-project] Matched version: v2 {{(pid=113737) process_request /opt/stack/glance/glance/api/middleware/version_negotiation.py:69}}
Jun 15 20:30:49.187702 n-d-830645-6 devstack@g-api.service[113737]: DEBUG glance.api.middleware.version_negotiation [None req-97b0d588-4d27-4e08-896f-766d3ba2fe48 tempest-LiveAutoBlockMigrationV225Test-824418334 tempest-LiveAutoBlockMigrationV225Test-824418334-project] new path /v2/schemas/image {{(pid=113737) process_request /opt/stack/glance/glance/api/middleware/version_negotiation.py:70}}
Jun 15 20:30:49.204620 n-d-830645-6 devstack@g-api.service[113737]: [pid: 113737|app: 0|req: 107/223] 127.0.0.1 () {40 vars in 784 bytes} [Wed Jun 15 20:30:49 2022] GET /v2/schemas/image => generated 6083 bytes in 19 msecs (HTTP/1.1 200) 4 headers in 158 bytes (1 switches on core 0)
Jun 15 20:30:50.773357 n-d-830645-6 devstack@g-api.service[113735]: DEBUG glance.api.middleware.version_negotiation [None req-97b0d588-4d27-4e08-896f-766d3ba2fe48 tempest-LiveAutoBlockMigrationV225Test-824418334 tempest-LiveAutoBlockMigrationV225Test-824418334-project] Determining version of request: GET /v2/images/9a72c013-0659-4ae3-8eb4-43c74ca26d29 Accept: */* {{(pid=113735) process_request /opt/stack/glance/glance/api/middleware/version_negotiation.py:44}}
Jun 15 20:30:50.773357 n-d-830645-6 devstack@g-api.service[113735]: DEBUG glance.api.middleware.version_negotiation [None req-97b0d588-4d27-4e08-896f-766d3ba2fe48 tempest-LiveAutoBlockMigrationV225Test-824418334 tempest-LiveAutoBlockMigrationV225Test-824418334-project] Using url versioning {{(pid=113735) process_request /opt/stack/glance/glance/api/middleware/version_negotiation.py:57}}
Jun 15 20:30:50.773357 n-d-830645-6 devstack@g-api.service[113735]: DEBUG glance.api.middleware.version_negotiation [None req-97b0d588-4d27-4e08-896f-766d3ba2fe48 tempest-LiveAutoBlockMigrationV225Test-824418334 tempest-LiveAutoBlockMigrationV225Test-824418334-project] Matched version: v2 {{(pid=113735) process_request /opt/stack/glance/glance/api/middleware/version_negotiation.py:69}}
Jun 15 20:30:50.773357 n-d-830645-6 devstack@g-api.service[113735]: DEBUG glance.api.middleware.version_negotiation [None req-97b0d588-4d27-4e08-896f-766d3ba2fe48 tempest-LiveAutoBlockMigrationV225Test-824418334 tempest-LiveAutoBlockMigrationV225Test-824418334-project] new path /v2/images/9a72c013-0659-4ae3-8eb4-43c74ca26d29 {{(pid=113735) process_request /opt/stack/glance/glance/api/middleware/version_negotiation.py:70}}
Jun 15 20:30:50.826322 n-d-830645-6 devstack@g-api.service[113735]: [pid: 113735|app: 0|req: 117/224] 127.0.0.1 () {40 vars in 844 bytes} [Wed Jun 15 20:30:50 2022] GET /v2/images/9a72c013-0659-4ae3-8eb4-43c74ca26d29 => generated 946 bytes in 64 msecs (HTTP/1.1 200) 4 headers in 157 bytes (1 switches on core 0)
Jun 15 20:30:50.832301 n-d-830645-6 devstack@g-api.service[113737]: DEBUG glance.api.middleware.version_negotiation [None req-97b0d588-4d27-4e08-896f-766d3ba2fe48 tempest-LiveAutoBlockMigrationV225Test-824418334 tempest-LiveAutoBlockMigrationV225Test-824418334-project] Determining version of request: GET /v2/schemas/image Accept: */* {{(pid=113737) process_request /opt/stack/glance/glance/api/middleware/version_negotiation.py:44}}
Jun 15 20:30:50.834158 n-d-830645-6 devstack@g-api.service[113737]: DEBUG glance.api.middleware.version_negotiation [None req-97b0d588-4d27-4e08-896f-766d3ba2fe48 tempest-LiveAutoBlockMigrationV225Test-824418334 tempest-LiveAutoBlockMigrationV225Test-824418334-project] Using url versioning {{(pid=113737) process_request /opt/stack/glance/glance/api/middleware/version_negotiation.py:57}}
Jun 15 20:30:50.834669 n-d-830645-6 devstack@g-api.service[113737]: DEBUG glance.api.middleware.version_negotiation [None req-97b0d588-4d27-4e08-896f-766d3ba2fe48 tempest-LiveAutoBlockMigrationV225Test-824418334 tempest-LiveAutoBlockMigrationV225Test-824418334-project] Matched version: v2 {{(pid=113737) process_request /opt/stack/glance/glance/api/middleware/version_negotiation.py:69}}
Jun 15 20:30:50.835124 n-d-830645-6 devstack@g-api.service[113737]: DEBUG glance.api.middleware.version_negotiation [None req-97b0d588-4d27-4e08-896f-766d3ba2fe48 tempest-LiveAutoBlockMigrationV225Test-824418334 tempest-LiveAutoBlockMigrationV225Test-824418334-project] new path /v2/schemas/image {{(pid=113737) process_request /opt/stack/glance/glance/api/middleware/version_negotiation.py:70}}
Jun 15 20:30:50.844729 n-d-830645-6 devstack@g-api.service[113737]: [pid: 113737|app: 0|req: 108/225] 127.0.0.1 () {40 vars in 784 bytes} [Wed Jun 15 20:30:50 2022] GET /v2/schemas/image => generated 6083 bytes in 13 msecs (HTTP/1.1 200) 4 headers in 158 bytes (1 switches on core 0)
Jun 15 20:30:50.847629 n-d-830645-6 devstack@g-api.service[113735]: DEBUG glance.api.middleware.version_negotiation [None req-97b0d588-4d27-4e08-896f-766d3ba2fe48 tempest-LiveAutoBlockMigrationV225Test-824418334 tempest-LiveAutoBlockMigrationV225Test-824418334-project] Determining version of request: GET /v2/images/9a72c013-0659-4ae3-8eb4-43c74ca26d29 Accept: */* {{(pid=113735) process_request /opt/stack/glance/glance/api/middleware/version_negotiation.py:44}}
Jun 15 20:30:50.848262 n-d-830645-6 devstack@g-api.service[113735]: DEBUG glance.api.middleware.version_negotiation [None req-97b0d588-4d27-4e08-896f-766d3ba2fe48 tempest-LiveAutoBlockMigrationV225Test-824418334 tempest-LiveAutoBlockMigrationV225Test-824418334-project] Using url versioning {{(pid=113735) process_request /opt/stack/glance/glance/api/middleware/version_negotiation.py:57}}
Jun 15 20:30:50.848806 n-d-830645-6 devstack@g-api.service[113735]: DEBUG glance.api.middleware.version_negotiation [None req-97b0d588-4d27-4e08-896f-766d3ba2fe48 tempest-LiveAutoBlockMigrationV225Test-824418334 tempest-LiveAutoBlockMigrationV225Test-824418334-project] Matched version: v2 {{(pid=113735) process_request /opt/stack/glance/glance/api/middleware/version_negotiation.py:69}}
Jun 15 20:30:50.851105 n-d-830645-6 devstack@g-api.service[113735]: DEBUG glance.api.middleware.version_negotiation [None req-97b0d588-4d27-4e08-896f-766d3ba2fe48 tempest-LiveAutoBlockMigrationV225Test-824418334 tempest-LiveAutoBlockMigrationV225Test-824418334-project] new path /v2/images/9a72c013-0659-4ae3-8eb4-43c74ca26d29 {{(pid=113735) process_request /opt/stack/glance/glance/api/middleware/version_negotiation.py:70}}
Jun 15 20:30:50.871125 n-d-830645-6 devstack@g-api.service[113735]: [pid: 113735|app: 0|req: 118/226] 127.0.0.1 () {40 vars in 844 bytes} [Wed Jun 15 20:30:50 2022] GET /v2/images/9a72c013-0659-4ae3-8eb4-43c74ca26d29 => generated 946 bytes in 24 msecs (HTTP/1.1 200) 4 headers in 157 bytes (1 switches on core 0)
Jun 15 20:30:50.876655 n-d-830645-6 devstack@g-api.service[113737]: DEBUG glance.api.middleware.version_negotiation [None req-97b0d588-4d27-4e08-896f-766d3ba2fe48 tempest-LiveAutoBlockMigrationV225Test-824418334 tempest-LiveAutoBlockMigrationV225Test-824418334-project] Determining version of request: GET /v2/schemas/image Accept: */* {{(pid=113737) process_request /opt/stack/glance/glance/api/middleware/version_negotiation.py:44}}
Jun 15 20:30:50.877485 n-d-830645-6 devstack@g-api.service[113737]: DEBUG glance.api.middleware.version_negotiation [None req-97b0d588-4d27-4e08-896f-766d3ba2fe48 tempest-LiveAutoBlockMigrationV225Test-824418334 tempest-LiveAutoBlockMigrationV225Test-824418334-project] Using url versioning {{(pid=113737) process_request /opt/stack/glance/glance/api/middleware/version_negotiation.py:57}}
Jun 15 20:30:50.881877 n-d-830645-6 devstack@g-api.service[113737]: DEBUG glance.api.middleware.version_negotiation [None req-97b0d588-4d27-4e08-896f-766d3ba2fe48 tempest-LiveAutoBlockMigrationV225Test-824418334 tempest-LiveAutoBlockMigrationV225Test-824418334-project] Matched version: v2 {{(pid=113737) process_request /opt/stack/glance/glance/api/middleware/version_negotiation.py:69}}
Jun 15 20:30:50.883277 n-d-830645-6 devstack@g-api.service[113737]: DEBUG glance.api.middleware.version_negotiation [None req-97b0d588-4d27-4e08-896f-766d3ba2fe48 tempest-LiveAutoBlockMigrationV225Test-824418334 tempest-LiveAutoBlockMigrationV225Test-824418334-project] new path /v2/schemas/image {{(pid=113737) process_request /opt/stack/glance/glance/api/middleware/version_negotiation.py:70}}
Jun 15 20:30:50.895299 n-d-830645-6 devstack@g-api.service[113737]: [pid: 113737|app: 0|req: 109/227] 127.0.0.1 () {40 vars in 784 bytes} [Wed Jun 15 20:30:50 2022] GET /v2/schemas/image => generated 6083 bytes in 19 msecs (HTTP/1.1 200) 4 headers in 158 bytes (1 switches on core 0)
Jun 15 20:30:50.914608 n-d-830645-6 devstack@g-api.service[113735]: DEBUG glance.api.middleware.version_negotiation [None req-97b0d588-4d27-4e08-896f-766d3ba2fe48 tempest-LiveAutoBlockMigrationV225Test-824418334 tempest-LiveAutoBlockMigrationV225Test-824418334-project] Determining version of request: GET /v2/schemas/image Accept: */* {{(pid=113735) process_request /opt/stack/glance/glance/api/middleware/version_negotiation.py:44}}
Jun 15 20:30:50.915124 n-d-830645-6 devstack@g-api.service[113735]: DEBUG glance.api.middleware.version_negotiation [None req-97b0d588-4d27-4e08-896f-766d3ba2fe48 tempest-LiveAutoBlockMigrationV225Test-824418334 tempest-LiveAutoBlockMigrationV225Test-824418334-project] Using url versioning {{(pid=113735) process_request /opt/stack/glance/glance/api/middleware/version_negotiation.py:57}}
