Jun 01 21:43:54.571148 n-d-830645-5 devstack@placement-api.service[105781]: [pid: 105781|app: 0|req: 460/934] 10.222.0.48 () {64 vars in 1433 bytes} [Wed Jun  1 21:43:53 2022] PUT /placement/allocations/398f134e-fd4e-4b36-b36a-53b32e5d16f4 => generated 0 bytes in 675 msecs (HTTP/1.1 204) 5 headers in 199 bytes (2 switches on core 0)
Jun 01 21:43:56.731985 n-d-830645-5 devstack@placement-api.service[105780]: DEBUG placement.requestlog [req-55b98d8f-d714-44de-9538-fa08d5325b3d req-502ed1c1-ccd4-4bda-9f4a-77c7795a03e7 None None] Starting request: 10.222.0.73 "GET /placement/allocations/398f134e-fd4e-4b36-b36a-53b32e5d16f4" {{(pid=105780) __call__ /opt/stack/placement/placement/requestlog.py:55}}
Jun 01 21:43:56.767131 n-d-830645-5 devstack@placement-api.service[105780]: INFO placement.requestlog [req-55b98d8f-d714-44de-9538-fa08d5325b3d req-502ed1c1-ccd4-4bda-9f4a-77c7795a03e7 service placement] 10.222.0.73 "GET /placement/allocations/398f134e-fd4e-4b36-b36a-53b32e5d16f4" status: 200 len: 259 microversion: 1.28
Jun 01 21:43:56.768016 n-d-830645-5 devstack@placement-api.service[105780]: [pid: 105780|app: 0|req: 475/935] 10.222.0.73 () {60 vars in 1377 bytes} [Wed Jun  1 21:43:56 2022] GET /placement/allocations/398f134e-fd4e-4b36-b36a-53b32e5d16f4 => generated 259 bytes in 36 msecs (HTTP/1.1 200) 8 headers in 296 bytes (1 switches on core 0)
Jun 01 21:43:59.931988 n-d-830645-5 devstack@placement-api.service[105781]: DEBUG placement.requestlog [req-f26a3b15-bf0b-4fef-9dff-a544be3a9b17 req-a5d3ee4f-0cf8-4eb8-8a8d-49adb3a882a9 None None] Starting request: 10.222.0.48 "GET /placement/allocation_candidates?limit=1000&resources=DISK_GB%3A1%2CMEMORY_MB%3A1024%2CVCPU%3A1&root_required=%21COMPUTE_STATUS_DISABLED" {{(pid=105781) __call__ /opt/stack/placement/placement/requestlog.py:55}}
Jun 01 21:43:59.931988 n-d-830645-5 devstack@placement-api.service[105781]: DEBUG dbcounter [-] [105781] Writing DB stats placement:INSERT=11,placement:SELECT=54,placement:DELETE=6,placement:UPDATE=4 {{(pid=105781) stat_writer /usr/local/lib/python3.8/dist-packages/dbcounter.py:114}}
Jun 01 21:44:00.047168 n-d-830645-5 devstack@placement-api.service[105781]: DEBUG placement.objects.research_context [req-f26a3b15-bf0b-4fef-9dff-a544be3a9b17 req-a5d3ee4f-0cf8-4eb8-8a8d-49adb3a882a9 service placement] getting providers with 1 DISK_GB {{(pid=105781) __init__ /opt/stack/placement/placement/objects/research_context.py:136}}
Jun 01 21:44:00.067409 n-d-830645-5 devstack@placement-api.service[105781]: DEBUG placement.objects.research_context [req-f26a3b15-bf0b-4fef-9dff-a544be3a9b17 req-a5d3ee4f-0cf8-4eb8-8a8d-49adb3a882a9 service placement] getting providers with 1024 MEMORY_MB {{(pid=105781) __init__ /opt/stack/placement/placement/objects/research_context.py:136}}
Jun 01 21:44:00.077990 n-d-830645-5 devstack@placement-api.service[105781]: DEBUG placement.objects.research_context [req-f26a3b15-bf0b-4fef-9dff-a544be3a9b17 req-a5d3ee4f-0cf8-4eb8-8a8d-49adb3a882a9 service placement] getting providers with 1 VCPU {{(pid=105781) __init__ /opt/stack/placement/placement/objects/research_context.py:136}}
Jun 01 21:44:00.093136 n-d-830645-5 devstack@placement-api.service[105781]: DEBUG placement.objects.research_context [req-f26a3b15-bf0b-4fef-9dff-a544be3a9b17 req-a5d3ee4f-0cf8-4eb8-8a8d-49adb3a882a9 service placement] found 2 providers with available 1 DISK_GB {{(pid=105781) get_provider_ids_matching /opt/stack/placement/placement/objects/research_context.py:563}}
Jun 01 21:44:00.093419 n-d-830645-5 devstack@placement-api.service[105781]: DEBUG placement.objects.research_context [req-f26a3b15-bf0b-4fef-9dff-a544be3a9b17 req-a5d3ee4f-0cf8-4eb8-8a8d-49adb3a882a9 service placement] found 2 providers with available 1024 MEMORY_MB {{(pid=105781) get_provider_ids_matching /opt/stack/placement/placement/objects/research_context.py:563}}
Jun 01 21:44:00.093689 n-d-830645-5 devstack@placement-api.service[105781]: DEBUG placement.objects.research_context [req-f26a3b15-bf0b-4fef-9dff-a544be3a9b17 req-a5d3ee4f-0cf8-4eb8-8a8d-49adb3a882a9 service placement] found 2 providers after filtering by previous result {{(pid=105781) get_provider_ids_matching /opt/stack/placement/placement/objects/research_context.py:594}}
Jun 01 21:44:00.093943 n-d-830645-5 devstack@placement-api.service[105781]: DEBUG placement.objects.research_context [req-f26a3b15-bf0b-4fef-9dff-a544be3a9b17 req-a5d3ee4f-0cf8-4eb8-8a8d-49adb3a882a9 service placement] found 2 providers with available 1 VCPU {{(pid=105781) get_provider_ids_matching /opt/stack/placement/placement/objects/research_context.py:563}}
Jun 01 21:44:00.094200 n-d-830645-5 devstack@placement-api.service[105781]: DEBUG placement.objects.research_context [req-f26a3b15-bf0b-4fef-9dff-a544be3a9b17 req-a5d3ee4f-0cf8-4eb8-8a8d-49adb3a882a9 service placement] found 2 providers after filtering by previous result {{(pid=105781) get_provider_ids_matching /opt/stack/placement/placement/objects/research_context.py:594}}
Jun 01 21:44:00.135222 n-d-830645-5 devstack@placement-api.service[105781]: DEBUG placement.objects.allocation_candidate [req-f26a3b15-bf0b-4fef-9dff-a544be3a9b17 req-a5d3ee4f-0cf8-4eb8-8a8d-49adb3a882a9 service placement] RequestGroup(use_same_provider=False, resources={DISK_GB:1, MEMORY_MB:1024, VCPU:1}, traits=(), aggregates=[]) (suffix '') returned 2 matches {{(pid=105781) _get_by_requests /opt/stack/placement/placement/objects/allocation_candidate.py:156}}
Jun 01 21:44:00.135612 n-d-830645-5 devstack@placement-api.service[105781]: DEBUG placement.objects.allocation_candidate [req-f26a3b15-bf0b-4fef-9dff-a544be3a9b17 req-a5d3ee4f-0cf8-4eb8-8a8d-49adb3a882a9 service placement] Merging candidates yields 2 allocation requests and 2 provider summaries {{(pid=105781) _merge_candidates /opt/stack/placement/placement/objects/allocation_candidate.py:809}}
Jun 01 21:44:00.137711 n-d-830645-5 devstack@placement-api.service[105781]: INFO placement.requestlog [req-f26a3b15-bf0b-4fef-9dff-a544be3a9b17 req-a5d3ee4f-0cf8-4eb8-8a8d-49adb3a882a9 service placement] 10.222.0.48 "GET /placement/allocation_candidates?limit=1000&resources=DISK_GB%3A1%2CMEMORY_MB%3A1024%2CVCPU%3A1&root_required=%21COMPUTE_STATUS_DISABLED" status: 200 len: 1309 microversion: 1.36
Jun 01 21:44:00.138278 n-d-830645-5 devstack@placement-api.service[105781]: [pid: 105781|app: 0|req: 461/936] 10.222.0.48 () {60 vars in 1506 bytes} [Wed Jun  1 21:43:59 2022] GET /placement/allocation_candidates?limit=1000&resources=DISK_GB%3A1%2CMEMORY_MB%3A1024%2CVCPU%3A1&root_required=%21COMPUTE_STATUS_DISABLED => generated 1309 bytes in 216 msecs (HTTP/1.1 200) 8 headers in 297 bytes (1 switches on core 0)
Jun 01 21:44:00.240677 n-d-830645-5 devstack@placement-api.service[105780]: DEBUG placement.requestlog [req-f26a3b15-bf0b-4fef-9dff-a544be3a9b17 req-cffbdf29-a025-495b-b39d-1d43d8358786 None None] Starting request: 10.222.0.48 "GET /placement/allocations/23523f22-0722-4f31-84c0-cddf45c9e018" {{(pid=105780) __call__ /opt/stack/placement/placement/requestlog.py:55}}
Jun 01 21:44:00.248428 n-d-830645-5 devstack@placement-api.service[105780]: DEBUG dbcounter [-] [105780] Writing DB stats placement:SELECT=25,placement:DELETE=2 {{(pid=105780) stat_writer /usr/local/lib/python3.8/dist-packages/dbcounter.py:114}}
Jun 01 21:44:00.253699 n-d-830645-5 devstack@placement-api.service[105780]: INFO placement.requestlog [req-f26a3b15-bf0b-4fef-9dff-a544be3a9b17 req-cffbdf29-a025-495b-b39d-1d43d8358786 service placement] 10.222.0.48 "GET /placement/allocations/23523f22-0722-4f31-84c0-cddf45c9e018" status: 200 len: 19 microversion: 1.28
Jun 01 21:44:00.254075 n-d-830645-5 devstack@placement-api.service[105780]: [pid: 105780|app: 0|req: 476/937] 10.222.0.48 () {60 vars in 1380 bytes} [Wed Jun  1 21:44:00 2022] GET /placement/allocations/23523f22-0722-4f31-84c0-cddf45c9e018 => generated 19 bytes in 14 msecs (HTTP/1.1 200) 8 headers in 295 bytes (1 switches on core 0)
Jun 01 21:44:00.260242 n-d-830645-5 devstack@placement-api.service[105781]: DEBUG placement.requestlog [req-f26a3b15-bf0b-4fef-9dff-a544be3a9b17 req-931f97ae-7d72-49ff-a4b9-64347b1f30f5 None None] Starting request: 10.222.0.48 "PUT /placement/allocations/23523f22-0722-4f31-84c0-cddf45c9e018" {{(pid=105781) __call__ /opt/stack/placement/placement/requestlog.py:55}}
Jun 01 21:44:00.756134 n-d-830645-5 devstack@placement-api.service[105781]: DEBUG placement.handlers.allocation [req-f26a3b15-bf0b-4fef-9dff-a544be3a9b17 req-931f97ae-7d72-49ff-a4b9-64347b1f30f5 service placement] Successfully wrote allocations [<placement.objects.allocation.Allocation object at 0x7f9b5c425640>, <placement.objects.allocation.Allocation object at 0x7f9b5c49c910>, <placement.objects.allocation.Allocation object at 0x7f9b5c49c970>] {{(pid=105781) _update_consumers_and_create_allocations /opt/stack/placement/placement/handlers/allocation.py:462}}
Jun 01 21:44:01.152963 n-d-830645-5 devstack@placement-api.service[105781]: INFO placement.requestlog [req-f26a3b15-bf0b-4fef-9dff-a544be3a9b17 req-931f97ae-7d72-49ff-a4b9-64347b1f30f5 service placement] 10.222.0.48 "PUT /placement/allocations/23523f22-0722-4f31-84c0-cddf45c9e018" status: 204 len: 0 microversion: 1.36
Jun 01 21:44:01.156730 n-d-830645-5 devstack@placement-api.service[105781]: [pid: 105781|app: 0|req: 462/938] 10.222.0.48 () {64 vars in 1433 bytes} [Wed Jun  1 21:44:00 2022] PUT /placement/allocations/23523f22-0722-4f31-84c0-cddf45c9e018 => generated 0 bytes in 893 msecs (HTTP/1.1 204) 5 headers in 199 bytes (1 switches on core 0)
Jun 01 21:44:04.929735 n-d-830645-5 devstack@placement-api.service[105780]: DEBUG placement.requestlog [req-f26a3b15-bf0b-4fef-9dff-a544be3a9b17 req-62962dca-49da-4da8-aaf8-a36d0cfb375e None None] Starting request: 10.222.0.73 "GET /placement/allocations/23523f22-0722-4f31-84c0-cddf45c9e018" {{(pid=105780) __call__ /opt/stack/placement/placement/requestlog.py:55}}
Jun 01 21:44:04.961602 n-d-830645-5 devstack@placement-api.service[105780]: INFO placement.requestlog [req-f26a3b15-bf0b-4fef-9dff-a544be3a9b17 req-62962dca-49da-4da8-aaf8-a36d0cfb375e service placement] 10.222.0.73 "GET /placement/allocations/23523f22-0722-4f31-84c0-cddf45c9e018" status: 200 len: 259 microversion: 1.28
Jun 01 21:44:04.962312 n-d-830645-5 devstack@placement-api.service[105780]: [pid: 105780|app: 0|req: 477/939] 10.222.0.73 () {60 vars in 1377 bytes} [Wed Jun  1 21:44:04 2022] GET /placement/allocations/23523f22-0722-4f31-84c0-cddf45c9e018 => generated 259 bytes in 33 msecs (HTTP/1.1 200) 8 headers in 296 bytes (1 switches on core 0)
Jun 01 21:44:06.243250 n-d-830645-5 devstack@placement-api.service[105781]: DEBUG placement.requestlog [None req-8830eea5-a3aa-4a21-83f5-5ff7d14fc0af None None] Starting request: 10.222.0.48 "GET /placement/resource_providers/7cc79fc1-fbf8-4c4e-a90c-83af65e8f0eb/aggregates" {{(pid=105781) __call__ /opt/stack/placement/placement/requestlog.py:55}}
Jun 01 21:44:06.255176 n-d-830645-5 devstack@placement-api.service[105781]: INFO placement.requestlog [None req-8830eea5-a3aa-4a21-83f5-5ff7d14fc0af service placement] 10.222.0.48 "GET /placement/resource_providers/7cc79fc1-fbf8-4c4e-a90c-83af65e8f0eb/aggregates" status: 404 len: 235 microversion: 1.1
Jun 01 21:44:06.255774 n-d-830645-5 devstack@placement-api.service[105781]: [pid: 105781|app: 0|req: 463/940] 10.222.0.48 () {58 vars in 1362 bytes} [Wed Jun  1 21:44:06 2022] GET /placement/resource_providers/7cc79fc1-fbf8-4c4e-a90c-83af65e8f0eb/aggregates => generated 235 bytes in 13 msecs (HTTP/1.1 404) 5 headers in 202 bytes (1 switches on core 0)
Jun 01 21:44:06.282033 n-d-830645-5 devstack@placement-api.service[105780]: DEBUG placement.requestlog [None req-10de54d9-9a08-404e-b9b1-a9465a4de862 None None] Starting request: 10.222.0.48 "DELETE /placement/resource_providers/7cc79fc1-fbf8-4c4e-a90c-83af65e8f0eb" {{(pid=105780) __call__ /opt/stack/placement/placement/requestlog.py:55}}
Jun 01 21:44:06.301581 n-d-830645-5 devstack@placement-api.service[105780]: DEBUG placement.wsgi_wrapper [None req-10de54d9-9a08-404e-b9b1-a9465a4de862 service placement] Placement API returning an error response: No resource provider with uuid 7cc79fc1-fbf8-4c4e-a90c-83af65e8f0eb found for delete {{(pid=105780) call_func /opt/stack/placement/placement/wsgi_wrapper.py:31}}
Jun 01 21:44:06.302629 n-d-830645-5 devstack@placement-api.service[105780]: INFO placement.requestlog [None req-10de54d9-9a08-404e-b9b1-a9465a4de862 service placement] 10.222.0.48 "DELETE /placement/resource_providers/7cc79fc1-fbf8-4c4e-a90c-83af65e8f0eb" status: 404 len: 246 microversion: 1.1
Jun 01 21:44:06.302988 n-d-830645-5 devstack@placement-api.service[105780]: [pid: 105780|app: 0|req: 478/941] 10.222.0.48 () {60 vars in 1351 bytes} [Wed Jun  1 21:44:06 2022] DELETE /placement/resource_providers/7cc79fc1-fbf8-4c4e-a90c-83af65e8f0eb => generated 246 bytes in 21 msecs (HTTP/1.1 404) 6 headers in 231 bytes (1 switches on core 0)
Jun 01 21:44:08.714292 n-d-830645-5 devstack@placement-api.service[105781]: DEBUG placement.requestlog [req-51a121e0-6887-420f-8a62-afd24046a293 req-c06030a0-6400-4a1d-a70c-b631b5c19121 None None] Starting request: 10.222.0.73 "GET /placement/resource_providers/5f06ec7a-0b58-455b-8c34-1b8ecf8428fa/allocations" {{(pid=105781) __call__ /opt/stack/placement/placement/requestlog.py:55}}
Jun 01 21:44:08.753652 n-d-830645-5 devstack@placement-api.service[105781]: INFO placement.requestlog [req-51a121e0-6887-420f-8a62-afd24046a293 req-c06030a0-6400-4a1d-a70c-b631b5c19121 service placement] 10.222.0.73 "GET /placement/resource_providers/5f06ec7a-0b58-455b-8c34-1b8ecf8428fa/allocations" status: 200 len: 356 microversion: 1.0
Jun 01 21:44:08.754034 n-d-830645-5 devstack@placement-api.service[105781]: [pid: 105781|app: 0|req: 464/942] 10.222.0.73 () {58 vars in 1390 bytes} [Wed Jun  1 21:44:08 2022] GET /placement/resource_providers/5f06ec7a-0b58-455b-8c34-1b8ecf8428fa/allocations => generated 356 bytes in 40 msecs (HTTP/1.1 200) 6 headers in 224 bytes (1 switches on core 0)
Jun 01 21:44:16.294333 n-d-830645-5 devstack@placement-api.service[105780]: DEBUG dbcounter [-] [105780] Writing DB stats placement:SELECT=7 {{(pid=105780) stat_writer /usr/local/lib/python3.8/dist-packages/dbcounter.py:114}}
Jun 01 21:44:18.005604 n-d-830645-5 devstack@placement-api.service[105780]: DEBUG placement.requestlog [req-c93f4a49-09c7-44d0-afa8-f25fec05f9bf req-6c2f8a53-96a1-4db5-b519-30899a8618ce None None] Starting request: 10.222.0.33 "GET /placement/resource_providers/d2201e7d-325f-4c3f-ad1f-66da2d851dc7/allocations" {{(pid=105780) __call__ /opt/stack/placement/placement/requestlog.py:55}}
Jun 01 21:44:18.082024 n-d-830645-5 devstack@placement-api.service[105780]: INFO placement.requestlog [req-c93f4a49-09c7-44d0-afa8-f25fec05f9bf req-6c2f8a53-96a1-4db5-b519-30899a8618ce service placement] 10.222.0.33 "GET /placement/resource_providers/d2201e7d-325f-4c3f-ad1f-66da2d851dc7/allocations" status: 200 len: 429 microversion: 1.0
Jun 01 21:44:18.084039 n-d-830645-5 devstack@placement-api.service[105780]: [pid: 105780|app: 0|req: 479/943] 10.222.0.33 () {58 vars in 1390 bytes} [Wed Jun  1 21:44:18 2022] GET /placement/resource_providers/d2201e7d-325f-4c3f-ad1f-66da2d851dc7/allocations => generated 429 bytes in 78 msecs (HTTP/1.1 200) 6 headers in 224 bytes (1 switches on core 0)
Jun 01 21:44:18.192547 n-d-830645-5 devstack@placement-api.service[105781]: DEBUG placement.requestlog [req-17ee02fe-2a68-49db-bf93-ff38f65186d5 req-2a17fab0-2377-4984-81ff-74102849b4fe None None] Starting request: 10.222.0.73 "DELETE /placement/allocations/398f134e-fd4e-4b36-b36a-53b32e5d16f4" {{(pid=105781) __call__ /opt/stack/placement/placement/requestlog.py:55}}
Jun 01 21:44:18.517763 n-d-830645-5 devstack@placement-api.service[105781]: DEBUG placement.handlers.allocation [req-17ee02fe-2a68-49db-bf93-ff38f65186d5 req-2a17fab0-2377-4984-81ff-74102849b4fe service placement] Successfully deleted allocations [<placement.objects.allocation.Allocation object at 0x7f9b5c1815e0>, <placement.objects.allocation.Allocation object at 0x7f9b5c147760>, <placement.objects.allocation.Allocation object at 0x7f9b5c36d1c0>] {{(pid=105781) delete_allocations /opt/stack/placement/placement/handlers/allocation.py:627}}
Jun 01 21:44:18.518709 n-d-830645-5 devstack@placement-api.service[105781]: INFO placement.requestlog [req-17ee02fe-2a68-49db-bf93-ff38f65186d5 req-2a17fab0-2377-4984-81ff-74102849b4fe service placement] 10.222.0.73 "DELETE /placement/allocations/398f134e-fd4e-4b36-b36a-53b32e5d16f4" status: 204 len: 0 microversion: 1.0
Jun 01 21:44:18.519579 n-d-830645-5 devstack@placement-api.service[105781]: [pid: 105781|app: 0|req: 465/944] 10.222.0.73 () {60 vars in 1355 bytes} [Wed Jun  1 21:44:18 2022] DELETE /placement/allocations/398f134e-fd4e-4b36-b36a-53b32e5d16f4 => generated 0 bytes in 327 msecs (HTTP/1.1 204) 5 headers in 198 bytes (1 switches on core 0)
Jun 01 21:44:20.957653 n-d-830645-5 devstack@placement-api.service[105780]: DEBUG placement.requestlog [None req-daa2df4e-ccd5-4567-b71a-5a86a79c909b None None] Starting request: 10.222.0.48 "GET /placement/resource_providers/b04395bc-2b07-4b2c-b22e-0f3f8de6f0ec/aggregates" {{(pid=105780) __call__ /opt/stack/placement/placement/requestlog.py:55}}
Jun 01 21:44:21.110138 n-d-830645-5 devstack@placement-api.service[105780]: INFO placement.requestlog [None req-daa2df4e-ccd5-4567-b71a-5a86a79c909b service placement] 10.222.0.48 "GET /placement/resource_providers/b04395bc-2b07-4b2c-b22e-0f3f8de6f0ec/aggregates" status: 404 len: 235 microversion: 1.1
Jun 01 21:44:21.110138 n-d-830645-5 devstack@placement-api.service[105780]: [pid: 105780|app: 0|req: 480/945] 10.222.0.48 () {58 vars in 1362 bytes} [Wed Jun  1 21:44:20 2022] GET /placement/resource_providers/b04395bc-2b07-4b2c-b22e-0f3f8de6f0ec/aggregates => generated 235 bytes in 11 msecs (HTTP/1.1 404) 5 headers in 202 bytes (1 switches on core 0)
Jun 01 21:44:21.110626 n-d-830645-5 devstack@placement-api.service[105781]: DEBUG placement.requestlog [None req-4e5a16e4-8291-40fe-9eda-e1d07039413f None None] Starting request: 10.222.0.48 "DELETE /placement/resource_providers/b04395bc-2b07-4b2c-b22e-0f3f8de6f0ec" {{(pid=105781) __call__ /opt/stack/placement/placement/requestlog.py:55}}
Jun 01 21:44:21.110626 n-d-830645-5 devstack@placement-api.service[105781]: DEBUG placement.wsgi_wrapper [None req-4e5a16e4-8291-40fe-9eda-e1d07039413f service placement] Placement API returning an error response: No resource provider with uuid b04395bc-2b07-4b2c-b22e-0f3f8de6f0ec found for delete {{(pid=105781) call_func /opt/stack/placement/placement/wsgi_wrapper.py:31}}
Jun 01 21:44:21.110626 n-d-830645-5 devstack@placement-api.service[105781]: INFO placement.requestlog [None req-4e5a16e4-8291-40fe-9eda-e1d07039413f service placement] 10.222.0.48 "DELETE /placement/resource_providers/b04395bc-2b07-4b2c-b22e-0f3f8de6f0ec" status: 404 len: 246 microversion: 1.1
Jun 01 21:44:21.110626 n-d-830645-5 devstack@placement-api.service[105781]: [pid: 105781|app: 0|req: 466/946] 10.222.0.48 () {60 vars in 1351 bytes} [Wed Jun  1 21:44:20 2022] DELETE /placement/resource_providers/b04395bc-2b07-4b2c-b22e-0f3f8de6f0ec => generated 246 bytes in 15 msecs (HTTP/1.1 404) 6 headers in 231 bytes (2 switches on core 0)
Jun 01 21:44:30.966265 n-d-830645-5 devstack@placement-api.service[105780]: DEBUG dbcounter [-] [105780] Writing DB stats placement:SELECT=8 {{(pid=105780) stat_writer /usr/local/lib/python3.8/dist-packages/dbcounter.py:114}}
Jun 01 21:44:31.008112 n-d-830645-5 devstack@placement-api.service[105781]: DEBUG dbcounter [-] [105781] Writing DB stats placement:SELECT=43,placement:INSERT=6,placement:DELETE=4,placement:UPDATE=2 {{(pid=105781) stat_writer /usr/local/lib/python3.8/dist-packages/dbcounter.py:114}}
Jun 01 21:45:11.914847 n-d-830645-5 devstack@placement-api.service[105780]: DEBUG placement.requestlog [req-5ce67e1d-23fc-4f74-af22-ed959900428b req-919d3071-fcc4-4687-b421-2c0ad73d656e None None] Starting request: 10.222.0.73 "GET /placement/resource_providers/5f06ec7a-0b58-455b-8c34-1b8ecf8428fa/allocations" {{(pid=105780) __call__ /opt/stack/placement/placement/requestlog.py:55}}
Jun 01 21:45:11.956170 n-d-830645-5 devstack@placement-api.service[105780]: INFO placement.requestlog [req-5ce67e1d-23fc-4f74-af22-ed959900428b req-919d3071-fcc4-4687-b421-2c0ad73d656e service placement] 10.222.0.73 "GET /placement/resource_providers/5f06ec7a-0b58-455b-8c34-1b8ecf8428fa/allocations" status: 200 len: 255 microversion: 1.0
Jun 01 21:45:11.957418 n-d-830645-5 devstack@placement-api.service[105780]: [pid: 105780|app: 0|req: 481/947] 10.222.0.73 () {58 vars in 1390 bytes} [Wed Jun  1 21:45:11 2022] GET /placement/resource_providers/5f06ec7a-0b58-455b-8c34-1b8ecf8428fa/allocations => generated 255 bytes in 43 msecs (HTTP/1.1 200) 6 headers in 224 bytes (2 switches on core 0)
Jun 01 21:45:12.643013 n-d-830645-5 devstack@placement-api.service[105781]: DEBUG placement.requestlog [req-08664ab3-a4e3-4e9a-b457-9d2697ee2131 req-1f61b8f2-22e0-46fd-9039-fb3c7cd9ce10 None None] Starting request: 10.222.0.33 "GET /placement/resource_providers/d2201e7d-325f-4c3f-ad1f-66da2d851dc7/allocations" {{(pid=105781) __call__ /opt/stack/placement/placement/requestlog.py:55}}
Jun 01 21:45:12.675946 n-d-830645-5 devstack@placement-api.service[105781]: INFO placement.requestlog [req-08664ab3-a4e3-4e9a-b457-9d2697ee2131 req-1f61b8f2-22e0-46fd-9039-fb3c7cd9ce10 service placement] 10.222.0.33 "GET /placement/resource_providers/d2201e7d-325f-4c3f-ad1f-66da2d851dc7/allocations" status: 200 len: 429 microversion: 1.0
Jun 01 21:45:12.676719 n-d-830645-5 devstack@placement-api.service[105781]: [pid: 105781|app: 0|req: 467/948] 10.222.0.33 () {58 vars in 1390 bytes} [Wed Jun  1 21:45:12 2022] GET /placement/resource_providers/d2201e7d-325f-4c3f-ad1f-66da2d851dc7/allocations => generated 429 bytes in 35 msecs (HTTP/1.1 200) 6 headers in 224 bytes (1 switches on core 0)
Jun 01 21:45:19.406769 n-d-830645-5 devstack@placement-api.service[105780]: DEBUG placement.requestlog [req-3f446d94-3ba8-4a8e-a9fc-f7d70e793587 req-540e23eb-d0a9-4bcb-b359-030286016ff6 None None] Starting request: 10.222.0.48 "GET /placement/allocation_candidates?limit=1000&resources=DISK_GB%3A1%2CMEMORY_MB%3A1024%2CVCPU%3A1&root_required=%21COMPUTE_STATUS_DISABLED" {{(pid=105780) __call__ /opt/stack/placement/placement/requestlog.py:55}}
Jun 01 21:45:19.455680 n-d-830645-5 devstack@placement-api.service[105780]: DEBUG placement.objects.research_context [req-3f446d94-3ba8-4a8e-a9fc-f7d70e793587 req-540e23eb-d0a9-4bcb-b359-030286016ff6 service placement] getting providers with 1 DISK_GB {{(pid=105780) __init__ /opt/stack/placement/placement/objects/research_context.py:136}}
Jun 01 21:45:19.461830 n-d-830645-5 devstack@placement-api.service[105780]: DEBUG placement.objects.research_context [req-3f446d94-3ba8-4a8e-a9fc-f7d70e793587 req-540e23eb-d0a9-4bcb-b359-030286016ff6 service placement] getting providers with 1024 MEMORY_MB {{(pid=105780) __init__ /opt/stack/placement/placement/objects/research_context.py:136}}
Jun 01 21:45:19.474413 n-d-830645-5 devstack@placement-api.service[105780]: DEBUG placement.objects.research_context [req-3f446d94-3ba8-4a8e-a9fc-f7d70e793587 req-540e23eb-d0a9-4bcb-b359-030286016ff6 service placement] getting providers with 1 VCPU {{(pid=105780) __init__ /opt/stack/placement/placement/objects/research_context.py:136}}
Jun 01 21:45:19.481588 n-d-830645-5 devstack@placement-api.service[105780]: DEBUG placement.objects.research_context [req-3f446d94-3ba8-4a8e-a9fc-f7d70e793587 req-540e23eb-d0a9-4bcb-b359-030286016ff6 service placement] found 2 providers with available 1 DISK_GB {{(pid=105780) get_provider_ids_matching /opt/stack/placement/placement/objects/research_context.py:563}}
Jun 01 21:45:19.482082 n-d-830645-5 devstack@placement-api.service[105780]: DEBUG placement.objects.research_context [req-3f446d94-3ba8-4a8e-a9fc-f7d70e793587 req-540e23eb-d0a9-4bcb-b359-030286016ff6 service placement] found 2 providers with available 1024 MEMORY_MB {{(pid=105780) get_provider_ids_matching /opt/stack/placement/placement/objects/research_context.py:563}}
Jun 01 21:45:19.482583 n-d-830645-5 devstack@placement-api.service[105780]: DEBUG placement.objects.research_context [req-3f446d94-3ba8-4a8e-a9fc-f7d70e793587 req-540e23eb-d0a9-4bcb-b359-030286016ff6 service placement] found 2 providers after filtering by previous result {{(pid=105780) get_provider_ids_matching /opt/stack/placement/placement/objects/research_context.py:594}}
Jun 01 21:45:19.483033 n-d-830645-5 devstack@placement-api.service[105780]: DEBUG placement.objects.research_context [req-3f446d94-3ba8-4a8e-a9fc-f7d70e793587 req-540e23eb-d0a9-4bcb-b359-030286016ff6 service placement] found 2 providers with available 1 VCPU {{(pid=105780) get_provider_ids_matching /opt/stack/placement/placement/objects/research_context.py:563}}
Jun 01 21:45:19.483467 n-d-830645-5 devstack@placement-api.service[105780]: DEBUG placement.objects.research_context [req-3f446d94-3ba8-4a8e-a9fc-f7d70e793587 req-540e23eb-d0a9-4bcb-b359-030286016ff6 service placement] found 2 providers after filtering by previous result {{(pid=105780) get_provider_ids_matching /opt/stack/placement/placement/objects/research_context.py:594}}
Jun 01 21:45:19.496666 n-d-830645-5 devstack@placement-api.service[105780]: DEBUG placement.objects.allocation_candidate [req-3f446d94-3ba8-4a8e-a9fc-f7d70e793587 req-540e23eb-d0a9-4bcb-b359-030286016ff6 service placement] RequestGroup(use_same_provider=False, resources={DISK_GB:1, MEMORY_MB:1024, VCPU:1}, traits=(), aggregates=[]) (suffix '') returned 2 matches {{(pid=105780) _get_by_requests /opt/stack/placement/placement/objects/allocation_candidate.py:156}}
Jun 01 21:45:19.497106 n-d-830645-5 devstack@placement-api.service[105780]: DEBUG placement.objects.allocation_candidate [req-3f446d94-3ba8-4a8e-a9fc-f7d70e793587 req-540e23eb-d0a9-4bcb-b359-030286016ff6 service placement] Merging candidates yields 2 allocation requests and 2 provider summaries {{(pid=105780) _merge_candidates /opt/stack/placement/placement/objects/allocation_candidate.py:809}}
Jun 01 21:45:19.499681 n-d-830645-5 devstack@placement-api.service[105780]: INFO placement.requestlog [req-3f446d94-3ba8-4a8e-a9fc-f7d70e793587 req-540e23eb-d0a9-4bcb-b359-030286016ff6 service placement] 10.222.0.48 "GET /placement/allocation_candidates?limit=1000&resources=DISK_GB%3A1%2CMEMORY_MB%3A1024%2CVCPU%3A1&root_required=%21COMPUTE_STATUS_DISABLED" status: 200 len: 1309 microversion: 1.36
Jun 01 21:45:19.504911 n-d-830645-5 devstack@placement-api.service[105780]: [pid: 105780|app: 0|req: 482/949] 10.222.0.48 () {60 vars in 1506 bytes} [Wed Jun  1 21:45:19 2022] GET /placement/allocation_candidates?limit=1000&resources=DISK_GB%3A1%2CMEMORY_MB%3A1024%2CVCPU%3A1&root_required=%21COMPUTE_STATUS_DISABLED => generated 1309 bytes in 99 msecs (HTTP/1.1 200) 8 headers in 297 bytes (1 switches on core 0)
Jun 01 21:45:19.585244 n-d-830645-5 devstack@placement-api.service[105781]: DEBUG placement.requestlog [req-3f446d94-3ba8-4a8e-a9fc-f7d70e793587 req-f1a7c101-d744-4729-aca4-6a01940133cd None None] Starting request: 10.222.0.48 "GET /placement/allocations/4bd210ae-cca5-42d4-8fda-d3a6b9fa0569" {{(pid=105781) __call__ /opt/stack/placement/placement/requestlog.py:55}}
Jun 01 21:45:19.598688 n-d-830645-5 devstack@placement-api.service[105781]: INFO placement.requestlog [req-3f446d94-3ba8-4a8e-a9fc-f7d70e793587 req-f1a7c101-d744-4729-aca4-6a01940133cd service placement] 10.222.0.48 "GET /placement/allocations/4bd210ae-cca5-42d4-8fda-d3a6b9fa0569" status: 200 len: 19 microversion: 1.28
Jun 01 21:45:19.599181 n-d-830645-5 devstack@placement-api.service[105781]: [pid: 105781|app: 0|req: 468/950] 10.222.0.48 () {60 vars in 1380 bytes} [Wed Jun  1 21:45:19 2022] GET /placement/allocations/4bd210ae-cca5-42d4-8fda-d3a6b9fa0569 => generated 19 bytes in 14 msecs (HTTP/1.1 200) 8 headers in 295 bytes (1 switches on core 0)
Jun 01 21:45:19.606282 n-d-830645-5 devstack@placement-api.service[105780]: DEBUG placement.requestlog [req-3f446d94-3ba8-4a8e-a9fc-f7d70e793587 req-6b1db928-d36a-4a75-b295-207306c185cf None None] Starting request: 10.222.0.48 "PUT /placement/allocations/4bd210ae-cca5-42d4-8fda-d3a6b9fa0569" {{(pid=105780) __call__ /opt/stack/placement/placement/requestlog.py:55}}
Jun 01 21:45:19.772622 n-d-830645-5 devstack@placement-api.service[105780]: DEBUG placement.handlers.allocation [req-3f446d94-3ba8-4a8e-a9fc-f7d70e793587 req-6b1db928-d36a-4a75-b295-207306c185cf service placement] Successfully wrote allocations [<placement.objects.allocation.Allocation object at 0x7f9b5c1ad3a0>, <placement.objects.allocation.Allocation object at 0x7f9b5c2d78e0>, <placement.objects.allocation.Allocation object at 0x7f9b5c222be0>] {{(pid=105780) _update_consumers_and_create_allocations /opt/stack/placement/placement/handlers/allocation.py:462}}
Jun 01 21:45:19.933133 n-d-830645-5 devstack@placement-api.service[105780]: INFO placement.requestlog [req-3f446d94-3ba8-4a8e-a9fc-f7d70e793587 req-6b1db928-d36a-4a75-b295-207306c185cf service placement] 10.222.0.48 "PUT /placement/allocations/4bd210ae-cca5-42d4-8fda-d3a6b9fa0569" status: 204 len: 0 microversion: 1.36
Jun 01 21:45:19.934041 n-d-830645-5 devstack@placement-api.service[105780]: [pid: 105780|app: 0|req: 483/951] 10.222.0.48 () {64 vars in 1433 bytes} [Wed Jun  1 21:45:19 2022] PUT /placement/allocations/4bd210ae-cca5-42d4-8fda-d3a6b9fa0569 => generated 0 bytes in 328 msecs (HTTP/1.1 204) 5 headers in 199 bytes (1 switches on core 0)
Jun 01 21:45:20.621046 n-d-830645-5 devstack@placement-api.service[105781]: DEBUG placement.requestlog [req-a0427fca-db5c-48ec-b0fa-f70eac04affd req-9bbf02f0-ef15-4367-878e-ab303174af1e None None] Starting request: 10.222.0.33 "DELETE /placement/allocations/f4160223-4d2b-4c47-905a-46be572c6d86" {{(pid=105781) __call__ /opt/stack/placement/placement/requestlog.py:55}}
Jun 01 21:45:20.876588 n-d-830645-5 devstack@placement-api.service[105781]: DEBUG placement.handlers.allocation [req-a0427fca-db5c-48ec-b0fa-f70eac04affd req-9bbf02f0-ef15-4367-878e-ab303174af1e service placement] Successfully deleted allocations [<placement.objects.allocation.Allocation object at 0x7f9b5c82e9d0>, <placement.objects.allocation.Allocation object at 0x7f9b5c48b4f0>, <placement.objects.allocation.Allocation object at 0x7f9b5c48bd00>] {{(pid=105781) delete_allocations /opt/stack/placement/placement/handlers/allocation.py:627}}
Jun 01 21:45:20.877156 n-d-830645-5 devstack@placement-api.service[105781]: INFO placement.requestlog [req-a0427fca-db5c-48ec-b0fa-f70eac04affd req-9bbf02f0-ef15-4367-878e-ab303174af1e service placement] 10.222.0.33 "DELETE /placement/allocations/f4160223-4d2b-4c47-905a-46be572c6d86" status: 204 len: 0 microversion: 1.0
Jun 01 21:45:20.878031 n-d-830645-5 devstack@placement-api.service[105781]: [pid: 105781|app: 0|req: 469/952] 10.222.0.33 () {60 vars in 1355 bytes} [Wed Jun  1 21:45:20 2022] DELETE /placement/allocations/f4160223-4d2b-4c47-905a-46be572c6d86 => generated 0 bytes in 257 msecs (HTTP/1.1 204) 5 headers in 198 bytes (1 switches on core 0)
Jun 01 21:45:21.217110 n-d-830645-5 devstack@placement-api.service[105780]: DEBUG placement.requestlog [req-3f446d94-3ba8-4a8e-a9fc-f7d70e793587 req-b533b9ea-fd13-4e14-a91e-9c72710829bc None None] Starting request: 10.222.0.73 "GET /placement/allocations/4bd210ae-cca5-42d4-8fda-d3a6b9fa0569" {{(pid=105780) __call__ /opt/stack/placement/placement/requestlog.py:55}}
Jun 01 21:45:21.242404 n-d-830645-5 devstack@placement-api.service[105780]: INFO placement.requestlog [req-3f446d94-3ba8-4a8e-a9fc-f7d70e793587 req-b533b9ea-fd13-4e14-a91e-9c72710829bc service placement] 10.222.0.73 "GET /placement/allocations/4bd210ae-cca5-42d4-8fda-d3a6b9fa0569" status: 200 len: 259 microversion: 1.28
Jun 01 21:45:21.244899 n-d-830645-5 devstack@placement-api.service[105780]: [pid: 105780|app: 0|req: 484/953] 10.222.0.73 () {60 vars in 1377 bytes} [Wed Jun  1 21:45:21 2022] GET /placement/allocations/4bd210ae-cca5-42d4-8fda-d3a6b9fa0569 => generated 259 bytes in 28 msecs (HTTP/1.1 200) 8 headers in 296 bytes (1 switches on core 0)
Jun 01 21:45:25.627215 n-d-830645-5 devstack@placement-api.service[105781]: DEBUG placement.requestlog [req-994e9ed9-f8c3-40fe-8dce-d17ab84be252 req-51195e56-441b-4879-b253-a490763d9378 None None] Starting request: 10.222.0.33 "DELETE /placement/allocations/036505bc-6b32-41be-9598-9d9a0bd4610f" {{(pid=105781) __call__ /opt/stack/placement/placement/requestlog.py:55}}
Jun 01 21:45:25.859125 n-d-830645-5 devstack@placement-api.service[105781]: DEBUG placement.handlers.allocation [req-994e9ed9-f8c3-40fe-8dce-d17ab84be252 req-51195e56-441b-4879-b253-a490763d9378 service placement] Successfully deleted allocations [<placement.objects.allocation.Allocation object at 0x7f9b5c48b7f0>, <placement.objects.allocation.Allocation object at 0x7f9b5c4e8f40>, <placement.objects.allocation.Allocation object at 0x7f9b5c4e81c0>] {{(pid=105781) delete_allocations /opt/stack/placement/placement/handlers/allocation.py:627}}
Jun 01 21:45:25.859816 n-d-830645-5 devstack@placement-api.service[105781]: INFO placement.requestlog [req-994e9ed9-f8c3-40fe-8dce-d17ab84be252 req-51195e56-441b-4879-b253-a490763d9378 service placement] 10.222.0.33 "DELETE /placement/allocations/036505bc-6b32-41be-9598-9d9a0bd4610f" status: 204 len: 0 microversion: 1.0
Jun 01 21:45:25.861074 n-d-830645-5 devstack@placement-api.service[105781]: [pid: 105781|app: 0|req: 470/954] 10.222.0.33 () {60 vars in 1355 bytes} [Wed Jun  1 21:45:25 2022] DELETE /placement/allocations/036505bc-6b32-41be-9598-9d9a0bd4610f => generated 0 bytes in 234 msecs (HTTP/1.1 204) 5 headers in 198 bytes (1 switches on core 0)
Jun 01 21:45:31.238516 n-d-830645-5 devstack@placement-api.service[105780]: DEBUG dbcounter [-] [105780] Writing DB stats placement:SELECT=35,placement:INSERT=4,placement:DELETE=2,placement:UPDATE=2 {{(pid=105780) stat_writer /usr/local/lib/python3.8/dist-packages/dbcounter.py:114}}
Jun 01 21:45:35.751514 n-d-830645-5 devstack@placement-api.service[105781]: DEBUG dbcounter [-] [105781] Writing DB stats placement:SELECT=22,placement:DELETE=4 {{(pid=105781) stat_writer /usr/local/lib/python3.8/dist-packages/dbcounter.py:114}}
Jun 01 21:45:47.966257 n-d-830645-5 devstack@placement-api.service[105780]: DEBUG placement.requestlog [req-455a0530-435b-4fa0-bd2a-d4ced0dedcd3 req-78ef47ea-5c1b-446c-a352-7ac5e5355a32 None None] Starting request: 10.222.0.33 "DELETE /placement/allocations/84d5b26f-db2f-4922-9c36-acd5b83c41c1" {{(pid=105780) __call__ /opt/stack/placement/placement/requestlog.py:55}}
Jun 01 21:45:48.200517 n-d-830645-5 devstack@placement-api.service[105780]: DEBUG placement.handlers.allocation [req-455a0530-435b-4fa0-bd2a-d4ced0dedcd3 req-78ef47ea-5c1b-446c-a352-7ac5e5355a32 service placement] Successfully deleted allocations [<placement.objects.allocation.Allocation object at 0x7f9b5c1f0400>, <placement.objects.allocation.Allocation object at 0x7f9b5c1f0490>] {{(pid=105780) delete_allocations /opt/stack/placement/placement/handlers/allocation.py:627}}
Jun 01 21:45:48.201102 n-d-830645-5 devstack@placement-api.service[105780]: INFO placement.requestlog [req-455a0530-435b-4fa0-bd2a-d4ced0dedcd3 req-78ef47ea-5c1b-446c-a352-7ac5e5355a32 service placement] 10.222.0.33 "DELETE /placement/allocations/84d5b26f-db2f-4922-9c36-acd5b83c41c1" status: 204 len: 0 microversion: 1.0
Jun 01 21:45:48.202451 n-d-830645-5 devstack@placement-api.service[105780]: [pid: 105780|app: 0|req: 485/955] 10.222.0.33 () {60 vars in 1355 bytes} [Wed Jun  1 21:45:47 2022] DELETE /placement/allocations/84d5b26f-db2f-4922-9c36-acd5b83c41c1 => generated 0 bytes in 236 msecs (HTTP/1.1 204) 5 headers in 198 bytes (1 switches on core 0)
Jun 01 21:45:57.185358 n-d-830645-5 devstack@placement-api.service[105781]: DEBUG placement.requestlog [None req-407220ad-fea2-4cc0-bca0-eda585ae7c37 None None] Starting request: 10.222.0.48 "GET /placement/resource_providers/d9fc4932-05d6-4fd3-8e5e-c382b63a2bb5/aggregates" {{(pid=105781) __call__ /opt/stack/placement/placement/requestlog.py:55}}
Jun 01 21:45:57.565706 n-d-830645-5 devstack@placement-api.service[105781]: INFO placement.requestlog [None req-407220ad-fea2-4cc0-bca0-eda585ae7c37 service placement] 10.222.0.48 "GET /placement/resource_providers/d9fc4932-05d6-4fd3-8e5e-c382b63a2bb5/aggregates" status: 404 len: 235 microversion: 1.1
Jun 01 21:45:57.567844 n-d-830645-5 devstack@placement-api.service[105781]: [pid: 105781|app: 0|req: 471/956] 10.222.0.48 () {58 vars in 1362 bytes} [Wed Jun  1 21:45:57 2022] GET /placement/resource_providers/d9fc4932-05d6-4fd3-8e5e-c382b63a2bb5/aggregates => generated 235 bytes in 383 msecs (HTTP/1.1 404) 5 headers in 202 bytes (1 switches on core 0)
Jun 01 21:45:57.587630 n-d-830645-5 devstack@placement-api.service[105780]: DEBUG placement.requestlog [None req-ee4ff5ad-056c-4b39-9a2b-5326ed7ccc17 None None] Starting request: 10.222.0.48 "DELETE /placement/resource_providers/d9fc4932-05d6-4fd3-8e5e-c382b63a2bb5" {{(pid=105780) __call__ /opt/stack/placement/placement/requestlog.py:55}}
Jun 01 21:45:57.605975 n-d-830645-5 devstack@placement-api.service[105780]: DEBUG placement.wsgi_wrapper [None req-ee4ff5ad-056c-4b39-9a2b-5326ed7ccc17 service placement] Placement API returning an error response: No resource provider with uuid d9fc4932-05d6-4fd3-8e5e-c382b63a2bb5 found for delete {{(pid=105780) call_func /opt/stack/placement/placement/wsgi_wrapper.py:31}}
Jun 01 21:45:57.607852 n-d-830645-5 devstack@placement-api.service[105780]: INFO placement.requestlog [None req-ee4ff5ad-056c-4b39-9a2b-5326ed7ccc17 service placement] 10.222.0.48 "DELETE /placement/resource_providers/d9fc4932-05d6-4fd3-8e5e-c382b63a2bb5" status: 404 len: 246 microversion: 1.1
Jun 01 21:45:57.608545 n-d-830645-5 devstack@placement-api.service[105780]: [pid: 105780|app: 0|req: 486/957] 10.222.0.48 () {60 vars in 1351 bytes} [Wed Jun  1 21:45:57 2022] DELETE /placement/resource_providers/d9fc4932-05d6-4fd3-8e5e-c382b63a2bb5 => generated 246 bytes in 21 msecs (HTTP/1.1 404) 6 headers in 231 bytes (1 switches on core 0)
Jun 01 21:45:59.617403 n-d-830645-5 devstack@placement-api.service[105781]: DEBUG placement.requestlog [None req-11bd9422-6597-4bef-83b6-21ff0d1c9825 None None] Starting request: 10.222.0.48 "GET /placement/resource_providers/39b906a4-2ac7-40b9-8612-7e1fc90bd1db/aggregates" {{(pid=105781) __call__ /opt/stack/placement/placement/requestlog.py:55}}
Jun 01 21:45:59.631150 n-d-830645-5 devstack@placement-api.service[105781]: INFO placement.requestlog [None req-11bd9422-6597-4bef-83b6-21ff0d1c9825 service placement] 10.222.0.48 "GET /placement/resource_providers/39b906a4-2ac7-40b9-8612-7e1fc90bd1db/aggregates" status: 404 len: 235 microversion: 1.1
Jun 01 21:45:59.637993 n-d-830645-5 devstack@placement-api.service[105780]: DEBUG placement.requestlog [None req-11827e89-db0f-4a29-a391-e4e8bde017ce None None] Starting request: 10.222.0.48 "DELETE /placement/resource_providers/39b906a4-2ac7-40b9-8612-7e1fc90bd1db" {{(pid=105780) __call__ /opt/stack/placement/placement/requestlog.py:55}}
Jun 01 21:45:59.647458 n-d-830645-5 devstack@placement-api.service[105781]: [pid: 105781|app: 0|req: 472/958] 10.222.0.48 () {58 vars in 1362 bytes} [Wed Jun  1 21:45:59 2022] GET /placement/resource_providers/39b906a4-2ac7-40b9-8612-7e1fc90bd1db/aggregates => generated 235 bytes in 29 msecs (HTTP/1.1 404) 5 headers in 202 bytes (1 switches on core 0)
Jun 01 21:45:59.650230 n-d-830645-5 devstack@placement-api.service[105780]: DEBUG placement.wsgi_wrapper [None req-11827e89-db0f-4a29-a391-e4e8bde017ce service placement] Placement API returning an error response: No resource provider with uuid 39b906a4-2ac7-40b9-8612-7e1fc90bd1db found for delete {{(pid=105780) call_func /opt/stack/placement/placement/wsgi_wrapper.py:31}}
Jun 01 21:45:59.651207 n-d-830645-5 devstack@placement-api.service[105780]: INFO placement.requestlog [None req-11827e89-db0f-4a29-a391-e4e8bde017ce service placement] 10.222.0.48 "DELETE /placement/resource_providers/39b906a4-2ac7-40b9-8612-7e1fc90bd1db" status: 404 len: 246 microversion: 1.1
Jun 01 21:45:59.659216 n-d-830645-5 devstack@placement-api.service[105781]: DEBUG placement.requestlog [None req-6044fe77-2a9f-44de-8294-02173588f9e0 None None] Starting request: 10.222.0.48 "GET /placement/resource_providers/9d6688ca-3cda-4d5b-a4b2-05f45fc4f599/aggregates" {{(pid=105781) __call__ /opt/stack/placement/placement/requestlog.py:55}}
Jun 01 21:45:59.664225 n-d-830645-5 devstack@placement-api.service[105780]: [pid: 105780|app: 0|req: 487/959] 10.222.0.48 () {60 vars in 1351 bytes} [Wed Jun  1 21:45:59 2022] DELETE /placement/resource_providers/39b906a4-2ac7-40b9-8612-7e1fc90bd1db => generated 246 bytes in 20 msecs (HTTP/1.1 404) 6 headers in 231 bytes (1 switches on core 0)
Jun 01 21:45:59.675475 n-d-830645-5 devstack@placement-api.service[105781]: INFO placement.requestlog [None req-6044fe77-2a9f-44de-8294-02173588f9e0 service placement] 10.222.0.48 "GET /placement/resource_providers/9d6688ca-3cda-4d5b-a4b2-05f45fc4f599/aggregates" status: 404 len: 235 microversion: 1.1
Jun 01 21:45:59.676455 n-d-830645-5 devstack@placement-api.service[105781]: [pid: 105781|app: 0|req: 473/960] 10.222.0.48 () {58 vars in 1362 bytes} [Wed Jun  1 21:45:59 2022] GET /placement/resource_providers/9d6688ca-3cda-4d5b-a4b2-05f45fc4f599/aggregates => generated 235 bytes in 18 msecs (HTTP/1.1 404) 5 headers in 202 bytes (1 switches on core 0)
Jun 01 21:45:59.683933 n-d-830645-5 devstack@placement-api.service[105780]: DEBUG placement.requestlog [None req-c6bffc24-4334-4de4-9e8b-9a03ced53d09 None None] Starting request: 10.222.0.48 "DELETE /placement/resource_providers/9d6688ca-3cda-4d5b-a4b2-05f45fc4f599" {{(pid=105780) __call__ /opt/stack/placement/placement/requestlog.py:55}}
Jun 01 21:45:59.699342 n-d-830645-5 devstack@placement-api.service[105780]: DEBUG placement.wsgi_wrapper [None req-c6bffc24-4334-4de4-9e8b-9a03ced53d09 service placement] Placement API returning an error response: No resource provider with uuid 9d6688ca-3cda-4d5b-a4b2-05f45fc4f599 found for delete {{(pid=105780) call_func /opt/stack/placement/placement/wsgi_wrapper.py:31}}
Jun 01 21:45:59.700835 n-d-830645-5 devstack@placement-api.service[105780]: INFO placement.requestlog [None req-c6bffc24-4334-4de4-9e8b-9a03ced53d09 service placement] 10.222.0.48 "DELETE /placement/resource_providers/9d6688ca-3cda-4d5b-a4b2-05f45fc4f599" status: 404 len: 246 microversion: 1.1
Jun 01 21:45:59.701736 n-d-830645-5 devstack@placement-api.service[105780]: [pid: 105780|app: 0|req: 488/961] 10.222.0.48 () {60 vars in 1351 bytes} [Wed Jun  1 21:45:59 2022] DELETE /placement/resource_providers/9d6688ca-3cda-4d5b-a4b2-05f45fc4f599 => generated 246 bytes in 18 msecs (HTTP/1.1 404) 6 headers in 231 bytes (2 switches on core 0)
Jun 01 21:46:09.670442 n-d-830645-5 devstack@placement-api.service[105781]: DEBUG dbcounter [-] [105781] Writing DB stats placement:SELECT=6 {{(pid=105781) stat_writer /usr/local/lib/python3.8/dist-packages/dbcounter.py:114}}
Jun 01 21:46:09.697588 n-d-830645-5 devstack@placement-api.service[105780]: DEBUG dbcounter [-] [105780] Writing DB stats placement:SELECT=13,placement:DELETE=2 {{(pid=105780) stat_writer /usr/local/lib/python3.8/dist-packages/dbcounter.py:114}}
Jun 01 21:46:16.909184 n-d-830645-5 devstack@placement-api.service[105781]: DEBUG placement.requestlog [req-1a33fa13-4ab1-48de-9231-2b6c67ab7564 req-0fe80a24-00aa-454d-be86-3a0984ae5ebf None None] Starting request: 10.222.0.73 "GET /placement/resource_providers/5f06ec7a-0b58-455b-8c34-1b8ecf8428fa/allocations" {{(pid=105781) __call__ /opt/stack/placement/placement/requestlog.py:55}}
Jun 01 21:46:16.945583 n-d-830645-5 devstack@placement-api.service[105781]: INFO placement.requestlog [req-1a33fa13-4ab1-48de-9231-2b6c67ab7564 req-0fe80a24-00aa-454d-be86-3a0984ae5ebf service placement] 10.222.0.73 "GET /placement/resource_providers/5f06ec7a-0b58-455b-8c34-1b8ecf8428fa/allocations" status: 200 len: 356 microversion: 1.0
Jun 01 21:46:16.945963 n-d-830645-5 devstack@placement-api.service[105781]: [pid: 105781|app: 0|req: 474/962] 10.222.0.73 () {58 vars in 1390 bytes} [Wed Jun  1 21:46:16 2022] GET /placement/resource_providers/5f06ec7a-0b58-455b-8c34-1b8ecf8428fa/allocations => generated 356 bytes in 37 msecs (HTTP/1.1 200) 6 headers in 224 bytes (1 switches on core 0)
Jun 01 21:46:20.778150 n-d-830645-5 devstack@placement-api.service[105780]: DEBUG placement.requestlog [req-6ebb5500-410a-440a-ab67-d84a3cf2a181 req-88dd5aa9-7de9-4a90-ab45-bc25e67637da None None] Starting request: 10.222.0.33 "GET /placement/resource_providers/d2201e7d-325f-4c3f-ad1f-66da2d851dc7/allocations" {{(pid=105780) __call__ /opt/stack/placement/placement/requestlog.py:55}}
Jun 01 21:46:20.813626 n-d-830645-5 devstack@placement-api.service[105780]: INFO placement.requestlog [req-6ebb5500-410a-440a-ab67-d84a3cf2a181 req-88dd5aa9-7de9-4a90-ab45-bc25e67637da service placement] 10.222.0.33 "GET /placement/resource_providers/d2201e7d-325f-4c3f-ad1f-66da2d851dc7/allocations" status: 200 len: 140 microversion: 1.0
Jun 01 21:46:20.814391 n-d-830645-5 devstack@placement-api.service[105780]: [pid: 105780|app: 0|req: 489/963] 10.222.0.33 () {58 vars in 1390 bytes} [Wed Jun  1 21:46:20 2022] GET /placement/resource_providers/d2201e7d-325f-4c3f-ad1f-66da2d851dc7/allocations => generated 140 bytes in 36 msecs (HTTP/1.1 200) 6 headers in 224 bytes (1 switches on core 0)
Jun 01 21:46:26.942223 n-d-830645-5 devstack@placement-api.service[105781]: DEBUG dbcounter [-] [105781] Writing DB stats placement:SELECT=6 {{(pid=105781) stat_writer /usr/local/lib/python3.8/dist-packages/dbcounter.py:114}}
Jun 01 21:46:30.808838 n-d-830645-5 devstack@placement-api.service[105780]: DEBUG dbcounter [-] [105780] Writing DB stats placement:SELECT=6 {{(pid=105780) stat_writer /usr/local/lib/python3.8/dist-packages/dbcounter.py:114}}
Jun 01 21:46:42.046037 n-d-830645-5 devstack@placement-api.service[105781]: DEBUG placement.requestlog [None req-7258badf-4ede-4d65-9041-a2c1468a9c98 None None] Starting request: 10.222.0.48 "GET /placement/resource_providers/df062d00-942e-4030-aff9-61d5bf93f9c8/aggregates" {{(pid=105781) __call__ /opt/stack/placement/placement/requestlog.py:55}}
Jun 01 21:46:42.063453 n-d-830645-5 devstack@placement-api.service[105781]: INFO placement.requestlog [None req-7258badf-4ede-4d65-9041-a2c1468a9c98 service placement] 10.222.0.48 "GET /placement/resource_providers/df062d00-942e-4030-aff9-61d5bf93f9c8/aggregates" status: 404 len: 235 microversion: 1.1
Jun 01 21:46:42.066128 n-d-830645-5 devstack@placement-api.service[105781]: [pid: 105781|app: 0|req: 475/964] 10.222.0.48 () {58 vars in 1362 bytes} [Wed Jun  1 21:46:42 2022] GET /placement/resource_providers/df062d00-942e-4030-aff9-61d5bf93f9c8/aggregates => generated 235 bytes in 20 msecs (HTTP/1.1 404) 5 headers in 202 bytes (1 switches on core 0)
Jun 01 21:46:42.085565 n-d-830645-5 devstack@placement-api.service[105780]: DEBUG placement.requestlog [None req-529abbfd-18d7-45f3-aeba-33998d1b5125 None None] Starting request: 10.222.0.48 "DELETE /placement/resource_providers/df062d00-942e-4030-aff9-61d5bf93f9c8" {{(pid=105780) __call__ /opt/stack/placement/placement/requestlog.py:55}}
Jun 01 21:46:42.098863 n-d-830645-5 devstack@placement-api.service[105780]: DEBUG placement.wsgi_wrapper [None req-529abbfd-18d7-45f3-aeba-33998d1b5125 service placement] Placement API returning an error response: No resource provider with uuid df062d00-942e-4030-aff9-61d5bf93f9c8 found for delete {{(pid=105780) call_func /opt/stack/placement/placement/wsgi_wrapper.py:31}}
Jun 01 21:46:42.099631 n-d-830645-5 devstack@placement-api.service[105780]: INFO placement.requestlog [None req-529abbfd-18d7-45f3-aeba-33998d1b5125 service placement] 10.222.0.48 "DELETE /placement/resource_providers/df062d00-942e-4030-aff9-61d5bf93f9c8" status: 404 len: 246 microversion: 1.1
Jun 01 21:46:42.100014 n-d-830645-5 devstack@placement-api.service[105780]: [pid: 105780|app: 0|req: 490/965] 10.222.0.48 () {60 vars in 1351 bytes} [Wed Jun  1 21:46:42 2022] DELETE /placement/resource_providers/df062d00-942e-4030-aff9-61d5bf93f9c8 => generated 246 bytes in 15 msecs (HTTP/1.1 404) 6 headers in 231 bytes (1 switches on core 0)
Jun 01 21:46:49.643232 n-d-830645-5 devstack@placement-api.service[105781]: DEBUG placement.requestlog [None req-5ac3b199-95b9-456b-a731-83744529b392 None None] Starting request: 10.222.0.48 "GET /placement/resource_providers/6a230161-4e9d-4811-a39c-323ca7330abe/aggregates" {{(pid=105781) __call__ /opt/stack/placement/placement/requestlog.py:55}}
Jun 01 21:46:49.653936 n-d-830645-5 devstack@placement-api.service[105781]: INFO placement.requestlog [None req-5ac3b199-95b9-456b-a731-83744529b392 service placement] 10.222.0.48 "GET /placement/resource_providers/6a230161-4e9d-4811-a39c-323ca7330abe/aggregates" status: 404 len: 235 microversion: 1.1
Jun 01 21:46:49.656828 n-d-830645-5 devstack@placement-api.service[105781]: [pid: 105781|app: 0|req: 476/966] 10.222.0.48 () {58 vars in 1362 bytes} [Wed Jun  1 21:46:49 2022] GET /placement/resource_providers/6a230161-4e9d-4811-a39c-323ca7330abe/aggregates => generated 235 bytes in 14 msecs (HTTP/1.1 404) 5 headers in 202 bytes (1 switches on core 0)
Jun 01 21:46:49.663772 n-d-830645-5 devstack@placement-api.service[105780]: DEBUG placement.requestlog [None req-47804573-8951-44f2-a494-9a81fcf3cfe5 None None] Starting request: 10.222.0.48 "DELETE /placement/resource_providers/6a230161-4e9d-4811-a39c-323ca7330abe" {{(pid=105780) __call__ /opt/stack/placement/placement/requestlog.py:55}}
