Jun 01 21:31:18.853324 n-d-830645-5 devstack@placement-api.service[105781]: DEBUG placement.requestlog [req-9cb4ae46-e3e3-4c6b-9007-1a8951314d5a req-4a22f1d0-b16f-4d78-b691-0fe514f04c2d None None] Starting request: 10.222.0.73 "DELETE /placement/allocations/426984ab-deca-421c-bbaf-12f260824b65" {{(pid=105781) __call__ /opt/stack/placement/placement/requestlog.py:55}}
Jun 01 21:31:19.127426 n-d-830645-5 devstack@placement-api.service[105781]: DEBUG placement.handlers.allocation [req-9cb4ae46-e3e3-4c6b-9007-1a8951314d5a req-4a22f1d0-b16f-4d78-b691-0fe514f04c2d service placement] Successfully deleted allocations [<placement.objects.allocation.Allocation object at 0x7f9b5e59c670>, <placement.objects.allocation.Allocation object at 0x7f9b5c4b5d00>, <placement.objects.allocation.Allocation object at 0x7f9b5c4b5250>] {{(pid=105781) delete_allocations /opt/stack/placement/placement/handlers/allocation.py:627}}
Jun 01 21:31:19.128018 n-d-830645-5 devstack@placement-api.service[105781]: INFO placement.requestlog [req-9cb4ae46-e3e3-4c6b-9007-1a8951314d5a req-4a22f1d0-b16f-4d78-b691-0fe514f04c2d service placement] 10.222.0.73 "DELETE /placement/allocations/426984ab-deca-421c-bbaf-12f260824b65" status: 204 len: 0 microversion: 1.0
Jun 01 21:31:19.131602 n-d-830645-5 devstack@placement-api.service[105781]: [pid: 105781|app: 0|req: 162/325] 10.222.0.73 () {60 vars in 1355 bytes} [Wed Jun  1 21:31:18 2022] DELETE /placement/allocations/426984ab-deca-421c-bbaf-12f260824b65 => generated 0 bytes in 275 msecs (HTTP/1.1 204) 5 headers in 198 bytes (1 switches on core 0)
Jun 01 21:31:23.113772 n-d-830645-5 devstack@placement-api.service[105780]: DEBUG placement.requestlog [req-52d53419-2e00-48a0-80fd-b4ea5c48dd98 req-43436472-35e0-4b7d-bef7-8ffe0fea098d None None] Starting request: 10.222.0.33 "DELETE /placement/allocations/2ab930da-c147-42aa-8c62-aafa614607d9" {{(pid=105780) __call__ /opt/stack/placement/placement/requestlog.py:55}}
Jun 01 21:31:23.356616 n-d-830645-5 devstack@placement-api.service[105780]: DEBUG placement.handlers.allocation [req-52d53419-2e00-48a0-80fd-b4ea5c48dd98 req-43436472-35e0-4b7d-bef7-8ffe0fea098d service placement] Successfully deleted allocations [<placement.objects.allocation.Allocation object at 0x7f9b5c282430>, <placement.objects.allocation.Allocation object at 0x7f9b5c282250>, <placement.objects.allocation.Allocation object at 0x7f9b5c282520>] {{(pid=105780) delete_allocations /opt/stack/placement/placement/handlers/allocation.py:627}}
Jun 01 21:31:23.357964 n-d-830645-5 devstack@placement-api.service[105780]: INFO placement.requestlog [req-52d53419-2e00-48a0-80fd-b4ea5c48dd98 req-43436472-35e0-4b7d-bef7-8ffe0fea098d service placement] 10.222.0.33 "DELETE /placement/allocations/2ab930da-c147-42aa-8c62-aafa614607d9" status: 204 len: 0 microversion: 1.0
Jun 01 21:31:23.358957 n-d-830645-5 devstack@placement-api.service[105780]: [pid: 105780|app: 0|req: 164/326] 10.222.0.33 () {60 vars in 1355 bytes} [Wed Jun  1 21:31:23 2022] DELETE /placement/allocations/2ab930da-c147-42aa-8c62-aafa614607d9 => generated 0 bytes in 245 msecs (HTTP/1.1 204) 5 headers in 198 bytes (1 switches on core 0)
Jun 01 21:31:24.410480 n-d-830645-5 devstack@placement-api.service[105781]: DEBUG placement.requestlog [None req-a88e03f2-cd52-4bdd-9be1-e4e722e153b6 None None] Starting request: 10.222.0.48 "GET /placement/resource_providers/f4c8a796-4191-4337-974f-f66c0c273485/aggregates" {{(pid=105781) __call__ /opt/stack/placement/placement/requestlog.py:55}}
Jun 01 21:31:24.425703 n-d-830645-5 devstack@placement-api.service[105781]: INFO placement.requestlog [None req-a88e03f2-cd52-4bdd-9be1-e4e722e153b6 service placement] 10.222.0.48 "GET /placement/resource_providers/f4c8a796-4191-4337-974f-f66c0c273485/aggregates" status: 404 len: 235 microversion: 1.1
Jun 01 21:31:24.430977 n-d-830645-5 devstack@placement-api.service[105781]: [pid: 105781|app: 0|req: 163/327] 10.222.0.48 () {58 vars in 1362 bytes} [Wed Jun  1 21:31:24 2022] GET /placement/resource_providers/f4c8a796-4191-4337-974f-f66c0c273485/aggregates => generated 235 bytes in 21 msecs (HTTP/1.1 404) 5 headers in 202 bytes (1 switches on core 0)
Jun 01 21:31:24.464063 n-d-830645-5 devstack@placement-api.service[105780]: DEBUG placement.requestlog [None req-1558a46c-cff4-4da9-bb11-89b73ae81679 None None] Starting request: 10.222.0.48 "DELETE /placement/resource_providers/f4c8a796-4191-4337-974f-f66c0c273485" {{(pid=105780) __call__ /opt/stack/placement/placement/requestlog.py:55}}
Jun 01 21:31:24.489307 n-d-830645-5 devstack@placement-api.service[105781]: DEBUG placement.requestlog [req-0b68e36f-4046-4303-8aaa-16ec26057ad4 req-13e95b66-05b1-462c-b48f-0eb2bf59ca4a None None] Starting request: 10.222.0.48 "GET /placement/allocation_candidates?limit=1000&resources=DISK_GB%3A1%2CMEMORY_MB%3A1024%2CVCPU%3A1&root_required=%21COMPUTE_STATUS_DISABLED" {{(pid=105781) __call__ /opt/stack/placement/placement/requestlog.py:55}}
Jun 01 21:31:24.496206 n-d-830645-5 devstack@placement-api.service[105780]: DEBUG placement.wsgi_wrapper [None req-1558a46c-cff4-4da9-bb11-89b73ae81679 service placement] Placement API returning an error response: No resource provider with uuid f4c8a796-4191-4337-974f-f66c0c273485 found for delete {{(pid=105780) call_func /opt/stack/placement/placement/wsgi_wrapper.py:31}}
Jun 01 21:31:24.497036 n-d-830645-5 devstack@placement-api.service[105780]: INFO placement.requestlog [None req-1558a46c-cff4-4da9-bb11-89b73ae81679 service placement] 10.222.0.48 "DELETE /placement/resource_providers/f4c8a796-4191-4337-974f-f66c0c273485" status: 404 len: 246 microversion: 1.1
Jun 01 21:31:24.499042 n-d-830645-5 devstack@placement-api.service[105780]: [pid: 105780|app: 0|req: 165/328] 10.222.0.48 () {60 vars in 1351 bytes} [Wed Jun  1 21:31:24 2022] DELETE /placement/resource_providers/f4c8a796-4191-4337-974f-f66c0c273485 => generated 246 bytes in 35 msecs (HTTP/1.1 404) 6 headers in 231 bytes (1 switches on core 0)
Jun 01 21:31:24.547047 n-d-830645-5 devstack@placement-api.service[105781]: DEBUG placement.objects.research_context [req-0b68e36f-4046-4303-8aaa-16ec26057ad4 req-13e95b66-05b1-462c-b48f-0eb2bf59ca4a service placement] getting providers with 1 DISK_GB {{(pid=105781) __init__ /opt/stack/placement/placement/objects/research_context.py:136}}
Jun 01 21:31:24.557880 n-d-830645-5 devstack@placement-api.service[105781]: DEBUG placement.objects.research_context [req-0b68e36f-4046-4303-8aaa-16ec26057ad4 req-13e95b66-05b1-462c-b48f-0eb2bf59ca4a service placement] getting providers with 1024 MEMORY_MB {{(pid=105781) __init__ /opt/stack/placement/placement/objects/research_context.py:136}}
Jun 01 21:31:24.569920 n-d-830645-5 devstack@placement-api.service[105781]: DEBUG placement.objects.research_context [req-0b68e36f-4046-4303-8aaa-16ec26057ad4 req-13e95b66-05b1-462c-b48f-0eb2bf59ca4a service placement] getting providers with 1 VCPU {{(pid=105781) __init__ /opt/stack/placement/placement/objects/research_context.py:136}}
Jun 01 21:31:24.581110 n-d-830645-5 devstack@placement-api.service[105781]: DEBUG placement.objects.research_context [req-0b68e36f-4046-4303-8aaa-16ec26057ad4 req-13e95b66-05b1-462c-b48f-0eb2bf59ca4a service placement] found 2 providers with available 1 DISK_GB {{(pid=105781) get_provider_ids_matching /opt/stack/placement/placement/objects/research_context.py:563}}
Jun 01 21:31:24.581392 n-d-830645-5 devstack@placement-api.service[105781]: DEBUG placement.objects.research_context [req-0b68e36f-4046-4303-8aaa-16ec26057ad4 req-13e95b66-05b1-462c-b48f-0eb2bf59ca4a service placement] found 2 providers with available 1024 MEMORY_MB {{(pid=105781) get_provider_ids_matching /opt/stack/placement/placement/objects/research_context.py:563}}
Jun 01 21:31:24.581720 n-d-830645-5 devstack@placement-api.service[105781]: DEBUG placement.objects.research_context [req-0b68e36f-4046-4303-8aaa-16ec26057ad4 req-13e95b66-05b1-462c-b48f-0eb2bf59ca4a service placement] found 2 providers after filtering by previous result {{(pid=105781) get_provider_ids_matching /opt/stack/placement/placement/objects/research_context.py:594}}
Jun 01 21:31:24.581977 n-d-830645-5 devstack@placement-api.service[105781]: DEBUG placement.objects.research_context [req-0b68e36f-4046-4303-8aaa-16ec26057ad4 req-13e95b66-05b1-462c-b48f-0eb2bf59ca4a service placement] found 2 providers with available 1 VCPU {{(pid=105781) get_provider_ids_matching /opt/stack/placement/placement/objects/research_context.py:563}}
Jun 01 21:31:24.582243 n-d-830645-5 devstack@placement-api.service[105781]: DEBUG placement.objects.research_context [req-0b68e36f-4046-4303-8aaa-16ec26057ad4 req-13e95b66-05b1-462c-b48f-0eb2bf59ca4a service placement] found 2 providers after filtering by previous result {{(pid=105781) get_provider_ids_matching /opt/stack/placement/placement/objects/research_context.py:594}}
Jun 01 21:31:24.603887 n-d-830645-5 devstack@placement-api.service[105781]: DEBUG placement.objects.allocation_candidate [req-0b68e36f-4046-4303-8aaa-16ec26057ad4 req-13e95b66-05b1-462c-b48f-0eb2bf59ca4a service placement] RequestGroup(use_same_provider=False, resources={DISK_GB:1, MEMORY_MB:1024, VCPU:1}, traits=(), aggregates=[]) (suffix '') returned 2 matches {{(pid=105781) _get_by_requests /opt/stack/placement/placement/objects/allocation_candidate.py:156}}
Jun 01 21:31:24.604358 n-d-830645-5 devstack@placement-api.service[105781]: DEBUG placement.objects.allocation_candidate [req-0b68e36f-4046-4303-8aaa-16ec26057ad4 req-13e95b66-05b1-462c-b48f-0eb2bf59ca4a service placement] Merging candidates yields 2 allocation requests and 2 provider summaries {{(pid=105781) _merge_candidates /opt/stack/placement/placement/objects/allocation_candidate.py:809}}
Jun 01 21:31:24.608451 n-d-830645-5 devstack@placement-api.service[105781]: INFO placement.requestlog [req-0b68e36f-4046-4303-8aaa-16ec26057ad4 req-13e95b66-05b1-462c-b48f-0eb2bf59ca4a service placement] 10.222.0.48 "GET /placement/allocation_candidates?limit=1000&resources=DISK_GB%3A1%2CMEMORY_MB%3A1024%2CVCPU%3A1&root_required=%21COMPUTE_STATUS_DISABLED" status: 200 len: 1311 microversion: 1.36
Jun 01 21:31:24.609000 n-d-830645-5 devstack@placement-api.service[105781]: [pid: 105781|app: 0|req: 164/329] 10.222.0.48 () {60 vars in 1506 bytes} [Wed Jun  1 21:31:24 2022] GET /placement/allocation_candidates?limit=1000&resources=DISK_GB%3A1%2CMEMORY_MB%3A1024%2CVCPU%3A1&root_required=%21COMPUTE_STATUS_DISABLED => generated 1311 bytes in 120 msecs (HTTP/1.1 200) 8 headers in 297 bytes (2 switches on core 0)
Jun 01 21:31:24.706439 n-d-830645-5 devstack@placement-api.service[105780]: DEBUG placement.requestlog [req-0b68e36f-4046-4303-8aaa-16ec26057ad4 req-e286bb8a-3829-45e3-835c-520b5f3818d7 None None] Starting request: 10.222.0.48 "GET /placement/allocations/e195e1b9-5b97-483b-b527-ee65e26d63d9" {{(pid=105780) __call__ /opt/stack/placement/placement/requestlog.py:55}}
Jun 01 21:31:24.720623 n-d-830645-5 devstack@placement-api.service[105780]: INFO placement.requestlog [req-0b68e36f-4046-4303-8aaa-16ec26057ad4 req-e286bb8a-3829-45e3-835c-520b5f3818d7 service placement] 10.222.0.48 "GET /placement/allocations/e195e1b9-5b97-483b-b527-ee65e26d63d9" status: 200 len: 19 microversion: 1.28
Jun 01 21:31:24.721188 n-d-830645-5 devstack@placement-api.service[105780]: [pid: 105780|app: 0|req: 166/330] 10.222.0.48 () {60 vars in 1380 bytes} [Wed Jun  1 21:31:24 2022] GET /placement/allocations/e195e1b9-5b97-483b-b527-ee65e26d63d9 => generated 19 bytes in 15 msecs (HTTP/1.1 200) 8 headers in 295 bytes (1 switches on core 0)
Jun 01 21:31:24.728244 n-d-830645-5 devstack@placement-api.service[105781]: DEBUG placement.requestlog [req-0b68e36f-4046-4303-8aaa-16ec26057ad4 req-7efa6e6d-9bfe-4186-ac65-51c4e30844aa None None] Starting request: 10.222.0.48 "PUT /placement/allocations/e195e1b9-5b97-483b-b527-ee65e26d63d9" {{(pid=105781) __call__ /opt/stack/placement/placement/requestlog.py:55}}
Jun 01 21:31:25.302894 n-d-830645-5 devstack@placement-api.service[105781]: DEBUG placement.handlers.allocation [req-0b68e36f-4046-4303-8aaa-16ec26057ad4 req-7efa6e6d-9bfe-4186-ac65-51c4e30844aa service placement] Successfully wrote allocations [<placement.objects.allocation.Allocation object at 0x7f9b5c3b9c10>, <placement.objects.allocation.Allocation object at 0x7f9b5c3b9be0>, <placement.objects.allocation.Allocation object at 0x7f9b5c3b9a60>] {{(pid=105781) _update_consumers_and_create_allocations /opt/stack/placement/placement/handlers/allocation.py:462}}
Jun 01 21:31:25.403397 n-d-830645-5 devstack@placement-api.service[105781]: INFO placement.requestlog [req-0b68e36f-4046-4303-8aaa-16ec26057ad4 req-7efa6e6d-9bfe-4186-ac65-51c4e30844aa service placement] 10.222.0.48 "PUT /placement/allocations/e195e1b9-5b97-483b-b527-ee65e26d63d9" status: 204 len: 0 microversion: 1.36
Jun 01 21:31:25.416704 n-d-830645-5 devstack@placement-api.service[105781]: [pid: 105781|app: 0|req: 165/331] 10.222.0.48 () {64 vars in 1433 bytes} [Wed Jun  1 21:31:24 2022] PUT /placement/allocations/e195e1b9-5b97-483b-b527-ee65e26d63d9 => generated 0 bytes in 676 msecs (HTTP/1.1 204) 5 headers in 199 bytes (1 switches on core 0)
Jun 01 21:31:26.636483 n-d-830645-5 devstack@placement-api.service[105780]: DEBUG placement.requestlog [req-0b68e36f-4046-4303-8aaa-16ec26057ad4 req-3a6e2684-b12e-41e0-bcd6-0c7fc321368f None None] Starting request: 10.222.0.73 "GET /placement/allocations/e195e1b9-5b97-483b-b527-ee65e26d63d9" {{(pid=105780) __call__ /opt/stack/placement/placement/requestlog.py:55}}
Jun 01 21:31:26.663386 n-d-830645-5 devstack@placement-api.service[105780]: INFO placement.requestlog [req-0b68e36f-4046-4303-8aaa-16ec26057ad4 req-3a6e2684-b12e-41e0-bcd6-0c7fc321368f service placement] 10.222.0.73 "GET /placement/allocations/e195e1b9-5b97-483b-b527-ee65e26d63d9" status: 200 len: 259 microversion: 1.28
Jun 01 21:31:26.663791 n-d-830645-5 devstack@placement-api.service[105780]: [pid: 105780|app: 0|req: 167/332] 10.222.0.73 () {60 vars in 1377 bytes} [Wed Jun  1 21:31:26 2022] GET /placement/allocations/e195e1b9-5b97-483b-b527-ee65e26d63d9 => generated 259 bytes in 28 msecs (HTTP/1.1 200) 8 headers in 296 bytes (1 switches on core 0)
Jun 01 21:31:28.763595 n-d-830645-5 devstack@placement-api.service[105781]: DEBUG placement.requestlog [req-0fcf194e-2290-49b9-b991-3d47ad5f198a req-64b7fa87-87f0-417f-9379-09cef0f10fe1 None None] Starting request: 10.222.0.33 "DELETE /placement/allocations/a84a7cd0-c480-48d7-bb59-cf3ce5f56685" {{(pid=105781) __call__ /opt/stack/placement/placement/requestlog.py:55}}
Jun 01 21:31:29.396534 n-d-830645-5 devstack@placement-api.service[105781]: DEBUG placement.handlers.allocation [req-0fcf194e-2290-49b9-b991-3d47ad5f198a req-64b7fa87-87f0-417f-9379-09cef0f10fe1 service placement] Successfully deleted allocations [<placement.objects.allocation.Allocation object at 0x7f9b5c2f5490>, <placement.objects.allocation.Allocation object at 0x7f9b5c2f5cd0>, <placement.objects.allocation.Allocation object at 0x7f9b5c2f51f0>] {{(pid=105781) delete_allocations /opt/stack/placement/placement/handlers/allocation.py:627}}
Jun 01 21:31:29.396534 n-d-830645-5 devstack@placement-api.service[105781]: INFO placement.requestlog [req-0fcf194e-2290-49b9-b991-3d47ad5f198a req-64b7fa87-87f0-417f-9379-09cef0f10fe1 service placement] 10.222.0.33 "DELETE /placement/allocations/a84a7cd0-c480-48d7-bb59-cf3ce5f56685" status: 204 len: 0 microversion: 1.0
Jun 01 21:31:29.396534 n-d-830645-5 devstack@placement-api.service[105781]: [pid: 105781|app: 0|req: 166/333] 10.222.0.33 () {60 vars in 1355 bytes} [Wed Jun  1 21:31:28 2022] DELETE /placement/allocations/a84a7cd0-c480-48d7-bb59-cf3ce5f56685 => generated 0 bytes in 629 msecs (HTTP/1.1 204) 5 headers in 198 bytes (1 switches on core 0)
Jun 01 21:31:29.853409 n-d-830645-5 devstack@placement-api.service[105780]: DEBUG placement.requestlog [req-a08fbdb5-dbf0-40a1-ad97-745943d8ffb1 req-11d64d92-d93e-40fd-968b-d270ded7d547 None None] Starting request: 10.222.0.33 "GET /placement/allocations/c4edfdbb-114f-49b3-a4ff-99358dcc0b1d" {{(pid=105780) __call__ /opt/stack/placement/placement/requestlog.py:55}}
Jun 01 21:31:29.879198 n-d-830645-5 devstack@placement-api.service[105780]: INFO placement.requestlog [req-a08fbdb5-dbf0-40a1-ad97-745943d8ffb1 req-11d64d92-d93e-40fd-968b-d270ded7d547 service placement] 10.222.0.33 "GET /placement/allocations/c4edfdbb-114f-49b3-a4ff-99358dcc0b1d" status: 200 len: 259 microversion: 1.28
Jun 01 21:31:29.888281 n-d-830645-5 devstack@placement-api.service[105780]: [pid: 105780|app: 0|req: 168/334] 10.222.0.33 () {60 vars in 1377 bytes} [Wed Jun  1 21:31:29 2022] GET /placement/allocations/c4edfdbb-114f-49b3-a4ff-99358dcc0b1d => generated 259 bytes in 31 msecs (HTTP/1.1 200) 8 headers in 296 bytes (1 switches on core 0)
Jun 01 21:31:31.946932 n-d-830645-5 devstack@placement-api.service[105781]: DEBUG placement.requestlog [None req-7e00a8c3-157d-4767-b322-a7056da0d8e8 None None] Starting request: 10.222.0.48 "GET /placement/" {{(pid=105781) __call__ /opt/stack/placement/placement/requestlog.py:55}}
Jun 01 21:31:31.950608 n-d-830645-5 devstack@placement-api.service[105781]: INFO placement.requestlog [None req-7e00a8c3-157d-4767-b322-a7056da0d8e8 None None] 10.222.0.48 "GET /placement/" status: 200 len: 136 microversion: 1.0
Jun 01 21:31:31.950608 n-d-830645-5 devstack@placement-api.service[105781]: [pid: 105781|app: 0|req: 167/335] 10.222.0.48 () {54 vars in 916 bytes} [Wed Jun  1 21:31:31 2022] GET /placement => generated 136 bytes in 2 msecs (HTTP/1.1 200) 6 headers in 224 bytes (1 switches on core 0)
Jun 01 21:31:31.961471 n-d-830645-5 devstack@placement-api.service[105780]: DEBUG placement.requestlog [req-3bb93688-9ae6-4b73-a289-f23f84dbd34e req-e13e7397-0995-40cb-939f-847d7d9d9d7b None None] Starting request: 10.222.0.48 "GET /placement/allocations/8014efec-4922-49da-9695-ba7c51d52b11" {{(pid=105780) __call__ /opt/stack/placement/placement/requestlog.py:55}}
Jun 01 21:31:32.051925 n-d-830645-5 devstack@placement-api.service[105780]: INFO placement.requestlog [req-3bb93688-9ae6-4b73-a289-f23f84dbd34e req-e13e7397-0995-40cb-939f-847d7d9d9d7b service placement] 10.222.0.48 "GET /placement/allocations/8014efec-4922-49da-9695-ba7c51d52b11" status: 200 len: 245 microversion: 1.28
Jun 01 21:31:32.054029 n-d-830645-5 devstack@placement-api.service[105780]: [pid: 105780|app: 0|req: 169/336] 10.222.0.48 () {60 vars in 1380 bytes} [Wed Jun  1 21:31:31 2022] GET /placement/allocations/8014efec-4922-49da-9695-ba7c51d52b11 => generated 245 bytes in 91 msecs (HTTP/1.1 200) 8 headers in 296 bytes (1 switches on core 0)
Jun 01 21:31:32.058650 n-d-830645-5 devstack@placement-api.service[105781]: DEBUG placement.requestlog [req-3bb93688-9ae6-4b73-a289-f23f84dbd34e req-fd079f04-2974-4f97-a384-1e5dfd4aba98 None None] Starting request: 10.222.0.48 "GET /placement/allocations/8014efec-4922-49da-9695-ba7c51d52b11" {{(pid=105781) __call__ /opt/stack/placement/placement/requestlog.py:55}}
Jun 01 21:31:32.075637 n-d-830645-5 devstack@placement-api.service[105781]: INFO placement.requestlog [req-3bb93688-9ae6-4b73-a289-f23f84dbd34e req-fd079f04-2974-4f97-a384-1e5dfd4aba98 service placement] 10.222.0.48 "GET /placement/allocations/8014efec-4922-49da-9695-ba7c51d52b11" status: 200 len: 245 microversion: 1.28
Jun 01 21:31:32.076436 n-d-830645-5 devstack@placement-api.service[105781]: [pid: 105781|app: 0|req: 168/337] 10.222.0.48 () {60 vars in 1380 bytes} [Wed Jun  1 21:31:32 2022] GET /placement/allocations/8014efec-4922-49da-9695-ba7c51d52b11 => generated 245 bytes in 18 msecs (HTTP/1.1 200) 8 headers in 296 bytes (1 switches on core 0)
Jun 01 21:31:32.083394 n-d-830645-5 devstack@placement-api.service[105780]: DEBUG placement.requestlog [req-3bb93688-9ae6-4b73-a289-f23f84dbd34e req-7dc3eff4-5fef-44ee-8865-a22cb42d4cce None None] Starting request: 10.222.0.48 "GET /placement/allocations/ced7ea5c-637e-4c76-a8fc-6184dead1c1e" {{(pid=105780) __call__ /opt/stack/placement/placement/requestlog.py:55}}
Jun 01 21:31:32.095798 n-d-830645-5 devstack@placement-api.service[105780]: INFO placement.requestlog [req-3bb93688-9ae6-4b73-a289-f23f84dbd34e req-7dc3eff4-5fef-44ee-8865-a22cb42d4cce service placement] 10.222.0.48 "GET /placement/allocations/ced7ea5c-637e-4c76-a8fc-6184dead1c1e" status: 200 len: 19 microversion: 1.28
Jun 01 21:31:32.096196 n-d-830645-5 devstack@placement-api.service[105780]: [pid: 105780|app: 0|req: 170/338] 10.222.0.48 () {60 vars in 1380 bytes} [Wed Jun  1 21:31:32 2022] GET /placement/allocations/ced7ea5c-637e-4c76-a8fc-6184dead1c1e => generated 19 bytes in 14 msecs (HTTP/1.1 200) 8 headers in 295 bytes (1 switches on core 0)
Jun 01 21:31:32.102483 n-d-830645-5 devstack@placement-api.service[105781]: DEBUG placement.requestlog [req-3bb93688-9ae6-4b73-a289-f23f84dbd34e req-bb605621-ce05-4e4e-be14-68cd4dffbaf6 None None] Starting request: 10.222.0.48 "POST /placement/allocations" {{(pid=105781) __call__ /opt/stack/placement/placement/requestlog.py:55}}
Jun 01 21:31:32.321355 n-d-830645-5 devstack@placement-api.service[105781]: DEBUG placement.handlers.allocation [req-3bb93688-9ae6-4b73-a289-f23f84dbd34e req-bb605621-ce05-4e4e-be14-68cd4dffbaf6 service placement] Successfully wrote allocations [<placement.objects.allocation.Allocation object at 0x7f9b5c3af9a0>, <placement.objects.allocation.Allocation object at 0x7f9b5c3af550>, <placement.objects.allocation.Allocation object at 0x7f9b5c3b9a60>, <placement.objects.allocation.Allocation object at 0x7f9b5c3afac0>] {{(pid=105781) _update_consumers_and_create_allocations /opt/stack/placement/placement/handlers/allocation.py:572}}
Jun 01 21:31:32.431113 n-d-830645-5 devstack@placement-api.service[105781]: INFO placement.requestlog [req-3bb93688-9ae6-4b73-a289-f23f84dbd34e req-bb605621-ce05-4e4e-be14-68cd4dffbaf6 service placement] 10.222.0.48 "POST /placement/allocations" status: 204 len: 0 microversion: 1.28
Jun 01 21:31:32.431518 n-d-830645-5 devstack@placement-api.service[105781]: [pid: 105781|app: 0|req: 169/339] 10.222.0.48 () {64 vars in 1323 bytes} [Wed Jun  1 21:31:32 2022] POST /placement/allocations => generated 0 bytes in 329 msecs (HTTP/1.1 204) 5 headers in 199 bytes (1 switches on core 0)
Jun 01 21:31:32.510135 n-d-830645-5 devstack@placement-api.service[105780]: DEBUG placement.requestlog [req-3bb93688-9ae6-4b73-a289-f23f84dbd34e req-534d3d77-39ab-4430-85ef-f0c13c295690 None None] Starting request: 10.222.0.48 "GET /placement/allocations/8014efec-4922-49da-9695-ba7c51d52b11" {{(pid=105780) __call__ /opt/stack/placement/placement/requestlog.py:55}}
Jun 01 21:31:32.583027 n-d-830645-5 devstack@placement-api.service[105780]: INFO placement.requestlog [req-3bb93688-9ae6-4b73-a289-f23f84dbd34e req-534d3d77-39ab-4430-85ef-f0c13c295690 service placement] 10.222.0.48 "GET /placement/allocations/8014efec-4922-49da-9695-ba7c51d52b11" status: 200 len: 19 microversion: 1.28
Jun 01 21:31:32.588182 n-d-830645-5 devstack@placement-api.service[105780]: [pid: 105780|app: 0|req: 171/340] 10.222.0.48 () {60 vars in 1380 bytes} [Wed Jun  1 21:31:32 2022] GET /placement/allocations/8014efec-4922-49da-9695-ba7c51d52b11 => generated 19 bytes in 78 msecs (HTTP/1.1 200) 8 headers in 295 bytes (1 switches on core 0)
Jun 01 21:31:32.590475 n-d-830645-5 devstack@placement-api.service[105781]: DEBUG placement.requestlog [req-3bb93688-9ae6-4b73-a289-f23f84dbd34e req-937e9051-fb3d-4b6f-ac77-d654d80c9983 None None] Starting request: 10.222.0.48 "PUT /placement/allocations/8014efec-4922-49da-9695-ba7c51d52b11" {{(pid=105781) __call__ /opt/stack/placement/placement/requestlog.py:55}}
Jun 01 21:31:32.615354 n-d-830645-5 devstack@placement-api.service[105781]: DEBUG dbcounter [-] [105781] Writing DB stats placement:SELECT=76,placement:DELETE=9,placement:INSERT=10,placement:UPDATE=5 {{(pid=105781) stat_writer /usr/local/lib/python3.8/dist-packages/dbcounter.py:114}}
Jun 01 21:31:32.774004 n-d-830645-5 devstack@placement-api.service[105781]: DEBUG placement.handlers.allocation [req-3bb93688-9ae6-4b73-a289-f23f84dbd34e req-937e9051-fb3d-4b6f-ac77-d654d80c9983 service placement] Successfully wrote allocations [<placement.objects.allocation.Allocation object at 0x7f9b5c30efa0>, <placement.objects.allocation.Allocation object at 0x7f9b5c54e1f0>] {{(pid=105781) _update_consumers_and_create_allocations /opt/stack/placement/placement/handlers/allocation.py:462}}
Jun 01 21:31:32.859699 n-d-830645-5 devstack@placement-api.service[105781]: INFO placement.requestlog [req-3bb93688-9ae6-4b73-a289-f23f84dbd34e req-937e9051-fb3d-4b6f-ac77-d654d80c9983 service placement] 10.222.0.48 "PUT /placement/allocations/8014efec-4922-49da-9695-ba7c51d52b11" status: 204 len: 0 microversion: 1.28
Jun 01 21:31:32.860135 n-d-830645-5 devstack@placement-api.service[105781]: [pid: 105781|app: 0|req: 170/341] 10.222.0.48 () {64 vars in 1433 bytes} [Wed Jun  1 21:31:32 2022] PUT /placement/allocations/8014efec-4922-49da-9695-ba7c51d52b11 => generated 0 bytes in 270 msecs (HTTP/1.1 204) 5 headers in 199 bytes (2 switches on core 0)
Jun 01 21:31:33.016755 n-d-830645-5 devstack@placement-api.service[105780]: DEBUG placement.requestlog [req-c9413076-ef30-4e37-b342-b68eb807c335 req-05caaf6c-47fa-4ced-b4c0-a4ee67cf74b3 None None] Starting request: 10.222.0.48 "GET /placement/allocation_candidates?limit=1000&resources=DISK_GB%3A1%2CMEMORY_MB%3A1024%2CVCPU%3A1&root_required=%21COMPUTE_STATUS_DISABLED" {{(pid=105780) __call__ /opt/stack/placement/placement/requestlog.py:55}}
Jun 01 21:31:33.081453 n-d-830645-5 devstack@placement-api.service[105780]: DEBUG placement.objects.research_context [req-c9413076-ef30-4e37-b342-b68eb807c335 req-05caaf6c-47fa-4ced-b4c0-a4ee67cf74b3 service placement] getting providers with 1 DISK_GB {{(pid=105780) __init__ /opt/stack/placement/placement/objects/research_context.py:136}}
Jun 01 21:31:33.088225 n-d-830645-5 devstack@placement-api.service[105780]: DEBUG placement.objects.research_context [req-c9413076-ef30-4e37-b342-b68eb807c335 req-05caaf6c-47fa-4ced-b4c0-a4ee67cf74b3 service placement] getting providers with 1024 MEMORY_MB {{(pid=105780) __init__ /opt/stack/placement/placement/objects/research_context.py:136}}
Jun 01 21:31:33.098601 n-d-830645-5 devstack@placement-api.service[105780]: DEBUG placement.objects.research_context [req-c9413076-ef30-4e37-b342-b68eb807c335 req-05caaf6c-47fa-4ced-b4c0-a4ee67cf74b3 service placement] getting providers with 1 VCPU {{(pid=105780) __init__ /opt/stack/placement/placement/objects/research_context.py:136}}
Jun 01 21:31:33.103511 n-d-830645-5 devstack@placement-api.service[105780]: DEBUG placement.objects.research_context [req-c9413076-ef30-4e37-b342-b68eb807c335 req-05caaf6c-47fa-4ced-b4c0-a4ee67cf74b3 service placement] found 2 providers with available 1 DISK_GB {{(pid=105780) get_provider_ids_matching /opt/stack/placement/placement/objects/research_context.py:563}}
Jun 01 21:31:33.106336 n-d-830645-5 devstack@placement-api.service[105780]: DEBUG placement.objects.research_context [req-c9413076-ef30-4e37-b342-b68eb807c335 req-05caaf6c-47fa-4ced-b4c0-a4ee67cf74b3 service placement] found 2 providers with available 1024 MEMORY_MB {{(pid=105780) get_provider_ids_matching /opt/stack/placement/placement/objects/research_context.py:563}}
Jun 01 21:31:33.106624 n-d-830645-5 devstack@placement-api.service[105780]: DEBUG placement.objects.research_context [req-c9413076-ef30-4e37-b342-b68eb807c335 req-05caaf6c-47fa-4ced-b4c0-a4ee67cf74b3 service placement] found 2 providers after filtering by previous result {{(pid=105780) get_provider_ids_matching /opt/stack/placement/placement/objects/research_context.py:594}}
Jun 01 21:31:33.106958 n-d-830645-5 devstack@placement-api.service[105780]: DEBUG placement.objects.research_context [req-c9413076-ef30-4e37-b342-b68eb807c335 req-05caaf6c-47fa-4ced-b4c0-a4ee67cf74b3 service placement] found 2 providers with available 1 VCPU {{(pid=105780) get_provider_ids_matching /opt/stack/placement/placement/objects/research_context.py:563}}
Jun 01 21:31:33.107133 n-d-830645-5 devstack@placement-api.service[105780]: DEBUG placement.objects.research_context [req-c9413076-ef30-4e37-b342-b68eb807c335 req-05caaf6c-47fa-4ced-b4c0-a4ee67cf74b3 service placement] found 2 providers after filtering by previous result {{(pid=105780) get_provider_ids_matching /opt/stack/placement/placement/objects/research_context.py:594}}
Jun 01 21:31:33.126749 n-d-830645-5 devstack@placement-api.service[105780]: DEBUG placement.objects.allocation_candidate [req-c9413076-ef30-4e37-b342-b68eb807c335 req-05caaf6c-47fa-4ced-b4c0-a4ee67cf74b3 service placement] RequestGroup(use_same_provider=False, resources={DISK_GB:1, MEMORY_MB:1024, VCPU:1}, traits=(), aggregates=[]) (suffix '') returned 2 matches {{(pid=105780) _get_by_requests /opt/stack/placement/placement/objects/allocation_candidate.py:156}}
Jun 01 21:31:33.126749 n-d-830645-5 devstack@placement-api.service[105780]: DEBUG placement.objects.allocation_candidate [req-c9413076-ef30-4e37-b342-b68eb807c335 req-05caaf6c-47fa-4ced-b4c0-a4ee67cf74b3 service placement] Merging candidates yields 2 allocation requests and 2 provider summaries {{(pid=105780) _merge_candidates /opt/stack/placement/placement/objects/allocation_candidate.py:809}}
Jun 01 21:31:33.127405 n-d-830645-5 devstack@placement-api.service[105780]: INFO placement.requestlog [req-c9413076-ef30-4e37-b342-b68eb807c335 req-05caaf6c-47fa-4ced-b4c0-a4ee67cf74b3 service placement] 10.222.0.48 "GET /placement/allocation_candidates?limit=1000&resources=DISK_GB%3A1%2CMEMORY_MB%3A1024%2CVCPU%3A1&root_required=%21COMPUTE_STATUS_DISABLED" status: 200 len: 1311 microversion: 1.36
Jun 01 21:31:33.128623 n-d-830645-5 devstack@placement-api.service[105780]: [pid: 105780|app: 0|req: 172/342] 10.222.0.48 () {60 vars in 1506 bytes} [Wed Jun  1 21:31:33 2022] GET /placement/allocation_candidates?limit=1000&resources=DISK_GB%3A1%2CMEMORY_MB%3A1024%2CVCPU%3A1&root_required=%21COMPUTE_STATUS_DISABLED => generated 1311 bytes in 113 msecs (HTTP/1.1 200) 8 headers in 297 bytes (1 switches on core 0)
Jun 01 21:31:33.136661 n-d-830645-5 devstack@placement-api.service[105781]: DEBUG placement.requestlog [req-3bb93688-9ae6-4b73-a289-f23f84dbd34e req-ec78037c-e031-438d-a5ca-91e2e3d1e3b7 None None] Starting request: 10.222.0.73 "GET /placement/allocations/8014efec-4922-49da-9695-ba7c51d52b11" {{(pid=105781) __call__ /opt/stack/placement/placement/requestlog.py:55}}
Jun 01 21:31:33.160265 n-d-830645-5 devstack@placement-api.service[105781]: INFO placement.requestlog [req-3bb93688-9ae6-4b73-a289-f23f84dbd34e req-ec78037c-e031-438d-a5ca-91e2e3d1e3b7 service placement] 10.222.0.73 "GET /placement/allocations/8014efec-4922-49da-9695-ba7c51d52b11" status: 200 len: 245 microversion: 1.28
Jun 01 21:31:33.161884 n-d-830645-5 devstack@placement-api.service[105781]: [pid: 105781|app: 0|req: 171/343] 10.222.0.73 () {60 vars in 1377 bytes} [Wed Jun  1 21:31:33 2022] GET /placement/allocations/8014efec-4922-49da-9695-ba7c51d52b11 => generated 245 bytes in 25 msecs (HTTP/1.1 200) 8 headers in 296 bytes (1 switches on core 0)
Jun 01 21:31:33.231720 n-d-830645-5 devstack@placement-api.service[105780]: DEBUG placement.requestlog [req-c9413076-ef30-4e37-b342-b68eb807c335 req-af45b5b5-baa7-4538-9a70-01a93103a2ef None None] Starting request: 10.222.0.48 "GET /placement/allocations/18d393d0-0e83-484d-98e5-587b7f1d264d" {{(pid=105780) __call__ /opt/stack/placement/placement/requestlog.py:55}}
Jun 01 21:31:33.260705 n-d-830645-5 devstack@placement-api.service[105780]: INFO placement.requestlog [req-c9413076-ef30-4e37-b342-b68eb807c335 req-af45b5b5-baa7-4538-9a70-01a93103a2ef service placement] 10.222.0.48 "GET /placement/allocations/18d393d0-0e83-484d-98e5-587b7f1d264d" status: 200 len: 19 microversion: 1.28
Jun 01 21:31:33.261096 n-d-830645-5 devstack@placement-api.service[105780]: [pid: 105780|app: 0|req: 173/344] 10.222.0.48 () {60 vars in 1380 bytes} [Wed Jun  1 21:31:33 2022] GET /placement/allocations/18d393d0-0e83-484d-98e5-587b7f1d264d => generated 19 bytes in 30 msecs (HTTP/1.1 200) 8 headers in 295 bytes (1 switches on core 0)
Jun 01 21:31:33.267523 n-d-830645-5 devstack@placement-api.service[105781]: DEBUG placement.requestlog [req-c9413076-ef30-4e37-b342-b68eb807c335 req-45f74c7e-1b2c-48d7-8daf-394536689bc0 None None] Starting request: 10.222.0.48 "PUT /placement/allocations/18d393d0-0e83-484d-98e5-587b7f1d264d" {{(pid=105781) __call__ /opt/stack/placement/placement/requestlog.py:55}}
Jun 01 21:31:33.681611 n-d-830645-5 devstack@placement-api.service[105781]: DEBUG placement.handlers.allocation [req-c9413076-ef30-4e37-b342-b68eb807c335 req-45f74c7e-1b2c-48d7-8daf-394536689bc0 service placement] Successfully wrote allocations [<placement.objects.allocation.Allocation object at 0x7f9b5c36dca0>, <placement.objects.allocation.Allocation object at 0x7f9b5c36dfa0>, <placement.objects.allocation.Allocation object at 0x7f9b5c36d3a0>] {{(pid=105781) _update_consumers_and_create_allocations /opt/stack/placement/placement/handlers/allocation.py:462}}
Jun 01 21:31:33.740122 n-d-830645-5 devstack@placement-api.service[105781]: INFO placement.requestlog [req-c9413076-ef30-4e37-b342-b68eb807c335 req-45f74c7e-1b2c-48d7-8daf-394536689bc0 service placement] 10.222.0.48 "PUT /placement/allocations/18d393d0-0e83-484d-98e5-587b7f1d264d" status: 204 len: 0 microversion: 1.36
Jun 01 21:31:33.740526 n-d-830645-5 devstack@placement-api.service[105781]: [pid: 105781|app: 0|req: 172/345] 10.222.0.48 () {64 vars in 1433 bytes} [Wed Jun  1 21:31:33 2022] PUT /placement/allocations/18d393d0-0e83-484d-98e5-587b7f1d264d => generated 0 bytes in 473 msecs (HTTP/1.1 204) 5 headers in 199 bytes (1 switches on core 0)
Jun 01 21:31:36.676680 n-d-830645-5 devstack@placement-api.service[105780]: DEBUG placement.requestlog [req-c9413076-ef30-4e37-b342-b68eb807c335 req-65cd3a2b-995c-4ea9-8b09-947ab7e59895 None None] Starting request: 10.222.0.73 "GET /placement/allocations/18d393d0-0e83-484d-98e5-587b7f1d264d" {{(pid=105780) __call__ /opt/stack/placement/placement/requestlog.py:55}}
Jun 01 21:31:36.697978 n-d-830645-5 devstack@placement-api.service[105780]: INFO placement.requestlog [req-c9413076-ef30-4e37-b342-b68eb807c335 req-65cd3a2b-995c-4ea9-8b09-947ab7e59895 service placement] 10.222.0.73 "GET /placement/allocations/18d393d0-0e83-484d-98e5-587b7f1d264d" status: 200 len: 259 microversion: 1.28
Jun 01 21:31:36.701193 n-d-830645-5 devstack@placement-api.service[105780]: [pid: 105780|app: 0|req: 174/346] 10.222.0.73 () {60 vars in 1377 bytes} [Wed Jun  1 21:31:36 2022] GET /placement/allocations/18d393d0-0e83-484d-98e5-587b7f1d264d => generated 259 bytes in 22 msecs (HTTP/1.1 200) 8 headers in 296 bytes (2 switches on core 0)
Jun 01 21:31:36.979097 n-d-830645-5 devstack@placement-api.service[105781]: DEBUG placement.requestlog [req-8623db20-fe63-4c3a-81f1-c13accca6400 req-813a4386-01b1-41f2-b230-483de5d196fe None None] Starting request: 10.222.0.73 "DELETE /placement/allocations/47c275e3-57d4-4fc6-8244-4f15e6741aa7" {{(pid=105781) __call__ /opt/stack/placement/placement/requestlog.py:55}}
Jun 01 21:31:37.219074 n-d-830645-5 devstack@placement-api.service[105781]: DEBUG placement.handlers.allocation [req-8623db20-fe63-4c3a-81f1-c13accca6400 req-813a4386-01b1-41f2-b230-483de5d196fe service placement] Successfully deleted allocations [<placement.objects.allocation.Allocation object at 0x7f9b5c3572b0>, <placement.objects.allocation.Allocation object at 0x7f9b5c357be0>, <placement.objects.allocation.Allocation object at 0x7f9b5c357df0>] {{(pid=105781) delete_allocations /opt/stack/placement/placement/handlers/allocation.py:627}}
Jun 01 21:31:37.219567 n-d-830645-5 devstack@placement-api.service[105781]: INFO placement.requestlog [req-8623db20-fe63-4c3a-81f1-c13accca6400 req-813a4386-01b1-41f2-b230-483de5d196fe service placement] 10.222.0.73 "DELETE /placement/allocations/47c275e3-57d4-4fc6-8244-4f15e6741aa7" status: 204 len: 0 microversion: 1.0
Jun 01 21:31:37.219992 n-d-830645-5 devstack@placement-api.service[105781]: [pid: 105781|app: 0|req: 173/347] 10.222.0.73 () {60 vars in 1355 bytes} [Wed Jun  1 21:31:36 2022] DELETE /placement/allocations/47c275e3-57d4-4fc6-8244-4f15e6741aa7 => generated 0 bytes in 241 msecs (HTTP/1.1 204) 5 headers in 198 bytes (1 switches on core 0)
Jun 01 21:31:37.305720 n-d-830645-5 devstack@placement-api.service[105780]: DEBUG placement.requestlog [req-c84899da-61a8-451e-a342-830d7a0bc017 req-a53fb86e-7b3b-47c8-b789-2af259b36f8e None None] Starting request: 10.222.0.48 "GET /placement/allocation_candidates?limit=1000&resources=DISK_GB%3A1%2CMEMORY_MB%3A1024%2CVCPU%3A1&root_required=%21COMPUTE_STATUS_DISABLED" {{(pid=105780) __call__ /opt/stack/placement/placement/requestlog.py:55}}
Jun 01 21:31:37.359080 n-d-830645-5 devstack@placement-api.service[105780]: DEBUG placement.objects.research_context [req-c84899da-61a8-451e-a342-830d7a0bc017 req-a53fb86e-7b3b-47c8-b789-2af259b36f8e service placement] getting providers with 1 DISK_GB {{(pid=105780) __init__ /opt/stack/placement/placement/objects/research_context.py:136}}
Jun 01 21:31:37.367421 n-d-830645-5 devstack@placement-api.service[105780]: DEBUG placement.objects.research_context [req-c84899da-61a8-451e-a342-830d7a0bc017 req-a53fb86e-7b3b-47c8-b789-2af259b36f8e service placement] getting providers with 1024 MEMORY_MB {{(pid=105780) __init__ /opt/stack/placement/placement/objects/research_context.py:136}}
Jun 01 21:31:37.381550 n-d-830645-5 devstack@placement-api.service[105780]: DEBUG placement.objects.research_context [req-c84899da-61a8-451e-a342-830d7a0bc017 req-a53fb86e-7b3b-47c8-b789-2af259b36f8e service placement] getting providers with 1 VCPU {{(pid=105780) __init__ /opt/stack/placement/placement/objects/research_context.py:136}}
Jun 01 21:31:37.389801 n-d-830645-5 devstack@placement-api.service[105780]: DEBUG placement.objects.research_context [req-c84899da-61a8-451e-a342-830d7a0bc017 req-a53fb86e-7b3b-47c8-b789-2af259b36f8e service placement] found 2 providers with available 1 DISK_GB {{(pid=105780) get_provider_ids_matching /opt/stack/placement/placement/objects/research_context.py:563}}
Jun 01 21:31:37.390706 n-d-830645-5 devstack@placement-api.service[105780]: DEBUG placement.objects.research_context [req-c84899da-61a8-451e-a342-830d7a0bc017 req-a53fb86e-7b3b-47c8-b789-2af259b36f8e service placement] found 2 providers with available 1024 MEMORY_MB {{(pid=105780) get_provider_ids_matching /opt/stack/placement/placement/objects/research_context.py:563}}
Jun 01 21:31:37.391769 n-d-830645-5 devstack@placement-api.service[105780]: DEBUG placement.objects.research_context [req-c84899da-61a8-451e-a342-830d7a0bc017 req-a53fb86e-7b3b-47c8-b789-2af259b36f8e service placement] found 2 providers after filtering by previous result {{(pid=105780) get_provider_ids_matching /opt/stack/placement/placement/objects/research_context.py:594}}
Jun 01 21:31:37.392781 n-d-830645-5 devstack@placement-api.service[105780]: DEBUG placement.objects.research_context [req-c84899da-61a8-451e-a342-830d7a0bc017 req-a53fb86e-7b3b-47c8-b789-2af259b36f8e service placement] found 2 providers with available 1 VCPU {{(pid=105780) get_provider_ids_matching /opt/stack/placement/placement/objects/research_context.py:563}}
Jun 01 21:31:37.393456 n-d-830645-5 devstack@placement-api.service[105780]: DEBUG placement.objects.research_context [req-c84899da-61a8-451e-a342-830d7a0bc017 req-a53fb86e-7b3b-47c8-b789-2af259b36f8e service placement] found 2 providers after filtering by previous result {{(pid=105780) get_provider_ids_matching /opt/stack/placement/placement/objects/research_context.py:594}}
Jun 01 21:31:37.415772 n-d-830645-5 devstack@placement-api.service[105780]: DEBUG placement.objects.allocation_candidate [req-c84899da-61a8-451e-a342-830d7a0bc017 req-a53fb86e-7b3b-47c8-b789-2af259b36f8e service placement] RequestGroup(use_same_provider=False, resources={DISK_GB:1, MEMORY_MB:1024, VCPU:1}, traits=(), aggregates=[]) (suffix '') returned 2 matches {{(pid=105780) _get_by_requests /opt/stack/placement/placement/objects/allocation_candidate.py:156}}
Jun 01 21:31:37.416555 n-d-830645-5 devstack@placement-api.service[105780]: DEBUG placement.objects.allocation_candidate [req-c84899da-61a8-451e-a342-830d7a0bc017 req-a53fb86e-7b3b-47c8-b789-2af259b36f8e service placement] Merging candidates yields 2 allocation requests and 2 provider summaries {{(pid=105780) _merge_candidates /opt/stack/placement/placement/objects/allocation_candidate.py:809}}
Jun 01 21:31:37.420418 n-d-830645-5 devstack@placement-api.service[105780]: INFO placement.requestlog [req-c84899da-61a8-451e-a342-830d7a0bc017 req-a53fb86e-7b3b-47c8-b789-2af259b36f8e service placement] 10.222.0.48 "GET /placement/allocation_candidates?limit=1000&resources=DISK_GB%3A1%2CMEMORY_MB%3A1024%2CVCPU%3A1&root_required=%21COMPUTE_STATUS_DISABLED" status: 200 len: 1311 microversion: 1.36
Jun 01 21:31:37.422003 n-d-830645-5 devstack@placement-api.service[105780]: [pid: 105780|app: 0|req: 175/348] 10.222.0.48 () {60 vars in 1506 bytes} [Wed Jun  1 21:31:37 2022] GET /placement/allocation_candidates?limit=1000&resources=DISK_GB%3A1%2CMEMORY_MB%3A1024%2CVCPU%3A1&root_required=%21COMPUTE_STATUS_DISABLED => generated 1311 bytes in 117 msecs (HTTP/1.1 200) 8 headers in 297 bytes (1 switches on core 0)
Jun 01 21:31:37.501403 n-d-830645-5 devstack@placement-api.service[105781]: DEBUG placement.requestlog [req-c84899da-61a8-451e-a342-830d7a0bc017 req-cdd5d413-f76c-4837-8567-e89b386a6ac8 None None] Starting request: 10.222.0.48 "GET /placement/allocations/5a6f6c08-cb5f-44a7-9e3e-d95ed3065208" {{(pid=105781) __call__ /opt/stack/placement/placement/requestlog.py:55}}
Jun 01 21:31:37.521974 n-d-830645-5 devstack@placement-api.service[105781]: INFO placement.requestlog [req-c84899da-61a8-451e-a342-830d7a0bc017 req-cdd5d413-f76c-4837-8567-e89b386a6ac8 service placement] 10.222.0.48 "GET /placement/allocations/5a6f6c08-cb5f-44a7-9e3e-d95ed3065208" status: 200 len: 19 microversion: 1.28
Jun 01 21:31:37.522798 n-d-830645-5 devstack@placement-api.service[105781]: [pid: 105781|app: 0|req: 174/349] 10.222.0.48 () {60 vars in 1380 bytes} [Wed Jun  1 21:31:37 2022] GET /placement/allocations/5a6f6c08-cb5f-44a7-9e3e-d95ed3065208 => generated 19 bytes in 22 msecs (HTTP/1.1 200) 8 headers in 295 bytes (1 switches on core 0)
Jun 01 21:31:37.529932 n-d-830645-5 devstack@placement-api.service[105780]: DEBUG placement.requestlog [req-c84899da-61a8-451e-a342-830d7a0bc017 req-a3e01d31-ab31-4015-80d5-0eba5b3f9f25 None None] Starting request: 10.222.0.48 "PUT /placement/allocations/5a6f6c08-cb5f-44a7-9e3e-d95ed3065208" {{(pid=105780) __call__ /opt/stack/placement/placement/requestlog.py:55}}
Jun 01 21:31:37.905561 n-d-830645-5 devstack@placement-api.service[105780]: DEBUG placement.handlers.allocation [req-c84899da-61a8-451e-a342-830d7a0bc017 req-a3e01d31-ab31-4015-80d5-0eba5b3f9f25 service placement] Successfully wrote allocations [<placement.objects.allocation.Allocation object at 0x7f9b5c38eee0>, <placement.objects.allocation.Allocation object at 0x7f9b5c3ed250>, <placement.objects.allocation.Allocation object at 0x7f9b5c3ed4c0>] {{(pid=105780) _update_consumers_and_create_allocations /opt/stack/placement/placement/handlers/allocation.py:462}}
Jun 01 21:31:37.967581 n-d-830645-5 devstack@placement-api.service[105780]: INFO placement.requestlog [req-c84899da-61a8-451e-a342-830d7a0bc017 req-a3e01d31-ab31-4015-80d5-0eba5b3f9f25 service placement] 10.222.0.48 "PUT /placement/allocations/5a6f6c08-cb5f-44a7-9e3e-d95ed3065208" status: 204 len: 0 microversion: 1.36
Jun 01 21:31:37.968650 n-d-830645-5 devstack@placement-api.service[105780]: [pid: 105780|app: 0|req: 176/350] 10.222.0.48 () {64 vars in 1433 bytes} [Wed Jun  1 21:31:37 2022] PUT /placement/allocations/5a6f6c08-cb5f-44a7-9e3e-d95ed3065208 => generated 0 bytes in 439 msecs (HTTP/1.1 204) 5 headers in 199 bytes (1 switches on core 0)
Jun 01 21:31:38.143661 n-d-830645-5 devstack@placement-api.service[105781]: DEBUG placement.requestlog [req-7b124c05-bb5e-444a-bae5-866a116770ce req-8259e8bd-818b-47ba-b7b5-0dfce860e56c None None] Starting request: 10.222.0.33 "DELETE /placement/allocations/627d6088-84b8-4419-928c-8a5be8d6773e" {{(pid=105781) __call__ /opt/stack/placement/placement/requestlog.py:55}}
Jun 01 21:31:38.378840 n-d-830645-5 devstack@placement-api.service[105781]: DEBUG placement.handlers.allocation [req-7b124c05-bb5e-444a-bae5-866a116770ce req-8259e8bd-818b-47ba-b7b5-0dfce860e56c service placement] Successfully deleted allocations [<placement.objects.allocation.Allocation object at 0x7f9b5c357be0>, <placement.objects.allocation.Allocation object at 0x7f9b5c357d60>, <placement.objects.allocation.Allocation object at 0x7f9b5c3ac0d0>] {{(pid=105781) delete_allocations /opt/stack/placement/placement/handlers/allocation.py:627}}
Jun 01 21:31:38.379848 n-d-830645-5 devstack@placement-api.service[105781]: INFO placement.requestlog [req-7b124c05-bb5e-444a-bae5-866a116770ce req-8259e8bd-818b-47ba-b7b5-0dfce860e56c service placement] 10.222.0.33 "DELETE /placement/allocations/627d6088-84b8-4419-928c-8a5be8d6773e" status: 204 len: 0 microversion: 1.0
Jun 01 21:31:38.380319 n-d-830645-5 devstack@placement-api.service[105781]: [pid: 105781|app: 0|req: 175/351] 10.222.0.33 () {60 vars in 1355 bytes} [Wed Jun  1 21:31:38 2022] DELETE /placement/allocations/627d6088-84b8-4419-928c-8a5be8d6773e => generated 0 bytes in 237 msecs (HTTP/1.1 204) 5 headers in 198 bytes (1 switches on core 0)
Jun 01 21:31:39.084938 n-d-830645-5 devstack@placement-api.service[105780]: DEBUG placement.requestlog [req-c84899da-61a8-451e-a342-830d7a0bc017 req-dae904ac-a62e-4cf9-96da-cf8310acb4b2 None None] Starting request: 10.222.0.73 "GET /placement/allocations/5a6f6c08-cb5f-44a7-9e3e-d95ed3065208" {{(pid=105780) __call__ /opt/stack/placement/placement/requestlog.py:55}}
Jun 01 21:31:39.107164 n-d-830645-5 devstack@placement-api.service[105780]: INFO placement.requestlog [req-c84899da-61a8-451e-a342-830d7a0bc017 req-dae904ac-a62e-4cf9-96da-cf8310acb4b2 service placement] 10.222.0.73 "GET /placement/allocations/5a6f6c08-cb5f-44a7-9e3e-d95ed3065208" status: 200 len: 259 microversion: 1.28
Jun 01 21:31:39.108029 n-d-830645-5 devstack@placement-api.service[105780]: [pid: 105780|app: 0|req: 177/352] 10.222.0.73 () {60 vars in 1377 bytes} [Wed Jun  1 21:31:39 2022] GET /placement/allocations/5a6f6c08-cb5f-44a7-9e3e-d95ed3065208 => generated 259 bytes in 23 msecs (HTTP/1.1 200) 8 headers in 296 bytes (1 switches on core 0)
Jun 01 21:31:45.453771 n-d-830645-5 devstack@placement-api.service[105781]: DEBUG placement.requestlog [req-6b21d89c-a4de-4c4a-b034-f0fb54f67110 req-db177a7b-58d8-4743-a0c2-599ab5f63761 None None] Starting request: 10.222.0.33 "DELETE /placement/allocations/77c4d26b-5330-4f19-93a6-7dfe19c80056" {{(pid=105781) __call__ /opt/stack/placement/placement/requestlog.py:55}}
Jun 01 21:31:45.457941 n-d-830645-5 devstack@placement-api.service[105780]: DEBUG placement.requestlog [req-de41cc03-7445-43f8-8f96-ff37b12bb00a req-5273f4cf-f21c-403b-aeea-2d0b056984ce None None] Starting request: 10.222.0.33 "DELETE /placement/allocations/5fbdff3c-8224-4b81-992f-bd1bce3f312e" {{(pid=105780) __call__ /opt/stack/placement/placement/requestlog.py:55}}
Jun 01 21:31:45.510047 n-d-830645-5 devstack@placement-api.service[105780]: DEBUG dbcounter [-] [105780] Writing DB stats placement:SELECT=86,placement:DELETE=6,placement:INSERT=6,placement:UPDATE=2 {{(pid=105780) stat_writer /usr/local/lib/python3.8/dist-packages/dbcounter.py:114}}
Jun 01 21:31:45.653023 n-d-830645-5 devstack@placement-api.service[105781]: DEBUG placement.handlers.allocation [req-6b21d89c-a4de-4c4a-b034-f0fb54f67110 req-db177a7b-58d8-4743-a0c2-599ab5f63761 service placement] Successfully deleted allocations [<placement.objects.allocation.Allocation object at 0x7f9b5c4db910>, <placement.objects.allocation.Allocation object at 0x7f9b5c4dbb50>, <placement.objects.allocation.Allocation object at 0x7f9b5c4db2e0>] {{(pid=105781) delete_allocations /opt/stack/placement/placement/handlers/allocation.py:627}}
Jun 01 21:31:45.653640 n-d-830645-5 devstack@placement-api.service[105781]: INFO placement.requestlog [req-6b21d89c-a4de-4c4a-b034-f0fb54f67110 req-db177a7b-58d8-4743-a0c2-599ab5f63761 service placement] 10.222.0.33 "DELETE /placement/allocations/77c4d26b-5330-4f19-93a6-7dfe19c80056" status: 204 len: 0 microversion: 1.0
Jun 01 21:31:45.654158 n-d-830645-5 devstack@placement-api.service[105781]: [pid: 105781|app: 0|req: 176/353] 10.222.0.33 () {60 vars in 1355 bytes} [Wed Jun  1 21:31:45 2022] DELETE /placement/allocations/77c4d26b-5330-4f19-93a6-7dfe19c80056 => generated 0 bytes in 201 msecs (HTTP/1.1 204) 5 headers in 198 bytes (1 switches on core 0)
Jun 01 21:31:45.678194 n-d-830645-5 devstack@placement-api.service[105780]: DEBUG placement.handlers.allocation [req-de41cc03-7445-43f8-8f96-ff37b12bb00a req-5273f4cf-f21c-403b-aeea-2d0b056984ce service placement] Successfully deleted allocations [<placement.objects.allocation.Allocation object at 0x7f9b5c31f250>, <placement.objects.allocation.Allocation object at 0x7f9b5c31f6d0>, <placement.objects.allocation.Allocation object at 0x7f9b5c31fbe0>] {{(pid=105780) delete_allocations /opt/stack/placement/placement/handlers/allocation.py:627}}
Jun 01 21:31:45.680470 n-d-830645-5 devstack@placement-api.service[105780]: INFO placement.requestlog [req-de41cc03-7445-43f8-8f96-ff37b12bb00a req-5273f4cf-f21c-403b-aeea-2d0b056984ce service placement] 10.222.0.33 "DELETE /placement/allocations/5fbdff3c-8224-4b81-992f-bd1bce3f312e" status: 204 len: 0 microversion: 1.0
Jun 01 21:31:45.681368 n-d-830645-5 devstack@placement-api.service[105780]: [pid: 105780|app: 0|req: 178/354] 10.222.0.33 () {60 vars in 1355 bytes} [Wed Jun  1 21:31:45 2022] DELETE /placement/allocations/5fbdff3c-8224-4b81-992f-bd1bce3f312e => generated 0 bytes in 226 msecs (HTTP/1.1 204) 5 headers in 198 bytes (1 switches on core 0)
