Jun 01 21:35:36.551081 n-d-830645-5 devstack@placement-api.service[105781]: INFO placement.requestlog [req-fb6289b6-26ff-4a6d-be4a-8c88ef34e59b req-d6207acb-1014-4705-92ed-cd1d21be5be4 service placement] 10.222.0.48 "GET /placement/allocation_candidates?limit=1000&resources=DISK_GB%3A1%2CMEMORY_MB%3A1024%2CVCPU%3A1&root_required=%21COMPUTE_STATUS_DISABLED" status: 200 len: 1309 microversion: 1.36
Jun 01 21:35:36.551619 n-d-830645-5 devstack@placement-api.service[105781]: [pid: 105781|app: 0|req: 272/552] 10.222.0.48 () {60 vars in 1506 bytes} [Wed Jun  1 21:35:36 2022] GET /placement/allocation_candidates?limit=1000&resources=DISK_GB%3A1%2CMEMORY_MB%3A1024%2CVCPU%3A1&root_required=%21COMPUTE_STATUS_DISABLED => generated 1309 bytes in 142 msecs (HTTP/1.1 200) 8 headers in 297 bytes (1 switches on core 0)
Jun 01 21:35:36.627659 n-d-830645-5 devstack@placement-api.service[105780]: DEBUG placement.requestlog [req-fb6289b6-26ff-4a6d-be4a-8c88ef34e59b req-6283de81-72aa-4fd1-85f2-a2ebd316acad None None] Starting request: 10.222.0.48 "GET /placement/allocations/4b760080-0c9f-45d4-bba0-1ad711bb2c3f" {{(pid=105780) __call__ /opt/stack/placement/placement/requestlog.py:55}}
Jun 01 21:35:36.641551 n-d-830645-5 devstack@placement-api.service[105780]: INFO placement.requestlog [req-fb6289b6-26ff-4a6d-be4a-8c88ef34e59b req-6283de81-72aa-4fd1-85f2-a2ebd316acad service placement] 10.222.0.48 "GET /placement/allocations/4b760080-0c9f-45d4-bba0-1ad711bb2c3f" status: 200 len: 19 microversion: 1.28
Jun 01 21:35:36.646206 n-d-830645-5 devstack@placement-api.service[105780]: [pid: 105780|app: 0|req: 281/553] 10.222.0.48 () {60 vars in 1380 bytes} [Wed Jun  1 21:35:36 2022] GET /placement/allocations/4b760080-0c9f-45d4-bba0-1ad711bb2c3f => generated 19 bytes in 15 msecs (HTTP/1.1 200) 8 headers in 295 bytes (1 switches on core 0)
Jun 01 21:35:36.649432 n-d-830645-5 devstack@placement-api.service[105781]: DEBUG placement.requestlog [req-fb6289b6-26ff-4a6d-be4a-8c88ef34e59b req-5a3c9460-c389-44cf-b36d-7800df61330e None None] Starting request: 10.222.0.48 "PUT /placement/allocations/4b760080-0c9f-45d4-bba0-1ad711bb2c3f" {{(pid=105781) __call__ /opt/stack/placement/placement/requestlog.py:55}}
Jun 01 21:35:36.858208 n-d-830645-5 devstack@placement-api.service[105781]: DEBUG placement.handlers.allocation [req-fb6289b6-26ff-4a6d-be4a-8c88ef34e59b req-5a3c9460-c389-44cf-b36d-7800df61330e service placement] Successfully wrote allocations [<placement.objects.allocation.Allocation object at 0x7f9b5c2d3160>, <placement.objects.allocation.Allocation object at 0x7f9b5c2d3520>, <placement.objects.allocation.Allocation object at 0x7f9b5c2d3a00>] {{(pid=105781) _update_consumers_and_create_allocations /opt/stack/placement/placement/handlers/allocation.py:462}}
Jun 01 21:35:36.947506 n-d-830645-5 devstack@placement-api.service[105781]: INFO placement.requestlog [req-fb6289b6-26ff-4a6d-be4a-8c88ef34e59b req-5a3c9460-c389-44cf-b36d-7800df61330e service placement] 10.222.0.48 "PUT /placement/allocations/4b760080-0c9f-45d4-bba0-1ad711bb2c3f" status: 204 len: 0 microversion: 1.36
Jun 01 21:35:36.948102 n-d-830645-5 devstack@placement-api.service[105781]: [pid: 105781|app: 0|req: 273/554] 10.222.0.48 () {64 vars in 1433 bytes} [Wed Jun  1 21:35:36 2022] PUT /placement/allocations/4b760080-0c9f-45d4-bba0-1ad711bb2c3f => generated 0 bytes in 299 msecs (HTTP/1.1 204) 5 headers in 199 bytes (1 switches on core 0)
Jun 01 21:35:37.021891 n-d-830645-5 devstack@placement-api.service[105780]: DEBUG placement.requestlog [req-277f9b56-649e-4498-922a-15619b37de2c req-c5b37d8a-0b52-4a69-aef5-b4327367dc24 None None] Starting request: 10.222.0.73 "GET /placement/allocations/d82d2a82-782c-45fb-ac6c-17b47ffb40fe" {{(pid=105780) __call__ /opt/stack/placement/placement/requestlog.py:55}}
Jun 01 21:35:37.044583 n-d-830645-5 devstack@placement-api.service[105780]: INFO placement.requestlog [req-277f9b56-649e-4498-922a-15619b37de2c req-c5b37d8a-0b52-4a69-aef5-b4327367dc24 service placement] 10.222.0.73 "GET /placement/allocations/d82d2a82-782c-45fb-ac6c-17b47ffb40fe" status: 200 len: 259 microversion: 1.28
Jun 01 21:35:37.045239 n-d-830645-5 devstack@placement-api.service[105780]: [pid: 105780|app: 0|req: 282/555] 10.222.0.73 () {60 vars in 1377 bytes} [Wed Jun  1 21:35:37 2022] GET /placement/allocations/d82d2a82-782c-45fb-ac6c-17b47ffb40fe => generated 259 bytes in 24 msecs (HTTP/1.1 200) 8 headers in 296 bytes (1 switches on core 0)
Jun 01 21:35:38.012479 n-d-830645-5 devstack@placement-api.service[105781]: DEBUG placement.requestlog [req-fb6289b6-26ff-4a6d-be4a-8c88ef34e59b req-2e047e3a-9cc7-478d-a1e6-de6b0a231651 None None] Starting request: 10.222.0.33 "GET /placement/allocations/4b760080-0c9f-45d4-bba0-1ad711bb2c3f" {{(pid=105781) __call__ /opt/stack/placement/placement/requestlog.py:55}}
Jun 01 21:35:38.035113 n-d-830645-5 devstack@placement-api.service[105781]: INFO placement.requestlog [req-fb6289b6-26ff-4a6d-be4a-8c88ef34e59b req-2e047e3a-9cc7-478d-a1e6-de6b0a231651 service placement] 10.222.0.33 "GET /placement/allocations/4b760080-0c9f-45d4-bba0-1ad711bb2c3f" status: 200 len: 259 microversion: 1.28
Jun 01 21:35:38.036130 n-d-830645-5 devstack@placement-api.service[105781]: [pid: 105781|app: 0|req: 274/556] 10.222.0.33 () {60 vars in 1377 bytes} [Wed Jun  1 21:35:38 2022] GET /placement/allocations/4b760080-0c9f-45d4-bba0-1ad711bb2c3f => generated 259 bytes in 24 msecs (HTTP/1.1 200) 8 headers in 296 bytes (1 switches on core 0)
Jun 01 21:35:38.245913 n-d-830645-5 devstack@placement-api.service[105780]: DEBUG placement.requestlog [None req-cb3b98e6-4cd7-41f4-b73e-3b0032b49790 None None] Starting request: 10.222.0.48 "GET /placement/resource_providers/534ed8f7-c21a-468c-9d6e-84c6327b07a8/aggregates" {{(pid=105780) __call__ /opt/stack/placement/placement/requestlog.py:55}}
Jun 01 21:35:38.257888 n-d-830645-5 devstack@placement-api.service[105780]: DEBUG dbcounter [-] [105780] Writing DB stats placement:DELETE=11,placement:SELECT=81,placement:UPDATE=4,placement:INSERT=4 {{(pid=105780) stat_writer /usr/local/lib/python3.8/dist-packages/dbcounter.py:114}}
Jun 01 21:35:38.261530 n-d-830645-5 devstack@placement-api.service[105780]: INFO placement.requestlog [None req-cb3b98e6-4cd7-41f4-b73e-3b0032b49790 service placement] 10.222.0.48 "GET /placement/resource_providers/534ed8f7-c21a-468c-9d6e-84c6327b07a8/aggregates" status: 404 len: 235 microversion: 1.1
Jun 01 21:35:38.262948 n-d-830645-5 devstack@placement-api.service[105780]: [pid: 105780|app: 0|req: 283/557] 10.222.0.48 () {58 vars in 1362 bytes} [Wed Jun  1 21:35:38 2022] GET /placement/resource_providers/534ed8f7-c21a-468c-9d6e-84c6327b07a8/aggregates => generated 235 bytes in 17 msecs (HTTP/1.1 404) 5 headers in 202 bytes (1 switches on core 0)
Jun 01 21:35:38.309337 n-d-830645-5 devstack@placement-api.service[105781]: DEBUG placement.requestlog [None req-cb92fa43-32e8-4264-97e7-9ecf39be2685 None None] Starting request: 10.222.0.48 "DELETE /placement/resource_providers/534ed8f7-c21a-468c-9d6e-84c6327b07a8" {{(pid=105781) __call__ /opt/stack/placement/placement/requestlog.py:55}}
Jun 01 21:35:38.319704 n-d-830645-5 devstack@placement-api.service[105781]: DEBUG placement.wsgi_wrapper [None req-cb92fa43-32e8-4264-97e7-9ecf39be2685 service placement] Placement API returning an error response: No resource provider with uuid 534ed8f7-c21a-468c-9d6e-84c6327b07a8 found for delete {{(pid=105781) call_func /opt/stack/placement/placement/wsgi_wrapper.py:31}}
Jun 01 21:35:38.320673 n-d-830645-5 devstack@placement-api.service[105781]: INFO placement.requestlog [None req-cb92fa43-32e8-4264-97e7-9ecf39be2685 service placement] 10.222.0.48 "DELETE /placement/resource_providers/534ed8f7-c21a-468c-9d6e-84c6327b07a8" status: 404 len: 246 microversion: 1.1
Jun 01 21:35:38.321195 n-d-830645-5 devstack@placement-api.service[105781]: [pid: 105781|app: 0|req: 275/558] 10.222.0.48 () {60 vars in 1351 bytes} [Wed Jun  1 21:35:38 2022] DELETE /placement/resource_providers/534ed8f7-c21a-468c-9d6e-84c6327b07a8 => generated 246 bytes in 12 msecs (HTTP/1.1 404) 6 headers in 231 bytes (2 switches on core 0)
Jun 01 21:35:38.845110 n-d-830645-5 devstack@placement-api.service[105780]: DEBUG placement.requestlog [req-99f092ee-6a88-456d-b3e1-75c54099d608 req-afcadda0-8f7c-4749-812b-f2c14ea19112 None None] Starting request: 10.222.0.48 "GET /placement/allocation_candidates?limit=1000&resources=DISK_GB%3A1%2CMEMORY_MB%3A1024%2CVCPU%3A1&root_required=%21COMPUTE_STATUS_DISABLED" {{(pid=105780) __call__ /opt/stack/placement/placement/requestlog.py:55}}
Jun 01 21:35:38.900620 n-d-830645-5 devstack@placement-api.service[105780]: DEBUG placement.objects.research_context [req-99f092ee-6a88-456d-b3e1-75c54099d608 req-afcadda0-8f7c-4749-812b-f2c14ea19112 service placement] getting providers with 1 DISK_GB {{(pid=105780) __init__ /opt/stack/placement/placement/objects/research_context.py:136}}
Jun 01 21:35:38.906287 n-d-830645-5 devstack@placement-api.service[105780]: DEBUG placement.objects.research_context [req-99f092ee-6a88-456d-b3e1-75c54099d608 req-afcadda0-8f7c-4749-812b-f2c14ea19112 service placement] getting providers with 1024 MEMORY_MB {{(pid=105780) __init__ /opt/stack/placement/placement/objects/research_context.py:136}}
Jun 01 21:35:38.912433 n-d-830645-5 devstack@placement-api.service[105780]: DEBUG placement.objects.research_context [req-99f092ee-6a88-456d-b3e1-75c54099d608 req-afcadda0-8f7c-4749-812b-f2c14ea19112 service placement] getting providers with 1 VCPU {{(pid=105780) __init__ /opt/stack/placement/placement/objects/research_context.py:136}}
Jun 01 21:35:38.919449 n-d-830645-5 devstack@placement-api.service[105780]: DEBUG placement.objects.research_context [req-99f092ee-6a88-456d-b3e1-75c54099d608 req-afcadda0-8f7c-4749-812b-f2c14ea19112 service placement] found 2 providers with available 1 DISK_GB {{(pid=105780) get_provider_ids_matching /opt/stack/placement/placement/objects/research_context.py:563}}
Jun 01 21:35:38.919967 n-d-830645-5 devstack@placement-api.service[105780]: DEBUG placement.objects.research_context [req-99f092ee-6a88-456d-b3e1-75c54099d608 req-afcadda0-8f7c-4749-812b-f2c14ea19112 service placement] found 2 providers with available 1024 MEMORY_MB {{(pid=105780) get_provider_ids_matching /opt/stack/placement/placement/objects/research_context.py:563}}
Jun 01 21:35:38.925770 n-d-830645-5 devstack@placement-api.service[105780]: DEBUG placement.objects.research_context [req-99f092ee-6a88-456d-b3e1-75c54099d608 req-afcadda0-8f7c-4749-812b-f2c14ea19112 service placement] found 2 providers after filtering by previous result {{(pid=105780) get_provider_ids_matching /opt/stack/placement/placement/objects/research_context.py:594}}
Jun 01 21:35:38.925770 n-d-830645-5 devstack@placement-api.service[105780]: DEBUG placement.objects.research_context [req-99f092ee-6a88-456d-b3e1-75c54099d608 req-afcadda0-8f7c-4749-812b-f2c14ea19112 service placement] found 2 providers with available 1 VCPU {{(pid=105780) get_provider_ids_matching /opt/stack/placement/placement/objects/research_context.py:563}}
Jun 01 21:35:38.925770 n-d-830645-5 devstack@placement-api.service[105780]: DEBUG placement.objects.research_context [req-99f092ee-6a88-456d-b3e1-75c54099d608 req-afcadda0-8f7c-4749-812b-f2c14ea19112 service placement] found 2 providers after filtering by previous result {{(pid=105780) get_provider_ids_matching /opt/stack/placement/placement/objects/research_context.py:594}}
Jun 01 21:35:38.933092 n-d-830645-5 devstack@placement-api.service[105780]: DEBUG placement.objects.allocation_candidate [req-99f092ee-6a88-456d-b3e1-75c54099d608 req-afcadda0-8f7c-4749-812b-f2c14ea19112 service placement] RequestGroup(use_same_provider=False, resources={DISK_GB:1, MEMORY_MB:1024, VCPU:1}, traits=(), aggregates=[]) (suffix '') returned 2 matches {{(pid=105780) _get_by_requests /opt/stack/placement/placement/objects/allocation_candidate.py:156}}
Jun 01 21:35:38.934167 n-d-830645-5 devstack@placement-api.service[105780]: DEBUG placement.objects.allocation_candidate [req-99f092ee-6a88-456d-b3e1-75c54099d608 req-afcadda0-8f7c-4749-812b-f2c14ea19112 service placement] Merging candidates yields 2 allocation requests and 2 provider summaries {{(pid=105780) _merge_candidates /opt/stack/placement/placement/objects/allocation_candidate.py:809}}
Jun 01 21:35:38.935870 n-d-830645-5 devstack@placement-api.service[105780]: INFO placement.requestlog [req-99f092ee-6a88-456d-b3e1-75c54099d608 req-afcadda0-8f7c-4749-812b-f2c14ea19112 service placement] 10.222.0.48 "GET /placement/allocation_candidates?limit=1000&resources=DISK_GB%3A1%2CMEMORY_MB%3A1024%2CVCPU%3A1&root_required=%21COMPUTE_STATUS_DISABLED" status: 200 len: 1309 microversion: 1.36
Jun 01 21:35:38.937450 n-d-830645-5 devstack@placement-api.service[105780]: [pid: 105780|app: 0|req: 284/559] 10.222.0.48 () {60 vars in 1506 bytes} [Wed Jun  1 21:35:38 2022] GET /placement/allocation_candidates?limit=1000&resources=DISK_GB%3A1%2CMEMORY_MB%3A1024%2CVCPU%3A1&root_required=%21COMPUTE_STATUS_DISABLED => generated 1309 bytes in 93 msecs (HTTP/1.1 200) 8 headers in 297 bytes (1 switches on core 0)
Jun 01 21:35:39.008143 n-d-830645-5 devstack@placement-api.service[105781]: DEBUG placement.requestlog [req-99f092ee-6a88-456d-b3e1-75c54099d608 req-084964d5-f4ce-4516-a70d-6aebbbf436ea None None] Starting request: 10.222.0.48 "GET /placement/allocations/1348ab4e-0be7-45af-a030-f7031f1f0b8e" {{(pid=105781) __call__ /opt/stack/placement/placement/requestlog.py:55}}
Jun 01 21:35:39.017843 n-d-830645-5 devstack@placement-api.service[105781]: DEBUG dbcounter [-] [105781] Writing DB stats placement:SELECT=80,placement:DELETE=8,placement:INSERT=8,placement:UPDATE=4 {{(pid=105781) stat_writer /usr/local/lib/python3.8/dist-packages/dbcounter.py:114}}
Jun 01 21:35:39.023406 n-d-830645-5 devstack@placement-api.service[105781]: INFO placement.requestlog [req-99f092ee-6a88-456d-b3e1-75c54099d608 req-084964d5-f4ce-4516-a70d-6aebbbf436ea service placement] 10.222.0.48 "GET /placement/allocations/1348ab4e-0be7-45af-a030-f7031f1f0b8e" status: 200 len: 19 microversion: 1.28
Jun 01 21:35:39.031790 n-d-830645-5 devstack@placement-api.service[105781]: [pid: 105781|app: 0|req: 276/560] 10.222.0.48 () {60 vars in 1380 bytes} [Wed Jun  1 21:35:39 2022] GET /placement/allocations/1348ab4e-0be7-45af-a030-f7031f1f0b8e => generated 19 bytes in 24 msecs (HTTP/1.1 200) 8 headers in 295 bytes (1 switches on core 0)
Jun 01 21:35:39.032618 n-d-830645-5 devstack@placement-api.service[105780]: DEBUG placement.requestlog [req-99f092ee-6a88-456d-b3e1-75c54099d608 req-0d835d30-2d02-4704-af4a-074ae6c6e760 None None] Starting request: 10.222.0.48 "PUT /placement/allocations/1348ab4e-0be7-45af-a030-f7031f1f0b8e" {{(pid=105780) __call__ /opt/stack/placement/placement/requestlog.py:55}}
Jun 01 21:35:39.346787 n-d-830645-5 devstack@placement-api.service[105780]: DEBUG placement.handlers.allocation [req-99f092ee-6a88-456d-b3e1-75c54099d608 req-0d835d30-2d02-4704-af4a-074ae6c6e760 service placement] Successfully wrote allocations [<placement.objects.allocation.Allocation object at 0x7f9b5c2eb580>, <placement.objects.allocation.Allocation object at 0x7f9b5c1adaf0>, <placement.objects.allocation.Allocation object at 0x7f9b5c1ad4f0>] {{(pid=105780) _update_consumers_and_create_allocations /opt/stack/placement/placement/handlers/allocation.py:462}}
Jun 01 21:35:39.403111 n-d-830645-5 devstack@placement-api.service[105780]: INFO placement.requestlog [req-99f092ee-6a88-456d-b3e1-75c54099d608 req-0d835d30-2d02-4704-af4a-074ae6c6e760 service placement] 10.222.0.48 "PUT /placement/allocations/1348ab4e-0be7-45af-a030-f7031f1f0b8e" status: 204 len: 0 microversion: 1.36
Jun 01 21:35:39.404573 n-d-830645-5 devstack@placement-api.service[105780]: [pid: 105780|app: 0|req: 285/561] 10.222.0.48 () {64 vars in 1433 bytes} [Wed Jun  1 21:35:39 2022] PUT /placement/allocations/1348ab4e-0be7-45af-a030-f7031f1f0b8e => generated 0 bytes in 372 msecs (HTTP/1.1 204) 5 headers in 199 bytes (2 switches on core 0)
Jun 01 21:35:40.043717 n-d-830645-5 devstack@placement-api.service[105781]: DEBUG placement.requestlog [req-08f2bfa8-d0e5-40e9-9921-ea9133c0bde2 req-c305b4f5-f24b-4404-be37-51fcdb628a01 None None] Starting request: 10.222.0.73 "DELETE /placement/allocations/fc337bc3-d28b-4c04-8ce4-7e9a8eb325fa" {{(pid=105781) __call__ /opt/stack/placement/placement/requestlog.py:55}}
Jun 01 21:35:40.231820 n-d-830645-5 devstack@placement-api.service[105781]: DEBUG placement.handlers.allocation [req-08f2bfa8-d0e5-40e9-9921-ea9133c0bde2 req-c305b4f5-f24b-4404-be37-51fcdb628a01 service placement] Successfully deleted allocations [<placement.objects.allocation.Allocation object at 0x7f9b5c2d3520>, <placement.objects.allocation.Allocation object at 0x7f9b5c2f5ee0>, <placement.objects.allocation.Allocation object at 0x7f9b5c2f5430>] {{(pid=105781) delete_allocations /opt/stack/placement/placement/handlers/allocation.py:627}}
Jun 01 21:35:40.232684 n-d-830645-5 devstack@placement-api.service[105781]: INFO placement.requestlog [req-08f2bfa8-d0e5-40e9-9921-ea9133c0bde2 req-c305b4f5-f24b-4404-be37-51fcdb628a01 service placement] 10.222.0.73 "DELETE /placement/allocations/fc337bc3-d28b-4c04-8ce4-7e9a8eb325fa" status: 204 len: 0 microversion: 1.0
Jun 01 21:35:40.233963 n-d-830645-5 devstack@placement-api.service[105781]: [pid: 105781|app: 0|req: 277/562] 10.222.0.73 () {60 vars in 1355 bytes} [Wed Jun  1 21:35:40 2022] DELETE /placement/allocations/fc337bc3-d28b-4c04-8ce4-7e9a8eb325fa => generated 0 bytes in 190 msecs (HTTP/1.1 204) 5 headers in 198 bytes (1 switches on core 0)
Jun 01 21:35:40.624067 n-d-830645-5 devstack@placement-api.service[105780]: DEBUG placement.requestlog [req-99f092ee-6a88-456d-b3e1-75c54099d608 req-a287f6c5-79cf-440c-bc37-59ae4f335bb6 None None] Starting request: 10.222.0.33 "GET /placement/allocations/1348ab4e-0be7-45af-a030-f7031f1f0b8e" {{(pid=105780) __call__ /opt/stack/placement/placement/requestlog.py:55}}
Jun 01 21:35:40.641659 n-d-830645-5 devstack@placement-api.service[105780]: INFO placement.requestlog [req-99f092ee-6a88-456d-b3e1-75c54099d608 req-a287f6c5-79cf-440c-bc37-59ae4f335bb6 service placement] 10.222.0.33 "GET /placement/allocations/1348ab4e-0be7-45af-a030-f7031f1f0b8e" status: 200 len: 259 microversion: 1.28
Jun 01 21:35:40.642697 n-d-830645-5 devstack@placement-api.service[105780]: [pid: 105780|app: 0|req: 286/563] 10.222.0.33 () {60 vars in 1377 bytes} [Wed Jun  1 21:35:40 2022] GET /placement/allocations/1348ab4e-0be7-45af-a030-f7031f1f0b8e => generated 259 bytes in 19 msecs (HTTP/1.1 200) 8 headers in 296 bytes (1 switches on core 0)
Jun 01 21:35:45.998938 n-d-830645-5 devstack@placement-api.service[105781]: DEBUG placement.requestlog [req-0b3c7495-856b-42a9-8f2f-0192724ef338 req-93621462-db9e-4d96-9c72-f70080ac0aee None None] Starting request: 10.222.0.73 "DELETE /placement/allocations/f95ceb78-9ad3-4fb1-83fb-d4439af46213" {{(pid=105781) __call__ /opt/stack/placement/placement/requestlog.py:55}}
Jun 01 21:35:46.202999 n-d-830645-5 devstack@placement-api.service[105781]: DEBUG placement.handlers.allocation [req-0b3c7495-856b-42a9-8f2f-0192724ef338 req-93621462-db9e-4d96-9c72-f70080ac0aee service placement] Successfully deleted allocations [<placement.objects.allocation.Allocation object at 0x7f9b5c224d60>, <placement.objects.allocation.Allocation object at 0x7f9b5c224a00>, <placement.objects.allocation.Allocation object at 0x7f9b5c224eb0>] {{(pid=105781) delete_allocations /opt/stack/placement/placement/handlers/allocation.py:627}}
Jun 01 21:35:46.203495 n-d-830645-5 devstack@placement-api.service[105781]: INFO placement.requestlog [req-0b3c7495-856b-42a9-8f2f-0192724ef338 req-93621462-db9e-4d96-9c72-f70080ac0aee service placement] 10.222.0.73 "DELETE /placement/allocations/f95ceb78-9ad3-4fb1-83fb-d4439af46213" status: 204 len: 0 microversion: 1.0
Jun 01 21:35:46.204098 n-d-830645-5 devstack@placement-api.service[105781]: [pid: 105781|app: 0|req: 278/564] 10.222.0.73 () {60 vars in 1355 bytes} [Wed Jun  1 21:35:45 2022] DELETE /placement/allocations/f95ceb78-9ad3-4fb1-83fb-d4439af46213 => generated 0 bytes in 206 msecs (HTTP/1.1 204) 5 headers in 198 bytes (1 switches on core 0)
Jun 01 21:35:48.638642 n-d-830645-5 devstack@placement-api.service[105780]: DEBUG placement.requestlog [None req-e8686f78-62e8-4630-ba9f-60d9764d4b79 None None] Starting request: 10.222.0.48 "GET /placement/resource_providers/147c8144-7a20-494b-a7c9-7ba818dd0981/aggregates" {{(pid=105780) __call__ /opt/stack/placement/placement/requestlog.py:55}}
Jun 01 21:35:48.651281 n-d-830645-5 devstack@placement-api.service[105780]: INFO placement.requestlog [None req-e8686f78-62e8-4630-ba9f-60d9764d4b79 service placement] 10.222.0.48 "GET /placement/resource_providers/147c8144-7a20-494b-a7c9-7ba818dd0981/aggregates" status: 404 len: 235 microversion: 1.1
Jun 01 21:35:48.652568 n-d-830645-5 devstack@placement-api.service[105780]: [pid: 105780|app: 0|req: 287/565] 10.222.0.48 () {58 vars in 1362 bytes} [Wed Jun  1 21:35:48 2022] GET /placement/resource_providers/147c8144-7a20-494b-a7c9-7ba818dd0981/aggregates => generated 235 bytes in 14 msecs (HTTP/1.1 404) 5 headers in 202 bytes (1 switches on core 0)
Jun 01 21:35:48.659141 n-d-830645-5 devstack@placement-api.service[105781]: DEBUG placement.requestlog [None req-27ca119f-105d-45f3-a19b-9902f22344e3 None None] Starting request: 10.222.0.48 "DELETE /placement/resource_providers/147c8144-7a20-494b-a7c9-7ba818dd0981" {{(pid=105781) __call__ /opt/stack/placement/placement/requestlog.py:55}}
Jun 01 21:35:48.669816 n-d-830645-5 devstack@placement-api.service[105781]: DEBUG placement.wsgi_wrapper [None req-27ca119f-105d-45f3-a19b-9902f22344e3 service placement] Placement API returning an error response: No resource provider with uuid 147c8144-7a20-494b-a7c9-7ba818dd0981 found for delete {{(pid=105781) call_func /opt/stack/placement/placement/wsgi_wrapper.py:31}}
Jun 01 21:35:48.670927 n-d-830645-5 devstack@placement-api.service[105781]: INFO placement.requestlog [None req-27ca119f-105d-45f3-a19b-9902f22344e3 service placement] 10.222.0.48 "DELETE /placement/resource_providers/147c8144-7a20-494b-a7c9-7ba818dd0981" status: 404 len: 246 microversion: 1.1
Jun 01 21:35:48.671930 n-d-830645-5 devstack@placement-api.service[105781]: [pid: 105781|app: 0|req: 279/566] 10.222.0.48 () {60 vars in 1351 bytes} [Wed Jun  1 21:35:48 2022] DELETE /placement/resource_providers/147c8144-7a20-494b-a7c9-7ba818dd0981 => generated 246 bytes in 13 msecs (HTTP/1.1 404) 6 headers in 231 bytes (2 switches on core 0)
Jun 01 21:35:50.724693 n-d-830645-5 devstack@placement-api.service[105780]: DEBUG placement.requestlog [None req-e0157127-4eba-4cc5-83a2-1c791e1ed6f2 None None] Starting request: 10.222.0.48 "GET /placement/resource_providers/f254da7a-69e8-484f-806d-500cd118c282/aggregates" {{(pid=105780) __call__ /opt/stack/placement/placement/requestlog.py:55}}
Jun 01 21:35:50.739272 n-d-830645-5 devstack@placement-api.service[105780]: INFO placement.requestlog [None req-e0157127-4eba-4cc5-83a2-1c791e1ed6f2 service placement] 10.222.0.48 "GET /placement/resource_providers/f254da7a-69e8-484f-806d-500cd118c282/aggregates" status: 404 len: 235 microversion: 1.1
Jun 01 21:35:50.745841 n-d-830645-5 devstack@placement-api.service[105780]: [pid: 105780|app: 0|req: 288/567] 10.222.0.48 () {58 vars in 1362 bytes} [Wed Jun  1 21:35:50 2022] GET /placement/resource_providers/f254da7a-69e8-484f-806d-500cd118c282/aggregates => generated 235 bytes in 18 msecs (HTTP/1.1 404) 5 headers in 202 bytes (1 switches on core 0)
Jun 01 21:35:50.753379 n-d-830645-5 devstack@placement-api.service[105781]: DEBUG placement.requestlog [None req-06cb7f47-395a-479d-873a-fb3e4706b35c None None] Starting request: 10.222.0.48 "DELETE /placement/resource_providers/f254da7a-69e8-484f-806d-500cd118c282" {{(pid=105781) __call__ /opt/stack/placement/placement/requestlog.py:55}}
Jun 01 21:35:50.773703 n-d-830645-5 devstack@placement-api.service[105781]: DEBUG placement.wsgi_wrapper [None req-06cb7f47-395a-479d-873a-fb3e4706b35c service placement] Placement API returning an error response: No resource provider with uuid f254da7a-69e8-484f-806d-500cd118c282 found for delete {{(pid=105781) call_func /opt/stack/placement/placement/wsgi_wrapper.py:31}}
Jun 01 21:35:50.776519 n-d-830645-5 devstack@placement-api.service[105781]: INFO placement.requestlog [None req-06cb7f47-395a-479d-873a-fb3e4706b35c service placement] 10.222.0.48 "DELETE /placement/resource_providers/f254da7a-69e8-484f-806d-500cd118c282" status: 404 len: 246 microversion: 1.1
Jun 01 21:35:50.777733 n-d-830645-5 devstack@placement-api.service[105781]: [pid: 105781|app: 0|req: 280/568] 10.222.0.48 () {60 vars in 1351 bytes} [Wed Jun  1 21:35:50 2022] DELETE /placement/resource_providers/f254da7a-69e8-484f-806d-500cd118c282 => generated 246 bytes in 24 msecs (HTTP/1.1 404) 6 headers in 231 bytes (1 switches on core 0)
Jun 01 21:35:52.950020 n-d-830645-5 devstack@placement-api.service[105780]: DEBUG placement.requestlog [req-06aea9e1-19f4-4c95-94c3-64499631be78 req-b6fc286c-fe9f-4a29-8193-2ed0ec12b05f None None] Starting request: 10.222.0.48 "GET /placement/allocation_candidates?limit=1000&resources=DISK_GB%3A1%2CMEMORY_MB%3A1024%2CVCPU%3A1&root_required=%21COMPUTE_STATUS_DISABLED" {{(pid=105780) __call__ /opt/stack/placement/placement/requestlog.py:55}}
Jun 01 21:35:53.006645 n-d-830645-5 devstack@placement-api.service[105780]: DEBUG placement.objects.research_context [req-06aea9e1-19f4-4c95-94c3-64499631be78 req-b6fc286c-fe9f-4a29-8193-2ed0ec12b05f service placement] getting providers with 1 DISK_GB {{(pid=105780) __init__ /opt/stack/placement/placement/objects/research_context.py:136}}
Jun 01 21:35:53.016699 n-d-830645-5 devstack@placement-api.service[105780]: DEBUG placement.objects.research_context [req-06aea9e1-19f4-4c95-94c3-64499631be78 req-b6fc286c-fe9f-4a29-8193-2ed0ec12b05f service placement] getting providers with 1024 MEMORY_MB {{(pid=105780) __init__ /opt/stack/placement/placement/objects/research_context.py:136}}
Jun 01 21:35:53.028926 n-d-830645-5 devstack@placement-api.service[105780]: DEBUG placement.objects.research_context [req-06aea9e1-19f4-4c95-94c3-64499631be78 req-b6fc286c-fe9f-4a29-8193-2ed0ec12b05f service placement] getting providers with 1 VCPU {{(pid=105780) __init__ /opt/stack/placement/placement/objects/research_context.py:136}}
Jun 01 21:35:53.039694 n-d-830645-5 devstack@placement-api.service[105780]: DEBUG placement.objects.research_context [req-06aea9e1-19f4-4c95-94c3-64499631be78 req-b6fc286c-fe9f-4a29-8193-2ed0ec12b05f service placement] found 2 providers with available 1 DISK_GB {{(pid=105780) get_provider_ids_matching /opt/stack/placement/placement/objects/research_context.py:563}}
Jun 01 21:35:53.042039 n-d-830645-5 devstack@placement-api.service[105780]: DEBUG placement.objects.research_context [req-06aea9e1-19f4-4c95-94c3-64499631be78 req-b6fc286c-fe9f-4a29-8193-2ed0ec12b05f service placement] found 2 providers with available 1024 MEMORY_MB {{(pid=105780) get_provider_ids_matching /opt/stack/placement/placement/objects/research_context.py:563}}
Jun 01 21:35:53.042779 n-d-830645-5 devstack@placement-api.service[105780]: DEBUG placement.objects.research_context [req-06aea9e1-19f4-4c95-94c3-64499631be78 req-b6fc286c-fe9f-4a29-8193-2ed0ec12b05f service placement] found 2 providers after filtering by previous result {{(pid=105780) get_provider_ids_matching /opt/stack/placement/placement/objects/research_context.py:594}}
Jun 01 21:35:53.043225 n-d-830645-5 devstack@placement-api.service[105780]: DEBUG placement.objects.research_context [req-06aea9e1-19f4-4c95-94c3-64499631be78 req-b6fc286c-fe9f-4a29-8193-2ed0ec12b05f service placement] found 2 providers with available 1 VCPU {{(pid=105780) get_provider_ids_matching /opt/stack/placement/placement/objects/research_context.py:563}}
Jun 01 21:35:53.043638 n-d-830645-5 devstack@placement-api.service[105780]: DEBUG placement.objects.research_context [req-06aea9e1-19f4-4c95-94c3-64499631be78 req-b6fc286c-fe9f-4a29-8193-2ed0ec12b05f service placement] found 2 providers after filtering by previous result {{(pid=105780) get_provider_ids_matching /opt/stack/placement/placement/objects/research_context.py:594}}
Jun 01 21:35:53.070141 n-d-830645-5 devstack@placement-api.service[105780]: DEBUG placement.objects.allocation_candidate [req-06aea9e1-19f4-4c95-94c3-64499631be78 req-b6fc286c-fe9f-4a29-8193-2ed0ec12b05f service placement] RequestGroup(use_same_provider=False, resources={DISK_GB:1, MEMORY_MB:1024, VCPU:1}, traits=(), aggregates=[]) (suffix '') returned 2 matches {{(pid=105780) _get_by_requests /opt/stack/placement/placement/objects/allocation_candidate.py:156}}
Jun 01 21:35:53.070141 n-d-830645-5 devstack@placement-api.service[105780]: DEBUG placement.objects.allocation_candidate [req-06aea9e1-19f4-4c95-94c3-64499631be78 req-b6fc286c-fe9f-4a29-8193-2ed0ec12b05f service placement] Merging candidates yields 2 allocation requests and 2 provider summaries {{(pid=105780) _merge_candidates /opt/stack/placement/placement/objects/allocation_candidate.py:809}}
Jun 01 21:35:53.070504 n-d-830645-5 devstack@placement-api.service[105780]: INFO placement.requestlog [req-06aea9e1-19f4-4c95-94c3-64499631be78 req-b6fc286c-fe9f-4a29-8193-2ed0ec12b05f service placement] 10.222.0.48 "GET /placement/allocation_candidates?limit=1000&resources=DISK_GB%3A1%2CMEMORY_MB%3A1024%2CVCPU%3A1&root_required=%21COMPUTE_STATUS_DISABLED" status: 200 len: 1309 microversion: 1.36
Jun 01 21:35:53.088337 n-d-830645-5 devstack@placement-api.service[105780]: [pid: 105780|app: 0|req: 289/569] 10.222.0.48 () {60 vars in 1506 bytes} [Wed Jun  1 21:35:52 2022] GET /placement/allocation_candidates?limit=1000&resources=DISK_GB%3A1%2CMEMORY_MB%3A1024%2CVCPU%3A1&root_required=%21COMPUTE_STATUS_DISABLED => generated 1309 bytes in 137 msecs (HTTP/1.1 200) 8 headers in 297 bytes (1 switches on core 0)
Jun 01 21:35:53.167695 n-d-830645-5 devstack@placement-api.service[105781]: DEBUG placement.requestlog [req-06aea9e1-19f4-4c95-94c3-64499631be78 req-582a6070-68e4-4edb-b33a-1313229b2faf None None] Starting request: 10.222.0.48 "GET /placement/allocations/aa8bd835-5bb7-4a9f-8979-6739617c5218" {{(pid=105781) __call__ /opt/stack/placement/placement/requestlog.py:55}}
Jun 01 21:35:53.190287 n-d-830645-5 devstack@placement-api.service[105781]: INFO placement.requestlog [req-06aea9e1-19f4-4c95-94c3-64499631be78 req-582a6070-68e4-4edb-b33a-1313229b2faf service placement] 10.222.0.48 "GET /placement/allocations/aa8bd835-5bb7-4a9f-8979-6739617c5218" status: 200 len: 19 microversion: 1.28
Jun 01 21:35:53.190287 n-d-830645-5 devstack@placement-api.service[105781]: [pid: 105781|app: 0|req: 281/570] 10.222.0.48 () {60 vars in 1380 bytes} [Wed Jun  1 21:35:53 2022] GET /placement/allocations/aa8bd835-5bb7-4a9f-8979-6739617c5218 => generated 19 bytes in 21 msecs (HTTP/1.1 200) 8 headers in 295 bytes (1 switches on core 0)
Jun 01 21:35:53.195079 n-d-830645-5 devstack@placement-api.service[105780]: DEBUG placement.requestlog [req-06aea9e1-19f4-4c95-94c3-64499631be78 req-42ca58e4-b506-45d9-9557-df0f450f36b6 None None] Starting request: 10.222.0.48 "PUT /placement/allocations/aa8bd835-5bb7-4a9f-8979-6739617c5218" {{(pid=105780) __call__ /opt/stack/placement/placement/requestlog.py:55}}
Jun 01 21:35:53.671524 n-d-830645-5 devstack@placement-api.service[105780]: DEBUG placement.handlers.allocation [req-06aea9e1-19f4-4c95-94c3-64499631be78 req-42ca58e4-b506-45d9-9557-df0f450f36b6 service placement] Successfully wrote allocations [<placement.objects.allocation.Allocation object at 0x7f9b5c1d6d60>, <placement.objects.allocation.Allocation object at 0x7f9b5c1d64f0>, <placement.objects.allocation.Allocation object at 0x7f9b5c1d6f40>] {{(pid=105780) _update_consumers_and_create_allocations /opt/stack/placement/placement/handlers/allocation.py:462}}
Jun 01 21:35:53.739768 n-d-830645-5 devstack@placement-api.service[105780]: INFO placement.requestlog [req-06aea9e1-19f4-4c95-94c3-64499631be78 req-42ca58e4-b506-45d9-9557-df0f450f36b6 service placement] 10.222.0.48 "PUT /placement/allocations/aa8bd835-5bb7-4a9f-8979-6739617c5218" status: 204 len: 0 microversion: 1.36
Jun 01 21:35:53.740477 n-d-830645-5 devstack@placement-api.service[105780]: [pid: 105780|app: 0|req: 290/571] 10.222.0.48 () {64 vars in 1433 bytes} [Wed Jun  1 21:35:53 2022] PUT /placement/allocations/aa8bd835-5bb7-4a9f-8979-6739617c5218 => generated 0 bytes in 547 msecs (HTTP/1.1 204) 5 headers in 199 bytes (1 switches on core 0)
Jun 01 21:35:56.178531 n-d-830645-5 devstack@placement-api.service[105781]: DEBUG placement.requestlog [req-06aea9e1-19f4-4c95-94c3-64499631be78 req-eb8c09e7-795e-4311-8832-06b1d6c20650 None None] Starting request: 10.222.0.73 "GET /placement/allocations/aa8bd835-5bb7-4a9f-8979-6739617c5218" {{(pid=105781) __call__ /opt/stack/placement/placement/requestlog.py:55}}
Jun 01 21:35:56.196154 n-d-830645-5 devstack@placement-api.service[105781]: INFO placement.requestlog [req-06aea9e1-19f4-4c95-94c3-64499631be78 req-eb8c09e7-795e-4311-8832-06b1d6c20650 service placement] 10.222.0.73 "GET /placement/allocations/aa8bd835-5bb7-4a9f-8979-6739617c5218" status: 200 len: 259 microversion: 1.28
Jun 01 21:35:56.197408 n-d-830645-5 devstack@placement-api.service[105781]: [pid: 105781|app: 0|req: 282/572] 10.222.0.73 () {60 vars in 1377 bytes} [Wed Jun  1 21:35:56 2022] GET /placement/allocations/aa8bd835-5bb7-4a9f-8979-6739617c5218 => generated 259 bytes in 19 msecs (HTTP/1.1 200) 8 headers in 296 bytes (1 switches on core 0)
Jun 01 21:36:00.706489 n-d-830645-5 devstack@placement-api.service[105780]: DEBUG placement.requestlog [req-50b5fef8-0b06-469c-b0f0-a31a304d8d35 req-4b5e7d10-9cbd-401d-b019-f416e7a52d7f None None] Starting request: 10.222.0.33 "GET /placement/resource_providers/d2201e7d-325f-4c3f-ad1f-66da2d851dc7/allocations" {{(pid=105780) __call__ /opt/stack/placement/placement/requestlog.py:55}}
Jun 01 21:36:00.746296 n-d-830645-5 devstack@placement-api.service[105780]: INFO placement.requestlog [req-50b5fef8-0b06-469c-b0f0-a31a304d8d35 req-4b5e7d10-9cbd-401d-b019-f416e7a52d7f service placement] 10.222.0.33 "GET /placement/resource_providers/d2201e7d-325f-4c3f-ad1f-66da2d851dc7/allocations" status: 200 len: 457 microversion: 1.0
Jun 01 21:36:00.747173 n-d-830645-5 devstack@placement-api.service[105780]: [pid: 105780|app: 0|req: 291/573] 10.222.0.33 () {58 vars in 1390 bytes} [Wed Jun  1 21:36:00 2022] GET /placement/resource_providers/d2201e7d-325f-4c3f-ad1f-66da2d851dc7/allocations => generated 457 bytes in 41 msecs (HTTP/1.1 200) 6 headers in 224 bytes (1 switches on core 0)
Jun 01 21:36:01.671353 n-d-830645-5 devstack@placement-api.service[105781]: DEBUG placement.requestlog [req-4514bcae-b323-46ff-a8a6-be65637b38c6 req-9f945eef-2409-4a2c-80ec-6004678011ad None None] Starting request: 10.222.0.33 "DELETE /placement/allocations/b3fd44e7-5fad-414d-8559-55354c8b77e2" {{(pid=105781) __call__ /opt/stack/placement/placement/requestlog.py:55}}
Jun 01 21:36:01.909794 n-d-830645-5 devstack@placement-api.service[105780]: DEBUG placement.requestlog [req-b88db149-176d-448b-885e-557ac0391c32 req-e81a2b1a-230f-48fd-8f54-a4ace30c843e None None] Starting request: 10.222.0.73 "GET /placement/resource_providers/5f06ec7a-0b58-455b-8c34-1b8ecf8428fa/allocations" {{(pid=105780) __call__ /opt/stack/placement/placement/requestlog.py:55}}
Jun 01 21:36:01.944806 n-d-830645-5 devstack@placement-api.service[105781]: DEBUG placement.handlers.allocation [req-4514bcae-b323-46ff-a8a6-be65637b38c6 req-9f945eef-2409-4a2c-80ec-6004678011ad service placement] Successfully deleted allocations [<placement.objects.allocation.Allocation object at 0x7f9b5c22ae20>, <placement.objects.allocation.Allocation object at 0x7f9b5c22aeb0>, <placement.objects.allocation.Allocation object at 0x7f9b5c22aac0>] {{(pid=105781) delete_allocations /opt/stack/placement/placement/handlers/allocation.py:627}}
Jun 01 21:36:01.945416 n-d-830645-5 devstack@placement-api.service[105781]: INFO placement.requestlog [req-4514bcae-b323-46ff-a8a6-be65637b38c6 req-9f945eef-2409-4a2c-80ec-6004678011ad service placement] 10.222.0.33 "DELETE /placement/allocations/b3fd44e7-5fad-414d-8559-55354c8b77e2" status: 204 len: 0 microversion: 1.0
Jun 01 21:36:01.945901 n-d-830645-5 devstack@placement-api.service[105781]: [pid: 105781|app: 0|req: 283/574] 10.222.0.33 () {60 vars in 1355 bytes} [Wed Jun  1 21:36:01 2022] DELETE /placement/allocations/b3fd44e7-5fad-414d-8559-55354c8b77e2 => generated 0 bytes in 275 msecs (HTTP/1.1 204) 5 headers in 198 bytes (1 switches on core 0)
Jun 01 21:36:01.966124 n-d-830645-5 devstack@placement-api.service[105780]: INFO placement.requestlog [req-b88db149-176d-448b-885e-557ac0391c32 req-e81a2b1a-230f-48fd-8f54-a4ace30c843e service placement] 10.222.0.73 "GET /placement/resource_providers/5f06ec7a-0b58-455b-8c34-1b8ecf8428fa/allocations" status: 200 len: 659 microversion: 1.0
Jun 01 21:36:01.966739 n-d-830645-5 devstack@placement-api.service[105780]: [pid: 105780|app: 0|req: 292/575] 10.222.0.73 () {58 vars in 1390 bytes} [Wed Jun  1 21:36:01 2022] GET /placement/resource_providers/5f06ec7a-0b58-455b-8c34-1b8ecf8428fa/allocations => generated 659 bytes in 57 msecs (HTTP/1.1 200) 6 headers in 224 bytes (1 switches on core 0)
Jun 01 21:36:04.166555 n-d-830645-5 devstack@placement-api.service[105781]: DEBUG placement.requestlog [None req-c5da90b8-08c6-466e-b43e-dfc471ba969c None None] Starting request: 10.222.0.48 "GET /placement/" {{(pid=105781) __call__ /opt/stack/placement/placement/requestlog.py:55}}
Jun 01 21:36:04.169104 n-d-830645-5 devstack@placement-api.service[105781]: INFO placement.requestlog [None req-c5da90b8-08c6-466e-b43e-dfc471ba969c None None] 10.222.0.48 "GET /placement/" status: 200 len: 136 microversion: 1.0
Jun 01 21:36:04.170031 n-d-830645-5 devstack@placement-api.service[105781]: [pid: 105781|app: 0|req: 284/576] 10.222.0.48 () {54 vars in 916 bytes} [Wed Jun  1 21:36:04 2022] GET /placement => generated 136 bytes in 4 msecs (HTTP/1.1 200) 6 headers in 224 bytes (1 switches on core 0)
Jun 01 21:36:04.183219 n-d-830645-5 devstack@placement-api.service[105780]: DEBUG placement.requestlog [req-46011627-7930-4841-b9a1-1952d4ca72d1 req-f1c5fe2c-7468-4830-a42a-553400ce54a4 None None] Starting request: 10.222.0.48 "GET /placement/allocations/958a6e9c-ad34-4a3d-8e92-a1f58f05db2e" {{(pid=105780) __call__ /opt/stack/placement/placement/requestlog.py:55}}
Jun 01 21:36:04.296442 n-d-830645-5 devstack@placement-api.service[105780]: INFO placement.requestlog [req-46011627-7930-4841-b9a1-1952d4ca72d1 req-f1c5fe2c-7468-4830-a42a-553400ce54a4 service placement] 10.222.0.48 "GET /placement/allocations/958a6e9c-ad34-4a3d-8e92-a1f58f05db2e" status: 200 len: 259 microversion: 1.28
Jun 01 21:36:04.302793 n-d-830645-5 devstack@placement-api.service[105781]: DEBUG placement.requestlog [req-46011627-7930-4841-b9a1-1952d4ca72d1 req-31a20da7-4106-4269-b16b-96900bbd6c78 None None] Starting request: 10.222.0.48 "GET /placement/allocations/958a6e9c-ad34-4a3d-8e92-a1f58f05db2e" {{(pid=105781) __call__ /opt/stack/placement/placement/requestlog.py:55}}
Jun 01 21:36:04.312977 n-d-830645-5 devstack@placement-api.service[105780]: [pid: 105780|app: 0|req: 293/577] 10.222.0.48 () {60 vars in 1380 bytes} [Wed Jun  1 21:36:04 2022] GET /placement/allocations/958a6e9c-ad34-4a3d-8e92-a1f58f05db2e => generated 259 bytes in 132 msecs (HTTP/1.1 200) 8 headers in 296 bytes (1 switches on core 0)
Jun 01 21:36:04.340980 n-d-830645-5 devstack@placement-api.service[105781]: INFO placement.requestlog [req-46011627-7930-4841-b9a1-1952d4ca72d1 req-31a20da7-4106-4269-b16b-96900bbd6c78 service placement] 10.222.0.48 "GET /placement/allocations/958a6e9c-ad34-4a3d-8e92-a1f58f05db2e" status: 200 len: 259 microversion: 1.28
Jun 01 21:36:04.340980 n-d-830645-5 devstack@placement-api.service[105781]: [pid: 105781|app: 0|req: 285/578] 10.222.0.48 () {60 vars in 1380 bytes} [Wed Jun  1 21:36:04 2022] GET /placement/allocations/958a6e9c-ad34-4a3d-8e92-a1f58f05db2e => generated 259 bytes in 37 msecs (HTTP/1.1 200) 8 headers in 296 bytes (1 switches on core 0)
Jun 01 21:36:04.345101 n-d-830645-5 devstack@placement-api.service[105780]: DEBUG placement.requestlog [req-46011627-7930-4841-b9a1-1952d4ca72d1 req-ba79f077-6b09-4e58-87d5-a0bb221d3136 None None] Starting request: 10.222.0.48 "GET /placement/allocations/c85f3c1e-cf37-48a0-ad29-d37137a61e0b" {{(pid=105780) __call__ /opt/stack/placement/placement/requestlog.py:55}}
Jun 01 21:36:04.356172 n-d-830645-5 devstack@placement-api.service[105780]: DEBUG dbcounter [-] [105780] Writing DB stats placement:SELECT=80,placement:INSERT=12,placement:DELETE=4,placement:UPDATE=4 {{(pid=105780) stat_writer /usr/local/lib/python3.8/dist-packages/dbcounter.py:114}}
Jun 01 21:36:04.359395 n-d-830645-5 devstack@placement-api.service[105780]: INFO placement.requestlog [req-46011627-7930-4841-b9a1-1952d4ca72d1 req-ba79f077-6b09-4e58-87d5-a0bb221d3136 service placement] 10.222.0.48 "GET /placement/allocations/c85f3c1e-cf37-48a0-ad29-d37137a61e0b" status: 200 len: 19 microversion: 1.28
Jun 01 21:36:04.366702 n-d-830645-5 devstack@placement-api.service[105780]: [pid: 105780|app: 0|req: 294/579] 10.222.0.48 () {60 vars in 1380 bytes} [Wed Jun  1 21:36:04 2022] GET /placement/allocations/c85f3c1e-cf37-48a0-ad29-d37137a61e0b => generated 19 bytes in 22 msecs (HTTP/1.1 200) 8 headers in 295 bytes (1 switches on core 0)
Jun 01 21:36:04.367494 n-d-830645-5 devstack@placement-api.service[105781]: DEBUG placement.requestlog [req-46011627-7930-4841-b9a1-1952d4ca72d1 req-c40e0023-62bb-48c4-a527-b8600dbcab7c None None] Starting request: 10.222.0.48 "POST /placement/allocations" {{(pid=105781) __call__ /opt/stack/placement/placement/requestlog.py:55}}
Jun 01 21:36:04.422365 n-d-830645-5 devstack@placement-api.service[105780]: DEBUG placement.requestlog [None req-77d999e6-5162-4c7d-8fef-1b854855900e None None] Starting request: 10.222.0.48 "GET /placement/resource_providers/2279880b-a8ce-4d7d-b7c5-e158a68d3522/aggregates" {{(pid=105780) __call__ /opt/stack/placement/placement/requestlog.py:55}}
Jun 01 21:36:04.440914 n-d-830645-5 devstack@placement-api.service[105780]: INFO placement.requestlog [None req-77d999e6-5162-4c7d-8fef-1b854855900e service placement] 10.222.0.48 "GET /placement/resource_providers/2279880b-a8ce-4d7d-b7c5-e158a68d3522/aggregates" status: 404 len: 235 microversion: 1.1
Jun 01 21:36:04.441552 n-d-830645-5 devstack@placement-api.service[105780]: [pid: 105780|app: 0|req: 295/580] 10.222.0.48 () {58 vars in 1362 bytes} [Wed Jun  1 21:36:04 2022] GET /placement/resource_providers/2279880b-a8ce-4d7d-b7c5-e158a68d3522/aggregates => generated 235 bytes in 19 msecs (HTTP/1.1 404) 5 headers in 202 bytes (2 switches on core 0)
Jun 01 21:36:04.471480 n-d-830645-5 devstack@placement-api.service[105780]: DEBUG placement.requestlog [None req-93bfc451-9206-41f1-bdef-517ab604864c None None] Starting request: 10.222.0.48 "DELETE /placement/resource_providers/2279880b-a8ce-4d7d-b7c5-e158a68d3522" {{(pid=105780) __call__ /opt/stack/placement/placement/requestlog.py:55}}
Jun 01 21:36:04.485824 n-d-830645-5 devstack@placement-api.service[105780]: DEBUG placement.wsgi_wrapper [None req-93bfc451-9206-41f1-bdef-517ab604864c service placement] Placement API returning an error response: No resource provider with uuid 2279880b-a8ce-4d7d-b7c5-e158a68d3522 found for delete {{(pid=105780) call_func /opt/stack/placement/placement/wsgi_wrapper.py:31}}
Jun 01 21:36:04.492835 n-d-830645-5 devstack@placement-api.service[105780]: INFO placement.requestlog [None req-93bfc451-9206-41f1-bdef-517ab604864c service placement] 10.222.0.48 "DELETE /placement/resource_providers/2279880b-a8ce-4d7d-b7c5-e158a68d3522" status: 404 len: 246 microversion: 1.1
Jun 01 21:36:04.494213 n-d-830645-5 devstack@placement-api.service[105780]: [pid: 105780|app: 0|req: 296/581] 10.222.0.48 () {60 vars in 1351 bytes} [Wed Jun  1 21:36:04 2022] DELETE /placement/resource_providers/2279880b-a8ce-4d7d-b7c5-e158a68d3522 => generated 246 bytes in 23 msecs (HTTP/1.1 404) 6 headers in 231 bytes (1 switches on core 0)
Jun 01 21:36:04.562527 n-d-830645-5 devstack@placement-api.service[105781]: DEBUG placement.handlers.allocation [req-46011627-7930-4841-b9a1-1952d4ca72d1 req-c40e0023-62bb-48c4-a527-b8600dbcab7c service placement] Successfully wrote allocations [<placement.objects.allocation.Allocation object at 0x7f9b5c3afaf0>, <placement.objects.allocation.Allocation object at 0x7f9b5c3af550>, <placement.objects.allocation.Allocation object at 0x7f9b5c21bc70>, <placement.objects.allocation.Allocation object at 0x7f9b5c3afc70>, <placement.objects.allocation.Allocation object at 0x7f9b5c3af520>, <placement.objects.allocation.Allocation object at 0x7f9b5c3af5e0>] {{(pid=105781) _update_consumers_and_create_allocations /opt/stack/placement/placement/handlers/allocation.py:572}}
Jun 01 21:36:04.619226 n-d-830645-5 devstack@placement-api.service[105781]: INFO placement.requestlog [req-46011627-7930-4841-b9a1-1952d4ca72d1 req-c40e0023-62bb-48c4-a527-b8600dbcab7c service placement] 10.222.0.48 "POST /placement/allocations" status: 204 len: 0 microversion: 1.28
Jun 01 21:36:04.622506 n-d-830645-5 devstack@placement-api.service[105781]: [pid: 105781|app: 0|req: 286/582] 10.222.0.48 () {64 vars in 1323 bytes} [Wed Jun  1 21:36:04 2022] POST /placement/allocations => generated 0 bytes in 252 msecs (HTTP/1.1 204) 5 headers in 199 bytes (1 switches on core 0)
Jun 01 21:36:04.894450 n-d-830645-5 devstack@placement-api.service[105780]: DEBUG placement.requestlog [req-46011627-7930-4841-b9a1-1952d4ca72d1 req-39f5065b-afbc-4e53-8d22-acee07a2d91f None None] Starting request: 10.222.0.48 "GET /placement/allocation_candidates?limit=1000&resources=DISK_GB%3A1%2CMEMORY_MB%3A512%2CVCPU%3A1&root_required=%21COMPUTE_STATUS_DISABLED" {{(pid=105780) __call__ /opt/stack/placement/placement/requestlog.py:55}}
Jun 01 21:36:04.941476 n-d-830645-5 devstack@placement-api.service[105780]: DEBUG placement.objects.research_context [req-46011627-7930-4841-b9a1-1952d4ca72d1 req-39f5065b-afbc-4e53-8d22-acee07a2d91f service placement] getting providers with 1 DISK_GB {{(pid=105780) __init__ /opt/stack/placement/placement/objects/research_context.py:136}}
Jun 01 21:36:04.962557 n-d-830645-5 devstack@placement-api.service[105780]: DEBUG placement.objects.research_context [req-46011627-7930-4841-b9a1-1952d4ca72d1 req-39f5065b-afbc-4e53-8d22-acee07a2d91f service placement] getting providers with 512 MEMORY_MB {{(pid=105780) __init__ /opt/stack/placement/placement/objects/research_context.py:136}}
Jun 01 21:36:04.969323 n-d-830645-5 devstack@placement-api.service[105780]: DEBUG placement.objects.research_context [req-46011627-7930-4841-b9a1-1952d4ca72d1 req-39f5065b-afbc-4e53-8d22-acee07a2d91f service placement] getting providers with 1 VCPU {{(pid=105780) __init__ /opt/stack/placement/placement/objects/research_context.py:136}}
Jun 01 21:36:04.980291 n-d-830645-5 devstack@placement-api.service[105780]: DEBUG placement.objects.research_context [req-46011627-7930-4841-b9a1-1952d4ca72d1 req-39f5065b-afbc-4e53-8d22-acee07a2d91f service placement] found 2 providers with available 1 DISK_GB {{(pid=105780) get_provider_ids_matching /opt/stack/placement/placement/objects/research_context.py:563}}
Jun 01 21:36:04.980567 n-d-830645-5 devstack@placement-api.service[105780]: DEBUG placement.objects.research_context [req-46011627-7930-4841-b9a1-1952d4ca72d1 req-39f5065b-afbc-4e53-8d22-acee07a2d91f service placement] found 2 providers with available 512 MEMORY_MB {{(pid=105780) get_provider_ids_matching /opt/stack/placement/placement/objects/research_context.py:563}}
Jun 01 21:36:04.980977 n-d-830645-5 devstack@placement-api.service[105780]: DEBUG placement.objects.research_context [req-46011627-7930-4841-b9a1-1952d4ca72d1 req-39f5065b-afbc-4e53-8d22-acee07a2d91f service placement] found 2 providers after filtering by previous result {{(pid=105780) get_provider_ids_matching /opt/stack/placement/placement/objects/research_context.py:594}}
Jun 01 21:36:04.981243 n-d-830645-5 devstack@placement-api.service[105780]: DEBUG placement.objects.research_context [req-46011627-7930-4841-b9a1-1952d4ca72d1 req-39f5065b-afbc-4e53-8d22-acee07a2d91f service placement] found 2 providers with available 1 VCPU {{(pid=105780) get_provider_ids_matching /opt/stack/placement/placement/objects/research_context.py:563}}
Jun 01 21:36:04.981566 n-d-830645-5 devstack@placement-api.service[105780]: DEBUG placement.objects.research_context [req-46011627-7930-4841-b9a1-1952d4ca72d1 req-39f5065b-afbc-4e53-8d22-acee07a2d91f service placement] found 2 providers after filtering by previous result {{(pid=105780) get_provider_ids_matching /opt/stack/placement/placement/objects/research_context.py:594}}
Jun 01 21:36:04.991955 n-d-830645-5 devstack@placement-api.service[105780]: DEBUG placement.objects.allocation_candidate [req-46011627-7930-4841-b9a1-1952d4ca72d1 req-39f5065b-afbc-4e53-8d22-acee07a2d91f service placement] RequestGroup(use_same_provider=False, resources={DISK_GB:1, MEMORY_MB:512, VCPU:1}, traits=(), aggregates=[]) (suffix '') returned 2 matches {{(pid=105780) _get_by_requests /opt/stack/placement/placement/objects/allocation_candidate.py:156}}
Jun 01 21:36:04.992326 n-d-830645-5 devstack@placement-api.service[105780]: DEBUG placement.objects.allocation_candidate [req-46011627-7930-4841-b9a1-1952d4ca72d1 req-39f5065b-afbc-4e53-8d22-acee07a2d91f service placement] Merging candidates yields 2 allocation requests and 2 provider summaries {{(pid=105780) _merge_candidates /opt/stack/placement/placement/objects/allocation_candidate.py:809}}
