Mar 07 15:57:55.524089 n-d-830010-8 devstack@n-api.service[118378]: DEBUG nova.objects.aggregate [None req-4c718f0a-3d3a-4980-9be9-ae850e254112 tempest-AggregatesAdminNegativeTestJSON-1747127781 tempest-AggregatesAdminNegativeTestJSON-1747127781-project-admin] Generated uuid 3255e18d-997d-4121-8545-6db48aa0f3a0 for aggregate {{(pid=118378) create /opt/stack/nova/nova/objects/aggregate.py:298}}
Mar 07 15:57:55.551267 n-d-830010-8 devstack@n-api.service[118379]: DEBUG nova.policy [None req-0da20083-b2de-493e-b563-d440d89e3402 tempest-DeleteServersAdminTestJSON-1765895964 tempest-DeleteServersAdminTestJSON-1765895964-project] Policy check for os_compute_api:os-extended-server-attributes failed with credentials {'is_admin': False, 'user_id': '3a1a06bafe6d415cb221fef9ea1dd949', 'user_domain_id': 'default', 'system_scope': None, 'domain_id': None, 'project_id': '2ea986cec49c4638bdc7b4f8e7863902', 'project_domain_id': 'default', 'roles': ['reader', 'member'], 'is_admin_project': True, 'service_user_id': None, 'service_user_domain_id': None, 'service_project_id': None, 'service_project_domain_id': None, 'service_roles': []} {{(pid=118379) authorize /opt/stack/nova/nova/policy.py:199}}
Mar 07 15:57:55.557474 n-d-830010-8 devstack@n-api.service[118378]: INFO nova.api.openstack.requestlog [None req-4c718f0a-3d3a-4980-9be9-ae850e254112 tempest-AggregatesAdminNegativeTestJSON-1747127781 tempest-AggregatesAdminNegativeTestJSON-1747127781-project-admin] 10.222.0.24 "POST /compute/v2.1/os-aggregates" status: 200 len: 199 microversion: 2.1 time: 0.044418
Mar 07 15:57:55.559751 n-d-830010-8 devstack@n-api.service[118378]: [pid: 118378|app: 0|req: 163/345] 10.222.0.24 () {60 vars in 1163 bytes} [Mon Mar 7 15:57:55 2022] POST /compute/v2.1/os-aggregates => generated 199 bytes in 48 msecs (HTTP/1.1 200) 9 headers in 357 bytes (1 switches on core 0)
Mar 07 15:57:55.567768 n-d-830010-8 devstack@n-api.service[118379]: INFO nova.api.openstack.requestlog [None req-0da20083-b2de-493e-b563-d440d89e3402 tempest-DeleteServersAdminTestJSON-1765895964 tempest-DeleteServersAdminTestJSON-1765895964-project] 10.222.0.24 "GET /compute/v2.1/servers/d2359534-055e-4be2-8c5e-b996e291612a" status: 200 len: 1457 microversion: 2.1 time: 0.547037
Mar 07 15:57:55.568869 n-d-830010-8 devstack@n-api.service[118379]: [pid: 118379|app: 0|req: 183/346] 10.222.0.24 () {58 vars in 1235 bytes} [Mon Mar 7 15:57:55 2022] GET /compute/v2.1/servers/d2359534-055e-4be2-8c5e-b996e291612a => generated 1457 bytes in 549 msecs (HTTP/1.1 200) 9 headers in 358 bytes (1 switches on core 0)
Mar 07 15:57:55.571948 n-d-830010-8 devstack@n-api.service[118378]: DEBUG nova.api.openstack.wsgi [None req-08f3b856-60b1-4de9-b92a-302b90b071d6 tempest-AggregatesAdminNegativeTestJSON-1747127781 tempest-AggregatesAdminNegativeTestJSON-1747127781-project-admin] Action: 'action', calling method: >, body: {"remove_host": {"host": "nonexist_host"}} {{(pid=118378) _process_stack /opt/stack/nova/nova/api/openstack/wsgi.py:511}}
Mar 07 15:57:55.573231 n-d-830010-8 devstack@n-api.service[118378]: /usr/local/lib/python3.8/dist-packages/oslo_policy/policy.py:1119: UserWarning: Policy "os_compute_api:os-aggregates:remove_host": "rule:context_is_admin" failed scope check. The token used to make the request was project scoped but the policy requires ['system'] scope. This behavior may change in the future where using the intended scope is required
Mar 07 15:57:55.573231 n-d-830010-8 devstack@n-api.service[118378]: warnings.warn(msg)
Mar 07 15:57:55.573612 n-d-830010-8 devstack@n-api.service[118379]: DEBUG nova.api.openstack.wsgi [None req-e0ab68b4-c10d-4923-bd62-2e87183639f0 tempest-LiveMigrationTest-2120900827 tempest-LiveMigrationTest-2120900827-project] Calling method '>' {{(pid=118379) _process_stack /opt/stack/nova/nova/api/openstack/wsgi.py:513}}
Mar 07 15:57:55.574216 n-d-830010-8 devstack@n-api.service[118379]: DEBUG nova.compute.api [None req-e0ab68b4-c10d-4923-bd62-2e87183639f0 tempest-LiveMigrationTest-2120900827 tempest-LiveMigrationTest-2120900827-project] [instance: d264459d-7d2b-40ff-8aff-243c0b7c0adc] Fetching instance by UUID {{(pid=118379) get /opt/stack/nova/nova/compute/api.py:2918}}
Mar 07 15:57:55.583330 n-d-830010-8 devstack@n-api.service[118379]: DEBUG oslo_concurrency.lockutils [None req-e0ab68b4-c10d-4923-bd62-2e87183639f0 tempest-LiveMigrationTest-2120900827 tempest-LiveMigrationTest-2120900827-project] Lock "0f54550f-3c7e-4ee1-97f5-d05455c2bc69" acquired by "nova.context.set_target_cell..get_or_set_cached_cell_and_set_connections" :: waited 0.001s {{(pid=118379) inner /usr/local/lib/python3.8/dist-packages/oslo_concurrency/lockutils.py:386}}
Mar 07 15:57:55.584075 n-d-830010-8 devstack@n-api.service[118379]: DEBUG oslo_concurrency.lockutils [None req-e0ab68b4-c10d-4923-bd62-2e87183639f0 tempest-LiveMigrationTest-2120900827 tempest-LiveMigrationTest-2120900827-project] Lock "0f54550f-3c7e-4ee1-97f5-d05455c2bc69" "released" by "nova.context.set_target_cell..get_or_set_cached_cell_and_set_connections" :: held 0.001s {{(pid=118379) inner /usr/local/lib/python3.8/dist-packages/oslo_concurrency/lockutils.py:400}}
Mar 07 15:57:55.585059 n-d-830010-8 devstack@n-api.service[118379]: DEBUG oslo_concurrency.lockutils [None req-e0ab68b4-c10d-4923-bd62-2e87183639f0 tempest-LiveMigrationTest-2120900827 tempest-LiveMigrationTest-2120900827-project] Lock "0f54550f-3c7e-4ee1-97f5-d05455c2bc69" acquired by "nova.context.set_target_cell..get_or_set_cached_cell_and_set_connections" :: waited 0.000s {{(pid=118379) inner /usr/local/lib/python3.8/dist-packages/oslo_concurrency/lockutils.py:386}}
Mar 07 15:57:55.585653 n-d-830010-8 devstack@n-api.service[118379]: DEBUG oslo_concurrency.lockutils [None req-e0ab68b4-c10d-4923-bd62-2e87183639f0 tempest-LiveMigrationTest-2120900827 tempest-LiveMigrationTest-2120900827-project] Lock "0f54550f-3c7e-4ee1-97f5-d05455c2bc69" "released" by "nova.context.set_target_cell..get_or_set_cached_cell_and_set_connections" :: held 0.001s {{(pid=118379) inner /usr/local/lib/python3.8/dist-packages/oslo_concurrency/lockutils.py:400}}
Mar 07 15:57:55.601538 n-d-830010-8 devstack@n-api.service[118378]: DEBUG oslo_concurrency.lockutils [None req-08f3b856-60b1-4de9-b92a-302b90b071d6 tempest-AggregatesAdminNegativeTestJSON-1747127781 tempest-AggregatesAdminNegativeTestJSON-1747127781-project-admin] Lock "00000000-0000-0000-0000-000000000000" acquired by "nova.context.set_target_cell..get_or_set_cached_cell_and_set_connections" :: waited 0.000s {{(pid=118378) inner /usr/local/lib/python3.8/dist-packages/oslo_concurrency/lockutils.py:386}}
Mar 07 15:57:55.601980 n-d-830010-8 devstack@n-api.service[118378]: DEBUG oslo_concurrency.lockutils [None req-08f3b856-60b1-4de9-b92a-302b90b071d6 tempest-AggregatesAdminNegativeTestJSON-1747127781 tempest-AggregatesAdminNegativeTestJSON-1747127781-project-admin] Lock "00000000-0000-0000-0000-000000000000" "released" by "nova.context.set_target_cell..get_or_set_cached_cell_and_set_connections" :: held 0.001s {{(pid=118378) inner /usr/local/lib/python3.8/dist-packages/oslo_concurrency/lockutils.py:400}}
Mar 07 15:57:55.610039 n-d-830010-8 devstack@n-api.service[118378]: DEBUG oslo_concurrency.lockutils [None req-08f3b856-60b1-4de9-b92a-302b90b071d6 tempest-AggregatesAdminNegativeTestJSON-1747127781 tempest-AggregatesAdminNegativeTestJSON-1747127781-project-admin] Lock "0f54550f-3c7e-4ee1-97f5-d05455c2bc69" acquired by "nova.context.set_target_cell..get_or_set_cached_cell_and_set_connections" :: waited 0.000s {{(pid=118378) inner /usr/local/lib/python3.8/dist-packages/oslo_concurrency/lockutils.py:386}}
Mar 07 15:57:55.611568 n-d-830010-8 devstack@n-api.service[118378]: DEBUG oslo_concurrency.lockutils [None req-08f3b856-60b1-4de9-b92a-302b90b071d6 tempest-AggregatesAdminNegativeTestJSON-1747127781 tempest-AggregatesAdminNegativeTestJSON-1747127781-project-admin] Lock "0f54550f-3c7e-4ee1-97f5-d05455c2bc69" "released" by "nova.context.set_target_cell..get_or_set_cached_cell_and_set_connections" :: held 0.001s {{(pid=118378) inner /usr/local/lib/python3.8/dist-packages/oslo_concurrency/lockutils.py:400}}
Mar 07 15:57:55.637705 n-d-830010-8 devstack@n-api.service[118378]: ERROR nova.api.openstack.compute.aggregates [None req-08f3b856-60b1-4de9-b92a-302b90b071d6 tempest-AggregatesAdminNegativeTestJSON-1747127781 tempest-AggregatesAdminNegativeTestJSON-1747127781-project-admin] Failed to remove host nonexist_host from aggregate 18. Error: Compute host nonexist_host could not be found.: nova.exception.ComputeHostNotFound: Compute host nonexist_host could not be found.
Mar 07 15:57:55.638420 n-d-830010-8 devstack@n-api.service[118378]: INFO nova.api.openstack.wsgi [None req-08f3b856-60b1-4de9-b92a-302b90b071d6 tempest-AggregatesAdminNegativeTestJSON-1747127781 tempest-AggregatesAdminNegativeTestJSON-1747127781-project-admin] HTTP exception thrown: Cannot remove host nonexist_host in aggregate 18
Mar 07 15:57:55.639374 n-d-830010-8 devstack@n-api.service[118378]: DEBUG nova.api.openstack.wsgi [None req-08f3b856-60b1-4de9-b92a-302b90b071d6 tempest-AggregatesAdminNegativeTestJSON-1747127781 tempest-AggregatesAdminNegativeTestJSON-1747127781-project-admin] Returning 404 to user: Cannot remove host nonexist_host in aggregate 18 {{(pid=118378) __call__ /opt/stack/nova/nova/api/openstack/wsgi.py:936}}
Mar 07 15:57:55.640473 n-d-830010-8 devstack@n-api.service[118378]: INFO nova.api.openstack.requestlog [None req-08f3b856-60b1-4de9-b92a-302b90b071d6 tempest-AggregatesAdminNegativeTestJSON-1747127781 tempest-AggregatesAdminNegativeTestJSON-1747127781-project-admin] 10.222.0.24 "POST /compute/v2.1/os-aggregates/18/action" status: 404 len: 94 microversion: 2.1 time: 0.074267
Mar 07 15:57:55.646101 n-d-830010-8 devstack@n-api.service[118378]: [pid: 118378|app: 0|req: 164/347] 10.222.0.24 () {60 vars in 1193 bytes} [Mon Mar 7 15:57:55 2022] POST /compute/v2.1/os-aggregates/18/action => generated 94 bytes in 80 msecs (HTTP/1.1 404) 9 headers in 378 bytes (1 switches on core 0)
Mar 07 15:57:55.651016 n-d-830010-8 devstack@n-api.service[118378]: DEBUG nova.api.openstack.wsgi [None req-52b87b31-79c4-4169-a03e-dcf934e5c067 tempest-AggregatesAdminNegativeTestJSON-1747127781 tempest-AggregatesAdminNegativeTestJSON-1747127781-project-admin] Calling method '>' {{(pid=118378) _process_stack /opt/stack/nova/nova/api/openstack/wsgi.py:513}}
Mar 07 15:57:55.651993 n-d-830010-8 devstack@n-api.service[118378]: /usr/local/lib/python3.8/dist-packages/oslo_policy/policy.py:1119: UserWarning: Policy "os_compute_api:os-aggregates:delete": "rule:context_is_admin" failed scope check. The token used to make the request was project scoped but the policy requires ['system'] scope. This behavior may change in the future where using the intended scope is required
Mar 07 15:57:55.651993 n-d-830010-8 devstack@n-api.service[118378]: warnings.warn(msg)
Mar 07 15:57:55.682224 n-d-830010-8 devstack@n-api.service[118378]: INFO nova.api.openstack.requestlog [None req-52b87b31-79c4-4169-a03e-dcf934e5c067 tempest-AggregatesAdminNegativeTestJSON-1747127781 tempest-AggregatesAdminNegativeTestJSON-1747127781-project-admin] 10.222.0.24 "DELETE /compute/v2.1/os-aggregates/18" status: 200 len: 0 microversion: 2.1 time: 0.034732
Mar 07 15:57:55.688898 n-d-830010-8 devstack@n-api.service[118378]: [pid: 118378|app: 0|req: 165/348] 10.222.0.24 () {58 vars in 1154 bytes} [Mon Mar 7 15:57:55 2022] DELETE /compute/v2.1/os-aggregates/18 => generated 0 bytes in 41 msecs (HTTP/1.1 200) 9 headers in 355 bytes (1 switches on core 0)
Mar 07 15:57:55.783497 n-d-830010-8 devstack@n-api.service[118378]: DEBUG nova.api.openstack.wsgi [None req-ff201452-d9fe-4abc-8d09-b77f039b772c tempest-ServersAdminNegativeTestJSON-2056214749 tempest-ServersAdminNegativeTestJSON-2056214749-project] Calling method '>' {{(pid=118378) _process_stack /opt/stack/nova/nova/api/openstack/wsgi.py:513}}
Mar 07 15:57:55.784693 n-d-830010-8 devstack@n-api.service[118378]: DEBUG nova.compute.api [None req-ff201452-d9fe-4abc-8d09-b77f039b772c tempest-ServersAdminNegativeTestJSON-2056214749 tempest-ServersAdminNegativeTestJSON-2056214749-project] [instance: 8d219774-f6c3-4e14-83aa-9e8f41e9dea2] Fetching instance by UUID {{(pid=118378) get /opt/stack/nova/nova/compute/api.py:2918}}
Mar 07 15:57:55.814415 n-d-830010-8 devstack@n-api.service[118378]: DEBUG oslo_concurrency.lockutils [None req-ff201452-d9fe-4abc-8d09-b77f039b772c tempest-ServersAdminNegativeTestJSON-2056214749 tempest-ServersAdminNegativeTestJSON-2056214749-project] Lock "0f54550f-3c7e-4ee1-97f5-d05455c2bc69" acquired by "nova.context.set_target_cell..get_or_set_cached_cell_and_set_connections" :: waited 0.000s {{(pid=118378) inner /usr/local/lib/python3.8/dist-packages/oslo_concurrency/lockutils.py:386}}
Mar 07 15:57:55.816480 n-d-830010-8 devstack@n-api.service[118378]: DEBUG oslo_concurrency.lockutils [None req-ff201452-d9fe-4abc-8d09-b77f039b772c tempest-ServersAdminNegativeTestJSON-2056214749 tempest-ServersAdminNegativeTestJSON-2056214749-project] Lock "0f54550f-3c7e-4ee1-97f5-d05455c2bc69" "released" by "nova.context.set_target_cell..get_or_set_cached_cell_and_set_connections" :: held 0.003s {{(pid=118378) inner /usr/local/lib/python3.8/dist-packages/oslo_concurrency/lockutils.py:400}}
Mar 07 15:57:55.820798 n-d-830010-8 devstack@n-api.service[118378]: DEBUG oslo_concurrency.lockutils [None req-ff201452-d9fe-4abc-8d09-b77f039b772c tempest-ServersAdminNegativeTestJSON-2056214749 tempest-ServersAdminNegativeTestJSON-2056214749-project] Lock "0f54550f-3c7e-4ee1-97f5-d05455c2bc69" acquired by "nova.context.set_target_cell..get_or_set_cached_cell_and_set_connections" :: waited 0.000s {{(pid=118378) inner /usr/local/lib/python3.8/dist-packages/oslo_concurrency/lockutils.py:386}}
Mar 07 15:57:55.822189 n-d-830010-8 devstack@n-api.service[118378]: DEBUG oslo_concurrency.lockutils [None req-ff201452-d9fe-4abc-8d09-b77f039b772c tempest-ServersAdminNegativeTestJSON-2056214749 tempest-ServersAdminNegativeTestJSON-2056214749-project] Lock "0f54550f-3c7e-4ee1-97f5-d05455c2bc69" "released" by "nova.context.set_target_cell..get_or_set_cached_cell_and_set_connections" :: held 0.001s {{(pid=118378) inner /usr/local/lib/python3.8/dist-packages/oslo_concurrency/lockutils.py:400}}
Mar 07 15:57:55.911839 n-d-830010-8 devstack@n-api.service[118379]: DEBUG nova.policy [None req-e0ab68b4-c10d-4923-bd62-2e87183639f0 tempest-LiveMigrationTest-2120900827 tempest-LiveMigrationTest-2120900827-project] Policy check for os_compute_api:os-extended-server-attributes failed with credentials {'is_admin': False, 'user_id': '22b4145f9cdd454a9175152e610e8dcf', 'user_domain_id': 'default', 'system_scope': None, 'domain_id': None, 'project_id': 'cb36658e777d4c14a575b1f3ef77e706', 'project_domain_id': 'default', 'roles': ['reader', 'member'], 'is_admin_project': True, 'service_user_id': None, 'service_user_domain_id': None, 'service_project_id': None, 'service_project_domain_id': None, 'service_roles': []} {{(pid=118379) authorize /opt/stack/nova/nova/policy.py:199}}
Mar 07 15:57:55.921214 n-d-830010-8 devstack@n-api.service[118379]: INFO nova.api.openstack.requestlog [None req-e0ab68b4-c10d-4923-bd62-2e87183639f0 tempest-LiveMigrationTest-2120900827 tempest-LiveMigrationTest-2120900827-project] 10.222.0.24 "GET /compute/v2.1/servers/d264459d-7d2b-40ff-8aff-243c0b7c0adc" status: 200 len: 1503 microversion: 2.1 time: 0.351129
Mar 07 15:57:55.923453 n-d-830010-8 devstack@n-api.service[118379]: [pid: 118379|app: 0|req: 184/349] 10.222.0.24 () {58 vars in 1235 bytes} [Mon Mar 7 15:57:55 2022] GET /compute/v2.1/servers/d264459d-7d2b-40ff-8aff-243c0b7c0adc => generated 1503 bytes in 354 msecs (HTTP/1.1 200) 9 headers in 358 bytes (1 switches on core 0)
Mar 07 15:57:55.976375 n-d-830010-8 devstack@n-api.service[118378]: DEBUG nova.policy [None req-ff201452-d9fe-4abc-8d09-b77f039b772c tempest-ServersAdminNegativeTestJSON-2056214749 tempest-ServersAdminNegativeTestJSON-2056214749-project] Policy check for os_compute_api:os-extended-server-attributes failed with credentials {'is_admin': False, 'user_id': 'd9feab39093f46fa84bda059d7b022dd', 'user_domain_id': 'default', 'system_scope': None, 'domain_id': None, 'project_id': 'c5a126b7bc164437b75c991cbf515062', 'project_domain_id': 'default', 'roles': ['reader', 'member'], 'is_admin_project': True, 'service_user_id': None, 'service_user_domain_id': None, 'service_project_id': None, 'service_project_domain_id': None, 'service_roles': []} {{(pid=118378) authorize /opt/stack/nova/nova/policy.py:199}}
Mar 07 15:57:55.987658 n-d-830010-8 devstack@n-api.service[118378]: INFO nova.api.openstack.requestlog [None req-ff201452-d9fe-4abc-8d09-b77f039b772c tempest-ServersAdminNegativeTestJSON-2056214749 tempest-ServersAdminNegativeTestJSON-2056214749-project] 10.222.0.24 "GET /compute/v2.1/servers/8d219774-f6c3-4e14-83aa-9e8f41e9dea2" status: 200 len: 1274 microversion: 2.1 time: 0.211248
Mar 07 15:57:55.991005 n-d-830010-8 devstack@n-api.service[118378]: [pid: 118378|app: 0|req: 166/350] 10.222.0.24 () {58 vars in 1235 bytes} [Mon Mar 7 15:57:55 2022] GET /compute/v2.1/servers/8d219774-f6c3-4e14-83aa-9e8f41e9dea2 => generated 1274 bytes in 215 msecs (HTTP/1.1 200) 9 headers in 358 bytes (1 switches on core 0)
Mar 07 15:57:56.289702 n-d-830010-8 devstack@n-api.service[118379]: DEBUG nova.api.openstack.wsgi [req-481e43bb-ecc3-4bd9-b0e0-87710ce2030a req-40327fa5-7956-4aa8-ac0b-0c6da25d5fe4 service nova] Action: 'create', calling method: >, body: {"events": [{"server_uuid": "d2359534-055e-4be2-8c5e-b996e291612a", "name": "network-vif-deleted", "tag": "2aa5a47d-84ec-4d44-89ab-805cd2fc7ae6"}]} {{(pid=118379) _process_stack /opt/stack/nova/nova/api/openstack/wsgi.py:511}}
Mar 07 15:57:56.321225 n-d-830010-8 devstack@n-api.service[118379]: DEBUG oslo_concurrency.lockutils [req-481e43bb-ecc3-4bd9-b0e0-87710ce2030a req-40327fa5-7956-4aa8-ac0b-0c6da25d5fe4 service nova] Lock "0f54550f-3c7e-4ee1-97f5-d05455c2bc69" acquired by "nova.context.set_target_cell..get_or_set_cached_cell_and_set_connections" :: waited 0.002s {{(pid=118379) inner /usr/local/lib/python3.8/dist-packages/oslo_concurrency/lockutils.py:386}}
Mar 07 15:57:56.322126 n-d-830010-8 devstack@n-api.service[118379]: DEBUG oslo_concurrency.lockutils [req-481e43bb-ecc3-4bd9-b0e0-87710ce2030a req-40327fa5-7956-4aa8-ac0b-0c6da25d5fe4 service nova] Lock "0f54550f-3c7e-4ee1-97f5-d05455c2bc69" "released" by "nova.context.set_target_cell..get_or_set_cached_cell_and_set_connections" :: held 0.003s {{(pid=118379) inner /usr/local/lib/python3.8/dist-packages/oslo_concurrency/lockutils.py:400}}
Mar 07 15:57:56.350335 n-d-830010-8 devstack@n-api.service[118379]: INFO nova.api.openstack.compute.server_external_events [req-481e43bb-ecc3-4bd9-b0e0-87710ce2030a req-40327fa5-7956-4aa8-ac0b-0c6da25d5fe4 service nova] Creating event network-vif-deleted:2aa5a47d-84ec-4d44-89ab-805cd2fc7ae6 for instance d2359534-055e-4be2-8c5e-b996e291612a on n-h2-830010-8
Mar 07 15:57:56.360505 n-d-830010-8 devstack@n-api.service[118379]: INFO nova.api.openstack.requestlog [req-481e43bb-ecc3-4bd9-b0e0-87710ce2030a req-40327fa5-7956-4aa8-ac0b-0c6da25d5fe4 service nova] 10.222.0.24 "POST /compute/v2.1/os-server-external-events" status: 200 len: 183 microversion: 2.1 time: 0.075736
Mar 07 15:57:56.361656 n-d-830010-8 devstack@n-api.service[118379]: [pid: 118379|app: 0|req: 185/351] 10.222.0.24 () {64 vars in 1317 bytes} [Mon Mar 7 15:57:56 2022] POST /compute/v2.1/os-server-external-events => generated 183 bytes in 80 msecs (HTTP/1.1 200) 9 headers in 357 bytes (1 switches on core 0)
Mar 07 15:57:56.400257 n-d-830010-8 devstack@n-api.service[118378]: DEBUG nova.api.openstack.wsgi [None req-9dfc307b-022b-4e3a-acf2-8922cd4d0425 tempest-MigrationsAdminTest-1536745241 tempest-MigrationsAdminTest-1536745241-project] Calling method '>' {{(pid=118378) _process_stack /opt/stack/nova/nova/api/openstack/wsgi.py:513}}
Mar 07 15:57:56.402787 n-d-830010-8 devstack@n-api.service[118378]: DEBUG nova.compute.api [None req-9dfc307b-022b-4e3a-acf2-8922cd4d0425 tempest-MigrationsAdminTest-1536745241 tempest-MigrationsAdminTest-1536745241-project] [instance: 81e7fbee-12eb-4c6f-98df-6c48c3ea0c81] Fetching instance by UUID {{(pid=118378) get /opt/stack/nova/nova/compute/api.py:2918}}
Mar 07 15:57:56.415164 n-d-830010-8 devstack@n-api.service[118378]: DEBUG oslo_concurrency.lockutils [None req-9dfc307b-022b-4e3a-acf2-8922cd4d0425 tempest-MigrationsAdminTest-1536745241 tempest-MigrationsAdminTest-1536745241-project] Lock "0f54550f-3c7e-4ee1-97f5-d05455c2bc69" acquired by "nova.context.set_target_cell..get_or_set_cached_cell_and_set_connections" :: waited 0.000s {{(pid=118378) inner /usr/local/lib/python3.8/dist-packages/oslo_concurrency/lockutils.py:386}}
Mar 07 15:57:56.418198 n-d-830010-8 devstack@n-api.service[118378]: DEBUG oslo_concurrency.lockutils [None req-9dfc307b-022b-4e3a-acf2-8922cd4d0425 tempest-MigrationsAdminTest-1536745241 tempest-MigrationsAdminTest-1536745241-project] Lock "0f54550f-3c7e-4ee1-97f5-d05455c2bc69" "released" by "nova.context.set_target_cell..get_or_set_cached_cell_and_set_connections" :: held 0.003s {{(pid=118378) inner /usr/local/lib/python3.8/dist-packages/oslo_concurrency/lockutils.py:400}}
Mar 07 15:57:56.420020 n-d-830010-8 devstack@n-api.service[118378]: DEBUG oslo_concurrency.lockutils [None req-9dfc307b-022b-4e3a-acf2-8922cd4d0425 tempest-MigrationsAdminTest-1536745241 tempest-MigrationsAdminTest-1536745241-project] Lock "0f54550f-3c7e-4ee1-97f5-d05455c2bc69" acquired by "nova.context.set_target_cell..get_or_set_cached_cell_and_set_connections" :: waited 0.001s {{(pid=118378) inner /usr/local/lib/python3.8/dist-packages/oslo_concurrency/lockutils.py:386}}
Mar 07 15:57:56.420465 n-d-830010-8 devstack@n-api.service[118378]: DEBUG oslo_concurrency.lockutils [None req-9dfc307b-022b-4e3a-acf2-8922cd4d0425 tempest-MigrationsAdminTest-1536745241 tempest-MigrationsAdminTest-1536745241-project] Lock "0f54550f-3c7e-4ee1-97f5-d05455c2bc69" "released" by "nova.context.set_target_cell..get_or_set_cached_cell_and_set_connections" :: held 0.000s {{(pid=118378) inner /usr/local/lib/python3.8/dist-packages/oslo_concurrency/lockutils.py:400}}
Mar 07 15:57:56.590774 n-d-830010-8 devstack@n-api.service[118379]: DEBUG nova.api.openstack.wsgi [None req-a48f9ff3-d0e8-4cbc-bb20-74a7b3269e48 tempest-DeleteServersAdminTestJSON-1765895964 tempest-DeleteServersAdminTestJSON-1765895964-project] Calling method '>' {{(pid=118379) _process_stack /opt/stack/nova/nova/api/openstack/wsgi.py:513}}
Mar 07 15:57:56.592188 n-d-830010-8 devstack@n-api.service[118379]: DEBUG nova.compute.api [None req-a48f9ff3-d0e8-4cbc-bb20-74a7b3269e48 tempest-DeleteServersAdminTestJSON-1765895964 tempest-DeleteServersAdminTestJSON-1765895964-project] [instance: d2359534-055e-4be2-8c5e-b996e291612a] Fetching instance by UUID {{(pid=118379) get /opt/stack/nova/nova/compute/api.py:2918}}
Mar 07 15:57:56.601055 n-d-830010-8 devstack@n-api.service[118379]: DEBUG oslo_concurrency.lockutils [None req-a48f9ff3-d0e8-4cbc-bb20-74a7b3269e48 tempest-DeleteServersAdminTestJSON-1765895964 tempest-DeleteServersAdminTestJSON-1765895964-project] Lock "0f54550f-3c7e-4ee1-97f5-d05455c2bc69" acquired by "nova.context.set_target_cell..get_or_set_cached_cell_and_set_connections" :: waited 0.000s {{(pid=118379) inner /usr/local/lib/python3.8/dist-packages/oslo_concurrency/lockutils.py:386}}
Mar 07 15:57:56.601621 n-d-830010-8 devstack@n-api.service[118379]: DEBUG oslo_concurrency.lockutils [None req-a48f9ff3-d0e8-4cbc-bb20-74a7b3269e48 tempest-DeleteServersAdminTestJSON-1765895964 tempest-DeleteServersAdminTestJSON-1765895964-project] Lock "0f54550f-3c7e-4ee1-97f5-d05455c2bc69" "released" by "nova.context.set_target_cell..get_or_set_cached_cell_and_set_connections" :: held 0.001s {{(pid=118379) inner /usr/local/lib/python3.8/dist-packages/oslo_concurrency/lockutils.py:400}}
Mar 07 15:57:56.603144 n-d-830010-8 devstack@n-api.service[118379]: DEBUG oslo_concurrency.lockutils [None req-a48f9ff3-d0e8-4cbc-bb20-74a7b3269e48 tempest-DeleteServersAdminTestJSON-1765895964 tempest-DeleteServersAdminTestJSON-1765895964-project] Lock "0f54550f-3c7e-4ee1-97f5-d05455c2bc69" acquired by "nova.context.set_target_cell..get_or_set_cached_cell_and_set_connections" :: waited 0.000s {{(pid=118379) inner /usr/local/lib/python3.8/dist-packages/oslo_concurrency/lockutils.py:386}}
Mar 07 15:57:56.603939 n-d-830010-8 devstack@n-api.service[118379]: DEBUG oslo_concurrency.lockutils [None req-a48f9ff3-d0e8-4cbc-bb20-74a7b3269e48 tempest-DeleteServersAdminTestJSON-1765895964 tempest-DeleteServersAdminTestJSON-1765895964-project] Lock "0f54550f-3c7e-4ee1-97f5-d05455c2bc69" "released" by "nova.context.set_target_cell..get_or_set_cached_cell_and_set_connections" :: held 0.001s {{(pid=118379) inner /usr/local/lib/python3.8/dist-packages/oslo_concurrency/lockutils.py:400}}
Mar 07 15:57:56.643171 n-d-830010-8 devstack@n-api.service[118378]: DEBUG nova.policy [None req-9dfc307b-022b-4e3a-acf2-8922cd4d0425 tempest-MigrationsAdminTest-1536745241 tempest-MigrationsAdminTest-1536745241-project] Policy check for os_compute_api:os-extended-server-attributes failed with credentials {'is_admin': False, 'user_id': 'dc1fc2f819ac40ab8de2fba09701458e', 'user_domain_id': 'default', 'system_scope': None, 'domain_id': None, 'project_id': '3165642cfca34437bce67a855d406c8f', 'project_domain_id': 'default', 'roles': ['reader', 'member'], 'is_admin_project': True, 'service_user_id': None, 'service_user_domain_id': None, 'service_project_id': None, 'service_project_domain_id': None, 'service_roles': []} {{(pid=118378) authorize /opt/stack/nova/nova/policy.py:199}}
Mar 07 15:57:56.651223 n-d-830010-8 devstack@n-api.service[118378]: INFO nova.api.openstack.requestlog [None req-9dfc307b-022b-4e3a-acf2-8922cd4d0425 tempest-MigrationsAdminTest-1536745241 tempest-MigrationsAdminTest-1536745241-project] 10.222.0.24 "GET /compute/v2.1/servers/81e7fbee-12eb-4c6f-98df-6c48c3ea0c81" status: 200 len: 1477 microversion: 2.1 time: 0.254956
Mar 07 15:57:56.659847 n-d-830010-8 devstack@n-api.service[118379]: DEBUG oslo_concurrency.lockutils [None req-a48f9ff3-d0e8-4cbc-bb20-74a7b3269e48 tempest-DeleteServersAdminTestJSON-1765895964 tempest-DeleteServersAdminTestJSON-1765895964-project] Lock "0f54550f-3c7e-4ee1-97f5-d05455c2bc69" acquired by "nova.context.set_target_cell..get_or_set_cached_cell_and_set_connections" :: waited 0.000s {{(pid=118379) inner /usr/local/lib/python3.8/dist-packages/oslo_concurrency/lockutils.py:386}}
Mar 07 15:57:56.662227 n-d-830010-8 devstack@n-api.service[118379]: DEBUG oslo_concurrency.lockutils [None req-a48f9ff3-d0e8-4cbc-bb20-74a7b3269e48 tempest-DeleteServersAdminTestJSON-1765895964 tempest-DeleteServersAdminTestJSON-1765895964-project] Lock "0f54550f-3c7e-4ee1-97f5-d05455c2bc69" "released" by "nova.context.set_target_cell..get_or_set_cached_cell_and_set_connections" :: held 0.003s {{(pid=118379) inner /usr/local/lib/python3.8/dist-packages/oslo_concurrency/lockutils.py:400}}
Mar 07 15:57:56.663297 n-d-830010-8 devstack@n-api.service[118379]: DEBUG nova.objects.instance [None req-a48f9ff3-d0e8-4cbc-bb20-74a7b3269e48 tempest-DeleteServersAdminTestJSON-1765895964 tempest-DeleteServersAdminTestJSON-1765895964-project] Lazy-loading 'fault' on Instance uuid d2359534-055e-4be2-8c5e-b996e291612a {{(pid=118379) obj_load_attr /opt/stack/nova/nova/objects/instance.py:1099}}
Mar 07 15:57:56.664596 n-d-830010-8 devstack@n-api.service[118378]: [pid: 118378|app: 0|req: 167/352] 10.222.0.24 () {58 vars in 1235 bytes} [Mon Mar 7 15:57:56 2022] GET /compute/v2.1/servers/81e7fbee-12eb-4c6f-98df-6c48c3ea0c81 => generated 1477 bytes in 269 msecs (HTTP/1.1 200) 9 headers in 358 bytes (1 switches on core 0)
Mar 07 15:57:56.744530 n-d-830010-8 devstack@n-api.service[118379]: DEBUG nova.policy [None req-a48f9ff3-d0e8-4cbc-bb20-74a7b3269e48 tempest-DeleteServersAdminTestJSON-1765895964 tempest-DeleteServersAdminTestJSON-1765895964-project] Policy check for os_compute_api:os-extended-server-attributes failed with credentials {'is_admin': False, 'user_id': '3a1a06bafe6d415cb221fef9ea1dd949', 'user_domain_id': 'default', 'system_scope': None, 'domain_id': None, 'project_id': '2ea986cec49c4638bdc7b4f8e7863902', 'project_domain_id': 'default', 'roles': ['reader', 'member'], 'is_admin_project': True, 'service_user_id': None, 'service_user_domain_id': None, 'service_project_id': None, 'service_project_domain_id': None, 'service_roles': []} {{(pid=118379) authorize /opt/stack/nova/nova/policy.py:199}}
Mar 07 15:57:56.760002 n-d-830010-8 devstack@n-api.service[118379]: INFO nova.api.openstack.requestlog [None req-a48f9ff3-d0e8-4cbc-bb20-74a7b3269e48 tempest-DeleteServersAdminTestJSON-1765895964 tempest-DeleteServersAdminTestJSON-1765895964-project] 10.222.0.24 "GET /compute/v2.1/servers/d2359534-055e-4be2-8c5e-b996e291612a" status: 200 len: 1309 microversion: 2.1 time: 0.177298
Mar 07 15:57:56.761363 n-d-830010-8 devstack@n-api.service[118379]: [pid: 118379|app: 0|req: 186/353] 10.222.0.24 () {58 vars in 1235 bytes} [Mon Mar 7 15:57:56 2022] GET /compute/v2.1/servers/d2359534-055e-4be2-8c5e-b996e291612a => generated 1309 bytes in 180 msecs (HTTP/1.1 200) 9 headers in 358 bytes (1 switches on core 0)
Mar 07 15:57:56.940703 n-d-830010-8 devstack@n-api.service[118378]: DEBUG nova.api.openstack.wsgi [None req-f80ed054-7371-4e3c-91b3-66ff2a667edc tempest-LiveMigrationTest-2120900827 tempest-LiveMigrationTest-2120900827-project] Calling method '>' {{(pid=118378) _process_stack /opt/stack/nova/nova/api/openstack/wsgi.py:513}}
Mar 07 15:57:56.941548 n-d-830010-8 devstack@n-api.service[118378]: DEBUG nova.compute.api [None req-f80ed054-7371-4e3c-91b3-66ff2a667edc tempest-LiveMigrationTest-2120900827 tempest-LiveMigrationTest-2120900827-project] [instance: d264459d-7d2b-40ff-8aff-243c0b7c0adc] Fetching instance by UUID {{(pid=118378) get /opt/stack/nova/nova/compute/api.py:2918}}
Mar 07 15:57:56.952712 n-d-830010-8 devstack@n-api.service[118378]: DEBUG oslo_concurrency.lockutils [None req-f80ed054-7371-4e3c-91b3-66ff2a667edc tempest-LiveMigrationTest-2120900827 tempest-LiveMigrationTest-2120900827-project] Lock "0f54550f-3c7e-4ee1-97f5-d05455c2bc69" acquired by "nova.context.set_target_cell..get_or_set_cached_cell_and_set_connections" :: waited 0.000s {{(pid=118378) inner /usr/local/lib/python3.8/dist-packages/oslo_concurrency/lockutils.py:386}}
Mar 07 15:57:56.953467 n-d-830010-8 devstack@n-api.service[118378]: DEBUG oslo_concurrency.lockutils [None req-f80ed054-7371-4e3c-91b3-66ff2a667edc tempest-LiveMigrationTest-2120900827 tempest-LiveMigrationTest-2120900827-project] Lock "0f54550f-3c7e-4ee1-97f5-d05455c2bc69" "released" by "nova.context.set_target_cell..get_or_set_cached_cell_and_set_connections" :: held 0.001s {{(pid=118378) inner /usr/local/lib/python3.8/dist-packages/oslo_concurrency/lockutils.py:400}}
Mar 07 15:57:56.957038 n-d-830010-8 devstack@n-api.service[118378]: DEBUG oslo_concurrency.lockutils [None req-f80ed054-7371-4e3c-91b3-66ff2a667edc tempest-LiveMigrationTest-2120900827 tempest-LiveMigrationTest-2120900827-project] Lock "0f54550f-3c7e-4ee1-97f5-d05455c2bc69" acquired by "nova.context.set_target_cell..get_or_set_cached_cell_and_set_connections" :: waited 0.000s {{(pid=118378) inner /usr/local/lib/python3.8/dist-packages/oslo_concurrency/lockutils.py:386}}
Mar 07 15:57:56.957713 n-d-830010-8 devstack@n-api.service[118378]: DEBUG oslo_concurrency.lockutils [None req-f80ed054-7371-4e3c-91b3-66ff2a667edc tempest-LiveMigrationTest-2120900827 tempest-LiveMigrationTest-2120900827-project] Lock "0f54550f-3c7e-4ee1-97f5-d05455c2bc69" "released" by "nova.context.set_target_cell..get_or_set_cached_cell_and_set_connections" :: held 0.001s {{(pid=118378) inner /usr/local/lib/python3.8/dist-packages/oslo_concurrency/lockutils.py:400}}
Mar 07 15:57:57.009065 n-d-830010-8 devstack@n-api.service[118379]: DEBUG nova.api.openstack.wsgi [None req-32261af6-42c1-41cf-a919-dc263bf6d20a tempest-ServersAdminNegativeTestJSON-2056214749 tempest-ServersAdminNegativeTestJSON-2056214749-project] Calling method '>' {{(pid=118379) _process_stack /opt/stack/nova/nova/api/openstack/wsgi.py:513}}
Mar 07 15:57:57.010293 n-d-830010-8 devstack@n-api.service[118379]: DEBUG nova.compute.api [None req-32261af6-42c1-41cf-a919-dc263bf6d20a tempest-ServersAdminNegativeTestJSON-2056214749 tempest-ServersAdminNegativeTestJSON-2056214749-project] [instance: 8d219774-f6c3-4e14-83aa-9e8f41e9dea2] Fetching instance by UUID {{(pid=118379) get /opt/stack/nova/nova/compute/api.py:2918}}
Mar 07 15:57:57.025424 n-d-830010-8 devstack@n-api.service[118379]: DEBUG oslo_concurrency.lockutils [None req-32261af6-42c1-41cf-a919-dc263bf6d20a tempest-ServersAdminNegativeTestJSON-2056214749 tempest-ServersAdminNegativeTestJSON-2056214749-project] Lock "0f54550f-3c7e-4ee1-97f5-d05455c2bc69" acquired by "nova.context.set_target_cell..get_or_set_cached_cell_and_set_connections" :: waited 0.000s {{(pid=118379) inner /usr/local/lib/python3.8/dist-packages/oslo_concurrency/lockutils.py:386}}
Mar 07 15:57:57.029389 n-d-830010-8 devstack@n-api.service[118379]: DEBUG oslo_concurrency.lockutils [None req-32261af6-42c1-41cf-a919-dc263bf6d20a tempest-ServersAdminNegativeTestJSON-2056214749 tempest-ServersAdminNegativeTestJSON-2056214749-project] Lock "0f54550f-3c7e-4ee1-97f5-d05455c2bc69" "released" by "nova.context.set_target_cell..get_or_set_cached_cell_and_set_connections" :: held 0.004s {{(pid=118379) inner /usr/local/lib/python3.8/dist-packages/oslo_concurrency/lockutils.py:400}}
Mar 07 15:57:57.031973 n-d-830010-8 devstack@n-api.service[118379]: DEBUG oslo_concurrency.lockutils [None req-32261af6-42c1-41cf-a919-dc263bf6d20a tempest-ServersAdminNegativeTestJSON-2056214749 tempest-ServersAdminNegativeTestJSON-2056214749-project] Lock "0f54550f-3c7e-4ee1-97f5-d05455c2bc69" acquired by "nova.context.set_target_cell..get_or_set_cached_cell_and_set_connections" :: waited 0.000s {{(pid=118379) inner /usr/local/lib/python3.8/dist-packages/oslo_concurrency/lockutils.py:386}}
Mar 07 15:57:57.032507 n-d-830010-8 devstack@n-api.service[118379]: DEBUG oslo_concurrency.lockutils [None req-32261af6-42c1-41cf-a919-dc263bf6d20a tempest-ServersAdminNegativeTestJSON-2056214749 tempest-ServersAdminNegativeTestJSON-2056214749-project] Lock "0f54550f-3c7e-4ee1-97f5-d05455c2bc69" "released" by "nova.context.set_target_cell..get_or_set_cached_cell_and_set_connections" :: held 0.000s {{(pid=118379) inner /usr/local/lib/python3.8/dist-packages/oslo_concurrency/lockutils.py:400}}
Mar 07 15:57:57.142196 n-d-830010-8 devstack@n-api.service[118379]: DEBUG nova.policy [None req-32261af6-42c1-41cf-a919-dc263bf6d20a tempest-ServersAdminNegativeTestJSON-2056214749 tempest-ServersAdminNegativeTestJSON-2056214749-project] Policy check for os_compute_api:os-extended-server-attributes failed with credentials {'is_admin': False, 'user_id': 'd9feab39093f46fa84bda059d7b022dd', 'user_domain_id': 'default', 'system_scope': None, 'domain_id': None, 'project_id': 'c5a126b7bc164437b75c991cbf515062', 'project_domain_id': 'default', 'roles': ['reader', 'member'], 'is_admin_project': True, 'service_user_id': None, 'service_user_domain_id': None, 'service_project_id': None, 'service_project_domain_id': None, 'service_roles': []} {{(pid=118379) authorize /opt/stack/nova/nova/policy.py:199}}
Mar 07 15:57:57.152546 n-d-830010-8 devstack@n-api.service[118379]: INFO nova.api.openstack.requestlog [None req-32261af6-42c1-41cf-a919-dc263bf6d20a tempest-ServersAdminNegativeTestJSON-2056214749 tempest-ServersAdminNegativeTestJSON-2056214749-project] 10.222.0.24 "GET /compute/v2.1/servers/8d219774-f6c3-4e14-83aa-9e8f41e9dea2" status: 200 len: 1280 microversion: 2.1 time: 0.148654
Mar 07 15:57:57.153557 n-d-830010-8 devstack@n-api.service[118379]: [pid: 118379|app: 0|req: 187/354] 10.222.0.24 () {58 vars in 1235 bytes} [Mon Mar 7 15:57:57 2022] GET /compute/v2.1/servers/8d219774-f6c3-4e14-83aa-9e8f41e9dea2 => generated 1280 bytes in 151 msecs (HTTP/1.1 200) 9 headers in 358 bytes (2 switches on core 0)
Mar 07 15:57:57.327846 n-d-830010-8 devstack@n-api.service[118378]: DEBUG nova.policy [None req-f80ed054-7371-4e3c-91b3-66ff2a667edc tempest-LiveMigrationTest-2120900827 tempest-LiveMigrationTest-2120900827-project] Policy check for os_compute_api:os-extended-server-attributes failed with credentials {'is_admin': False, 'user_id': '22b4145f9cdd454a9175152e610e8dcf', 'user_domain_id': 'default', 'system_scope': None, 'domain_id': None, 'project_id': 'cb36658e777d4c14a575b1f3ef77e706', 'project_domain_id': 'default', 'roles': ['reader', 'member'], 'is_admin_project': True, 'service_user_id': None, 'service_user_domain_id': None, 'service_project_id': None, 'service_project_domain_id': None, 'service_roles': []} {{(pid=118378) authorize /opt/stack/nova/nova/policy.py:199}}
Mar 07 15:57:57.338578 n-d-830010-8 devstack@n-api.service[118378]: INFO nova.api.openstack.requestlog [None req-f80ed054-7371-4e3c-91b3-66ff2a667edc tempest-LiveMigrationTest-2120900827 tempest-LiveMigrationTest-2120900827-project] 10.222.0.24 "GET /compute/v2.1/servers/d264459d-7d2b-40ff-8aff-243c0b7c0adc" status: 200 len: 1503 microversion: 2.1 time: 0.402517
Mar 07 15:57:57.339496 n-d-830010-8 devstack@n-api.service[118378]: [pid: 118378|app: 0|req: 168/355] 10.222.0.24 () {58 vars in 1235 bytes} [Mon Mar 7 15:57:56 2022] GET /compute/v2.1/servers/d264459d-7d2b-40ff-8aff-243c0b7c0adc => generated 1503 bytes in 404 msecs (HTTP/1.1 200) 9 headers in 358 bytes (1 switches on core 0)
Mar 07 15:57:57.532715 n-d-830010-8 devstack@n-api.service[118379]: DEBUG nova.api.openstack.wsgi [req-911c1e8b-db19-452d-bf8f-61c08e9593d4 req-6d4621cc-a611-4435-88a2-e891a985524d service nova] Action: 'create', calling method: >, body: {"events": [{"name": "network-changed", "server_uuid": "d264459d-7d2b-40ff-8aff-243c0b7c0adc", "tag": "d08939ec-d7c6-4c25-b0ed-3acdc681f8f1"}]} {{(pid=118379) _process_stack /opt/stack/nova/nova/api/openstack/wsgi.py:511}}
Mar 07 15:57:57.545076 n-d-830010-8 devstack@n-api.service[118379]: DEBUG oslo_concurrency.lockutils [req-911c1e8b-db19-452d-bf8f-61c08e9593d4 req-6d4621cc-a611-4435-88a2-e891a985524d service nova] Lock "0f54550f-3c7e-4ee1-97f5-d05455c2bc69" acquired by "nova.context.set_target_cell..get_or_set_cached_cell_and_set_connections" :: waited 0.000s {{(pid=118379) inner /usr/local/lib/python3.8/dist-packages/oslo_concurrency/lockutils.py:386}}
Mar 07 15:57:57.545529 n-d-830010-8 devstack@n-api.service[118379]: DEBUG oslo_concurrency.lockutils [req-911c1e8b-db19-452d-bf8f-61c08e9593d4 req-6d4621cc-a611-4435-88a2-e891a985524d service nova] Lock "0f54550f-3c7e-4ee1-97f5-d05455c2bc69" "released" by "nova.context.set_target_cell..get_or_set_cached_cell_and_set_connections" :: held 0.001s {{(pid=118379) inner /usr/local/lib/python3.8/dist-packages/oslo_concurrency/lockutils.py:400}}
Mar 07 15:57:57.561032 n-d-830010-8 devstack@n-api.service[118379]: INFO nova.api.openstack.compute.server_external_events [req-911c1e8b-db19-452d-bf8f-61c08e9593d4 req-6d4621cc-a611-4435-88a2-e891a985524d service nova] Creating event network-changed:d08939ec-d7c6-4c25-b0ed-3acdc681f8f1 for instance d264459d-7d2b-40ff-8aff-243c0b7c0adc on n-h1-830010-8
Mar 07 15:57:57.571878 n-d-830010-8 devstack@n-api.service[118379]: INFO nova.api.openstack.requestlog [req-911c1e8b-db19-452d-bf8f-61c08e9593d4 req-6d4621cc-a611-4435-88a2-e891a985524d service nova] 10.222.0.24 "POST /compute/v2.1/os-server-external-events" status: 200 len: 179 microversion: 2.1 time: 0.042567
Mar 07 15:57:57.575110 n-d-830010-8 devstack@n-api.service[118379]: [pid: 118379|app: 0|req: 188/356] 10.222.0.24 () {64 vars in 1317 bytes} [Mon Mar 7 15:57:57 2022] POST /compute/v2.1/os-server-external-events => generated 179 bytes in 47 msecs (HTTP/1.1 200) 9 headers in 357 bytes (1 switches on core 0)
Mar 07 15:57:57.671857 n-d-830010-8 devstack@n-api.service[118378]: DEBUG nova.api.openstack.wsgi [None req-aaeaafc9-7900-4537-8603-aaf71a950e76 tempest-MigrationsAdminTest-1536745241 tempest-MigrationsAdminTest-1536745241-project] Calling method '>' {{(pid=118378) _process_stack /opt/stack/nova/nova/api/openstack/wsgi.py:513}}
Mar 07 15:57:57.672472 n-d-830010-8 devstack@n-api.service[118378]: DEBUG nova.compute.api [None req-aaeaafc9-7900-4537-8603-aaf71a950e76 tempest-MigrationsAdminTest-1536745241 tempest-MigrationsAdminTest-1536745241-project] [instance: 81e7fbee-12eb-4c6f-98df-6c48c3ea0c81] Fetching instance by UUID {{(pid=118378) get /opt/stack/nova/nova/compute/api.py:2918}}
Mar 07 15:57:57.690457 n-d-830010-8 devstack@n-api.service[118378]: DEBUG oslo_concurrency.lockutils [None req-aaeaafc9-7900-4537-8603-aaf71a950e76 tempest-MigrationsAdminTest-1536745241 tempest-MigrationsAdminTest-1536745241-project] Lock "0f54550f-3c7e-4ee1-97f5-d05455c2bc69" acquired by "nova.context.set_target_cell..get_or_set_cached_cell_and_set_connections" :: waited 0.000s {{(pid=118378) inner /usr/local/lib/python3.8/dist-packages/oslo_concurrency/lockutils.py:386}}
Mar 07 15:57:57.696674 n-d-830010-8 devstack@n-api.service[118378]: DEBUG oslo_concurrency.lockutils [None req-aaeaafc9-7900-4537-8603-aaf71a950e76 tempest-MigrationsAdminTest-1536745241 tempest-MigrationsAdminTest-1536745241-project] Lock "0f54550f-3c7e-4ee1-97f5-d05455c2bc69" "released" by "nova.context.set_target_cell..get_or_set_cached_cell_and_set_connections" :: held 0.006s {{(pid=118378) inner /usr/local/lib/python3.8/dist-packages/oslo_concurrency/lockutils.py:400}}
Mar 07 15:57:57.697856 n-d-830010-8 devstack@n-api.service[118378]: DEBUG oslo_concurrency.lockutils [None req-aaeaafc9-7900-4537-8603-aaf71a950e76 tempest-MigrationsAdminTest-1536745241 tempest-MigrationsAdminTest-1536745241-project] Lock "0f54550f-3c7e-4ee1-97f5-d05455c2bc69" acquired by "nova.context.set_target_cell..get_or_set_cached_cell_and_set_connections" :: waited 0.000s {{(pid=118378) inner /usr/local/lib/python3.8/dist-packages/oslo_concurrency/lockutils.py:386}}
Mar 07 15:57:57.698487 n-d-830010-8 devstack@n-api.service[118378]: DEBUG oslo_concurrency.lockutils [None req-aaeaafc9-7900-4537-8603-aaf71a950e76 tempest-MigrationsAdminTest-1536745241 tempest-MigrationsAdminTest-1536745241-project] Lock "0f54550f-3c7e-4ee1-97f5-d05455c2bc69" "released" by "nova.context.set_target_cell..get_or_set_cached_cell_and_set_connections" :: held 0.001s {{(pid=118378) inner /usr/local/lib/python3.8/dist-packages/oslo_concurrency/lockutils.py:400}}
Mar 07 15:57:57.779648 n-d-830010-8 devstack@n-api.service[118379]: DEBUG nova.api.openstack.wsgi [None req-53b802b4-bbc1-43d5-a594-a5888a4ca6a6 tempest-DeleteServersAdminTestJSON-1765895964 tempest-DeleteServersAdminTestJSON-1765895964-project] Calling method '>' {{(pid=118379) _process_stack /opt/stack/nova/nova/api/openstack/wsgi.py:513}}
Mar 07 15:57:57.780684 n-d-830010-8 devstack@n-api.service[118379]: DEBUG nova.compute.api [None req-53b802b4-bbc1-43d5-a594-a5888a4ca6a6 tempest-DeleteServersAdminTestJSON-1765895964 tempest-DeleteServersAdminTestJSON-1765895964-project] [instance: d2359534-055e-4be2-8c5e-b996e291612a] Fetching instance by UUID {{(pid=118379) get /opt/stack/nova/nova/compute/api.py:2918}}
Mar 07 15:57:57.792139 n-d-830010-8 devstack@n-api.service[118379]: DEBUG oslo_concurrency.lockutils [None req-53b802b4-bbc1-43d5-a594-a5888a4ca6a6 tempest-DeleteServersAdminTestJSON-1765895964 tempest-DeleteServersAdminTestJSON-1765895964-project] Lock "0f54550f-3c7e-4ee1-97f5-d05455c2bc69" acquired by "nova.context.set_target_cell..get_or_set_cached_cell_and_set_connections" :: waited 0.000s {{(pid=118379) inner /usr/local/lib/python3.8/dist-packages/oslo_concurrency/lockutils.py:386}}
Mar 07 15:57:57.792963 n-d-830010-8 devstack@n-api.service[118379]: DEBUG oslo_concurrency.lockutils [None req-53b802b4-bbc1-43d5-a594-a5888a4ca6a6 tempest-DeleteServersAdminTestJSON-1765895964 tempest-DeleteServersAdminTestJSON-1765895964-project] Lock "0f54550f-3c7e-4ee1-97f5-d05455c2bc69" "released" by "nova.context.set_target_cell..get_or_set_cached_cell_and_set_connections" :: held 0.001s {{(pid=118379) inner /usr/local/lib/python3.8/dist-packages/oslo_concurrency/lockutils.py:400}}
Mar 07 15:57:57.793995 n-d-830010-8 devstack@n-api.service[118379]: DEBUG oslo_concurrency.lockutils [None req-53b802b4-bbc1-43d5-a594-a5888a4ca6a6 tempest-DeleteServersAdminTestJSON-1765895964 tempest-DeleteServersAdminTestJSON-1765895964-project] Lock "0f54550f-3c7e-4ee1-97f5-d05455c2bc69" acquired by "nova.context.set_target_cell..get_or_set_cached_cell_and_set_connections" :: waited 0.000s {{(pid=118379) inner /usr/local/lib/python3.8/dist-packages/oslo_concurrency/lockutils.py:386}}
Mar 07 15:57:57.794643 n-d-830010-8 devstack@n-api.service[118379]: DEBUG oslo_concurrency.lockutils [None req-53b802b4-bbc1-43d5-a594-a5888a4ca6a6 tempest-DeleteServersAdminTestJSON-1765895964 tempest-DeleteServersAdminTestJSON-1765895964-project] Lock "0f54550f-3c7e-4ee1-97f5-d05455c2bc69" "released" by "nova.context.set_target_cell..get_or_set_cached_cell_and_set_connections" :: held 0.001s {{(pid=118379) inner /usr/local/lib/python3.8/dist-packages/oslo_concurrency/lockutils.py:400}}
Mar 07 15:57:57.814196 n-d-830010-8 devstack@n-api.service[118379]: INFO nova.api.openstack.wsgi [None req-53b802b4-bbc1-43d5-a594-a5888a4ca6a6 tempest-DeleteServersAdminTestJSON-1765895964 tempest-DeleteServersAdminTestJSON-1765895964-project] HTTP exception thrown: Instance d2359534-055e-4be2-8c5e-b996e291612a could not be found.
Mar 07 15:57:57.815205 n-d-830010-8 devstack@n-api.service[118379]: DEBUG nova.api.openstack.wsgi [None req-53b802b4-bbc1-43d5-a594-a5888a4ca6a6 tempest-DeleteServersAdminTestJSON-1765895964 tempest-DeleteServersAdminTestJSON-1765895964-project] Returning 404 to user: Instance d2359534-055e-4be2-8c5e-b996e291612a could not be found. {{(pid=118379) __call__ /opt/stack/nova/nova/api/openstack/wsgi.py:936}}
Mar 07 15:57:57.821400 n-d-830010-8 devstack@n-api.service[118379]: INFO nova.api.openstack.requestlog [None req-53b802b4-bbc1-43d5-a594-a5888a4ca6a6 tempest-DeleteServersAdminTestJSON-1765895964 tempest-DeleteServersAdminTestJSON-1765895964-project] 10.222.0.24 "GET /compute/v2.1/servers/d2359534-055e-4be2-8c5e-b996e291612a" status: 404 len: 111 microversion: 2.1 time: 0.046837
Mar 07 15:57:57.823088 n-d-830010-8 devstack@n-api.service[118379]: [pid: 118379|app: 0|req: 189/357] 10.222.0.24 () {58 vars in 1235 bytes} [Mon Mar 7 15:57:57 2022] GET /compute/v2.1/servers/d2359534-055e-4be2-8c5e-b996e291612a => generated 111 bytes in 50 msecs (HTTP/1.1 404) 9 headers in 379 bytes (1 switches on core 0)
Mar 07 15:57:57.852331 n-d-830010-8 devstack@n-api.service[118379]: DEBUG nova.api.openstack.wsgi [None req-b8169c6c-b42e-4a65-9d85-8b31c67b67f7 tempest-DeleteServersAdminTestJSON-1765895964 tempest-DeleteServersAdminTestJSON-1765895964-project] Calling method '>' {{(pid=118379) _process_stack /opt/stack/nova/nova/api/openstack/wsgi.py:513}}
Mar 07 15:57:57.860389 n-d-830010-8 devstack@n-api.service[118379]: DEBUG nova.compute.api [None req-b8169c6c-b42e-4a65-9d85-8b31c67b67f7 tempest-DeleteServersAdminTestJSON-1765895964 tempest-DeleteServersAdminTestJSON-1765895964-project] [instance: d2359534-055e-4be2-8c5e-b996e291612a] Fetching instance by UUID {{(pid=118379) get /opt/stack/nova/nova/compute/api.py:2918}}
Mar 07 15:57:57.871716 n-d-830010-8 devstack@n-api.service[118379]: DEBUG oslo_concurrency.lockutils [None req-b8169c6c-b42e-4a65-9d85-8b31c67b67f7 tempest-DeleteServersAdminTestJSON-1765895964 tempest-DeleteServersAdminTestJSON-1765895964-project] Lock "0f54550f-3c7e-4ee1-97f5-d05455c2bc69" acquired by "nova.context.set_target_cell..get_or_set_cached_cell_and_set_connections" :: waited 0.000s {{(pid=118379) inner /usr/local/lib/python3.8/dist-packages/oslo_concurrency/lockutils.py:386}}
Mar 07 15:57:57.872588 n-d-830010-8 devstack@n-api.service[118379]: DEBUG oslo_concurrency.lockutils [None req-b8169c6c-b42e-4a65-9d85-8b31c67b67f7 tempest-DeleteServersAdminTestJSON-1765895964 tempest-DeleteServersAdminTestJSON-1765895964-project] Lock "0f54550f-3c7e-4ee1-97f5-d05455c2bc69" "released" by "nova.context.set_target_cell..get_or_set_cached_cell_and_set_connections" :: held 0.002s {{(pid=118379) inner /usr/local/lib/python3.8/dist-packages/oslo_concurrency/lockutils.py:400}}
Mar 07 15:57:57.873591 n-d-830010-8 devstack@n-api.service[118379]: DEBUG oslo_concurrency.lockutils [None req-b8169c6c-b42e-4a65-9d85-8b31c67b67f7 tempest-DeleteServersAdminTestJSON-1765895964 tempest-DeleteServersAdminTestJSON-1765895964-project] Lock "0f54550f-3c7e-4ee1-97f5-d05455c2bc69" acquired by "nova.context.set_target_cell..get_or_set_cached_cell_and_set_connections" :: waited 0.000s {{(pid=118379) inner /usr/local/lib/python3.8/dist-packages/oslo_concurrency/lockutils.py:386}}
Mar 07 15:57:57.874373 n-d-830010-8 devstack@n-api.service[118379]: DEBUG oslo_concurrency.lockutils [None req-b8169c6c-b42e-4a65-9d85-8b31c67b67f7 tempest-DeleteServersAdminTestJSON-1765895964 tempest-DeleteServersAdminTestJSON-1765895964-project] Lock "0f54550f-3c7e-4ee1-97f5-d05455c2bc69" "released" by "nova.context.set_target_cell..get_or_set_cached_cell_and_set_connections" :: held 0.001s {{(pid=118379) inner /usr/local/lib/python3.8/dist-packages/oslo_concurrency/lockutils.py:400}}
Mar 07 15:57:57.892501 n-d-830010-8 devstack@n-api.service[118379]: INFO nova.api.openstack.wsgi [None req-b8169c6c-b42e-4a65-9d85-8b31c67b67f7 tempest-DeleteServersAdminTestJSON-1765895964 tempest-DeleteServersAdminTestJSON-1765895964-project] HTTP exception thrown: Instance d2359534-055e-4be2-8c5e-b996e291612a could not be found.
