Feb 20 09:01:47.769449 n-d-830010-2 devstack@placement-api.service[110532]: DEBUG placement.objects.research_context [req-9182e220-eb5b-484b-b206-df96ddb8042e req-8a120a66-b38e-43f7-9546-3e218bdef06f service placement] getting providers with 1024 MEMORY_MB {{(pid=110532) __init__ /opt/stack/placement/placement/objects/research_context.py:126}}
Feb 20 09:01:47.769883 n-d-830010-2 devstack@placement-api.service[110531]: DEBUG placement.objects.research_context [req-a2c8febb-0afc-44a4-9c5f-89b1764ef020 req-f10b4ff0-3588-4bb6-a590-b3c914ad8e48 service placement] getting providers with 1024 MEMORY_MB {{(pid=110531) __init__ /opt/stack/placement/placement/objects/research_context.py:126}}
Feb 20 09:01:47.787897 n-d-830010-2 devstack@placement-api.service[110531]: DEBUG placement.objects.research_context [req-a2c8febb-0afc-44a4-9c5f-89b1764ef020 req-f10b4ff0-3588-4bb6-a590-b3c914ad8e48 service placement] getting providers with 1 VCPU {{(pid=110531) __init__ /opt/stack/placement/placement/objects/research_context.py:126}}
Feb 20 09:01:47.790760 n-d-830010-2 devstack@placement-api.service[110532]: DEBUG placement.objects.research_context [req-9182e220-eb5b-484b-b206-df96ddb8042e req-8a120a66-b38e-43f7-9546-3e218bdef06f service placement] getting providers with 1 VCPU {{(pid=110532) __init__ /opt/stack/placement/placement/objects/research_context.py:126}}
Feb 20 09:01:47.819607 n-d-830010-2 devstack@placement-api.service[110531]: DEBUG placement.objects.research_context [req-a2c8febb-0afc-44a4-9c5f-89b1764ef020 req-f10b4ff0-3588-4bb6-a590-b3c914ad8e48 service placement] found 2 providers with available 1 DISK_GB {{(pid=110531) get_provider_ids_matching /opt/stack/placement/placement/objects/research_context.py:549}}
Feb 20 09:01:47.819963 n-d-830010-2 devstack@placement-api.service[110531]: DEBUG placement.objects.research_context [req-a2c8febb-0afc-44a4-9c5f-89b1764ef020 req-f10b4ff0-3588-4bb6-a590-b3c914ad8e48 service placement] found 2 providers with available 1024 MEMORY_MB {{(pid=110531) get_provider_ids_matching /opt/stack/placement/placement/objects/research_context.py:549}}
Feb 20 09:01:47.820288 n-d-830010-2 devstack@placement-api.service[110531]: DEBUG placement.objects.research_context [req-a2c8febb-0afc-44a4-9c5f-89b1764ef020 req-f10b4ff0-3588-4bb6-a590-b3c914ad8e48 service placement] found 2 providers after filtering by previous result {{(pid=110531) get_provider_ids_matching /opt/stack/placement/placement/objects/research_context.py:580}}
Feb 20 09:01:47.820549 n-d-830010-2 devstack@placement-api.service[110531]: DEBUG placement.objects.research_context [req-a2c8febb-0afc-44a4-9c5f-89b1764ef020 req-f10b4ff0-3588-4bb6-a590-b3c914ad8e48 service placement] found 2 providers with available 1 VCPU {{(pid=110531) get_provider_ids_matching /opt/stack/placement/placement/objects/research_context.py:549}}
Feb 20 09:01:47.820851 n-d-830010-2 devstack@placement-api.service[110531]: DEBUG placement.objects.research_context [req-a2c8febb-0afc-44a4-9c5f-89b1764ef020 req-f10b4ff0-3588-4bb6-a590-b3c914ad8e48 service placement] found 2 providers after filtering by previous result {{(pid=110531) get_provider_ids_matching /opt/stack/placement/placement/objects/research_context.py:580}}
Feb 20 09:01:47.824922 n-d-830010-2 devstack@placement-api.service[110532]: DEBUG placement.objects.research_context [req-9182e220-eb5b-484b-b206-df96ddb8042e req-8a120a66-b38e-43f7-9546-3e218bdef06f service placement] found 2 providers with available 1 DISK_GB {{(pid=110532) get_provider_ids_matching /opt/stack/placement/placement/objects/research_context.py:549}}
Feb 20 09:01:47.825421 n-d-830010-2 devstack@placement-api.service[110532]: DEBUG placement.objects.research_context [req-9182e220-eb5b-484b-b206-df96ddb8042e req-8a120a66-b38e-43f7-9546-3e218bdef06f service placement] found 2 providers with available 1024 MEMORY_MB {{(pid=110532) get_provider_ids_matching /opt/stack/placement/placement/objects/research_context.py:549}}
Feb 20 09:01:47.825923 n-d-830010-2 devstack@placement-api.service[110532]: DEBUG placement.objects.research_context [req-9182e220-eb5b-484b-b206-df96ddb8042e req-8a120a66-b38e-43f7-9546-3e218bdef06f service placement] found 2 providers after filtering by previous result {{(pid=110532) get_provider_ids_matching /opt/stack/placement/placement/objects/research_context.py:580}}
Feb 20 09:01:47.826398 n-d-830010-2 devstack@placement-api.service[110532]: DEBUG placement.objects.research_context [req-9182e220-eb5b-484b-b206-df96ddb8042e req-8a120a66-b38e-43f7-9546-3e218bdef06f service placement] found 2 providers with available 1 VCPU {{(pid=110532) get_provider_ids_matching /opt/stack/placement/placement/objects/research_context.py:549}}
Feb 20 09:01:47.826877 n-d-830010-2 devstack@placement-api.service[110532]: DEBUG placement.objects.research_context [req-9182e220-eb5b-484b-b206-df96ddb8042e req-8a120a66-b38e-43f7-9546-3e218bdef06f service placement] found 2 providers after filtering by previous result {{(pid=110532) get_provider_ids_matching /opt/stack/placement/placement/objects/research_context.py:580}}
Feb 20 09:01:47.869420 n-d-830010-2 devstack@placement-api.service[110531]: DEBUG placement.objects.allocation_candidate [req-a2c8febb-0afc-44a4-9c5f-89b1764ef020 req-f10b4ff0-3588-4bb6-a590-b3c914ad8e48 service placement] RequestGroup(use_same_provider=False, resources={DISK_GB:1, MEMORY_MB:1024, VCPU:1}, traits=[], aggregates=[]) (suffix '') returned 2 matches {{(pid=110531) _get_by_requests /opt/stack/placement/placement/objects/allocation_candidate.py:145}}
Feb 20 09:01:47.869420 n-d-830010-2 devstack@placement-api.service[110531]: DEBUG placement.objects.allocation_candidate [req-a2c8febb-0afc-44a4-9c5f-89b1764ef020 req-f10b4ff0-3588-4bb6-a590-b3c914ad8e48 service placement] Merging candidates yields 2 allocation requests and 2 provider summaries {{(pid=110531) _merge_candidates /opt/stack/placement/placement/objects/allocation_candidate.py:783}}
Feb 20 09:01:47.869709 n-d-830010-2 devstack@placement-api.service[110532]: DEBUG placement.objects.allocation_candidate [req-9182e220-eb5b-484b-b206-df96ddb8042e req-8a120a66-b38e-43f7-9546-3e218bdef06f service placement] RequestGroup(use_same_provider=False, resources={DISK_GB:1, MEMORY_MB:1024, VCPU:1}, traits=[], aggregates=[]) (suffix '') returned 2 matches {{(pid=110532) _get_by_requests /opt/stack/placement/placement/objects/allocation_candidate.py:145}}
Feb 20 09:01:47.869709 n-d-830010-2 devstack@placement-api.service[110532]: DEBUG placement.objects.allocation_candidate [req-9182e220-eb5b-484b-b206-df96ddb8042e req-8a120a66-b38e-43f7-9546-3e218bdef06f service placement] Merging candidates yields 2 allocation requests and 2 provider summaries {{(pid=110532) _merge_candidates /opt/stack/placement/placement/objects/allocation_candidate.py:783}}
Feb 20 09:01:47.869875 n-d-830010-2 devstack@placement-api.service[110531]: INFO placement.requestlog [req-a2c8febb-0afc-44a4-9c5f-89b1764ef020 req-f10b4ff0-3588-4bb6-a590-b3c914ad8e48 service placement] 10.222.0.42 "GET /placement/allocation_candidates?limit=1000&resources=DISK_GB%3A1%2CMEMORY_MB%3A1024%2CVCPU%3A1&root_required=%21COMPUTE_STATUS_DISABLED" status: 200 len: 1309 microversion: 1.36
Feb 20 09:01:47.869875 n-d-830010-2 devstack@placement-api.service[110531]: [pid: 110531|app: 0|req: 314/627] 10.222.0.42 () {60 vars in 1506 bytes} [Sun Feb 20 09:01:47 2022] GET /placement/allocation_candidates?limit=1000&resources=DISK_GB%3A1%2CMEMORY_MB%3A1024%2CVCPU%3A1&root_required=%21COMPUTE_STATUS_DISABLED => generated 1309 bytes in 220 msecs (HTTP/1.1 200) 8 headers in 297 bytes (1 switches on core 0)
Feb 20 09:01:47.870458 n-d-830010-2 devstack@placement-api.service[110532]: INFO placement.requestlog [req-9182e220-eb5b-484b-b206-df96ddb8042e req-8a120a66-b38e-43f7-9546-3e218bdef06f service placement] 10.222.0.42 "GET /placement/allocation_candidates?limit=1000&resources=DISK_GB%3A1%2CMEMORY_MB%3A1024%2CVCPU%3A1&root_required=%21COMPUTE_STATUS_DISABLED" status: 200 len: 1309 microversion: 1.36
Feb 20 09:01:47.875591 n-d-830010-2 devstack@placement-api.service[110532]: [pid: 110532|app: 0|req: 314/628] 10.222.0.42 () {60 vars in 1506 bytes} [Sun Feb 20 09:01:47 2022] GET /placement/allocation_candidates?limit=1000&resources=DISK_GB%3A1%2CMEMORY_MB%3A1024%2CVCPU%3A1&root_required=%21COMPUTE_STATUS_DISABLED => generated 1309 bytes in 229 msecs (HTTP/1.1 200) 8 headers in 297 bytes (1 switches on core 0)
Feb 20 09:01:47.990051 n-d-830010-2 devstack@placement-api.service[110531]: DEBUG placement.requestlog [req-a2c8febb-0afc-44a4-9c5f-89b1764ef020 req-14ab093b-315a-4a05-9af5-8b54ea4251d6 None None] Starting request: 10.222.0.42 "GET /placement/allocations/e570959a-19a5-4c5c-8084-99cef131b1e1" {{(pid=110531) __call__ /opt/stack/placement/placement/requestlog.py:55}}
Feb 20 09:01:47.991348 n-d-830010-2 devstack@placement-api.service[110532]: DEBUG placement.requestlog [req-9182e220-eb5b-484b-b206-df96ddb8042e req-15328907-11a2-42a1-bd23-b6d872663540 None None] Starting request: 10.222.0.42 "GET /placement/allocations/e8e73ef4-8f85-45b6-a409-c731c6fa9df4" {{(pid=110532) __call__ /opt/stack/placement/placement/requestlog.py:55}}
Feb 20 09:01:48.006273 n-d-830010-2 devstack@placement-api.service[110531]: INFO placement.requestlog [req-a2c8febb-0afc-44a4-9c5f-89b1764ef020 req-14ab093b-315a-4a05-9af5-8b54ea4251d6 service placement] 10.222.0.42 "GET /placement/allocations/e570959a-19a5-4c5c-8084-99cef131b1e1" status: 200 len: 19 microversion: 1.28
Feb 20 09:01:48.006906 n-d-830010-2 devstack@placement-api.service[110531]: [pid: 110531|app: 0|req: 315/629] 10.222.0.42 () {60 vars in 1380 bytes} [Sun Feb 20 09:01:47 2022] GET /placement/allocations/e570959a-19a5-4c5c-8084-99cef131b1e1 => generated 19 bytes in 17 msecs (HTTP/1.1 200) 8 headers in 295 bytes (1 switches on core 0)
Feb 20 09:01:48.013919 n-d-830010-2 devstack@placement-api.service[110532]: INFO placement.requestlog [req-9182e220-eb5b-484b-b206-df96ddb8042e req-15328907-11a2-42a1-bd23-b6d872663540 service placement] 10.222.0.42 "GET /placement/allocations/e8e73ef4-8f85-45b6-a409-c731c6fa9df4" status: 200 len: 19 microversion: 1.28
Feb 20 09:01:48.014117 n-d-830010-2 devstack@placement-api.service[110531]: DEBUG placement.requestlog [req-a2c8febb-0afc-44a4-9c5f-89b1764ef020 req-4d6cfd7f-1940-4f2a-aea4-8034a90bcadf None None] Starting request: 10.222.0.42 "PUT /placement/allocations/e570959a-19a5-4c5c-8084-99cef131b1e1" {{(pid=110531) __call__ /opt/stack/placement/placement/requestlog.py:55}}
Feb 20 09:01:48.022227 n-d-830010-2 devstack@placement-api.service[110532]: [pid: 110532|app: 0|req: 315/630] 10.222.0.42 () {60 vars in 1380 bytes} [Sun Feb 20 09:01:47 2022] GET /placement/allocations/e8e73ef4-8f85-45b6-a409-c731c6fa9df4 => generated 19 bytes in 31 msecs (HTTP/1.1 200) 8 headers in 295 bytes (1 switches on core 0)
Feb 20 09:01:48.023240 n-d-830010-2 devstack@placement-api.service[110532]: DEBUG placement.requestlog [req-9182e220-eb5b-484b-b206-df96ddb8042e req-d664c6eb-cd99-4a4a-a89a-9c2deb87a091 None None] Starting request: 10.222.0.42 "PUT /placement/allocations/e8e73ef4-8f85-45b6-a409-c731c6fa9df4" {{(pid=110532) __call__ /opt/stack/placement/placement/requestlog.py:55}}
Feb 20 09:01:48.185498 n-d-830010-2 devstack@placement-api.service[110531]: DEBUG placement.handlers.allocation [req-a2c8febb-0afc-44a4-9c5f-89b1764ef020 req-4d6cfd7f-1940-4f2a-aea4-8034a90bcadf service placement] Successfully wrote allocations [, , ] {{(pid=110531) _update_consumers_and_create_allocations /opt/stack/placement/placement/handlers/allocation.py:462}}
Feb 20 09:01:48.202809 n-d-830010-2 devstack@placement-api.service[110532]: DEBUG oslo_db.api [req-9182e220-eb5b-484b-b206-df96ddb8042e req-d664c6eb-cd99-4a4a-a89a-9c2deb87a091 service placement] DB error: (pymysql.err.OperationalError) (1213, 'Deadlock found when trying to get lock; try restarting transaction')
Feb 20 09:01:48.202809 n-d-830010-2 devstack@placement-api.service[110532]: [SQL: INSERT INTO allocations (created_at, resource_provider_id, consumer_id, resource_class_id, used) VALUES (%(created_at)s, %(resource_provider_id)s, %(consumer_id)s, %(resource_class_id)s, %(used)s)]
Feb 20 09:01:48.202809 n-d-830010-2 devstack@placement-api.service[110532]: [parameters: {'created_at': datetime.datetime(2022, 2, 20, 9, 1, 48, 170553), 'resource_provider_id': 2, 'consumer_id': 'e8e73ef4-8f85-45b6-a409-c731c6fa9df4', 'resource_class_id': 2, 'used': 1}]
Feb 20 09:01:48.202809 n-d-830010-2 devstack@placement-api.service[110532]: (Background on this error at: https://sqlalche.me/e/14/e3q8) {{(pid=110532) _is_exception_expected /usr/local/lib/python3.8/dist-packages/oslo_db/api.py:184}}
Feb 20 09:01:48.203865 n-d-830010-2 devstack@placement-api.service[110532]: DEBUG oslo_db.api [req-9182e220-eb5b-484b-b206-df96ddb8042e req-d664c6eb-cd99-4a4a-a89a-9c2deb87a091 service placement] Performing DB retry for function placement.objects.allocation._set_allocations {{(pid=110532) wrapper /usr/local/lib/python3.8/dist-packages/oslo_db/api.py:155}}
Feb 20 09:01:48.208843 n-d-830010-2 devstack@placement-api.service[110531]: INFO placement.requestlog [req-a2c8febb-0afc-44a4-9c5f-89b1764ef020 req-4d6cfd7f-1940-4f2a-aea4-8034a90bcadf service placement] 10.222.0.42 "PUT /placement/allocations/e570959a-19a5-4c5c-8084-99cef131b1e1" status: 204 len: 0 microversion: 1.36
Feb 20 09:01:48.221495 n-d-830010-2 devstack@placement-api.service[110531]: [pid: 110531|app: 0|req: 316/631] 10.222.0.42 () {64 vars in 1433 bytes} [Sun Feb 20 09:01:48 2022] PUT /placement/allocations/e570959a-19a5-4c5c-8084-99cef131b1e1 => generated 0 bytes in 196 msecs (HTTP/1.1 204) 5 headers in 199 bytes (2 switches on core 0)
Feb 20 09:01:48.630509 n-d-830010-2 devstack@placement-api.service[110531]: DEBUG placement.requestlog [req-a2c8febb-0afc-44a4-9c5f-89b1764ef020 req-86875a2a-67fe-4971-9838-2551a7e3eec4 None None] Starting request: 10.222.0.61 "GET /placement/allocations/e570959a-19a5-4c5c-8084-99cef131b1e1" {{(pid=110531) __call__ /opt/stack/placement/placement/requestlog.py:55}}
Feb 20 09:01:48.660695 n-d-830010-2 devstack@placement-api.service[110531]: INFO placement.requestlog [req-a2c8febb-0afc-44a4-9c5f-89b1764ef020 req-86875a2a-67fe-4971-9838-2551a7e3eec4 service placement] 10.222.0.61 "GET /placement/allocations/e570959a-19a5-4c5c-8084-99cef131b1e1" status: 200 len: 259 microversion: 1.28
Feb 20 09:01:48.662297 n-d-830010-2 devstack@placement-api.service[110531]: [pid: 110531|app: 0|req: 317/632] 10.222.0.61 () {60 vars in 1377 bytes} [Sun Feb 20 09:01:48 2022] GET /placement/allocations/e570959a-19a5-4c5c-8084-99cef131b1e1 => generated 259 bytes in 32 msecs (HTTP/1.1 200) 8 headers in 296 bytes (2 switches on core 0)
Feb 20 09:01:49.217654 n-d-830010-2 devstack@placement-api.service[110532]: DEBUG placement.objects.allocation [req-9182e220-eb5b-484b-b206-df96ddb8042e req-d664c6eb-cd99-4a4a-a89a-9c2deb87a091 service placement] Retrying allocations write on resource provider generation conflict {{(pid=110532) replace_all /opt/stack/placement/placement/objects/allocation.py:507}}
Feb 20 09:01:49.274239 n-d-830010-2 devstack@placement-api.service[110532]: DEBUG placement.handlers.allocation [req-9182e220-eb5b-484b-b206-df96ddb8042e req-d664c6eb-cd99-4a4a-a89a-9c2deb87a091 service placement] Successfully wrote allocations [, , ] {{(pid=110532) _update_consumers_and_create_allocations /opt/stack/placement/placement/handlers/allocation.py:462}}
Feb 20 09:01:49.284453 n-d-830010-2 devstack@placement-api.service[110532]: INFO placement.requestlog [req-9182e220-eb5b-484b-b206-df96ddb8042e req-d664c6eb-cd99-4a4a-a89a-9c2deb87a091 service placement] 10.222.0.42 "PUT /placement/allocations/e8e73ef4-8f85-45b6-a409-c731c6fa9df4" status: 204 len: 0 microversion: 1.36
Feb 20 09:01:49.285359 n-d-830010-2 devstack@placement-api.service[110532]: [pid: 110532|app: 0|req: 316/633] 10.222.0.42 () {64 vars in 1433 bytes} [Sun Feb 20 09:01:48 2022] PUT /placement/allocations/e8e73ef4-8f85-45b6-a409-c731c6fa9df4 => generated 0 bytes in 1262 msecs (HTTP/1.1 204) 5 headers in 199 bytes (1 switches on core 0)
Feb 20 09:01:49.862405 n-d-830010-2 devstack@placement-api.service[110531]: DEBUG placement.requestlog [req-9182e220-eb5b-484b-b206-df96ddb8042e req-da8a3081-37d7-4eb2-9fec-ca9101959bdd None None] Starting request: 10.222.0.61 "GET /placement/allocations/e8e73ef4-8f85-45b6-a409-c731c6fa9df4" {{(pid=110531) __call__ /opt/stack/placement/placement/requestlog.py:55}}
Feb 20 09:01:49.888509 n-d-830010-2 devstack@placement-api.service[110531]: INFO placement.requestlog [req-9182e220-eb5b-484b-b206-df96ddb8042e req-da8a3081-37d7-4eb2-9fec-ca9101959bdd service placement] 10.222.0.61 "GET /placement/allocations/e8e73ef4-8f85-45b6-a409-c731c6fa9df4" status: 200 len: 259 microversion: 1.28
Feb 20 09:01:49.889602 n-d-830010-2 devstack@placement-api.service[110531]: [pid: 110531|app: 0|req: 318/634] 10.222.0.61 () {60 vars in 1377 bytes} [Sun Feb 20 09:01:49 2022] GET /placement/allocations/e8e73ef4-8f85-45b6-a409-c731c6fa9df4 => generated 259 bytes in 27 msecs (HTTP/1.1 200) 8 headers in 296 bytes (1 switches on core 0)
Feb 20 09:01:54.530907 n-d-830010-2 devstack@placement-api.service[110532]: DEBUG placement.requestlog [req-0c89a391-7b72-4a84-bfb6-12fbca65213d req-2bd65b23-9533-46f0-8bc5-7650af16f376 None None] Starting request: 10.222.0.42 "GET /placement/allocation_candidates?limit=1000&resources=DISK_GB%3A1%2CMEMORY_MB%3A1024%2CVCPU%3A1&root_required=%21COMPUTE_STATUS_DISABLED" {{(pid=110532) __call__ /opt/stack/placement/placement/requestlog.py:55}}
Feb 20 09:01:54.596694 n-d-830010-2 devstack@placement-api.service[110532]: DEBUG placement.objects.research_context [req-0c89a391-7b72-4a84-bfb6-12fbca65213d req-2bd65b23-9533-46f0-8bc5-7650af16f376 service placement] getting providers with 1 DISK_GB {{(pid=110532) __init__ /opt/stack/placement/placement/objects/research_context.py:126}}
Feb 20 09:01:54.614776 n-d-830010-2 devstack@placement-api.service[110532]: DEBUG placement.objects.research_context [req-0c89a391-7b72-4a84-bfb6-12fbca65213d req-2bd65b23-9533-46f0-8bc5-7650af16f376 service placement] getting providers with 1024 MEMORY_MB {{(pid=110532) __init__ /opt/stack/placement/placement/objects/research_context.py:126}}
Feb 20 09:01:54.625325 n-d-830010-2 devstack@placement-api.service[110532]: DEBUG placement.objects.research_context [req-0c89a391-7b72-4a84-bfb6-12fbca65213d req-2bd65b23-9533-46f0-8bc5-7650af16f376 service placement] getting providers with 1 VCPU {{(pid=110532) __init__ /opt/stack/placement/placement/objects/research_context.py:126}}
Feb 20 09:01:54.634219 n-d-830010-2 devstack@placement-api.service[110532]: DEBUG placement.objects.research_context [req-0c89a391-7b72-4a84-bfb6-12fbca65213d req-2bd65b23-9533-46f0-8bc5-7650af16f376 service placement] found 2 providers with available 1 DISK_GB {{(pid=110532) get_provider_ids_matching /opt/stack/placement/placement/objects/research_context.py:549}}
Feb 20 09:01:54.634906 n-d-830010-2 devstack@placement-api.service[110532]: DEBUG placement.objects.research_context [req-0c89a391-7b72-4a84-bfb6-12fbca65213d req-2bd65b23-9533-46f0-8bc5-7650af16f376 service placement] found 2 providers with available 1024 MEMORY_MB {{(pid=110532) get_provider_ids_matching /opt/stack/placement/placement/objects/research_context.py:549}}
Feb 20 09:01:54.635324 n-d-830010-2 devstack@placement-api.service[110532]: DEBUG placement.objects.research_context [req-0c89a391-7b72-4a84-bfb6-12fbca65213d req-2bd65b23-9533-46f0-8bc5-7650af16f376 service placement] found 2 providers after filtering by previous result {{(pid=110532) get_provider_ids_matching /opt/stack/placement/placement/objects/research_context.py:580}}
Feb 20 09:01:54.635768 n-d-830010-2 devstack@placement-api.service[110532]: DEBUG placement.objects.research_context [req-0c89a391-7b72-4a84-bfb6-12fbca65213d req-2bd65b23-9533-46f0-8bc5-7650af16f376 service placement] found 2 providers with available 1 VCPU {{(pid=110532) get_provider_ids_matching /opt/stack/placement/placement/objects/research_context.py:549}}
Feb 20 09:01:54.636401 n-d-830010-2 devstack@placement-api.service[110532]: DEBUG placement.objects.research_context [req-0c89a391-7b72-4a84-bfb6-12fbca65213d req-2bd65b23-9533-46f0-8bc5-7650af16f376 service placement] found 2 providers after filtering by previous result {{(pid=110532) get_provider_ids_matching /opt/stack/placement/placement/objects/research_context.py:580}}
Feb 20 09:01:54.668154 n-d-830010-2 devstack@placement-api.service[110532]: DEBUG placement.objects.allocation_candidate [req-0c89a391-7b72-4a84-bfb6-12fbca65213d req-2bd65b23-9533-46f0-8bc5-7650af16f376 service placement] RequestGroup(use_same_provider=False, resources={DISK_GB:1, MEMORY_MB:1024, VCPU:1}, traits=[], aggregates=[]) (suffix '') returned 2 matches {{(pid=110532) _get_by_requests /opt/stack/placement/placement/objects/allocation_candidate.py:145}}
Feb 20 09:01:54.668772 n-d-830010-2 devstack@placement-api.service[110532]: DEBUG placement.objects.allocation_candidate [req-0c89a391-7b72-4a84-bfb6-12fbca65213d req-2bd65b23-9533-46f0-8bc5-7650af16f376 service placement] Merging candidates yields 2 allocation requests and 2 provider summaries {{(pid=110532) _merge_candidates /opt/stack/placement/placement/objects/allocation_candidate.py:783}}
Feb 20 09:01:54.670598 n-d-830010-2 devstack@placement-api.service[110532]: INFO placement.requestlog [req-0c89a391-7b72-4a84-bfb6-12fbca65213d req-2bd65b23-9533-46f0-8bc5-7650af16f376 service placement] 10.222.0.42 "GET /placement/allocation_candidates?limit=1000&resources=DISK_GB%3A1%2CMEMORY_MB%3A1024%2CVCPU%3A1&root_required=%21COMPUTE_STATUS_DISABLED" status: 200 len: 1309 microversion: 1.36
Feb 20 09:01:54.671210 n-d-830010-2 devstack@placement-api.service[110532]: [pid: 110532|app: 0|req: 317/635] 10.222.0.42 () {60 vars in 1506 bytes} [Sun Feb 20 09:01:54 2022] GET /placement/allocation_candidates?limit=1000&resources=DISK_GB%3A1%2CMEMORY_MB%3A1024%2CVCPU%3A1&root_required=%21COMPUTE_STATUS_DISABLED => generated 1309 bytes in 141 msecs (HTTP/1.1 200) 8 headers in 297 bytes (2 switches on core 0)
Feb 20 09:01:54.763249 n-d-830010-2 devstack@placement-api.service[110531]: DEBUG placement.requestlog [req-0c89a391-7b72-4a84-bfb6-12fbca65213d req-04f5f289-876e-4d2a-a18b-f707d2da8534 None None] Starting request: 10.222.0.42 "GET /placement/allocations/0db6fa0f-7346-4106-a917-91a94490a936" {{(pid=110531) __call__ /opt/stack/placement/placement/requestlog.py:55}}
Feb 20 09:01:54.783899 n-d-830010-2 devstack@placement-api.service[110531]: INFO placement.requestlog [req-0c89a391-7b72-4a84-bfb6-12fbca65213d req-04f5f289-876e-4d2a-a18b-f707d2da8534 service placement] 10.222.0.42 "GET /placement/allocations/0db6fa0f-7346-4106-a917-91a94490a936" status: 200 len: 19 microversion: 1.28
Feb 20 09:01:54.787599 n-d-830010-2 devstack@placement-api.service[110531]: [pid: 110531|app: 0|req: 319/636] 10.222.0.42 () {60 vars in 1380 bytes} [Sun Feb 20 09:01:54 2022] GET /placement/allocations/0db6fa0f-7346-4106-a917-91a94490a936 => generated 19 bytes in 24 msecs (HTTP/1.1 200) 8 headers in 295 bytes (1 switches on core 0)
Feb 20 09:01:54.792234 n-d-830010-2 devstack@placement-api.service[110532]: DEBUG placement.requestlog [req-0c89a391-7b72-4a84-bfb6-12fbca65213d req-3e3d8f30-6014-4827-ab7f-7112db4fc807 None None] Starting request: 10.222.0.42 "PUT /placement/allocations/0db6fa0f-7346-4106-a917-91a94490a936" {{(pid=110532) __call__ /opt/stack/placement/placement/requestlog.py:55}}
Feb 20 09:01:54.869826 n-d-830010-2 devstack@placement-api.service[110532]: DEBUG placement.handlers.allocation [req-0c89a391-7b72-4a84-bfb6-12fbca65213d req-3e3d8f30-6014-4827-ab7f-7112db4fc807 service placement] Successfully wrote allocations [, , ] {{(pid=110532) _update_consumers_and_create_allocations /opt/stack/placement/placement/handlers/allocation.py:462}}
Feb 20 09:01:54.884311 n-d-830010-2 devstack@placement-api.service[110532]: INFO placement.requestlog [req-0c89a391-7b72-4a84-bfb6-12fbca65213d req-3e3d8f30-6014-4827-ab7f-7112db4fc807 service placement] 10.222.0.42 "PUT /placement/allocations/0db6fa0f-7346-4106-a917-91a94490a936" status: 204 len: 0 microversion: 1.36
Feb 20 09:01:54.884713 n-d-830010-2 devstack@placement-api.service[110532]: [pid: 110532|app: 0|req: 318/637] 10.222.0.42 () {64 vars in 1433 bytes} [Sun Feb 20 09:01:54 2022] PUT /placement/allocations/0db6fa0f-7346-4106-a917-91a94490a936 => generated 0 bytes in 93 msecs (HTTP/1.1 204) 5 headers in 199 bytes (1 switches on core 0)
Feb 20 09:01:55.506574 n-d-830010-2 devstack@placement-api.service[110531]: DEBUG placement.requestlog [req-0c89a391-7b72-4a84-bfb6-12fbca65213d req-742472c3-80e6-4784-9627-06ab44c8d691 None None] Starting request: 10.222.0.61 "GET /placement/allocations/0db6fa0f-7346-4106-a917-91a94490a936" {{(pid=110531) __call__ /opt/stack/placement/placement/requestlog.py:55}}
Feb 20 09:01:55.580239 n-d-830010-2 devstack@placement-api.service[110531]: INFO placement.requestlog [req-0c89a391-7b72-4a84-bfb6-12fbca65213d req-742472c3-80e6-4784-9627-06ab44c8d691 service placement] 10.222.0.61 "GET /placement/allocations/0db6fa0f-7346-4106-a917-91a94490a936" status: 200 len: 259 microversion: 1.28
Feb 20 09:01:55.581641 n-d-830010-2 devstack@placement-api.service[110531]: [pid: 110531|app: 0|req: 320/638] 10.222.0.61 () {60 vars in 1377 bytes} [Sun Feb 20 09:01:55 2022] GET /placement/allocations/0db6fa0f-7346-4106-a917-91a94490a936 => generated 259 bytes in 75 msecs (HTTP/1.1 200) 8 headers in 296 bytes (1 switches on core 0)
Feb 20 09:01:56.776244 n-d-830010-2 devstack@placement-api.service[110532]: DEBUG placement.requestlog [req-6ac786b9-101a-4891-8864-ef7e5aeba039 req-3c44e205-d609-41a4-bddd-df5ea9397902 None None] Starting request: 10.222.0.61 "GET /placement/allocations/e8e73ef4-8f85-45b6-a409-c731c6fa9df4" {{(pid=110532) __call__ /opt/stack/placement/placement/requestlog.py:55}}
Feb 20 09:01:56.805379 n-d-830010-2 devstack@placement-api.service[110532]: INFO placement.requestlog [req-6ac786b9-101a-4891-8864-ef7e5aeba039 req-3c44e205-d609-41a4-bddd-df5ea9397902 service placement] 10.222.0.61 "GET /placement/allocations/e8e73ef4-8f85-45b6-a409-c731c6fa9df4" status: 200 len: 259 microversion: 1.28
Feb 20 09:01:56.806144 n-d-830010-2 devstack@placement-api.service[110532]: [pid: 110532|app: 0|req: 319/639] 10.222.0.61 () {60 vars in 1377 bytes} [Sun Feb 20 09:01:56 2022] GET /placement/allocations/e8e73ef4-8f85-45b6-a409-c731c6fa9df4 => generated 259 bytes in 30 msecs (HTTP/1.1 200) 8 headers in 296 bytes (1 switches on core 0)
Feb 20 09:02:01.845225 n-d-830010-2 devstack@placement-api.service[110531]: DEBUG placement.requestlog [req-fc5cfa02-4120-4b33-9bb3-0a6f5fa26559 req-cda59fa5-66f6-46c1-9361-5702f479febc None None] Starting request: 10.222.0.42 "GET /placement/allocation_candidates?limit=1000&resources=MEMORY_MB%3A1024%2CVCPU%3A1&root_required=%21COMPUTE_STATUS_DISABLED" {{(pid=110531) __call__ /opt/stack/placement/placement/requestlog.py:55}}
Feb 20 09:02:01.946137 n-d-830010-2 devstack@placement-api.service[110531]: DEBUG placement.objects.research_context [req-fc5cfa02-4120-4b33-9bb3-0a6f5fa26559 req-cda59fa5-66f6-46c1-9361-5702f479febc service placement] getting providers with 1024 MEMORY_MB {{(pid=110531) __init__ /opt/stack/placement/placement/objects/research_context.py:126}}
Feb 20 09:02:01.958304 n-d-830010-2 devstack@placement-api.service[110531]: DEBUG placement.objects.research_context [req-fc5cfa02-4120-4b33-9bb3-0a6f5fa26559 req-cda59fa5-66f6-46c1-9361-5702f479febc service placement] getting providers with 1 VCPU {{(pid=110531) __init__ /opt/stack/placement/placement/objects/research_context.py:126}}
Feb 20 09:02:01.975256 n-d-830010-2 devstack@placement-api.service[110531]: DEBUG placement.objects.research_context [req-fc5cfa02-4120-4b33-9bb3-0a6f5fa26559 req-cda59fa5-66f6-46c1-9361-5702f479febc service placement] found 2 providers with available 1024 MEMORY_MB {{(pid=110531) get_provider_ids_matching /opt/stack/placement/placement/objects/research_context.py:549}}
Feb 20 09:02:01.976818 n-d-830010-2 devstack@placement-api.service[110531]: DEBUG placement.objects.research_context [req-fc5cfa02-4120-4b33-9bb3-0a6f5fa26559 req-cda59fa5-66f6-46c1-9361-5702f479febc service placement] found 2 providers with available 1 VCPU {{(pid=110531) get_provider_ids_matching /opt/stack/placement/placement/objects/research_context.py:549}}
Feb 20 09:02:01.977714 n-d-830010-2 devstack@placement-api.service[110531]: DEBUG placement.objects.research_context [req-fc5cfa02-4120-4b33-9bb3-0a6f5fa26559 req-cda59fa5-66f6-46c1-9361-5702f479febc service placement] found 2 providers after filtering by previous result {{(pid=110531) get_provider_ids_matching /opt/stack/placement/placement/objects/research_context.py:580}}
Feb 20 09:02:02.010874 n-d-830010-2 devstack@placement-api.service[110531]: DEBUG placement.objects.allocation_candidate [req-fc5cfa02-4120-4b33-9bb3-0a6f5fa26559 req-cda59fa5-66f6-46c1-9361-5702f479febc service placement] RequestGroup(use_same_provider=False, resources={MEMORY_MB:1024, VCPU:1}, traits=[], aggregates=[]) (suffix '') returned 2 matches {{(pid=110531) _get_by_requests /opt/stack/placement/placement/objects/allocation_candidate.py:145}}
Feb 20 09:02:02.011454 n-d-830010-2 devstack@placement-api.service[110531]: DEBUG placement.objects.allocation_candidate [req-fc5cfa02-4120-4b33-9bb3-0a6f5fa26559 req-cda59fa5-66f6-46c1-9361-5702f479febc service placement] Merging candidates yields 2 allocation requests and 2 provider summaries {{(pid=110531) _merge_candidates /opt/stack/placement/placement/objects/allocation_candidate.py:783}}
Feb 20 09:02:02.015591 n-d-830010-2 devstack@placement-api.service[110531]: INFO placement.requestlog [req-fc5cfa02-4120-4b33-9bb3-0a6f5fa26559 req-cda59fa5-66f6-46c1-9361-5702f479febc service placement] 10.222.0.42 "GET /placement/allocation_candidates?limit=1000&resources=MEMORY_MB%3A1024%2CVCPU%3A1&root_required=%21COMPUTE_STATUS_DISABLED" status: 200 len: 1281 microversion: 1.36
Feb 20 09:02:02.017039 n-d-830010-2 devstack@placement-api.service[110531]: [pid: 110531|app: 0|req: 321/640] 10.222.0.42 () {60 vars in 1478 bytes} [Sun Feb 20 09:02:01 2022] GET /placement/allocation_candidates?limit=1000&resources=MEMORY_MB%3A1024%2CVCPU%3A1&root_required=%21COMPUTE_STATUS_DISABLED => generated 1281 bytes in 171 msecs (HTTP/1.1 200) 8 headers in 297 bytes (2 switches on core 0)
Feb 20 09:02:02.133560 n-d-830010-2 devstack@placement-api.service[110532]: DEBUG placement.requestlog [req-fc5cfa02-4120-4b33-9bb3-0a6f5fa26559 req-ec4a8d96-4d15-40e7-ab3c-5686df9631fd None None] Starting request: 10.222.0.42 "GET /placement/allocations/4ed18f76-7fae-4eb8-8630-53a2379e99b4" {{(pid=110532) __call__ /opt/stack/placement/placement/requestlog.py:55}}
Feb 20 09:02:02.146006 n-d-830010-2 devstack@placement-api.service[110532]: INFO placement.requestlog [req-fc5cfa02-4120-4b33-9bb3-0a6f5fa26559 req-ec4a8d96-4d15-40e7-ab3c-5686df9631fd service placement] 10.222.0.42 "GET /placement/allocations/4ed18f76-7fae-4eb8-8630-53a2379e99b4" status: 200 len: 19 microversion: 1.28
Feb 20 09:02:02.150736 n-d-830010-2 devstack@placement-api.service[110532]: [pid: 110532|app: 0|req: 320/641] 10.222.0.42 () {60 vars in 1380 bytes} [Sun Feb 20 09:02:02 2022] GET /placement/allocations/4ed18f76-7fae-4eb8-8630-53a2379e99b4 => generated 19 bytes in 17 msecs (HTTP/1.1 200) 8 headers in 295 bytes (1 switches on core 0)
Feb 20 09:02:02.155629 n-d-830010-2 devstack@placement-api.service[110531]: DEBUG placement.requestlog [req-fc5cfa02-4120-4b33-9bb3-0a6f5fa26559 req-87c5594c-7f5d-4de6-8e5e-7e33707793b1 None None] Starting request: 10.222.0.42 "PUT /placement/allocations/4ed18f76-7fae-4eb8-8630-53a2379e99b4" {{(pid=110531) __call__ /opt/stack/placement/placement/requestlog.py:55}}
Feb 20 09:02:02.226157 n-d-830010-2 devstack@placement-api.service[110531]: DEBUG placement.handlers.allocation [req-fc5cfa02-4120-4b33-9bb3-0a6f5fa26559 req-87c5594c-7f5d-4de6-8e5e-7e33707793b1 service placement] Successfully wrote allocations [, ] {{(pid=110531) _update_consumers_and_create_allocations /opt/stack/placement/placement/handlers/allocation.py:462}}
Feb 20 09:02:02.232641 n-d-830010-2 devstack@placement-api.service[110531]: INFO placement.requestlog [req-fc5cfa02-4120-4b33-9bb3-0a6f5fa26559 req-87c5594c-7f5d-4de6-8e5e-7e33707793b1 service placement] 10.222.0.42 "PUT /placement/allocations/4ed18f76-7fae-4eb8-8630-53a2379e99b4" status: 204 len: 0 microversion: 1.36
Feb 20 09:02:02.239320 n-d-830010-2 devstack@placement-api.service[110531]: [pid: 110531|app: 0|req: 322/642] 10.222.0.42 () {64 vars in 1433 bytes} [Sun Feb 20 09:02:02 2022] PUT /placement/allocations/4ed18f76-7fae-4eb8-8630-53a2379e99b4 => generated 0 bytes in 85 msecs (HTTP/1.1 204) 5 headers in 199 bytes (1 switches on core 0)
Feb 20 09:02:02.819896 n-d-830010-2 devstack@placement-api.service[110532]: DEBUG placement.requestlog [req-fc5cfa02-4120-4b33-9bb3-0a6f5fa26559 req-541de468-6f29-44ef-ac0b-a2ab4a97d1ba None None] Starting request: 10.222.0.61 "GET /placement/allocations/4ed18f76-7fae-4eb8-8630-53a2379e99b4" {{(pid=110532) __call__ /opt/stack/placement/placement/requestlog.py:55}}
Feb 20 09:02:02.850803 n-d-830010-2 devstack@placement-api.service[110532]: INFO placement.requestlog [req-fc5cfa02-4120-4b33-9bb3-0a6f5fa26559 req-541de468-6f29-44ef-ac0b-a2ab4a97d1ba service placement] 10.222.0.61 "GET /placement/allocations/4ed18f76-7fae-4eb8-8630-53a2379e99b4" status: 200 len: 245 microversion: 1.28
Feb 20 09:02:02.851370 n-d-830010-2 devstack@placement-api.service[110532]: [pid: 110532|app: 0|req: 321/643] 10.222.0.61 () {60 vars in 1377 bytes} [Sun Feb 20 09:02:02 2022] GET /placement/allocations/4ed18f76-7fae-4eb8-8630-53a2379e99b4 => generated 245 bytes in 32 msecs (HTTP/1.1 200) 8 headers in 296 bytes (1 switches on core 0)
Feb 20 09:02:15.769191 n-d-830010-2 devstack@placement-api.service[110531]: DEBUG placement.requestlog [req-a59ac895-eca9-4b36-b955-411fb36148f7 req-59a431e8-781c-4003-a9a5-2088e4787fa3 None None] Starting request: 10.222.0.36 "GET /placement/resource_providers/6d069a86-8d29-4ea3-b314-440c072608f3/allocations" {{(pid=110531) __call__ /opt/stack/placement/placement/requestlog.py:55}}
Feb 20 09:02:15.842282 n-d-830010-2 devstack@placement-api.service[110531]: INFO placement.requestlog [req-a59ac895-eca9-4b36-b955-411fb36148f7 req-59a431e8-781c-4003-a9a5-2088e4787fa3 service placement] 10.222.0.36 "GET /placement/resource_providers/6d069a86-8d29-4ea3-b314-440c072608f3/allocations" status: 200 len: 356 microversion: 1.0
Feb 20 09:02:15.843658 n-d-830010-2 devstack@placement-api.service[110531]: [pid: 110531|app: 0|req: 323/644] 10.222.0.36 () {58 vars in 1390 bytes} [Sun Feb 20 09:02:15 2022] GET /placement/resource_providers/6d069a86-8d29-4ea3-b314-440c072608f3/allocations => generated 356 bytes in 75 msecs (HTTP/1.1 200) 6 headers in 224 bytes (1 switches on core 0)
Feb 20 09:02:19.696327 n-d-830010-2 devstack@placement-api.service[110532]: DEBUG placement.requestlog [req-a6d5955f-9689-41c1-a604-cf52eb133811 req-c0650354-2da9-479f-90fa-1cd468ec8b90 None None] Starting request: 10.222.0.61 "GET /placement/resource_providers?in_tree=9f439365-3121-4c36-86e5-605c7301e867" {{(pid=110532) __call__ /opt/stack/placement/placement/requestlog.py:55}}
Feb 20 09:02:20.266211 n-d-830010-2 devstack@placement-api.service[110532]: INFO placement.requestlog [req-a6d5955f-9689-41c1-a604-cf52eb133811 req-c0650354-2da9-479f-90fa-1cd468ec8b90 service placement] 10.222.0.61 "GET /placement/resource_providers?in_tree=9f439365-3121-4c36-86e5-605c7301e867" status: 200 len: 863 microversion: 1.14
Feb 20 09:02:20.266578 n-d-830010-2 devstack@placement-api.service[110532]: [pid: 110532|app: 0|req: 322/645] 10.222.0.61 () {60 vars in 1376 bytes} [Sun Feb 20 09:02:19 2022] GET /placement/resource_providers?in_tree=9f439365-3121-4c36-86e5-605c7301e867 => generated 863 bytes in 571 msecs (HTTP/1.1 200) 6 headers in 225 bytes (1 switches on core 0)
Feb 20 09:02:20.279041 n-d-830010-2 devstack@placement-api.service[110531]: DEBUG placement.requestlog [req-a6d5955f-9689-41c1-a604-cf52eb133811 req-b598b080-34ca-4038-b645-839e46d69b89 None None] Starting request: 10.222.0.61 "GET /placement/resource_providers/9f439365-3121-4c36-86e5-605c7301e867/inventories" {{(pid=110531) __call__ /opt/stack/placement/placement/requestlog.py:55}}
Feb 20 09:02:20.308286 n-d-830010-2 devstack@placement-api.service[110531]: INFO placement.requestlog [req-a6d5955f-9689-41c1-a604-cf52eb133811 req-b598b080-34ca-4038-b645-839e46d69b89 service placement] 10.222.0.61 "GET /placement/resource_providers/9f439365-3121-4c36-86e5-605c7301e867/inventories" status: 200 len: 398 microversion: 1.0
Feb 20 09:02:20.309593 n-d-830010-2 devstack@placement-api.service[110531]: [pid: 110531|app: 0|req: 324/646] 10.222.0.61 () {58 vars in 1390 bytes} [Sun Feb 20 09:02:20 2022] GET /placement/resource_providers/9f439365-3121-4c36-86e5-605c7301e867/inventories => generated 398 bytes in 32 msecs (HTTP/1.1 200) 6 headers in 224 bytes (1 switches on core 0)
Feb 20 09:02:20.321567 n-d-830010-2 devstack@placement-api.service[110532]: DEBUG placement.requestlog [req-a6d5955f-9689-41c1-a604-cf52eb133811 req-34cf5959-d333-431b-92d2-54498f395a0d None None] Starting request: 10.222.0.61 "GET /placement/resource_providers/9f439365-3121-4c36-86e5-605c7301e867/aggregates" {{(pid=110532) __call__ /opt/stack/placement/placement/requestlog.py:55}}
Feb 20 09:02:20.350962 n-d-830010-2 devstack@placement-api.service[110532]: INFO placement.requestlog [req-a6d5955f-9689-41c1-a604-cf52eb133811 req-34cf5959-d333-431b-92d2-54498f395a0d service placement] 10.222.0.61 "GET /placement/resource_providers/9f439365-3121-4c36-86e5-605c7301e867/aggregates" status: 200 len: 54 microversion: 1.19
Feb 20 09:02:20.351766 n-d-830010-2 devstack@placement-api.service[110532]: [pid: 110532|app: 0|req: 323/647] 10.222.0.61 () {60 vars in 1431 bytes} [Sun Feb 20 09:02:20 2022] GET /placement/resource_providers/9f439365-3121-4c36-86e5-605c7301e867/aggregates => generated 54 bytes in 31 msecs (HTTP/1.1 200) 8 headers in 295 bytes (1 switches on core 0)
Feb 20 09:02:20.361263 n-d-830010-2 devstack@placement-api.service[110531]: DEBUG placement.requestlog [req-a6d5955f-9689-41c1-a604-cf52eb133811 req-c5fb256e-9efb-4788-9051-4378335bd043 None None] Starting request: 10.222.0.61 "GET /placement/resource_providers/9f439365-3121-4c36-86e5-605c7301e867/traits" {{(pid=110531) __call__ /opt/stack/placement/placement/requestlog.py:55}}
Feb 20 09:02:20.416239 n-d-830010-2 devstack@placement-api.service[110531]: INFO placement.requestlog [req-a6d5955f-9689-41c1-a604-cf52eb133811 req-c5fb256e-9efb-4788-9051-4378335bd043 service placement] 10.222.0.61 "GET /placement/resource_providers/9f439365-3121-4c36-86e5-605c7301e867/traits" status: 200 len: 212 microversion: 1.6
Feb 20 09:02:20.417161 n-d-830010-2 devstack@placement-api.service[110531]: [pid: 110531|app: 0|req: 325/648] 10.222.0.61 () {60 vars in 1418 bytes} [Sun Feb 20 09:02:20 2022] GET /placement/resource_providers/9f439365-3121-4c36-86e5-605c7301e867/traits => generated 212 bytes in 57 msecs (HTTP/1.1 200) 6 headers in 224 bytes (1 switches on core 0)
Feb 20 09:02:20.697415 n-d-830010-2 devstack@placement-api.service[110532]: DEBUG placement.requestlog [req-a6d5955f-9689-41c1-a604-cf52eb133811 req-1d281cb5-c154-4499-a122-62484128eae3 None None] Starting request: 10.222.0.61 "DELETE /placement/allocations/d787f7bd-8415-4b35-9f51-5c0dc3c385e5" {{(pid=110532) __call__ /opt/stack/placement/placement/requestlog.py:55}}
Feb 20 09:02:20.803087 n-d-830010-2 devstack@placement-api.service[110532]: DEBUG placement.handlers.allocation [req-a6d5955f-9689-41c1-a604-cf52eb133811 req-1d281cb5-c154-4499-a122-62484128eae3 service placement] Successfully deleted allocations [, , ] {{(pid=110532) delete_allocations /opt/stack/placement/placement/handlers/allocation.py:627}}
Feb 20 09:02:20.803910 n-d-830010-2 devstack@placement-api.service[110532]: INFO placement.requestlog [req-a6d5955f-9689-41c1-a604-cf52eb133811 req-1d281cb5-c154-4499-a122-62484128eae3 service placement] 10.222.0.61 "DELETE /placement/allocations/d787f7bd-8415-4b35-9f51-5c0dc3c385e5" status: 204 len: 0 microversion: 1.0
Feb 20 09:02:20.804735 n-d-830010-2 devstack@placement-api.service[110532]: [pid: 110532|app: 0|req: 324/649] 10.222.0.61 () {60 vars in 1355 bytes} [Sun Feb 20 09:02:20 2022] DELETE /placement/allocations/d787f7bd-8415-4b35-9f51-5c0dc3c385e5 => generated 0 bytes in 107 msecs (HTTP/1.1 204) 5 headers in 198 bytes (1 switches on core 0)
Feb 20 09:02:22.462896 n-d-830010-2 devstack@placement-api.service[110531]: DEBUG placement.requestlog [req-e1f03cd0-4154-4c7e-89d0-936a9696dd70 req-c8f7ba47-8dc6-4b21-9cfa-c48c5568ad4d None None] Starting request: 10.222.0.61 "GET /placement/resource_providers/9f439365-3121-4c36-86e5-605c7301e867/allocations" {{(pid=110531) __call__ /opt/stack/placement/placement/requestlog.py:55}}
Feb 20 09:02:22.507367 n-d-830010-2 devstack@placement-api.service[110531]: INFO placement.requestlog [req-e1f03cd0-4154-4c7e-89d0-936a9696dd70 req-c8f7ba47-8dc6-4b21-9cfa-c48c5568ad4d service placement] 10.222.0.61 "GET /placement/resource_providers/9f439365-3121-4c36-86e5-605c7301e867/allocations" status: 200 len: 847 microversion: 1.0
Feb 20 09:02:22.507973 n-d-830010-2 devstack@placement-api.service[110531]: [pid: 110531|app: 0|req: 326/650] 10.222.0.61 () {58 vars in 1390 bytes} [Sun Feb 20 09:02:22 2022] GET /placement/resource_providers/9f439365-3121-4c36-86e5-605c7301e867/allocations => generated 847 bytes in 45 msecs (HTTP/1.1 200) 6 headers in 224 bytes (1 switches on core 0)
Feb 20 09:02:26.776925 n-d-830010-2 devstack@placement-api.service[110532]: DEBUG placement.requestlog [req-74a23c5f-9307-4f24-a3c2-7568a11405ea req-643e4e73-b79d-4673-b87a-6cc3053c0685 None None] Starting request: 10.222.0.42 "GET /placement/allocation_candidates?limit=1000&resources=DISK_GB%3A1%2CMEMORY_MB%3A1024%2CVCPU%3A1&root_required=%21COMPUTE_STATUS_DISABLED" {{(pid=110532) __call__ /opt/stack/placement/placement/requestlog.py:55}}
Feb 20 09:02:26.858938 n-d-830010-2 devstack@placement-api.service[110532]: DEBUG placement.objects.research_context [req-74a23c5f-9307-4f24-a3c2-7568a11405ea req-643e4e73-b79d-4673-b87a-6cc3053c0685 service placement] getting providers with 1 DISK_GB {{(pid=110532) __init__ /opt/stack/placement/placement/objects/research_context.py:126}}
Feb 20 09:02:26.877250 n-d-830010-2 devstack@placement-api.service[110532]: DEBUG placement.objects.research_context [req-74a23c5f-9307-4f24-a3c2-7568a11405ea req-643e4e73-b79d-4673-b87a-6cc3053c0685 service placement] getting providers with 1024 MEMORY_MB {{(pid=110532) __init__ /opt/stack/placement/placement/objects/research_context.py:126}}
Feb 20 09:02:26.888907 n-d-830010-2 devstack@placement-api.service[110532]: DEBUG placement.objects.research_context [req-74a23c5f-9307-4f24-a3c2-7568a11405ea req-643e4e73-b79d-4673-b87a-6cc3053c0685 service placement] getting providers with 1 VCPU {{(pid=110532) __init__ /opt/stack/placement/placement/objects/research_context.py:126}}
Feb 20 09:02:26.900408 n-d-830010-2 devstack@placement-api.service[110532]: DEBUG placement.objects.research_context [req-74a23c5f-9307-4f24-a3c2-7568a11405ea req-643e4e73-b79d-4673-b87a-6cc3053c0685 service placement] found 2 providers with available 1 DISK_GB {{(pid=110532) get_provider_ids_matching /opt/stack/placement/placement/objects/research_context.py:549}}
Feb 20 09:02:26.901066 n-d-830010-2 devstack@placement-api.service[110532]: DEBUG placement.objects.research_context [req-74a23c5f-9307-4f24-a3c2-7568a11405ea req-643e4e73-b79d-4673-b87a-6cc3053c0685 service placement] found 2 providers with available 1024 MEMORY_MB {{(pid=110532) get_provider_ids_matching /opt/stack/placement/placement/objects/research_context.py:549}}
Feb 20 09:02:26.901650 n-d-830010-2 devstack@placement-api.service[110532]: DEBUG placement.objects.research_context [req-74a23c5f-9307-4f24-a3c2-7568a11405ea req-643e4e73-b79d-4673-b87a-6cc3053c0685 service placement] found 2 providers after filtering by previous result {{(pid=110532) get_provider_ids_matching /opt/stack/placement/placement/objects/research_context.py:580}}
Feb 20 09:02:26.902364 n-d-830010-2 devstack@placement-api.service[110532]: DEBUG placement.objects.research_context [req-74a23c5f-9307-4f24-a3c2-7568a11405ea req-643e4e73-b79d-4673-b87a-6cc3053c0685 service placement] found 2 providers with available 1 VCPU {{(pid=110532) get_provider_ids_matching /opt/stack/placement/placement/objects/research_context.py:549}}
Feb 20 09:02:26.908398 n-d-830010-2 devstack@placement-api.service[110532]: DEBUG placement.objects.research_context [req-74a23c5f-9307-4f24-a3c2-7568a11405ea req-643e4e73-b79d-4673-b87a-6cc3053c0685 service placement] found 2 providers after filtering by previous result {{(pid=110532) get_provider_ids_matching /opt/stack/placement/placement/objects/research_context.py:580}}
Feb 20 09:02:26.926467 n-d-830010-2 devstack@placement-api.service[110532]: DEBUG placement.objects.allocation_candidate [req-74a23c5f-9307-4f24-a3c2-7568a11405ea req-643e4e73-b79d-4673-b87a-6cc3053c0685 service placement] RequestGroup(use_same_provider=False, resources={DISK_GB:1, MEMORY_MB:1024, VCPU:1}, traits=[], aggregates=[]) (suffix '') returned 2 matches {{(pid=110532) _get_by_requests /opt/stack/placement/placement/objects/allocation_candidate.py:145}}
Feb 20 09:02:26.926841 n-d-830010-2 devstack@placement-api.service[110532]: DEBUG placement.objects.allocation_candidate [req-74a23c5f-9307-4f24-a3c2-7568a11405ea req-643e4e73-b79d-4673-b87a-6cc3053c0685 service placement] Merging candidates yields 2 allocation requests and 2 provider summaries {{(pid=110532) _merge_candidates /opt/stack/placement/placement/objects/allocation_candidate.py:783}}
Feb 20 09:02:26.955895 n-d-830010-2 devstack@placement-api.service[110532]: INFO placement.requestlog [req-74a23c5f-9307-4f24-a3c2-7568a11405ea req-643e4e73-b79d-4673-b87a-6cc3053c0685 service placement] 10.222.0.42 "GET /placement/allocation_candidates?limit=1000&resources=DISK_GB%3A1%2CMEMORY_MB%3A1024%2CVCPU%3A1&root_required=%21COMPUTE_STATUS_DISABLED" status: 200 len: 1309 microversion: 1.36
Feb 20 09:02:26.956351 n-d-830010-2 devstack@placement-api.service[110532]: [pid: 110532|app: 0|req: 325/651] 10.222.0.42 () {60 vars in 1506 bytes} [Sun Feb 20 09:02:26 2022] GET /placement/allocation_candidates?limit=1000&resources=DISK_GB%3A1%2CMEMORY_MB%3A1024%2CVCPU%3A1&root_required=%21COMPUTE_STATUS_DISABLED => generated 1309 bytes in 180 msecs (HTTP/1.1 200) 8 headers in 297 bytes (1 switches on core 0)
Feb 20 09:02:27.034615 n-d-830010-2 devstack@placement-api.service[110531]: DEBUG placement.requestlog [req-74a23c5f-9307-4f24-a3c2-7568a11405ea req-6bd2c20c-cd1e-4c43-ba04-0729603b4a87 None None] Starting request: 10.222.0.42 "GET /placement/allocations/d40d3a4e-0cd3-4e41-a797-a0e503abf14d" {{(pid=110531) __call__ /opt/stack/placement/placement/requestlog.py:55}}
Feb 20 09:02:27.048819 n-d-830010-2 devstack@placement-api.service[110531]: INFO placement.requestlog [req-74a23c5f-9307-4f24-a3c2-7568a11405ea req-6bd2c20c-cd1e-4c43-ba04-0729603b4a87 service placement] 10.222.0.42 "GET /placement/allocations/d40d3a4e-0cd3-4e41-a797-a0e503abf14d" status: 200 len: 19 microversion: 1.28
Feb 20 09:02:27.050530 n-d-830010-2 devstack@placement-api.service[110531]: [pid: 110531|app: 0|req: 327/652] 10.222.0.42 () {60 vars in 1380 bytes} [Sun Feb 20 09:02:27 2022] GET /placement/allocations/d40d3a4e-0cd3-4e41-a797-a0e503abf14d => generated 19 bytes in 16 msecs (HTTP/1.1 200) 8 headers in 295 bytes (1 switches on core 0)
Feb 20 09:02:27.058927 n-d-830010-2 devstack@placement-api.service[110532]: DEBUG placement.requestlog [req-74a23c5f-9307-4f24-a3c2-7568a11405ea req-b7618144-8a94-4679-bcdf-d59ff2cf9f28 None None] Starting request: 10.222.0.42 "PUT /placement/allocations/d40d3a4e-0cd3-4e41-a797-a0e503abf14d" {{(pid=110532) __call__ /opt/stack/placement/placement/requestlog.py:55}}
Feb 20 09:02:27.183649 n-d-830010-2 devstack@placement-api.service[110532]: DEBUG placement.handlers.allocation [req-74a23c5f-9307-4f24-a3c2-7568a11405ea req-b7618144-8a94-4679-bcdf-d59ff2cf9f28 service placement] Successfully wrote allocations [, , ] {{(pid=110532) _update_consumers_and_create_allocations /opt/stack/placement/placement/handlers/allocation.py:462}}
Feb 20 09:02:27.189507 n-d-830010-2 devstack@placement-api.service[110532]: INFO placement.requestlog [req-74a23c5f-9307-4f24-a3c2-7568a11405ea req-b7618144-8a94-4679-bcdf-d59ff2cf9f28 service placement] 10.222.0.42 "PUT /placement/allocations/d40d3a4e-0cd3-4e41-a797-a0e503abf14d" status: 204 len: 0 microversion: 1.36
Feb 20 09:02:27.190237 n-d-830010-2 devstack@placement-api.service[110532]: [pid: 110532|app: 0|req: 326/653] 10.222.0.42 () {64 vars in 1433 bytes} [Sun Feb 20 09:02:27 2022] PUT /placement/allocations/d40d3a4e-0cd3-4e41-a797-a0e503abf14d => generated 0 bytes in 132 msecs (HTTP/1.1 204) 5 headers in 199 bytes (1 switches on core 0)
Feb 20 09:02:27.836465 n-d-830010-2 devstack@placement-api.service[110531]: DEBUG placement.requestlog [req-74a23c5f-9307-4f24-a3c2-7568a11405ea req-8d7c6259-5e29-48a5-9d2c-9acb12c8629a None None] Starting request: 10.222.0.61 "GET /placement/allocations/d40d3a4e-0cd3-4e41-a797-a0e503abf14d" {{(pid=110531) __call__ /opt/stack/placement/placement/requestlog.py:55}}
Feb 20 09:02:27.874060 n-d-830010-2 devstack@placement-api.service[110531]: INFO placement.requestlog [req-74a23c5f-9307-4f24-a3c2-7568a11405ea req-8d7c6259-5e29-48a5-9d2c-9acb12c8629a service placement] 10.222.0.61 "GET /placement/allocations/d40d3a4e-0cd3-4e41-a797-a0e503abf14d" status: 200 len: 259 microversion: 1.28
