Mar 09 15:03:21.353284 n-d-830010-10 devstack@placement-api.service[104317]: DEBUG placement.handlers.allocation [req-519bae4f-3e97-43a2-99b8-fc16472c91ee req-6ee331d9-68ff-434e-ac46-4c21c3006a11 service placement] Successfully wrote allocations [, , ] {{(pid=104317) _update_consumers_and_create_allocations /opt/stack/placement/placement/handlers/allocation.py:462}}
Mar 09 15:03:21.366421 n-d-830010-10 devstack@placement-api.service[104317]: INFO placement.requestlog [req-519bae4f-3e97-43a2-99b8-fc16472c91ee req-6ee331d9-68ff-434e-ac46-4c21c3006a11 service placement] 10.222.0.32 "PUT /placement/allocations/37977485-4b49-44b5-93cf-95d0ab5746e4" status: 204 len: 0 microversion: 1.36
Mar 09 15:03:21.369637 n-d-830010-10 devstack@placement-api.service[104317]: [pid: 104317|app: 0|req: 58/121] 10.222.0.32 () {64 vars in 1433 bytes} [Wed Mar 9 15:03:21 2022] PUT /placement/allocations/37977485-4b49-44b5-93cf-95d0ab5746e4 => generated 0 bytes in 162 msecs (HTTP/1.1 204) 5 headers in 199 bytes (1 switches on core 0)
Mar 09 15:03:21.992428 n-d-830010-10 devstack@placement-api.service[104316]: DEBUG placement.requestlog [req-519bae4f-3e97-43a2-99b8-fc16472c91ee req-ba71dd61-0e97-43bf-a9f8-9e2c22edb967 None None] Starting request: 10.222.0.15 "GET /placement/allocations/37977485-4b49-44b5-93cf-95d0ab5746e4" {{(pid=104316) __call__ /opt/stack/placement/placement/requestlog.py:55}}
Mar 09 15:03:22.033414 n-d-830010-10 devstack@placement-api.service[104316]: INFO placement.requestlog [req-519bae4f-3e97-43a2-99b8-fc16472c91ee req-ba71dd61-0e97-43bf-a9f8-9e2c22edb967 service placement] 10.222.0.15 "GET /placement/allocations/37977485-4b49-44b5-93cf-95d0ab5746e4" status: 200 len: 259 microversion: 1.28
Mar 09 15:03:22.033414 n-d-830010-10 devstack@placement-api.service[104316]: [pid: 104316|app: 0|req: 64/122] 10.222.0.15 () {60 vars in 1377 bytes} [Wed Mar 9 15:03:21 2022] GET /placement/allocations/37977485-4b49-44b5-93cf-95d0ab5746e4 => generated 259 bytes in 41 msecs (HTTP/1.1 200) 8 headers in 296 bytes (1 switches on core 0)
Mar 09 15:03:25.192184 n-d-830010-10 devstack@placement-api.service[104317]: DEBUG placement.requestlog [req-6d250a4c-7cf7-4efc-a6a2-4826b42d6b7d req-0abcb062-af3c-4a75-b5fb-8143260c8139 None None] Starting request: 10.222.0.15 "GET /placement/allocations/937db905-176e-448c-bed1-574c850ef676" {{(pid=104317) __call__ /opt/stack/placement/placement/requestlog.py:55}}
Mar 09 15:03:25.214711 n-d-830010-10 devstack@placement-api.service[104317]: INFO placement.requestlog [req-6d250a4c-7cf7-4efc-a6a2-4826b42d6b7d req-0abcb062-af3c-4a75-b5fb-8143260c8139 service placement] 10.222.0.15 "GET /placement/allocations/937db905-176e-448c-bed1-574c850ef676" status: 200 len: 259 microversion: 1.28
Mar 09 15:03:25.215808 n-d-830010-10 devstack@placement-api.service[104317]: [pid: 104317|app: 0|req: 59/123] 10.222.0.15 () {60 vars in 1377 bytes} [Wed Mar 9 15:03:25 2022] GET /placement/allocations/937db905-176e-448c-bed1-574c850ef676 => generated 259 bytes in 24 msecs (HTTP/1.1 200) 8 headers in 296 bytes (1 switches on core 0)
Mar 09 15:03:29.884043 n-d-830010-10 devstack@placement-api.service[104316]: DEBUG placement.requestlog [req-1e9ea717-f534-478e-827c-cfd9916dcb0f req-cbe14c42-e205-454c-bdb0-868fbfc687ee None None] Starting request: 10.222.0.32 "GET /placement/allocation_candidates?limit=1000&resources=DISK_GB%3A1%2CMEMORY_MB%3A1024%2CVCPU%3A1&root_required=%21COMPUTE_STATUS_DISABLED" {{(pid=104316) __call__ /opt/stack/placement/placement/requestlog.py:55}}
Mar 09 15:03:29.949451 n-d-830010-10 devstack@placement-api.service[104316]: DEBUG placement.objects.research_context [req-1e9ea717-f534-478e-827c-cfd9916dcb0f req-cbe14c42-e205-454c-bdb0-868fbfc687ee service placement] getting providers with 1 DISK_GB {{(pid=104316) __init__ /opt/stack/placement/placement/objects/research_context.py:136}}
Mar 09 15:03:29.958346 n-d-830010-10 devstack@placement-api.service[104316]: DEBUG placement.objects.research_context [req-1e9ea717-f534-478e-827c-cfd9916dcb0f req-cbe14c42-e205-454c-bdb0-868fbfc687ee service placement] getting providers with 1024 MEMORY_MB {{(pid=104316) __init__ /opt/stack/placement/placement/objects/research_context.py:136}}
Mar 09 15:03:29.975371 n-d-830010-10 devstack@placement-api.service[104316]: DEBUG placement.objects.research_context [req-1e9ea717-f534-478e-827c-cfd9916dcb0f req-cbe14c42-e205-454c-bdb0-868fbfc687ee service placement] getting providers with 1 VCPU {{(pid=104316) __init__ /opt/stack/placement/placement/objects/research_context.py:136}}
Mar 09 15:03:29.986245 n-d-830010-10 devstack@placement-api.service[104316]: DEBUG placement.objects.research_context [req-1e9ea717-f534-478e-827c-cfd9916dcb0f req-cbe14c42-e205-454c-bdb0-868fbfc687ee service placement] found 2 providers with available 1 DISK_GB {{(pid=104316) get_provider_ids_matching /opt/stack/placement/placement/objects/research_context.py:559}}
Mar 09 15:03:29.991401 n-d-830010-10 devstack@placement-api.service[104316]: DEBUG placement.objects.research_context [req-1e9ea717-f534-478e-827c-cfd9916dcb0f req-cbe14c42-e205-454c-bdb0-868fbfc687ee service placement] found 2 providers with available 1024 MEMORY_MB {{(pid=104316) get_provider_ids_matching /opt/stack/placement/placement/objects/research_context.py:559}}
Mar 09 15:03:29.991929 n-d-830010-10 devstack@placement-api.service[104316]: DEBUG placement.objects.research_context [req-1e9ea717-f534-478e-827c-cfd9916dcb0f req-cbe14c42-e205-454c-bdb0-868fbfc687ee service placement] found 2 providers after filtering by previous result {{(pid=104316) get_provider_ids_matching /opt/stack/placement/placement/objects/research_context.py:590}}
Mar 09 15:03:29.992399 n-d-830010-10 devstack@placement-api.service[104316]: DEBUG placement.objects.research_context [req-1e9ea717-f534-478e-827c-cfd9916dcb0f req-cbe14c42-e205-454c-bdb0-868fbfc687ee service placement] found 2 providers with available 1 VCPU {{(pid=104316) get_provider_ids_matching /opt/stack/placement/placement/objects/research_context.py:559}}
Mar 09 15:03:29.993056 n-d-830010-10 devstack@placement-api.service[104316]: DEBUG placement.objects.research_context [req-1e9ea717-f534-478e-827c-cfd9916dcb0f req-cbe14c42-e205-454c-bdb0-868fbfc687ee service placement] found 2 providers after filtering by previous result {{(pid=104316) get_provider_ids_matching /opt/stack/placement/placement/objects/research_context.py:590}}
Mar 09 15:03:30.020933 n-d-830010-10 devstack@placement-api.service[104316]: DEBUG placement.objects.allocation_candidate [req-1e9ea717-f534-478e-827c-cfd9916dcb0f req-cbe14c42-e205-454c-bdb0-868fbfc687ee service placement] RequestGroup(use_same_provider=False, resources={DISK_GB:1, MEMORY_MB:1024, VCPU:1}, traits=(), aggregates=[]) (suffix '') returned 2 matches {{(pid=104316) _get_by_requests /opt/stack/placement/placement/objects/allocation_candidate.py:156}}
Mar 09 15:03:30.021307 n-d-830010-10 devstack@placement-api.service[104316]: DEBUG placement.objects.allocation_candidate [req-1e9ea717-f534-478e-827c-cfd9916dcb0f req-cbe14c42-e205-454c-bdb0-868fbfc687ee service placement] Merging candidates yields 2 allocation requests and 2 provider summaries {{(pid=104316) _merge_candidates /opt/stack/placement/placement/objects/allocation_candidate.py:809}}
Mar 09 15:03:30.022941 n-d-830010-10 devstack@placement-api.service[104316]: INFO placement.requestlog [req-1e9ea717-f534-478e-827c-cfd9916dcb0f req-cbe14c42-e205-454c-bdb0-868fbfc687ee service placement] 10.222.0.32 "GET /placement/allocation_candidates?limit=1000&resources=DISK_GB%3A1%2CMEMORY_MB%3A1024%2CVCPU%3A1&root_required=%21COMPUTE_STATUS_DISABLED" status: 200 len: 1309 microversion: 1.36
Mar 09 15:03:30.031147 n-d-830010-10 devstack@placement-api.service[104316]: [pid: 104316|app: 0|req: 65/124] 10.222.0.32 () {60 vars in 1506 bytes} [Wed Mar 9 15:03:29 2022] GET /placement/allocation_candidates?limit=1000&resources=DISK_GB%3A1%2CMEMORY_MB%3A1024%2CVCPU%3A1&root_required=%21COMPUTE_STATUS_DISABLED => generated 1309 bytes in 147 msecs (HTTP/1.1 200) 8 headers in 297 bytes (1 switches on core 0)
Mar 09 15:03:30.141364 n-d-830010-10 devstack@placement-api.service[104317]: DEBUG placement.requestlog [req-1e9ea717-f534-478e-827c-cfd9916dcb0f req-c3553bd5-fcee-4c0c-b70e-bcb437e427fd None None] Starting request: 10.222.0.32 "GET /placement/allocations/1289e66f-e891-4ce4-83f6-1544a840dd7d" {{(pid=104317) __call__ /opt/stack/placement/placement/requestlog.py:55}}
Mar 09 15:03:30.168078 n-d-830010-10 devstack@placement-api.service[104317]: INFO placement.requestlog [req-1e9ea717-f534-478e-827c-cfd9916dcb0f req-c3553bd5-fcee-4c0c-b70e-bcb437e427fd service placement] 10.222.0.32 "GET /placement/allocations/1289e66f-e891-4ce4-83f6-1544a840dd7d" status: 200 len: 19 microversion: 1.28
Mar 09 15:03:30.169736 n-d-830010-10 devstack@placement-api.service[104317]: [pid: 104317|app: 0|req: 60/125] 10.222.0.32 () {60 vars in 1380 bytes} [Wed Mar 9 15:03:30 2022] GET /placement/allocations/1289e66f-e891-4ce4-83f6-1544a840dd7d => generated 19 bytes in 29 msecs (HTTP/1.1 200) 8 headers in 295 bytes (1 switches on core 0)
Mar 09 15:03:30.176610 n-d-830010-10 devstack@placement-api.service[104316]: DEBUG placement.requestlog [req-1e9ea717-f534-478e-827c-cfd9916dcb0f req-0ce7e7c4-5808-4b2c-a7e0-dd036aaa8ae1 None None] Starting request: 10.222.0.32 "PUT /placement/allocations/1289e66f-e891-4ce4-83f6-1544a840dd7d" {{(pid=104316) __call__ /opt/stack/placement/placement/requestlog.py:55}}
Mar 09 15:03:30.294890 n-d-830010-10 devstack@placement-api.service[104316]: DEBUG placement.handlers.allocation [req-1e9ea717-f534-478e-827c-cfd9916dcb0f req-0ce7e7c4-5808-4b2c-a7e0-dd036aaa8ae1 service placement] Successfully wrote allocations [, , ] {{(pid=104316) _update_consumers_and_create_allocations /opt/stack/placement/placement/handlers/allocation.py:462}}
Mar 09 15:03:30.311693 n-d-830010-10 devstack@placement-api.service[104316]: INFO placement.requestlog [req-1e9ea717-f534-478e-827c-cfd9916dcb0f req-0ce7e7c4-5808-4b2c-a7e0-dd036aaa8ae1 service placement] 10.222.0.32 "PUT /placement/allocations/1289e66f-e891-4ce4-83f6-1544a840dd7d" status: 204 len: 0 microversion: 1.36
Mar 09 15:03:30.312686 n-d-830010-10 devstack@placement-api.service[104316]: [pid: 104316|app: 0|req: 66/126] 10.222.0.32 () {64 vars in 1433 bytes} [Wed Mar 9 15:03:30 2022] PUT /placement/allocations/1289e66f-e891-4ce4-83f6-1544a840dd7d => generated 0 bytes in 136 msecs (HTTP/1.1 204) 5 headers in 199 bytes (1 switches on core 0)
Mar 09 15:03:30.851411 n-d-830010-10 devstack@placement-api.service[104317]: DEBUG placement.requestlog [req-1e9ea717-f534-478e-827c-cfd9916dcb0f req-facc9143-6319-4f16-a1e4-d9d1ab09ee35 None None] Starting request: 10.222.0.15 "GET /placement/allocations/1289e66f-e891-4ce4-83f6-1544a840dd7d" {{(pid=104317) __call__ /opt/stack/placement/placement/requestlog.py:55}}
Mar 09 15:03:30.871960 n-d-830010-10 devstack@placement-api.service[104317]: INFO placement.requestlog [req-1e9ea717-f534-478e-827c-cfd9916dcb0f req-facc9143-6319-4f16-a1e4-d9d1ab09ee35 service placement] 10.222.0.15 "GET /placement/allocations/1289e66f-e891-4ce4-83f6-1544a840dd7d" status: 200 len: 259 microversion: 1.28
Mar 09 15:03:30.873066 n-d-830010-10 devstack@placement-api.service[104317]: [pid: 104317|app: 0|req: 61/127] 10.222.0.15 () {60 vars in 1377 bytes} [Wed Mar 9 15:03:30 2022] GET /placement/allocations/1289e66f-e891-4ce4-83f6-1544a840dd7d => generated 259 bytes in 22 msecs (HTTP/1.1 200) 8 headers in 296 bytes (1 switches on core 0)
Mar 09 15:03:31.782570 n-d-830010-10 devstack@placement-api.service[104316]: DEBUG placement.requestlog [None req-e25ed1bd-a0f8-4f3a-9392-36d2b8b2d1a9 None None] Starting request: 10.222.0.32 "GET /placement/" {{(pid=104316) __call__ /opt/stack/placement/placement/requestlog.py:55}}
Mar 09 15:03:31.784000 n-d-830010-10 devstack@placement-api.service[104316]: INFO placement.requestlog [None req-e25ed1bd-a0f8-4f3a-9392-36d2b8b2d1a9 None None] 10.222.0.32 "GET /placement/" status: 200 len: 136 microversion: 1.0
Mar 09 15:03:31.784594 n-d-830010-10 devstack@placement-api.service[104316]: [pid: 104316|app: 0|req: 67/128] 10.222.0.32 () {54 vars in 907 bytes} [Wed Mar 9 15:03:31 2022] GET /placement => generated 136 bytes in 2 msecs (HTTP/1.1 200) 6 headers in 224 bytes (1 switches on core 0)
Mar 09 15:03:31.797354 n-d-830010-10 devstack@placement-api.service[104317]: DEBUG placement.requestlog [req-7dbcf381-5053-4522-bbb7-417344a5c64c req-0db95700-4076-45c9-bf0d-7a699b68e6c1 None None] Starting request: 10.222.0.32 "GET /placement/resource_providers/567ab2fd-e20c-4335-a3d6-c3924687bdc1/traits" {{(pid=104317) __call__ /opt/stack/placement/placement/requestlog.py:55}}
Mar 09 15:03:31.905536 n-d-830010-10 devstack@placement-api.service[104317]: INFO placement.requestlog [req-7dbcf381-5053-4522-bbb7-417344a5c64c req-0db95700-4076-45c9-bf0d-7a699b68e6c1 service placement] 10.222.0.32 "GET /placement/resource_providers/567ab2fd-e20c-4335-a3d6-c3924687bdc1/traits" status: 200 len: 212 microversion: 1.6
Mar 09 15:03:31.909590 n-d-830010-10 devstack@placement-api.service[104317]: [pid: 104317|app: 0|req: 62/129] 10.222.0.32 () {60 vars in 1412 bytes} [Wed Mar 9 15:03:31 2022] GET /placement/resource_providers/567ab2fd-e20c-4335-a3d6-c3924687bdc1/traits => generated 212 bytes in 112 msecs (HTTP/1.1 200) 6 headers in 224 bytes (1 switches on core 0)
Mar 09 15:03:32.538506 n-d-830010-10 devstack@placement-api.service[104316]: DEBUG placement.requestlog [None req-2e1d68d8-44fd-4a49-a103-3712bbe60cb9 None None] Starting request: 10.222.0.32 "GET /placement/" {{(pid=104316) __call__ /opt/stack/placement/placement/requestlog.py:55}}
Mar 09 15:03:32.539471 n-d-830010-10 devstack@placement-api.service[104316]: INFO placement.requestlog [None req-2e1d68d8-44fd-4a49-a103-3712bbe60cb9 None None] 10.222.0.32 "GET /placement/" status: 200 len: 136 microversion: 1.0
Mar 09 15:03:32.540014 n-d-830010-10 devstack@placement-api.service[104316]: [pid: 104316|app: 0|req: 68/130] 10.222.0.32 () {54 vars in 916 bytes} [Wed Mar 9 15:03:32 2022] GET /placement => generated 136 bytes in 2 msecs (HTTP/1.1 200) 6 headers in 224 bytes (1 switches on core 0)
Mar 09 15:03:32.551629 n-d-830010-10 devstack@placement-api.service[104317]: DEBUG placement.requestlog [req-7dbcf381-5053-4522-bbb7-417344a5c64c req-e7252b44-a9d7-438a-bd9e-cf092c224723 None None] Starting request: 10.222.0.32 "GET /placement/allocations/f122028d-feff-4a70-be4e-d5a257a64e9b" {{(pid=104317) __call__ /opt/stack/placement/placement/requestlog.py:55}}
Mar 09 15:03:32.798279 n-d-830010-10 devstack@placement-api.service[104317]: INFO placement.requestlog [req-7dbcf381-5053-4522-bbb7-417344a5c64c req-e7252b44-a9d7-438a-bd9e-cf092c224723 service placement] 10.222.0.32 "GET /placement/allocations/f122028d-feff-4a70-be4e-d5a257a64e9b" status: 200 len: 259 microversion: 1.28
Mar 09 15:03:32.808205 n-d-830010-10 devstack@placement-api.service[104317]: [pid: 104317|app: 0|req: 63/131] 10.222.0.32 () {60 vars in 1380 bytes} [Wed Mar 9 15:03:32 2022] GET /placement/allocations/f122028d-feff-4a70-be4e-d5a257a64e9b => generated 259 bytes in 257 msecs (HTTP/1.1 200) 8 headers in 296 bytes (1 switches on core 0)
Mar 09 15:03:32.808588 n-d-830010-10 devstack@placement-api.service[104316]: DEBUG placement.requestlog [req-7dbcf381-5053-4522-bbb7-417344a5c64c req-fb758fc4-91d1-41ed-8374-69174502c163 None None] Starting request: 10.222.0.32 "GET /placement/allocations/f122028d-feff-4a70-be4e-d5a257a64e9b" {{(pid=104316) __call__ /opt/stack/placement/placement/requestlog.py:55}}
Mar 09 15:03:32.827780 n-d-830010-10 devstack@placement-api.service[104316]: INFO placement.requestlog [req-7dbcf381-5053-4522-bbb7-417344a5c64c req-fb758fc4-91d1-41ed-8374-69174502c163 service placement] 10.222.0.32 "GET /placement/allocations/f122028d-feff-4a70-be4e-d5a257a64e9b" status: 200 len: 259 microversion: 1.28
Mar 09 15:03:32.835363 n-d-830010-10 devstack@placement-api.service[104317]: DEBUG placement.requestlog [req-7dbcf381-5053-4522-bbb7-417344a5c64c req-7c388138-dcf9-4bf1-99e4-2c363362c1c2 None None] Starting request: 10.222.0.32 "GET /placement/allocations/f99312d3-dc20-4212-b8bb-172014036e82" {{(pid=104317) __call__ /opt/stack/placement/placement/requestlog.py:55}}
Mar 09 15:03:32.837988 n-d-830010-10 devstack@placement-api.service[104316]: [pid: 104316|app: 0|req: 69/132] 10.222.0.32 () {60 vars in 1380 bytes} [Wed Mar 9 15:03:32 2022] GET /placement/allocations/f122028d-feff-4a70-be4e-d5a257a64e9b => generated 259 bytes in 30 msecs (HTTP/1.1 200) 8 headers in 296 bytes (1 switches on core 0)
Mar 09 15:03:32.858459 n-d-830010-10 devstack@placement-api.service[104317]: INFO placement.requestlog [req-7dbcf381-5053-4522-bbb7-417344a5c64c req-7c388138-dcf9-4bf1-99e4-2c363362c1c2 service placement] 10.222.0.32 "GET /placement/allocations/f99312d3-dc20-4212-b8bb-172014036e82" status: 200 len: 19 microversion: 1.28
Mar 09 15:03:32.861929 n-d-830010-10 devstack@placement-api.service[104317]: [pid: 104317|app: 0|req: 64/133] 10.222.0.32 () {60 vars in 1380 bytes} [Wed Mar 9 15:03:32 2022] GET /placement/allocations/f99312d3-dc20-4212-b8bb-172014036e82 => generated 19 bytes in 27 msecs (HTTP/1.1 200) 8 headers in 295 bytes (1 switches on core 0)
Mar 09 15:03:32.871234 n-d-830010-10 devstack@placement-api.service[104316]: DEBUG placement.requestlog [req-7dbcf381-5053-4522-bbb7-417344a5c64c req-192f0476-47ab-4a3e-ae9b-f70c4eca0cdd None None] Starting request: 10.222.0.32 "POST /placement/allocations" {{(pid=104316) __call__ /opt/stack/placement/placement/requestlog.py:55}}
Mar 09 15:03:32.991762 n-d-830010-10 devstack@placement-api.service[104316]: DEBUG placement.handlers.allocation [req-7dbcf381-5053-4522-bbb7-417344a5c64c req-192f0476-47ab-4a3e-ae9b-f70c4eca0cdd service placement] Successfully wrote allocations [, , , , , ] {{(pid=104316) _update_consumers_and_create_allocations /opt/stack/placement/placement/handlers/allocation.py:572}}
Mar 09 15:03:32.997511 n-d-830010-10 devstack@placement-api.service[104316]: INFO placement.requestlog [req-7dbcf381-5053-4522-bbb7-417344a5c64c req-192f0476-47ab-4a3e-ae9b-f70c4eca0cdd service placement] 10.222.0.32 "POST /placement/allocations" status: 204 len: 0 microversion: 1.28
Mar 09 15:03:33.008012 n-d-830010-10 devstack@placement-api.service[104316]: [pid: 104316|app: 0|req: 70/134] 10.222.0.32 () {64 vars in 1323 bytes} [Wed Mar 9 15:03:32 2022] POST /placement/allocations => generated 0 bytes in 128 msecs (HTTP/1.1 204) 5 headers in 199 bytes (1 switches on core 0)
Mar 09 15:03:33.352514 n-d-830010-10 devstack@placement-api.service[104317]: DEBUG placement.requestlog [req-b8be1986-1290-4133-92e8-4fc150ac1807 req-b44d7d6e-a440-49f4-8447-cb59202bede4 None None] Starting request: 10.222.0.32 "GET /placement/allocation_candidates?limit=1000&resources=DISK_GB%3A1%2CMEMORY_MB%3A1024%2CVCPU%3A1&root_required=%21COMPUTE_STATUS_DISABLED" {{(pid=104317) __call__ /opt/stack/placement/placement/requestlog.py:55}}
Mar 09 15:03:33.400038 n-d-830010-10 devstack@placement-api.service[104317]: DEBUG placement.objects.research_context [req-b8be1986-1290-4133-92e8-4fc150ac1807 req-b44d7d6e-a440-49f4-8447-cb59202bede4 service placement] getting providers with 1 DISK_GB {{(pid=104317) __init__ /opt/stack/placement/placement/objects/research_context.py:136}}
Mar 09 15:03:33.406452 n-d-830010-10 devstack@placement-api.service[104317]: DEBUG placement.objects.research_context [req-b8be1986-1290-4133-92e8-4fc150ac1807 req-b44d7d6e-a440-49f4-8447-cb59202bede4 service placement] getting providers with 1024 MEMORY_MB {{(pid=104317) __init__ /opt/stack/placement/placement/objects/research_context.py:136}}
Mar 09 15:03:33.412798 n-d-830010-10 devstack@placement-api.service[104317]: DEBUG placement.objects.research_context [req-b8be1986-1290-4133-92e8-4fc150ac1807 req-b44d7d6e-a440-49f4-8447-cb59202bede4 service placement] getting providers with 1 VCPU {{(pid=104317) __init__ /opt/stack/placement/placement/objects/research_context.py:136}}
Mar 09 15:03:33.419305 n-d-830010-10 devstack@placement-api.service[104317]: DEBUG placement.objects.research_context [req-b8be1986-1290-4133-92e8-4fc150ac1807 req-b44d7d6e-a440-49f4-8447-cb59202bede4 service placement] found 2 providers with available 1 DISK_GB {{(pid=104317) get_provider_ids_matching /opt/stack/placement/placement/objects/research_context.py:559}}
Mar 09 15:03:33.419818 n-d-830010-10 devstack@placement-api.service[104317]: DEBUG placement.objects.research_context [req-b8be1986-1290-4133-92e8-4fc150ac1807 req-b44d7d6e-a440-49f4-8447-cb59202bede4 service placement] found 2 providers with available 1024 MEMORY_MB {{(pid=104317) get_provider_ids_matching /opt/stack/placement/placement/objects/research_context.py:559}}
Mar 09 15:03:33.420256 n-d-830010-10 devstack@placement-api.service[104317]: DEBUG placement.objects.research_context [req-b8be1986-1290-4133-92e8-4fc150ac1807 req-b44d7d6e-a440-49f4-8447-cb59202bede4 service placement] found 2 providers after filtering by previous result {{(pid=104317) get_provider_ids_matching /opt/stack/placement/placement/objects/research_context.py:590}}
Mar 09 15:03:33.420713 n-d-830010-10 devstack@placement-api.service[104317]: DEBUG placement.objects.research_context [req-b8be1986-1290-4133-92e8-4fc150ac1807 req-b44d7d6e-a440-49f4-8447-cb59202bede4 service placement] found 2 providers with available 1 VCPU {{(pid=104317) get_provider_ids_matching /opt/stack/placement/placement/objects/research_context.py:559}}
Mar 09 15:03:33.421149 n-d-830010-10 devstack@placement-api.service[104317]: DEBUG placement.objects.research_context [req-b8be1986-1290-4133-92e8-4fc150ac1807 req-b44d7d6e-a440-49f4-8447-cb59202bede4 service placement] found 2 providers after filtering by previous result {{(pid=104317) get_provider_ids_matching /opt/stack/placement/placement/objects/research_context.py:590}}
Mar 09 15:03:33.434975 n-d-830010-10 devstack@placement-api.service[104317]: DEBUG placement.objects.allocation_candidate [req-b8be1986-1290-4133-92e8-4fc150ac1807 req-b44d7d6e-a440-49f4-8447-cb59202bede4 service placement] RequestGroup(use_same_provider=False, resources={DISK_GB:1, MEMORY_MB:1024, VCPU:1}, traits=(), aggregates=[]) (suffix '') returned 2 matches {{(pid=104317) _get_by_requests /opt/stack/placement/placement/objects/allocation_candidate.py:156}}
Mar 09 15:03:33.436157 n-d-830010-10 devstack@placement-api.service[104317]: DEBUG placement.objects.allocation_candidate [req-b8be1986-1290-4133-92e8-4fc150ac1807 req-b44d7d6e-a440-49f4-8447-cb59202bede4 service placement] Merging candidates yields 2 allocation requests and 2 provider summaries {{(pid=104317) _merge_candidates /opt/stack/placement/placement/objects/allocation_candidate.py:809}}
Mar 09 15:03:33.438635 n-d-830010-10 devstack@placement-api.service[104317]: INFO placement.requestlog [req-b8be1986-1290-4133-92e8-4fc150ac1807 req-b44d7d6e-a440-49f4-8447-cb59202bede4 service placement] 10.222.0.32 "GET /placement/allocation_candidates?limit=1000&resources=DISK_GB%3A1%2CMEMORY_MB%3A1024%2CVCPU%3A1&root_required=%21COMPUTE_STATUS_DISABLED" status: 200 len: 1309 microversion: 1.36
Mar 09 15:03:33.440083 n-d-830010-10 devstack@placement-api.service[104317]: [pid: 104317|app: 0|req: 65/135] 10.222.0.32 () {60 vars in 1506 bytes} [Wed Mar 9 15:03:33 2022] GET /placement/allocation_candidates?limit=1000&resources=DISK_GB%3A1%2CMEMORY_MB%3A1024%2CVCPU%3A1&root_required=%21COMPUTE_STATUS_DISABLED => generated 1309 bytes in 88 msecs (HTTP/1.1 200) 8 headers in 297 bytes (1 switches on core 0)
Mar 09 15:03:33.519424 n-d-830010-10 devstack@placement-api.service[104316]: DEBUG placement.requestlog [req-7dbcf381-5053-4522-bbb7-417344a5c64c req-f22f09e9-cbc1-45a0-8177-5948be21fab8 None None] Starting request: 10.222.0.32 "GET /placement/allocation_candidates?limit=1000&resources=DISK_GB%3A1%2CMEMORY_MB%3A1024%2CVCPU%3A1&root_required=%21COMPUTE_STATUS_DISABLED" {{(pid=104316) __call__ /opt/stack/placement/placement/requestlog.py:55}}
Mar 09 15:03:33.583113 n-d-830010-10 devstack@placement-api.service[104317]: DEBUG placement.requestlog [req-b8be1986-1290-4133-92e8-4fc150ac1807 req-23684c22-875b-4a1f-ab35-9d14a55a4a02 None None] Starting request: 10.222.0.32 "GET /placement/allocations/d1c7b7fe-2e04-4ef0-aef3-046998f45da6" {{(pid=104317) __call__ /opt/stack/placement/placement/requestlog.py:55}}
Mar 09 15:03:33.598744 n-d-830010-10 devstack@placement-api.service[104317]: INFO placement.requestlog [req-b8be1986-1290-4133-92e8-4fc150ac1807 req-23684c22-875b-4a1f-ab35-9d14a55a4a02 service placement] 10.222.0.32 "GET /placement/allocations/d1c7b7fe-2e04-4ef0-aef3-046998f45da6" status: 200 len: 19 microversion: 1.28
Mar 09 15:03:33.599448 n-d-830010-10 devstack@placement-api.service[104317]: [pid: 104317|app: 0|req: 66/136] 10.222.0.32 () {60 vars in 1380 bytes} [Wed Mar 9 15:03:33 2022] GET /placement/allocations/d1c7b7fe-2e04-4ef0-aef3-046998f45da6 => generated 19 bytes in 17 msecs (HTTP/1.1 200) 8 headers in 295 bytes (2 switches on core 0)
Mar 09 15:03:33.608445 n-d-830010-10 devstack@placement-api.service[104317]: DEBUG placement.requestlog [req-b8be1986-1290-4133-92e8-4fc150ac1807 req-a45fd983-5e46-4a6e-8d8a-b5d5f583cad0 None None] Starting request: 10.222.0.32 "PUT /placement/allocations/d1c7b7fe-2e04-4ef0-aef3-046998f45da6" {{(pid=104317) __call__ /opt/stack/placement/placement/requestlog.py:55}}
Mar 09 15:03:33.613765 n-d-830010-10 devstack@placement-api.service[104316]: DEBUG placement.objects.research_context [req-7dbcf381-5053-4522-bbb7-417344a5c64c req-f22f09e9-cbc1-45a0-8177-5948be21fab8 service placement] getting providers with 1 DISK_GB {{(pid=104316) __init__ /opt/stack/placement/placement/objects/research_context.py:136}}
Mar 09 15:03:33.625899 n-d-830010-10 devstack@placement-api.service[104316]: DEBUG placement.objects.research_context [req-7dbcf381-5053-4522-bbb7-417344a5c64c req-f22f09e9-cbc1-45a0-8177-5948be21fab8 service placement] getting providers with 1024 MEMORY_MB {{(pid=104316) __init__ /opt/stack/placement/placement/objects/research_context.py:136}}
Mar 09 15:03:33.643032 n-d-830010-10 devstack@placement-api.service[104316]: DEBUG placement.objects.research_context [req-7dbcf381-5053-4522-bbb7-417344a5c64c req-f22f09e9-cbc1-45a0-8177-5948be21fab8 service placement] getting providers with 1 VCPU {{(pid=104316) __init__ /opt/stack/placement/placement/objects/research_context.py:136}}
Mar 09 15:03:33.651690 n-d-830010-10 devstack@placement-api.service[104316]: DEBUG placement.objects.research_context [req-7dbcf381-5053-4522-bbb7-417344a5c64c req-f22f09e9-cbc1-45a0-8177-5948be21fab8 service placement] found 2 providers with available 1 DISK_GB {{(pid=104316) get_provider_ids_matching /opt/stack/placement/placement/objects/research_context.py:559}}
Mar 09 15:03:33.651966 n-d-830010-10 devstack@placement-api.service[104316]: DEBUG placement.objects.research_context [req-7dbcf381-5053-4522-bbb7-417344a5c64c req-f22f09e9-cbc1-45a0-8177-5948be21fab8 service placement] found 2 providers with available 1024 MEMORY_MB {{(pid=104316) get_provider_ids_matching /opt/stack/placement/placement/objects/research_context.py:559}}
Mar 09 15:03:33.653978 n-d-830010-10 devstack@placement-api.service[104316]: DEBUG placement.objects.research_context [req-7dbcf381-5053-4522-bbb7-417344a5c64c req-f22f09e9-cbc1-45a0-8177-5948be21fab8 service placement] found 2 providers after filtering by previous result {{(pid=104316) get_provider_ids_matching /opt/stack/placement/placement/objects/research_context.py:590}}
Mar 09 15:03:33.656199 n-d-830010-10 devstack@placement-api.service[104316]: DEBUG placement.objects.research_context [req-7dbcf381-5053-4522-bbb7-417344a5c64c req-f22f09e9-cbc1-45a0-8177-5948be21fab8 service placement] found 2 providers with available 1 VCPU {{(pid=104316) get_provider_ids_matching /opt/stack/placement/placement/objects/research_context.py:559}}
Mar 09 15:03:33.657217 n-d-830010-10 devstack@placement-api.service[104316]: DEBUG placement.objects.research_context [req-7dbcf381-5053-4522-bbb7-417344a5c64c req-f22f09e9-cbc1-45a0-8177-5948be21fab8 service placement] found 2 providers after filtering by previous result {{(pid=104316) get_provider_ids_matching /opt/stack/placement/placement/objects/research_context.py:590}}
Mar 09 15:03:33.680253 n-d-830010-10 devstack@placement-api.service[104316]: DEBUG placement.objects.allocation_candidate [req-7dbcf381-5053-4522-bbb7-417344a5c64c req-f22f09e9-cbc1-45a0-8177-5948be21fab8 service placement] RequestGroup(use_same_provider=False, resources={DISK_GB:1, MEMORY_MB:1024, VCPU:1}, traits=(), aggregates=[]) (suffix '') returned 2 matches {{(pid=104316) _get_by_requests /opt/stack/placement/placement/objects/allocation_candidate.py:156}}
Mar 09 15:03:33.680634 n-d-830010-10 devstack@placement-api.service[104316]: DEBUG placement.objects.allocation_candidate [req-7dbcf381-5053-4522-bbb7-417344a5c64c req-f22f09e9-cbc1-45a0-8177-5948be21fab8 service placement] Merging candidates yields 2 allocation requests and 2 provider summaries {{(pid=104316) _merge_candidates /opt/stack/placement/placement/objects/allocation_candidate.py:809}}
Mar 09 15:03:33.690083 n-d-830010-10 devstack@placement-api.service[104316]: INFO placement.requestlog [req-7dbcf381-5053-4522-bbb7-417344a5c64c req-f22f09e9-cbc1-45a0-8177-5948be21fab8 service placement] 10.222.0.32 "GET /placement/allocation_candidates?limit=1000&resources=DISK_GB%3A1%2CMEMORY_MB%3A1024%2CVCPU%3A1&root_required=%21COMPUTE_STATUS_DISABLED" status: 200 len: 1309 microversion: 1.36
Mar 09 15:03:33.690921 n-d-830010-10 devstack@placement-api.service[104316]: [pid: 104316|app: 0|req: 71/137] 10.222.0.32 () {60 vars in 1506 bytes} [Wed Mar 9 15:03:33 2022] GET /placement/allocation_candidates?limit=1000&resources=DISK_GB%3A1%2CMEMORY_MB%3A1024%2CVCPU%3A1&root_required=%21COMPUTE_STATUS_DISABLED => generated 1309 bytes in 176 msecs (HTTP/1.1 200) 8 headers in 297 bytes (1 switches on core 0)
Mar 09 15:03:33.720038 n-d-830010-10 devstack@placement-api.service[104317]: DEBUG placement.handlers.allocation [req-b8be1986-1290-4133-92e8-4fc150ac1807 req-a45fd983-5e46-4a6e-8d8a-b5d5f583cad0 service placement] Successfully wrote allocations [, , ] {{(pid=104317) _update_consumers_and_create_allocations /opt/stack/placement/placement/handlers/allocation.py:462}}
Mar 09 15:03:33.725848 n-d-830010-10 devstack@placement-api.service[104317]: INFO placement.requestlog [req-b8be1986-1290-4133-92e8-4fc150ac1807 req-a45fd983-5e46-4a6e-8d8a-b5d5f583cad0 service placement] 10.222.0.32 "PUT /placement/allocations/d1c7b7fe-2e04-4ef0-aef3-046998f45da6" status: 204 len: 0 microversion: 1.36
Mar 09 15:03:33.726546 n-d-830010-10 devstack@placement-api.service[104317]: [pid: 104317|app: 0|req: 67/138] 10.222.0.32 () {64 vars in 1433 bytes} [Wed Mar 9 15:03:33 2022] PUT /placement/allocations/d1c7b7fe-2e04-4ef0-aef3-046998f45da6 => generated 0 bytes in 118 msecs (HTTP/1.1 204) 5 headers in 199 bytes (1 switches on core 0)
Mar 09 15:03:33.833243 n-d-830010-10 devstack@placement-api.service[104316]: DEBUG placement.requestlog [req-7dbcf381-5053-4522-bbb7-417344a5c64c req-3bc44e64-a412-4328-a30b-54e8e1d8c1ce None None] Starting request: 10.222.0.32 "GET /placement/allocations/f122028d-feff-4a70-be4e-d5a257a64e9b" {{(pid=104316) __call__ /opt/stack/placement/placement/requestlog.py:55}}
Mar 09 15:03:33.858254 n-d-830010-10 devstack@placement-api.service[104316]: INFO placement.requestlog [req-7dbcf381-5053-4522-bbb7-417344a5c64c req-3bc44e64-a412-4328-a30b-54e8e1d8c1ce service placement] 10.222.0.32 "GET /placement/allocations/f122028d-feff-4a70-be4e-d5a257a64e9b" status: 200 len: 19 microversion: 1.28
Mar 09 15:03:33.858907 n-d-830010-10 devstack@placement-api.service[104316]: [pid: 104316|app: 0|req: 72/139] 10.222.0.32 () {60 vars in 1380 bytes} [Wed Mar 9 15:03:33 2022] GET /placement/allocations/f122028d-feff-4a70-be4e-d5a257a64e9b => generated 19 bytes in 26 msecs (HTTP/1.1 200) 8 headers in 295 bytes (1 switches on core 0)
Mar 09 15:03:33.867759 n-d-830010-10 devstack@placement-api.service[104317]: DEBUG placement.requestlog [req-7dbcf381-5053-4522-bbb7-417344a5c64c req-340b471c-e779-4b83-aad7-30193e68336b None None] Starting request: 10.222.0.32 "PUT /placement/allocations/f122028d-feff-4a70-be4e-d5a257a64e9b" {{(pid=104317) __call__ /opt/stack/placement/placement/requestlog.py:55}}
Mar 09 15:03:33.987247 n-d-830010-10 devstack@placement-api.service[104317]: DEBUG placement.handlers.allocation [req-7dbcf381-5053-4522-bbb7-417344a5c64c req-340b471c-e779-4b83-aad7-30193e68336b service placement] Successfully wrote allocations [, , ] {{(pid=104317) _update_consumers_and_create_allocations /opt/stack/placement/placement/handlers/allocation.py:462}}
Mar 09 15:03:33.994404 n-d-830010-10 devstack@placement-api.service[104317]: INFO placement.requestlog [req-7dbcf381-5053-4522-bbb7-417344a5c64c req-340b471c-e779-4b83-aad7-30193e68336b service placement] 10.222.0.32 "PUT /placement/allocations/f122028d-feff-4a70-be4e-d5a257a64e9b" status: 204 len: 0 microversion: 1.36
Mar 09 15:03:33.995129 n-d-830010-10 devstack@placement-api.service[104317]: [pid: 104317|app: 0|req: 68/140] 10.222.0.32 () {64 vars in 1433 bytes} [Wed Mar 9 15:03:33 2022] PUT /placement/allocations/f122028d-feff-4a70-be4e-d5a257a64e9b => generated 0 bytes in 128 msecs (HTTP/1.1 204) 5 headers in 199 bytes (1 switches on core 0)
Mar 09 15:03:34.596115 n-d-830010-10 devstack@placement-api.service[104316]: DEBUG placement.requestlog [req-7dbcf381-5053-4522-bbb7-417344a5c64c req-96a1b593-1c5d-4ea5-a264-95bcc8ec5387 None None] Starting request: 10.222.0.15 "GET /placement/allocations/f122028d-feff-4a70-be4e-d5a257a64e9b" {{(pid=104316) __call__ /opt/stack/placement/placement/requestlog.py:55}}
Mar 09 15:03:34.616471 n-d-830010-10 devstack@placement-api.service[104316]: INFO placement.requestlog [req-7dbcf381-5053-4522-bbb7-417344a5c64c req-96a1b593-1c5d-4ea5-a264-95bcc8ec5387 service placement] 10.222.0.15 "GET /placement/allocations/f122028d-feff-4a70-be4e-d5a257a64e9b" status: 200 len: 259 microversion: 1.28
Mar 09 15:03:34.617043 n-d-830010-10 devstack@placement-api.service[104316]: [pid: 104316|app: 0|req: 73/141] 10.222.0.15 () {60 vars in 1377 bytes} [Wed Mar 9 15:03:34 2022] GET /placement/allocations/f122028d-feff-4a70-be4e-d5a257a64e9b => generated 259 bytes in 21 msecs (HTTP/1.1 200) 8 headers in 296 bytes (1 switches on core 0)
Mar 09 15:03:34.631231 n-d-830010-10 devstack@placement-api.service[104317]: DEBUG placement.requestlog [req-b8be1986-1290-4133-92e8-4fc150ac1807 req-c0934a24-0081-4945-bcd7-06f2a1accba2 None None] Starting request: 10.222.0.52 "GET /placement/allocations/d1c7b7fe-2e04-4ef0-aef3-046998f45da6" {{(pid=104317) __call__ /opt/stack/placement/placement/requestlog.py:55}}
Mar 09 15:03:34.654556 n-d-830010-10 devstack@placement-api.service[104317]: INFO placement.requestlog [req-b8be1986-1290-4133-92e8-4fc150ac1807 req-c0934a24-0081-4945-bcd7-06f2a1accba2 service placement] 10.222.0.52 "GET /placement/allocations/d1c7b7fe-2e04-4ef0-aef3-046998f45da6" status: 200 len: 259 microversion: 1.28
Mar 09 15:03:34.655445 n-d-830010-10 devstack@placement-api.service[104317]: [pid: 104317|app: 0|req: 69/142] 10.222.0.52 () {60 vars in 1377 bytes} [Wed Mar 9 15:03:34 2022] GET /placement/allocations/d1c7b7fe-2e04-4ef0-aef3-046998f45da6 => generated 259 bytes in 24 msecs (HTTP/1.1 200) 8 headers in 296 bytes (1 switches on core 0)
Mar 09 15:03:44.323887 n-d-830010-10 devstack@placement-api.service[104316]: DEBUG placement.requestlog [req-da69f760-dcb2-4edb-aba0-304df5979c80 req-276fc1af-3c11-4b18-8233-a42a7dafb250 None None] Starting request: 10.222.0.15 "GET /placement/resource_providers/8da07c1c-f8a7-4503-8d93-5392c7757fb9/allocations" {{(pid=104316) __call__ /opt/stack/placement/placement/requestlog.py:55}}
Mar 09 15:03:44.349100 n-d-830010-10 devstack@placement-api.service[104316]: INFO placement.requestlog [req-da69f760-dcb2-4edb-aba0-304df5979c80 req-276fc1af-3c11-4b18-8233-a42a7dafb250 service placement] 10.222.0.15 "GET /placement/resource_providers/8da07c1c-f8a7-4503-8d93-5392c7757fb9/allocations" status: 200 len: 659 microversion: 1.0
Mar 09 15:03:44.350095 n-d-830010-10 devstack@placement-api.service[104316]: [pid: 104316|app: 0|req: 74/143] 10.222.0.15 () {58 vars in 1390 bytes} [Wed Mar 9 15:03:44 2022] GET /placement/resource_providers/8da07c1c-f8a7-4503-8d93-5392c7757fb9/allocations => generated 659 bytes in 26 msecs (HTTP/1.1 200) 6 headers in 224 bytes (1 switches on core 0)
Mar 09 15:03:45.162704 n-d-830010-10 devstack@placement-api.service[104317]: DEBUG placement.requestlog [None req-1d793a7c-c31e-4901-bc90-a9b7c5329e0a None None] Starting request: 10.222.0.32 "GET /placement/" {{(pid=104317) __call__ /opt/stack/placement/placement/requestlog.py:55}}
Mar 09 15:03:45.163503 n-d-830010-10 devstack@placement-api.service[104317]: INFO placement.requestlog [None req-1d793a7c-c31e-4901-bc90-a9b7c5329e0a None None] 10.222.0.32 "GET /placement/" status: 200 len: 136 microversion: 1.0
Mar 09 15:03:45.163903 n-d-830010-10 devstack@placement-api.service[104317]: [pid: 104317|app: 0|req: 70/144] 10.222.0.32 () {54 vars in 916 bytes} [Wed Mar 9 15:03:45 2022] GET /placement => generated 136 bytes in 2 msecs (HTTP/1.1 200) 6 headers in 224 bytes (1 switches on core 0)
Mar 09 15:03:45.193188 n-d-830010-10 devstack@placement-api.service[104316]: DEBUG placement.requestlog [req-45d17bbe-bfa4-42dd-8788-60d73d43d8bd req-f406e9d2-6e96-465b-867a-ce432581be75 None None] Starting request: 10.222.0.32 "GET /placement/allocations/37977485-4b49-44b5-93cf-95d0ab5746e4" {{(pid=104316) __call__ /opt/stack/placement/placement/requestlog.py:55}}
Mar 09 15:03:45.305478 n-d-830010-10 devstack@placement-api.service[104316]: INFO placement.requestlog [req-45d17bbe-bfa4-42dd-8788-60d73d43d8bd req-f406e9d2-6e96-465b-867a-ce432581be75 service placement] 10.222.0.32 "GET /placement/allocations/37977485-4b49-44b5-93cf-95d0ab5746e4" status: 200 len: 259 microversion: 1.28
Mar 09 15:03:45.314618 n-d-830010-10 devstack@placement-api.service[104316]: [pid: 104316|app: 0|req: 75/145] 10.222.0.32 () {60 vars in 1380 bytes} [Wed Mar 9 15:03:45 2022] GET /placement/allocations/37977485-4b49-44b5-93cf-95d0ab5746e4 => generated 259 bytes in 122 msecs (HTTP/1.1 200) 8 headers in 296 bytes (1 switches on core 0)
Mar 09 15:03:45.315219 n-d-830010-10 devstack@placement-api.service[104317]: DEBUG placement.requestlog [req-45d17bbe-bfa4-42dd-8788-60d73d43d8bd req-6d64b146-5888-4cac-b2cd-8813a0acb8fe None None] Starting request: 10.222.0.32 "GET /placement/allocations/37977485-4b49-44b5-93cf-95d0ab5746e4" {{(pid=104317) __call__ /opt/stack/placement/placement/requestlog.py:55}}
Mar 09 15:03:45.340851 n-d-830010-10 devstack@placement-api.service[104317]: INFO placement.requestlog [req-45d17bbe-bfa4-42dd-8788-60d73d43d8bd req-6d64b146-5888-4cac-b2cd-8813a0acb8fe service placement] 10.222.0.32 "GET /placement/allocations/37977485-4b49-44b5-93cf-95d0ab5746e4" status: 200 len: 259 microversion: 1.28
Mar 09 15:03:45.350512 n-d-830010-10 devstack@placement-api.service[104316]: DEBUG placement.requestlog [req-45d17bbe-bfa4-42dd-8788-60d73d43d8bd req-e130f567-dd19-424a-9912-a826cb26c471 None None] Starting request: 10.222.0.32 "GET /placement/allocations/55d50cc1-fd5d-4e8f-83ab-1226349fee62" {{(pid=104316) __call__ /opt/stack/placement/placement/requestlog.py:55}}
Mar 09 15:03:45.363893 n-d-830010-10 devstack@placement-api.service[104317]: [pid: 104317|app: 0|req: 71/146] 10.222.0.32 () {60 vars in 1380 bytes} [Wed Mar 9 15:03:45 2022] GET /placement/allocations/37977485-4b49-44b5-93cf-95d0ab5746e4 => generated 259 bytes in 49 msecs (HTTP/1.1 200) 8 headers in 296 bytes (1 switches on core 0)
Mar 09 15:03:45.369589 n-d-830010-10 devstack@placement-api.service[104316]: INFO placement.requestlog [req-45d17bbe-bfa4-42dd-8788-60d73d43d8bd req-e130f567-dd19-424a-9912-a826cb26c471 service placement] 10.222.0.32 "GET /placement/allocations/55d50cc1-fd5d-4e8f-83ab-1226349fee62" status: 200 len: 19 microversion: 1.28
Mar 09 15:03:45.370363 n-d-830010-10 devstack@placement-api.service[104316]: [pid: 104316|app: 0|req: 76/147] 10.222.0.32 () {60 vars in 1380 bytes} [Wed Mar 9 15:03:45 2022] GET /placement/allocations/55d50cc1-fd5d-4e8f-83ab-1226349fee62 => generated 19 bytes in 20 msecs (HTTP/1.1 200) 8 headers in 295 bytes (1 switches on core 0)
Mar 09 15:03:45.383109 n-d-830010-10 devstack@placement-api.service[104317]: DEBUG placement.requestlog [req-45d17bbe-bfa4-42dd-8788-60d73d43d8bd req-11deeb37-771e-4c3e-8d52-e294e31ed8b9 None None] Starting request: 10.222.0.32 "POST /placement/allocations" {{(pid=104317) __call__ /opt/stack/placement/placement/requestlog.py:55}}
Mar 09 15:03:45.542897 n-d-830010-10 devstack@placement-api.service[104317]: DEBUG placement.handlers.allocation [req-45d17bbe-bfa4-42dd-8788-60d73d43d8bd req-11deeb37-771e-4c3e-8d52-e294e31ed8b9 service placement] Successfully wrote allocations [, , , , , ] {{(pid=104317) _update_consumers_and_create_allocations /opt/stack/placement/placement/handlers/allocation.py:572}}
Mar 09 15:03:45.549524 n-d-830010-10 devstack@placement-api.service[104317]: INFO placement.requestlog [req-45d17bbe-bfa4-42dd-8788-60d73d43d8bd req-11deeb37-771e-4c3e-8d52-e294e31ed8b9 service placement] 10.222.0.32 "POST /placement/allocations" status: 204 len: 0 microversion: 1.28
Mar 09 15:03:45.557170 n-d-830010-10 devstack@placement-api.service[104317]: [pid: 104317|app: 0|req: 72/148] 10.222.0.32 () {64 vars in 1323 bytes} [Wed Mar 9 15:03:45 2022] POST /placement/allocations => generated 0 bytes in 167 msecs (HTTP/1.1 204) 5 headers in 199 bytes (1 switches on core 0)
Mar 09 15:03:45.637159 n-d-830010-10 devstack@placement-api.service[104316]: DEBUG placement.requestlog [req-45d17bbe-bfa4-42dd-8788-60d73d43d8bd req-65717613-c9f0-488c-ba3a-9deacf942642 None None] Starting request: 10.222.0.32 "GET /placement/allocations/37977485-4b49-44b5-93cf-95d0ab5746e4" {{(pid=104316) __call__ /opt/stack/placement/placement/requestlog.py:55}}
Mar 09 15:03:45.653900 n-d-830010-10 devstack@placement-api.service[104316]: INFO placement.requestlog [req-45d17bbe-bfa4-42dd-8788-60d73d43d8bd req-65717613-c9f0-488c-ba3a-9deacf942642 service placement] 10.222.0.32 "GET /placement/allocations/37977485-4b49-44b5-93cf-95d0ab5746e4" status: 200 len: 19 microversion: 1.28
Mar 09 15:03:45.660045 n-d-830010-10 devstack@placement-api.service[104316]: [pid: 104316|app: 0|req: 77/149] 10.222.0.32 () {60 vars in 1380 bytes} [Wed Mar 9 15:03:45 2022] GET /placement/allocations/37977485-4b49-44b5-93cf-95d0ab5746e4 => generated 19 bytes in 24 msecs (HTTP/1.1 200) 8 headers in 295 bytes (1 switches on core 0)
Mar 09 15:03:45.664164 n-d-830010-10 devstack@placement-api.service[104317]: DEBUG placement.requestlog [req-45d17bbe-bfa4-42dd-8788-60d73d43d8bd req-b18baa21-697e-461d-9744-633c1694d445 None None] Starting request: 10.222.0.32 "PUT /placement/allocations/37977485-4b49-44b5-93cf-95d0ab5746e4" {{(pid=104317) __call__ /opt/stack/placement/placement/requestlog.py:55}}
Mar 09 15:03:45.820268 n-d-830010-10 devstack@placement-api.service[104317]: DEBUG placement.handlers.allocation [req-45d17bbe-bfa4-42dd-8788-60d73d43d8bd req-b18baa21-697e-461d-9744-633c1694d445 service placement] Successfully wrote allocations [, , ] {{(pid=104317) _update_consumers_and_create_allocations /opt/stack/placement/placement/handlers/allocation.py:462}}
Mar 09 15:03:45.829834 n-d-830010-10 devstack@placement-api.service[104317]: INFO placement.requestlog [req-45d17bbe-bfa4-42dd-8788-60d73d43d8bd req-b18baa21-697e-461d-9744-633c1694d445 service placement] 10.222.0.32 "PUT /placement/allocations/37977485-4b49-44b5-93cf-95d0ab5746e4" status: 204 len: 0 microversion: 1.28
Mar 09 15:03:45.830831 n-d-830010-10 devstack@placement-api.service[104317]: [pid: 104317|app: 0|req: 73/150] 10.222.0.32 () {64 vars in 1433 bytes} [Wed Mar 9 15:03:45 2022] PUT /placement/allocations/37977485-4b49-44b5-93cf-95d0ab5746e4 => generated 0 bytes in 167 msecs (HTTP/1.1 204) 5 headers in 199 bytes (1 switches on core 0)
Mar 09 15:03:46.125700 n-d-830010-10 devstack@placement-api.service[104316]: DEBUG placement.requestlog [req-9b495b93-0ce9-448e-a48b-d46a54f8d681 req-80f3e76f-4d6d-403e-b359-ebb8e2085a97 None None] Starting request: 10.222.0.52 "GET /placement/resource_providers/567ab2fd-e20c-4335-a3d6-c3924687bdc1/allocations" {{(pid=104316) __call__ /opt/stack/placement/placement/requestlog.py:55}}
Mar 09 15:03:46.168486 n-d-830010-10 devstack@placement-api.service[104317]: DEBUG placement.requestlog [req-45d17bbe-bfa4-42dd-8788-60d73d43d8bd req-4dd20bf4-b75b-407f-8c92-ab37f81560f5 None None] Starting request: 10.222.0.52 "GET /placement/allocations/37977485-4b49-44b5-93cf-95d0ab5746e4" {{(pid=104317) __call__ /opt/stack/placement/placement/requestlog.py:55}}
Mar 09 15:03:46.199374 n-d-830010-10 devstack@placement-api.service[104316]: INFO placement.requestlog [req-9b495b93-0ce9-448e-a48b-d46a54f8d681 req-80f3e76f-4d6d-403e-b359-ebb8e2085a97 service placement] 10.222.0.52 "GET /placement/resource_providers/567ab2fd-e20c-4335-a3d6-c3924687bdc1/allocations" status: 200 len: 558 microversion: 1.0
Mar 09 15:03:46.199758 n-d-830010-10 devstack@placement-api.service[104316]: [pid: 104316|app: 0|req: 78/151] 10.222.0.52 () {58 vars in 1390 bytes} [Wed Mar 9 15:03:46 2022] GET /placement/resource_providers/567ab2fd-e20c-4335-a3d6-c3924687bdc1/allocations => generated 558 bytes in 74 msecs (HTTP/1.1 200) 6 headers in 224 bytes (1 switches on core 0)
Mar 09 15:03:46.207909 n-d-830010-10 devstack@placement-api.service[104317]: INFO placement.requestlog [req-45d17bbe-bfa4-42dd-8788-60d73d43d8bd req-4dd20bf4-b75b-407f-8c92-ab37f81560f5 service placement] 10.222.0.52 "GET /placement/allocations/37977485-4b49-44b5-93cf-95d0ab5746e4" status: 200 len: 259 microversion: 1.28
Mar 09 15:03:46.210077 n-d-830010-10 devstack@placement-api.service[104317]: [pid: 104317|app: 0|req: 74/152] 10.222.0.52 () {60 vars in 1377 bytes} [Wed Mar 9 15:03:46 2022] GET /placement/allocations/37977485-4b49-44b5-93cf-95d0ab5746e4 => generated 259 bytes in 42 msecs (HTTP/1.1 200) 8 headers in 296 bytes (2 switches on core 0)
Mar 09 15:03:48.835030 n-d-830010-10 devstack@placement-api.service[104316]: DEBUG placement.requestlog [req-38c662de-2b55-4645-ab4e-a3476b00c459 req-200eb3f5-5200-4b59-87c7-76abc9687a49 None None] Starting request: 10.222.0.32 "GET /placement/allocation_candidates?limit=1000&resources=DISK_GB%3A1%2CMEMORY_MB%3A1024%2CVCPU%3A1&root_required=%21COMPUTE_STATUS_DISABLED" {{(pid=104316) __call__ /opt/stack/placement/placement/requestlog.py:55}}
Mar 09 15:03:48.872484 n-d-830010-10 devstack@placement-api.service[104316]: DEBUG placement.objects.research_context [req-38c662de-2b55-4645-ab4e-a3476b00c459 req-200eb3f5-5200-4b59-87c7-76abc9687a49 service placement] getting providers with 1 DISK_GB {{(pid=104316) __init__ /opt/stack/placement/placement/objects/research_context.py:136}}
Mar 09 15:03:48.879445 n-d-830010-10 devstack@placement-api.service[104316]: DEBUG placement.objects.research_context [req-38c662de-2b55-4645-ab4e-a3476b00c459 req-200eb3f5-5200-4b59-87c7-76abc9687a49 service placement] getting providers with 1024 MEMORY_MB {{(pid=104316) __init__ /opt/stack/placement/placement/objects/research_context.py:136}}
Mar 09 15:03:48.886277 n-d-830010-10 devstack@placement-api.service[104316]: DEBUG placement.objects.research_context [req-38c662de-2b55-4645-ab4e-a3476b00c459 req-200eb3f5-5200-4b59-87c7-76abc9687a49 service placement] getting providers with 1 VCPU {{(pid=104316) __init__ /opt/stack/placement/placement/objects/research_context.py:136}}
Mar 09 15:03:48.891891 n-d-830010-10 devstack@placement-api.service[104316]: DEBUG placement.objects.research_context [req-38c662de-2b55-4645-ab4e-a3476b00c459 req-200eb3f5-5200-4b59-87c7-76abc9687a49 service placement] found 2 providers with available 1 DISK_GB {{(pid=104316) get_provider_ids_matching /opt/stack/placement/placement/objects/research_context.py:559}}
Mar 09 15:03:48.892341 n-d-830010-10 devstack@placement-api.service[104316]: DEBUG placement.objects.research_context [req-38c662de-2b55-4645-ab4e-a3476b00c459 req-200eb3f5-5200-4b59-87c7-76abc9687a49 service placement] found 2 providers with available 1024 MEMORY_MB {{(pid=104316) get_provider_ids_matching /opt/stack/placement/placement/objects/research_context.py:559}}
Mar 09 15:03:48.892824 n-d-830010-10 devstack@placement-api.service[104316]: DEBUG placement.objects.research_context [req-38c662de-2b55-4645-ab4e-a3476b00c459 req-200eb3f5-5200-4b59-87c7-76abc9687a49 service placement] found 2 providers after filtering by previous result {{(pid=104316) get_provider_ids_matching /opt/stack/placement/placement/objects/research_context.py:590}}
Mar 09 15:03:48.893233 n-d-830010-10 devstack@placement-api.service[104316]: DEBUG placement.objects.research_context [req-38c662de-2b55-4645-ab4e-a3476b00c459 req-200eb3f5-5200-4b59-87c7-76abc9687a49 service placement] found 2 providers with available 1 VCPU {{(pid=104316) get_provider_ids_matching /opt/stack/placement/placement/objects/research_context.py:559}}
Mar 09 15:03:48.893658 n-d-830010-10 devstack@placement-api.service[104316]: DEBUG placement.objects.research_context [req-38c662de-2b55-4645-ab4e-a3476b00c459 req-200eb3f5-5200-4b59-87c7-76abc9687a49 service placement] found 2 providers after filtering by previous result {{(pid=104316) get_provider_ids_matching /opt/stack/placement/placement/objects/research_context.py:590}}
