Feb 19 17:17:49.427406 n-d-829989-1 devstack@placement-api.service[104090]: DEBUG placement.objects.allocation_candidate [req-57a7a3ee-696a-424c-8a21-a10e3a206800 req-c10e3df2-f071-4ee0-9a86-4e4a9862ab72 service placement] RequestGroup(use_same_provider=False, resources={DISK_GB:1, MEMORY_MB:1024, VCPU:1}, traits=[], aggregates=[]) (suffix '') returned 2 matches {{(pid=104090) _get_by_requests /opt/stack/placement/placement/objects/allocation_candidate.py:145}}
Feb 19 17:17:49.427406 n-d-829989-1 devstack@placement-api.service[104090]: DEBUG placement.objects.allocation_candidate [req-57a7a3ee-696a-424c-8a21-a10e3a206800 req-c10e3df2-f071-4ee0-9a86-4e4a9862ab72 service placement] Merging candidates yields 2 allocation requests and 2 provider summaries {{(pid=104090) _merge_candidates /opt/stack/placement/placement/objects/allocation_candidate.py:783}}
Feb 19 17:17:49.430018 n-d-829989-1 devstack@placement-api.service[104090]: INFO placement.requestlog [req-57a7a3ee-696a-424c-8a21-a10e3a206800 req-c10e3df2-f071-4ee0-9a86-4e4a9862ab72 service placement] 10.222.0.52 "GET /placement/allocation_candidates?limit=1000&resources=DISK_GB%3A1%2CMEMORY_MB%3A1024%2CVCPU%3A1&root_required=%21COMPUTE_STATUS_DISABLED" status: 200 len: 1309 microversion: 1.36
Feb 19 17:17:49.430403 n-d-829989-1 devstack@placement-api.service[104090]: [pid: 104090|app: 0|req: 150/302] 10.222.0.52 () {60 vars in 1506 bytes} [Sat Feb 19 17:17:49 2022] GET /placement/allocation_candidates?limit=1000&resources=DISK_GB%3A1%2CMEMORY_MB%3A1024%2CVCPU%3A1&root_required=%21COMPUTE_STATUS_DISABLED => generated 1309 bytes in 168 msecs (HTTP/1.1 200) 8 headers in 297 bytes (1 switches on core 0)
Feb 19 17:17:49.549864 n-d-829989-1 devstack@placement-api.service[104091]: DEBUG placement.requestlog [req-57a7a3ee-696a-424c-8a21-a10e3a206800 req-001dfe8f-2e10-4fc6-a0de-d0506ed720dc None None] Starting request: 10.222.0.52 "GET /placement/allocations/a4521e5e-7ad1-43cf-95df-da654844c899" {{(pid=104091) __call__ /opt/stack/placement/placement/requestlog.py:55}}
Feb 19 17:17:49.570624 n-d-829989-1 devstack@placement-api.service[104091]: INFO placement.requestlog [req-57a7a3ee-696a-424c-8a21-a10e3a206800 req-001dfe8f-2e10-4fc6-a0de-d0506ed720dc service placement] 10.222.0.52 "GET /placement/allocations/a4521e5e-7ad1-43cf-95df-da654844c899" status: 200 len: 19 microversion: 1.28
Feb 19 17:17:49.577119 n-d-829989-1 devstack@placement-api.service[104091]: [pid: 104091|app: 0|req: 153/303] 10.222.0.52 () {60 vars in 1380 bytes} [Sat Feb 19 17:17:49 2022] GET /placement/allocations/a4521e5e-7ad1-43cf-95df-da654844c899 => generated 19 bytes in 27 msecs (HTTP/1.1 200) 8 headers in 295 bytes (1 switches on core 0)
Feb 19 17:17:49.577881 n-d-829989-1 devstack@placement-api.service[104090]: DEBUG placement.requestlog [req-57a7a3ee-696a-424c-8a21-a10e3a206800 req-6890f62b-48e7-49f2-ad04-6f5ee848567f None None] Starting request: 10.222.0.52 "PUT /placement/allocations/a4521e5e-7ad1-43cf-95df-da654844c899" {{(pid=104090) __call__ /opt/stack/placement/placement/requestlog.py:55}}
Feb 19 17:17:49.689123 n-d-829989-1 devstack@placement-api.service[104090]: DEBUG placement.handlers.allocation [req-57a7a3ee-696a-424c-8a21-a10e3a206800 req-6890f62b-48e7-49f2-ad04-6f5ee848567f service placement] Successfully wrote allocations [, , ] {{(pid=104090) _update_consumers_and_create_allocations /opt/stack/placement/placement/handlers/allocation.py:462}}
Feb 19 17:17:49.700574 n-d-829989-1 devstack@placement-api.service[104090]: INFO placement.requestlog [req-57a7a3ee-696a-424c-8a21-a10e3a206800 req-6890f62b-48e7-49f2-ad04-6f5ee848567f service placement] 10.222.0.52 "PUT /placement/allocations/a4521e5e-7ad1-43cf-95df-da654844c899" status: 204 len: 0 microversion: 1.36
Feb 19 17:17:49.701412 n-d-829989-1 devstack@placement-api.service[104090]: [pid: 104090|app: 0|req: 151/304] 10.222.0.52 () {64 vars in 1433 bytes} [Sat Feb 19 17:17:49 2022] PUT /placement/allocations/a4521e5e-7ad1-43cf-95df-da654844c899 => generated 0 bytes in 124 msecs (HTTP/1.1 204) 5 headers in 199 bytes (2 switches on core 0)
Feb 19 17:17:50.206751 n-d-829989-1 devstack@placement-api.service[104091]: DEBUG placement.requestlog [req-57a7a3ee-696a-424c-8a21-a10e3a206800 req-d4c8dbc1-994b-46f4-870a-944e5233be42 None None] Starting request: 10.222.0.26 "GET /placement/allocations/a4521e5e-7ad1-43cf-95df-da654844c899" {{(pid=104091) __call__ /opt/stack/placement/placement/requestlog.py:55}}
Feb 19 17:17:50.225465 n-d-829989-1 devstack@placement-api.service[104091]: INFO placement.requestlog [req-57a7a3ee-696a-424c-8a21-a10e3a206800 req-d4c8dbc1-994b-46f4-870a-944e5233be42 service placement] 10.222.0.26 "GET /placement/allocations/a4521e5e-7ad1-43cf-95df-da654844c899" status: 200 len: 259 microversion: 1.28
Feb 19 17:17:50.227245 n-d-829989-1 devstack@placement-api.service[104091]: [pid: 104091|app: 0|req: 154/305] 10.222.0.26 () {60 vars in 1377 bytes} [Sat Feb 19 17:17:50 2022] GET /placement/allocations/a4521e5e-7ad1-43cf-95df-da654844c899 => generated 259 bytes in 21 msecs (HTTP/1.1 200) 8 headers in 296 bytes (1 switches on core 0)
Feb 19 17:17:54.185561 n-d-829989-1 devstack@placement-api.service[104090]: DEBUG placement.requestlog [req-54cd78f3-3593-488a-8fa5-f909dcb3382f req-7c31399c-2e7d-43a6-8a3a-bf549219b91d None None] Starting request: 10.222.0.26 "DELETE /placement/allocations/f27d1cd2-ee6b-43d4-be0f-f4376366d454" {{(pid=104090) __call__ /opt/stack/placement/placement/requestlog.py:55}}
Feb 19 17:17:54.247037 n-d-829989-1 devstack@placement-api.service[104090]: DEBUG placement.handlers.allocation [req-54cd78f3-3593-488a-8fa5-f909dcb3382f req-7c31399c-2e7d-43a6-8a3a-bf549219b91d service placement] Successfully deleted allocations [, , ] {{(pid=104090) delete_allocations /opt/stack/placement/placement/handlers/allocation.py:627}}
Feb 19 17:17:54.247694 n-d-829989-1 devstack@placement-api.service[104090]: INFO placement.requestlog [req-54cd78f3-3593-488a-8fa5-f909dcb3382f req-7c31399c-2e7d-43a6-8a3a-bf549219b91d service placement] 10.222.0.26 "DELETE /placement/allocations/f27d1cd2-ee6b-43d4-be0f-f4376366d454" status: 204 len: 0 microversion: 1.0
Feb 19 17:17:54.248187 n-d-829989-1 devstack@placement-api.service[104090]: [pid: 104090|app: 0|req: 152/306] 10.222.0.26 () {60 vars in 1355 bytes} [Sat Feb 19 17:17:54 2022] DELETE /placement/allocations/f27d1cd2-ee6b-43d4-be0f-f4376366d454 => generated 0 bytes in 63 msecs (HTTP/1.1 204) 5 headers in 198 bytes (1 switches on core 0)
Feb 19 17:18:03.877837 n-d-829989-1 devstack@placement-api.service[104091]: DEBUG placement.requestlog [req-8eb0eee1-cd3c-445a-989f-f1d5449710bc req-0c20bb0b-41b4-43dd-89ea-3547a3a722aa None None] Starting request: 10.222.0.48 "DELETE /placement/allocations/3af26c30-3a2c-4b90-824b-0e0f77cce016" {{(pid=104091) __call__ /opt/stack/placement/placement/requestlog.py:55}}
Feb 19 17:18:03.969244 n-d-829989-1 devstack@placement-api.service[104091]: DEBUG placement.handlers.allocation [req-8eb0eee1-cd3c-445a-989f-f1d5449710bc req-0c20bb0b-41b4-43dd-89ea-3547a3a722aa service placement] Successfully deleted allocations [, , ] {{(pid=104091) delete_allocations /opt/stack/placement/placement/handlers/allocation.py:627}}
Feb 19 17:18:03.970437 n-d-829989-1 devstack@placement-api.service[104091]: INFO placement.requestlog [req-8eb0eee1-cd3c-445a-989f-f1d5449710bc req-0c20bb0b-41b4-43dd-89ea-3547a3a722aa service placement] 10.222.0.48 "DELETE /placement/allocations/3af26c30-3a2c-4b90-824b-0e0f77cce016" status: 204 len: 0 microversion: 1.0
Feb 19 17:18:03.971650 n-d-829989-1 devstack@placement-api.service[104091]: [pid: 104091|app: 0|req: 155/307] 10.222.0.48 () {60 vars in 1355 bytes} [Sat Feb 19 17:18:03 2022] DELETE /placement/allocations/3af26c30-3a2c-4b90-824b-0e0f77cce016 => generated 0 bytes in 94 msecs (HTTP/1.1 204) 5 headers in 198 bytes (1 switches on core 0)
Feb 19 17:18:08.486710 n-d-829989-1 devstack@placement-api.service[104090]: DEBUG placement.requestlog [req-67db91d0-8cf4-410d-94d9-b71362b65339 req-d660ee6e-4427-4b3e-a955-72c0350493b2 None None] Starting request: 10.222.0.26 "DELETE /placement/allocations/3f3aacfa-b70d-47a0-b9b1-0638006a6e10" {{(pid=104090) __call__ /opt/stack/placement/placement/requestlog.py:55}}
Feb 19 17:18:08.546309 n-d-829989-1 devstack@placement-api.service[104090]: DEBUG placement.handlers.allocation [req-67db91d0-8cf4-410d-94d9-b71362b65339 req-d660ee6e-4427-4b3e-a955-72c0350493b2 service placement] Successfully deleted allocations [, , ] {{(pid=104090) delete_allocations /opt/stack/placement/placement/handlers/allocation.py:627}}
Feb 19 17:18:08.546743 n-d-829989-1 devstack@placement-api.service[104090]: INFO placement.requestlog [req-67db91d0-8cf4-410d-94d9-b71362b65339 req-d660ee6e-4427-4b3e-a955-72c0350493b2 service placement] 10.222.0.26 "DELETE /placement/allocations/3f3aacfa-b70d-47a0-b9b1-0638006a6e10" status: 204 len: 0 microversion: 1.0
Feb 19 17:18:08.547573 n-d-829989-1 devstack@placement-api.service[104090]: [pid: 104090|app: 0|req: 153/308] 10.222.0.26 () {60 vars in 1355 bytes} [Sat Feb 19 17:18:08 2022] DELETE /placement/allocations/3f3aacfa-b70d-47a0-b9b1-0638006a6e10 => generated 0 bytes in 61 msecs (HTTP/1.1 204) 5 headers in 198 bytes (2 switches on core 0)
Feb 19 17:18:09.377229 n-d-829989-1 devstack@placement-api.service[104091]: DEBUG placement.requestlog [req-749bc293-f6f9-4698-8c28-0d5aef5a45c0 req-95b5cd4f-0ec5-4f85-99c1-7761d62307b3 None None] Starting request: 10.222.0.52 "GET /placement/allocation_candidates?limit=1000&resources=DISK_GB%3A1%2CMEMORY_MB%3A1024%2CVCPU%3A1&root_required=%21COMPUTE_STATUS_DISABLED" {{(pid=104091) __call__ /opt/stack/placement/placement/requestlog.py:55}}
Feb 19 17:18:09.600551 n-d-829989-1 devstack@placement-api.service[104091]: DEBUG placement.objects.research_context [req-749bc293-f6f9-4698-8c28-0d5aef5a45c0 req-95b5cd4f-0ec5-4f85-99c1-7761d62307b3 service placement] getting providers with 1 DISK_GB {{(pid=104091) __init__ /opt/stack/placement/placement/objects/research_context.py:126}}
Feb 19 17:18:09.609941 n-d-829989-1 devstack@placement-api.service[104091]: DEBUG placement.objects.research_context [req-749bc293-f6f9-4698-8c28-0d5aef5a45c0 req-95b5cd4f-0ec5-4f85-99c1-7761d62307b3 service placement] getting providers with 1024 MEMORY_MB {{(pid=104091) __init__ /opt/stack/placement/placement/objects/research_context.py:126}}
Feb 19 17:18:09.616518 n-d-829989-1 devstack@placement-api.service[104091]: DEBUG placement.objects.research_context [req-749bc293-f6f9-4698-8c28-0d5aef5a45c0 req-95b5cd4f-0ec5-4f85-99c1-7761d62307b3 service placement] getting providers with 1 VCPU {{(pid=104091) __init__ /opt/stack/placement/placement/objects/research_context.py:126}}
Feb 19 17:18:09.623155 n-d-829989-1 devstack@placement-api.service[104091]: DEBUG placement.objects.research_context [req-749bc293-f6f9-4698-8c28-0d5aef5a45c0 req-95b5cd4f-0ec5-4f85-99c1-7761d62307b3 service placement] found 2 providers with available 1 DISK_GB {{(pid=104091) get_provider_ids_matching /opt/stack/placement/placement/objects/research_context.py:549}}
Feb 19 17:18:09.623362 n-d-829989-1 devstack@placement-api.service[104091]: DEBUG placement.objects.research_context [req-749bc293-f6f9-4698-8c28-0d5aef5a45c0 req-95b5cd4f-0ec5-4f85-99c1-7761d62307b3 service placement] found 2 providers with available 1024 MEMORY_MB {{(pid=104091) get_provider_ids_matching /opt/stack/placement/placement/objects/research_context.py:549}}
Feb 19 17:18:09.623739 n-d-829989-1 devstack@placement-api.service[104091]: DEBUG placement.objects.research_context [req-749bc293-f6f9-4698-8c28-0d5aef5a45c0 req-95b5cd4f-0ec5-4f85-99c1-7761d62307b3 service placement] found 2 providers after filtering by previous result {{(pid=104091) get_provider_ids_matching /opt/stack/placement/placement/objects/research_context.py:580}}
Feb 19 17:18:09.624069 n-d-829989-1 devstack@placement-api.service[104091]: DEBUG placement.objects.research_context [req-749bc293-f6f9-4698-8c28-0d5aef5a45c0 req-95b5cd4f-0ec5-4f85-99c1-7761d62307b3 service placement] found 2 providers with available 1 VCPU {{(pid=104091) get_provider_ids_matching /opt/stack/placement/placement/objects/research_context.py:549}}
Feb 19 17:18:09.624406 n-d-829989-1 devstack@placement-api.service[104091]: DEBUG placement.objects.research_context [req-749bc293-f6f9-4698-8c28-0d5aef5a45c0 req-95b5cd4f-0ec5-4f85-99c1-7761d62307b3 service placement] found 2 providers after filtering by previous result {{(pid=104091) get_provider_ids_matching /opt/stack/placement/placement/objects/research_context.py:580}}
Feb 19 17:18:09.636506 n-d-829989-1 devstack@placement-api.service[104091]: DEBUG placement.objects.allocation_candidate [req-749bc293-f6f9-4698-8c28-0d5aef5a45c0 req-95b5cd4f-0ec5-4f85-99c1-7761d62307b3 service placement] RequestGroup(use_same_provider=False, resources={DISK_GB:1, MEMORY_MB:1024, VCPU:1}, traits=[], aggregates=[]) (suffix '') returned 2 matches {{(pid=104091) _get_by_requests /opt/stack/placement/placement/objects/allocation_candidate.py:145}}
Feb 19 17:18:09.636995 n-d-829989-1 devstack@placement-api.service[104091]: DEBUG placement.objects.allocation_candidate [req-749bc293-f6f9-4698-8c28-0d5aef5a45c0 req-95b5cd4f-0ec5-4f85-99c1-7761d62307b3 service placement] Merging candidates yields 2 allocation requests and 2 provider summaries {{(pid=104091) _merge_candidates /opt/stack/placement/placement/objects/allocation_candidate.py:783}}
Feb 19 17:18:09.638948 n-d-829989-1 devstack@placement-api.service[104091]: INFO placement.requestlog [req-749bc293-f6f9-4698-8c28-0d5aef5a45c0 req-95b5cd4f-0ec5-4f85-99c1-7761d62307b3 service placement] 10.222.0.52 "GET /placement/allocation_candidates?limit=1000&resources=DISK_GB%3A1%2CMEMORY_MB%3A1024%2CVCPU%3A1&root_required=%21COMPUTE_STATUS_DISABLED" status: 200 len: 1309 microversion: 1.36
Feb 19 17:18:09.643483 n-d-829989-1 devstack@placement-api.service[104091]: [pid: 104091|app: 0|req: 156/309] 10.222.0.52 () {60 vars in 1506 bytes} [Sat Feb 19 17:18:09 2022] GET /placement/allocation_candidates?limit=1000&resources=DISK_GB%3A1%2CMEMORY_MB%3A1024%2CVCPU%3A1&root_required=%21COMPUTE_STATUS_DISABLED => generated 1309 bytes in 267 msecs (HTTP/1.1 200) 8 headers in 297 bytes (1 switches on core 0)
Feb 19 17:18:09.694627 n-d-829989-1 devstack@placement-api.service[104090]: DEBUG placement.requestlog [req-749bc293-f6f9-4698-8c28-0d5aef5a45c0 req-ec65b895-3916-4f82-8e3e-da0319dbffd6 None None] Starting request: 10.222.0.52 "GET /placement/allocations/f1494284-ea89-4d97-b139-4793cecbc7fb" {{(pid=104090) __call__ /opt/stack/placement/placement/requestlog.py:55}}
Feb 19 17:18:09.708195 n-d-829989-1 devstack@placement-api.service[104090]: INFO placement.requestlog [req-749bc293-f6f9-4698-8c28-0d5aef5a45c0 req-ec65b895-3916-4f82-8e3e-da0319dbffd6 service placement] 10.222.0.52 "GET /placement/allocations/f1494284-ea89-4d97-b139-4793cecbc7fb" status: 200 len: 19 microversion: 1.28
Feb 19 17:18:09.713198 n-d-829989-1 devstack@placement-api.service[104090]: [pid: 104090|app: 0|req: 154/310] 10.222.0.52 () {60 vars in 1380 bytes} [Sat Feb 19 17:18:09 2022] GET /placement/allocations/f1494284-ea89-4d97-b139-4793cecbc7fb => generated 19 bytes in 19 msecs (HTTP/1.1 200) 8 headers in 295 bytes (1 switches on core 0)
Feb 19 17:18:09.716350 n-d-829989-1 devstack@placement-api.service[104091]: DEBUG placement.requestlog [req-749bc293-f6f9-4698-8c28-0d5aef5a45c0 req-a0b15adc-f8f6-4fee-bb1a-febcafe028eb None None] Starting request: 10.222.0.52 "PUT /placement/allocations/f1494284-ea89-4d97-b139-4793cecbc7fb" {{(pid=104091) __call__ /opt/stack/placement/placement/requestlog.py:55}}
Feb 19 17:18:09.834346 n-d-829989-1 devstack@placement-api.service[104091]: DEBUG placement.handlers.allocation [req-749bc293-f6f9-4698-8c28-0d5aef5a45c0 req-a0b15adc-f8f6-4fee-bb1a-febcafe028eb service placement] Successfully wrote allocations [, , ] {{(pid=104091) _update_consumers_and_create_allocations /opt/stack/placement/placement/handlers/allocation.py:462}}
Feb 19 17:18:09.843746 n-d-829989-1 devstack@placement-api.service[104091]: INFO placement.requestlog [req-749bc293-f6f9-4698-8c28-0d5aef5a45c0 req-a0b15adc-f8f6-4fee-bb1a-febcafe028eb service placement] 10.222.0.52 "PUT /placement/allocations/f1494284-ea89-4d97-b139-4793cecbc7fb" status: 204 len: 0 microversion: 1.36
Feb 19 17:18:09.852263 n-d-829989-1 devstack@placement-api.service[104091]: [pid: 104091|app: 0|req: 157/311] 10.222.0.52 () {64 vars in 1433 bytes} [Sat Feb 19 17:18:09 2022] PUT /placement/allocations/f1494284-ea89-4d97-b139-4793cecbc7fb => generated 0 bytes in 129 msecs (HTTP/1.1 204) 5 headers in 199 bytes (2 switches on core 0)
Feb 19 17:18:10.239829 n-d-829989-1 devstack@placement-api.service[104090]: DEBUG placement.requestlog [req-749bc293-f6f9-4698-8c28-0d5aef5a45c0 req-3a745b94-a1c6-4f8f-a0b4-044742fb4a40 None None] Starting request: 10.222.0.48 "GET /placement/allocations/f1494284-ea89-4d97-b139-4793cecbc7fb" {{(pid=104090) __call__ /opt/stack/placement/placement/requestlog.py:55}}
Feb 19 17:18:10.274765 n-d-829989-1 devstack@placement-api.service[104090]: INFO placement.requestlog [req-749bc293-f6f9-4698-8c28-0d5aef5a45c0 req-3a745b94-a1c6-4f8f-a0b4-044742fb4a40 service placement] 10.222.0.48 "GET /placement/allocations/f1494284-ea89-4d97-b139-4793cecbc7fb" status: 200 len: 259 microversion: 1.28
Feb 19 17:18:10.276024 n-d-829989-1 devstack@placement-api.service[104090]: [pid: 104090|app: 0|req: 155/312] 10.222.0.48 () {60 vars in 1377 bytes} [Sat Feb 19 17:18:10 2022] GET /placement/allocations/f1494284-ea89-4d97-b139-4793cecbc7fb => generated 259 bytes in 37 msecs (HTTP/1.1 200) 8 headers in 296 bytes (1 switches on core 0)
Feb 19 17:18:11.150989 n-d-829989-1 devstack@placement-api.service[104091]: DEBUG placement.requestlog [req-cd6d1efd-aedd-44ea-aed3-a8c9a2ce5d51 req-16be8a7e-ae1c-4a16-a29b-a22b012ab8c5 None None] Starting request: 10.222.0.52 "GET /placement/allocation_candidates?limit=1000&resources=DISK_GB%3A1%2CMEMORY_MB%3A1024%2CVCPU%3A1&root_required=%21COMPUTE_STATUS_DISABLED" {{(pid=104091) __call__ /opt/stack/placement/placement/requestlog.py:55}}
Feb 19 17:18:11.224214 n-d-829989-1 devstack@placement-api.service[104091]: DEBUG placement.objects.research_context [req-cd6d1efd-aedd-44ea-aed3-a8c9a2ce5d51 req-16be8a7e-ae1c-4a16-a29b-a22b012ab8c5 service placement] getting providers with 1 DISK_GB {{(pid=104091) __init__ /opt/stack/placement/placement/objects/research_context.py:126}}
Feb 19 17:18:11.239478 n-d-829989-1 devstack@placement-api.service[104091]: DEBUG placement.objects.research_context [req-cd6d1efd-aedd-44ea-aed3-a8c9a2ce5d51 req-16be8a7e-ae1c-4a16-a29b-a22b012ab8c5 service placement] getting providers with 1024 MEMORY_MB {{(pid=104091) __init__ /opt/stack/placement/placement/objects/research_context.py:126}}
Feb 19 17:18:11.260429 n-d-829989-1 devstack@placement-api.service[104091]: DEBUG placement.objects.research_context [req-cd6d1efd-aedd-44ea-aed3-a8c9a2ce5d51 req-16be8a7e-ae1c-4a16-a29b-a22b012ab8c5 service placement] getting providers with 1 VCPU {{(pid=104091) __init__ /opt/stack/placement/placement/objects/research_context.py:126}}
Feb 19 17:18:11.271362 n-d-829989-1 devstack@placement-api.service[104091]: DEBUG placement.objects.research_context [req-cd6d1efd-aedd-44ea-aed3-a8c9a2ce5d51 req-16be8a7e-ae1c-4a16-a29b-a22b012ab8c5 service placement] found 2 providers with available 1 DISK_GB {{(pid=104091) get_provider_ids_matching /opt/stack/placement/placement/objects/research_context.py:549}}
Feb 19 17:18:11.272036 n-d-829989-1 devstack@placement-api.service[104091]: DEBUG placement.objects.research_context [req-cd6d1efd-aedd-44ea-aed3-a8c9a2ce5d51 req-16be8a7e-ae1c-4a16-a29b-a22b012ab8c5 service placement] found 2 providers with available 1024 MEMORY_MB {{(pid=104091) get_provider_ids_matching /opt/stack/placement/placement/objects/research_context.py:549}}
Feb 19 17:18:11.272534 n-d-829989-1 devstack@placement-api.service[104091]: DEBUG placement.objects.research_context [req-cd6d1efd-aedd-44ea-aed3-a8c9a2ce5d51 req-16be8a7e-ae1c-4a16-a29b-a22b012ab8c5 service placement] found 2 providers after filtering by previous result {{(pid=104091) get_provider_ids_matching /opt/stack/placement/placement/objects/research_context.py:580}}
Feb 19 17:18:11.273048 n-d-829989-1 devstack@placement-api.service[104091]: DEBUG placement.objects.research_context [req-cd6d1efd-aedd-44ea-aed3-a8c9a2ce5d51 req-16be8a7e-ae1c-4a16-a29b-a22b012ab8c5 service placement] found 2 providers with available 1 VCPU {{(pid=104091) get_provider_ids_matching /opt/stack/placement/placement/objects/research_context.py:549}}
Feb 19 17:18:11.273545 n-d-829989-1 devstack@placement-api.service[104091]: DEBUG placement.objects.research_context [req-cd6d1efd-aedd-44ea-aed3-a8c9a2ce5d51 req-16be8a7e-ae1c-4a16-a29b-a22b012ab8c5 service placement] found 2 providers after filtering by previous result {{(pid=104091) get_provider_ids_matching /opt/stack/placement/placement/objects/research_context.py:580}}
Feb 19 17:18:11.288246 n-d-829989-1 devstack@placement-api.service[104091]: DEBUG placement.objects.allocation_candidate [req-cd6d1efd-aedd-44ea-aed3-a8c9a2ce5d51 req-16be8a7e-ae1c-4a16-a29b-a22b012ab8c5 service placement] RequestGroup(use_same_provider=False, resources={DISK_GB:1, MEMORY_MB:1024, VCPU:1}, traits=[], aggregates=[]) (suffix '') returned 2 matches {{(pid=104091) _get_by_requests /opt/stack/placement/placement/objects/allocation_candidate.py:145}}
Feb 19 17:18:11.289155 n-d-829989-1 devstack@placement-api.service[104091]: DEBUG placement.objects.allocation_candidate [req-cd6d1efd-aedd-44ea-aed3-a8c9a2ce5d51 req-16be8a7e-ae1c-4a16-a29b-a22b012ab8c5 service placement] Merging candidates yields 2 allocation requests and 2 provider summaries {{(pid=104091) _merge_candidates /opt/stack/placement/placement/objects/allocation_candidate.py:783}}
Feb 19 17:18:11.291965 n-d-829989-1 devstack@placement-api.service[104091]: INFO placement.requestlog [req-cd6d1efd-aedd-44ea-aed3-a8c9a2ce5d51 req-16be8a7e-ae1c-4a16-a29b-a22b012ab8c5 service placement] 10.222.0.52 "GET /placement/allocation_candidates?limit=1000&resources=DISK_GB%3A1%2CMEMORY_MB%3A1024%2CVCPU%3A1&root_required=%21COMPUTE_STATUS_DISABLED" status: 200 len: 1309 microversion: 1.36
Feb 19 17:18:11.300657 n-d-829989-1 devstack@placement-api.service[104091]: [pid: 104091|app: 0|req: 158/313] 10.222.0.52 () {60 vars in 1506 bytes} [Sat Feb 19 17:18:11 2022] GET /placement/allocation_candidates?limit=1000&resources=DISK_GB%3A1%2CMEMORY_MB%3A1024%2CVCPU%3A1&root_required=%21COMPUTE_STATUS_DISABLED => generated 1309 bytes in 146 msecs (HTTP/1.1 200) 8 headers in 297 bytes (1 switches on core 0)
Feb 19 17:18:11.351733 n-d-829989-1 devstack@placement-api.service[104090]: DEBUG placement.requestlog [req-cd6d1efd-aedd-44ea-aed3-a8c9a2ce5d51 req-72fba498-9fe0-4982-a022-de6cec7ccafe None None] Starting request: 10.222.0.52 "GET /placement/allocations/2a9b6945-2c7f-4e17-83fa-4432e38a2522" {{(pid=104090) __call__ /opt/stack/placement/placement/requestlog.py:55}}
Feb 19 17:18:11.363488 n-d-829989-1 devstack@placement-api.service[104090]: INFO placement.requestlog [req-cd6d1efd-aedd-44ea-aed3-a8c9a2ce5d51 req-72fba498-9fe0-4982-a022-de6cec7ccafe service placement] 10.222.0.52 "GET /placement/allocations/2a9b6945-2c7f-4e17-83fa-4432e38a2522" status: 200 len: 19 microversion: 1.28
Feb 19 17:18:11.368034 n-d-829989-1 devstack@placement-api.service[104090]: [pid: 104090|app: 0|req: 156/314] 10.222.0.52 () {60 vars in 1380 bytes} [Sat Feb 19 17:18:11 2022] GET /placement/allocations/2a9b6945-2c7f-4e17-83fa-4432e38a2522 => generated 19 bytes in 16 msecs (HTTP/1.1 200) 8 headers in 295 bytes (1 switches on core 0)
Feb 19 17:18:11.371378 n-d-829989-1 devstack@placement-api.service[104091]: DEBUG placement.requestlog [req-cd6d1efd-aedd-44ea-aed3-a8c9a2ce5d51 req-9378bc5c-7d42-4d4f-ab82-ae8a3533051d None None] Starting request: 10.222.0.52 "PUT /placement/allocations/2a9b6945-2c7f-4e17-83fa-4432e38a2522" {{(pid=104091) __call__ /opt/stack/placement/placement/requestlog.py:55}}
Feb 19 17:18:11.470424 n-d-829989-1 devstack@placement-api.service[104091]: DEBUG placement.handlers.allocation [req-cd6d1efd-aedd-44ea-aed3-a8c9a2ce5d51 req-9378bc5c-7d42-4d4f-ab82-ae8a3533051d service placement] Successfully wrote allocations [, , ] {{(pid=104091) _update_consumers_and_create_allocations /opt/stack/placement/placement/handlers/allocation.py:462}}
Feb 19 17:18:11.483439 n-d-829989-1 devstack@placement-api.service[104091]: INFO placement.requestlog [req-cd6d1efd-aedd-44ea-aed3-a8c9a2ce5d51 req-9378bc5c-7d42-4d4f-ab82-ae8a3533051d service placement] 10.222.0.52 "PUT /placement/allocations/2a9b6945-2c7f-4e17-83fa-4432e38a2522" status: 204 len: 0 microversion: 1.36
Feb 19 17:18:11.485452 n-d-829989-1 devstack@placement-api.service[104091]: [pid: 104091|app: 0|req: 159/315] 10.222.0.52 () {64 vars in 1433 bytes} [Sat Feb 19 17:18:11 2022] PUT /placement/allocations/2a9b6945-2c7f-4e17-83fa-4432e38a2522 => generated 0 bytes in 114 msecs (HTTP/1.1 204) 5 headers in 199 bytes (1 switches on core 0)
Feb 19 17:18:12.338328 n-d-829989-1 devstack@placement-api.service[104090]: DEBUG placement.requestlog [req-9e2b7ece-f750-4f13-88f2-4989aa3eaba9 req-aa02a6b0-a12c-4e93-9ae8-4e6c38615ebb None None] Starting request: 10.222.0.48 "DELETE /placement/allocations/1d41a3df-d560-4682-be7b-0d301308c209" {{(pid=104090) __call__ /opt/stack/placement/placement/requestlog.py:55}}
Feb 19 17:18:12.396426 n-d-829989-1 devstack@placement-api.service[104090]: DEBUG placement.handlers.allocation [req-9e2b7ece-f750-4f13-88f2-4989aa3eaba9 req-aa02a6b0-a12c-4e93-9ae8-4e6c38615ebb service placement] Successfully deleted allocations [, , ] {{(pid=104090) delete_allocations /opt/stack/placement/placement/handlers/allocation.py:627}}
Feb 19 17:18:12.397154 n-d-829989-1 devstack@placement-api.service[104090]: INFO placement.requestlog [req-9e2b7ece-f750-4f13-88f2-4989aa3eaba9 req-aa02a6b0-a12c-4e93-9ae8-4e6c38615ebb service placement] 10.222.0.48 "DELETE /placement/allocations/1d41a3df-d560-4682-be7b-0d301308c209" status: 204 len: 0 microversion: 1.0
Feb 19 17:18:12.397422 n-d-829989-1 devstack@placement-api.service[104090]: [pid: 104090|app: 0|req: 157/316] 10.222.0.48 () {60 vars in 1355 bytes} [Sat Feb 19 17:18:12 2022] DELETE /placement/allocations/1d41a3df-d560-4682-be7b-0d301308c209 => generated 0 bytes in 59 msecs (HTTP/1.1 204) 5 headers in 198 bytes (1 switches on core 0)
Feb 19 17:18:12.424868 n-d-829989-1 devstack@placement-api.service[104091]: DEBUG placement.requestlog [req-cd6d1efd-aedd-44ea-aed3-a8c9a2ce5d51 req-ec41d337-27d7-4e84-a148-60f10570d1e3 None None] Starting request: 10.222.0.26 "GET /placement/allocations/2a9b6945-2c7f-4e17-83fa-4432e38a2522" {{(pid=104091) __call__ /opt/stack/placement/placement/requestlog.py:55}}
Feb 19 17:18:12.516604 n-d-829989-1 devstack@placement-api.service[104091]: INFO placement.requestlog [req-cd6d1efd-aedd-44ea-aed3-a8c9a2ce5d51 req-ec41d337-27d7-4e84-a148-60f10570d1e3 service placement] 10.222.0.26 "GET /placement/allocations/2a9b6945-2c7f-4e17-83fa-4432e38a2522" status: 200 len: 259 microversion: 1.28
Feb 19 17:18:12.517567 n-d-829989-1 devstack@placement-api.service[104091]: [pid: 104091|app: 0|req: 160/317] 10.222.0.26 () {60 vars in 1377 bytes} [Sat Feb 19 17:18:12 2022] GET /placement/allocations/2a9b6945-2c7f-4e17-83fa-4432e38a2522 => generated 259 bytes in 100 msecs (HTTP/1.1 200) 8 headers in 296 bytes (1 switches on core 0)
Feb 19 17:18:26.454881 n-d-829989-1 devstack@placement-api.service[104090]: DEBUG placement.requestlog [req-11d8d8c2-1472-4737-bd7d-461224471206 req-5545287b-9358-40e2-8365-e2bda6dd2da2 None None] Starting request: 10.222.0.52 "GET /placement/allocation_candidates?limit=1000&resources=DISK_GB%3A1%2CMEMORY_MB%3A1024%2CVCPU%3A1&root_required=%21COMPUTE_STATUS_DISABLED" {{(pid=104090) __call__ /opt/stack/placement/placement/requestlog.py:55}}
Feb 19 17:18:26.562519 n-d-829989-1 devstack@placement-api.service[104090]: DEBUG placement.objects.research_context [req-11d8d8c2-1472-4737-bd7d-461224471206 req-5545287b-9358-40e2-8365-e2bda6dd2da2 service placement] getting providers with 1 DISK_GB {{(pid=104090) __init__ /opt/stack/placement/placement/objects/research_context.py:126}}
Feb 19 17:18:26.581754 n-d-829989-1 devstack@placement-api.service[104090]: DEBUG placement.objects.research_context [req-11d8d8c2-1472-4737-bd7d-461224471206 req-5545287b-9358-40e2-8365-e2bda6dd2da2 service placement] getting providers with 1024 MEMORY_MB {{(pid=104090) __init__ /opt/stack/placement/placement/objects/research_context.py:126}}
Feb 19 17:18:26.593120 n-d-829989-1 devstack@placement-api.service[104090]: DEBUG placement.objects.research_context [req-11d8d8c2-1472-4737-bd7d-461224471206 req-5545287b-9358-40e2-8365-e2bda6dd2da2 service placement] getting providers with 1 VCPU {{(pid=104090) __init__ /opt/stack/placement/placement/objects/research_context.py:126}}
Feb 19 17:18:26.648353 n-d-829989-1 devstack@placement-api.service[104090]: DEBUG placement.objects.research_context [req-11d8d8c2-1472-4737-bd7d-461224471206 req-5545287b-9358-40e2-8365-e2bda6dd2da2 service placement] found 2 providers with available 1 DISK_GB {{(pid=104090) get_provider_ids_matching /opt/stack/placement/placement/objects/research_context.py:549}}
Feb 19 17:18:26.661102 n-d-829989-1 devstack@placement-api.service[104090]: DEBUG placement.objects.research_context [req-11d8d8c2-1472-4737-bd7d-461224471206 req-5545287b-9358-40e2-8365-e2bda6dd2da2 service placement] found 2 providers with available 1024 MEMORY_MB {{(pid=104090) get_provider_ids_matching /opt/stack/placement/placement/objects/research_context.py:549}}
Feb 19 17:18:26.661528 n-d-829989-1 devstack@placement-api.service[104090]: DEBUG placement.objects.research_context [req-11d8d8c2-1472-4737-bd7d-461224471206 req-5545287b-9358-40e2-8365-e2bda6dd2da2 service placement] found 2 providers after filtering by previous result {{(pid=104090) get_provider_ids_matching /opt/stack/placement/placement/objects/research_context.py:580}}
Feb 19 17:18:26.662275 n-d-829989-1 devstack@placement-api.service[104090]: DEBUG placement.objects.research_context [req-11d8d8c2-1472-4737-bd7d-461224471206 req-5545287b-9358-40e2-8365-e2bda6dd2da2 service placement] found 2 providers with available 1 VCPU {{(pid=104090) get_provider_ids_matching /opt/stack/placement/placement/objects/research_context.py:549}}
Feb 19 17:18:26.663055 n-d-829989-1 devstack@placement-api.service[104090]: DEBUG placement.objects.research_context [req-11d8d8c2-1472-4737-bd7d-461224471206 req-5545287b-9358-40e2-8365-e2bda6dd2da2 service placement] found 2 providers after filtering by previous result {{(pid=104090) get_provider_ids_matching /opt/stack/placement/placement/objects/research_context.py:580}}
Feb 19 17:18:26.689160 n-d-829989-1 devstack@placement-api.service[104090]: DEBUG placement.objects.allocation_candidate [req-11d8d8c2-1472-4737-bd7d-461224471206 req-5545287b-9358-40e2-8365-e2bda6dd2da2 service placement] RequestGroup(use_same_provider=False, resources={DISK_GB:1, MEMORY_MB:1024, VCPU:1}, traits=[], aggregates=[]) (suffix '') returned 2 matches {{(pid=104090) _get_by_requests /opt/stack/placement/placement/objects/allocation_candidate.py:145}}
Feb 19 17:18:26.689825 n-d-829989-1 devstack@placement-api.service[104090]: DEBUG placement.objects.allocation_candidate [req-11d8d8c2-1472-4737-bd7d-461224471206 req-5545287b-9358-40e2-8365-e2bda6dd2da2 service placement] Merging candidates yields 2 allocation requests and 2 provider summaries {{(pid=104090) _merge_candidates /opt/stack/placement/placement/objects/allocation_candidate.py:783}}
Feb 19 17:18:26.694759 n-d-829989-1 devstack@placement-api.service[104090]: INFO placement.requestlog [req-11d8d8c2-1472-4737-bd7d-461224471206 req-5545287b-9358-40e2-8365-e2bda6dd2da2 service placement] 10.222.0.52 "GET /placement/allocation_candidates?limit=1000&resources=DISK_GB%3A1%2CMEMORY_MB%3A1024%2CVCPU%3A1&root_required=%21COMPUTE_STATUS_DISABLED" status: 200 len: 1309 microversion: 1.36
Feb 19 17:18:26.699605 n-d-829989-1 devstack@placement-api.service[104090]: [pid: 104090|app: 0|req: 158/318] 10.222.0.52 () {60 vars in 1506 bytes} [Sat Feb 19 17:18:26 2022] GET /placement/allocation_candidates?limit=1000&resources=DISK_GB%3A1%2CMEMORY_MB%3A1024%2CVCPU%3A1&root_required=%21COMPUTE_STATUS_DISABLED => generated 1309 bytes in 245 msecs (HTTP/1.1 200) 8 headers in 297 bytes (1 switches on core 0)
Feb 19 17:18:26.817645 n-d-829989-1 devstack@placement-api.service[104091]: DEBUG placement.requestlog [req-11d8d8c2-1472-4737-bd7d-461224471206 req-093b654e-fc34-473e-bcb7-157932ae5a2d None None] Starting request: 10.222.0.52 "GET /placement/allocations/9fb33914-b2ff-4487-b47e-1ec7c72a10b1" {{(pid=104091) __call__ /opt/stack/placement/placement/requestlog.py:55}}
Feb 19 17:18:26.830194 n-d-829989-1 devstack@placement-api.service[104091]: INFO placement.requestlog [req-11d8d8c2-1472-4737-bd7d-461224471206 req-093b654e-fc34-473e-bcb7-157932ae5a2d service placement] 10.222.0.52 "GET /placement/allocations/9fb33914-b2ff-4487-b47e-1ec7c72a10b1" status: 200 len: 19 microversion: 1.28
Feb 19 17:18:26.832500 n-d-829989-1 devstack@placement-api.service[104091]: [pid: 104091|app: 0|req: 161/319] 10.222.0.52 () {60 vars in 1380 bytes} [Sat Feb 19 17:18:26 2022] GET /placement/allocations/9fb33914-b2ff-4487-b47e-1ec7c72a10b1 => generated 19 bytes in 15 msecs (HTTP/1.1 200) 8 headers in 295 bytes (1 switches on core 0)
Feb 19 17:18:26.839198 n-d-829989-1 devstack@placement-api.service[104090]: DEBUG placement.requestlog [req-11d8d8c2-1472-4737-bd7d-461224471206 req-51b89e95-624f-4406-88b5-8587f02a2a33 None None] Starting request: 10.222.0.52 "PUT /placement/allocations/9fb33914-b2ff-4487-b47e-1ec7c72a10b1" {{(pid=104090) __call__ /opt/stack/placement/placement/requestlog.py:55}}
Feb 19 17:18:26.999951 n-d-829989-1 devstack@placement-api.service[104090]: DEBUG placement.handlers.allocation [req-11d8d8c2-1472-4737-bd7d-461224471206 req-51b89e95-624f-4406-88b5-8587f02a2a33 service placement] Successfully wrote allocations [, , ] {{(pid=104090) _update_consumers_and_create_allocations /opt/stack/placement/placement/handlers/allocation.py:462}}
Feb 19 17:18:27.007567 n-d-829989-1 devstack@placement-api.service[104090]: INFO placement.requestlog [req-11d8d8c2-1472-4737-bd7d-461224471206 req-51b89e95-624f-4406-88b5-8587f02a2a33 service placement] 10.222.0.52 "PUT /placement/allocations/9fb33914-b2ff-4487-b47e-1ec7c72a10b1" status: 204 len: 0 microversion: 1.36
Feb 19 17:18:27.015931 n-d-829989-1 devstack@placement-api.service[104090]: [pid: 104090|app: 0|req: 159/320] 10.222.0.52 () {64 vars in 1433 bytes} [Sat Feb 19 17:18:26 2022] PUT /placement/allocations/9fb33914-b2ff-4487-b47e-1ec7c72a10b1 => generated 0 bytes in 170 msecs (HTTP/1.1 204) 5 headers in 199 bytes (1 switches on core 0)
Feb 19 17:18:27.718145 n-d-829989-1 devstack@placement-api.service[104091]: DEBUG placement.requestlog [req-11d8d8c2-1472-4737-bd7d-461224471206 req-8427d51f-3d50-448d-83ea-b44bbb82e9d1 None None] Starting request: 10.222.0.48 "GET /placement/allocations/9fb33914-b2ff-4487-b47e-1ec7c72a10b1" {{(pid=104091) __call__ /opt/stack/placement/placement/requestlog.py:55}}
Feb 19 17:18:27.764979 n-d-829989-1 devstack@placement-api.service[104091]: INFO placement.requestlog [req-11d8d8c2-1472-4737-bd7d-461224471206 req-8427d51f-3d50-448d-83ea-b44bbb82e9d1 service placement] 10.222.0.48 "GET /placement/allocations/9fb33914-b2ff-4487-b47e-1ec7c72a10b1" status: 200 len: 259 microversion: 1.28
Feb 19 17:18:27.772959 n-d-829989-1 devstack@placement-api.service[104091]: [pid: 104091|app: 0|req: 162/321] 10.222.0.48 () {60 vars in 1377 bytes} [Sat Feb 19 17:18:27 2022] GET /placement/allocations/9fb33914-b2ff-4487-b47e-1ec7c72a10b1 => generated 259 bytes in 53 msecs (HTTP/1.1 200) 8 headers in 296 bytes (1 switches on core 0)
Feb 19 17:18:34.399495 n-d-829989-1 devstack@placement-api.service[104090]: DEBUG placement.requestlog [req-69a8f1c2-f5c7-4ef1-b5cb-a4314d55c0a7 req-b665595c-4445-4825-922a-b45f2ca054a2 None None] Starting request: 10.222.0.26 "GET /placement/resource_providers/643d1bf8-b10c-4b44-90fa-3c2159a8ba28/allocations" {{(pid=104090) __call__ /opt/stack/placement/placement/requestlog.py:55}}
Feb 19 17:18:34.459361 n-d-829989-1 devstack@placement-api.service[104090]: INFO placement.requestlog [req-69a8f1c2-f5c7-4ef1-b5cb-a4314d55c0a7 req-b665595c-4445-4825-922a-b45f2ca054a2 service placement] 10.222.0.26 "GET /placement/resource_providers/643d1bf8-b10c-4b44-90fa-3c2159a8ba28/allocations" status: 200 len: 659 microversion: 1.0
Feb 19 17:18:34.462766 n-d-829989-1 devstack@placement-api.service[104090]: [pid: 104090|app: 0|req: 160/322] 10.222.0.26 () {58 vars in 1390 bytes} [Sat Feb 19 17:18:34 2022] GET /placement/resource_providers/643d1bf8-b10c-4b44-90fa-3c2159a8ba28/allocations => generated 659 bytes in 64 msecs (HTTP/1.1 200) 6 headers in 224 bytes (1 switches on core 0)
Feb 19 17:18:39.449758 n-d-829989-1 devstack@placement-api.service[104091]: DEBUG placement.requestlog [req-4aee16bd-55f1-490a-9bde-0145df31a047 req-f2b6c5c4-f51f-48a5-9581-51537719d53e None None] Starting request: 10.222.0.52 "GET /placement/allocation_candidates?limit=1000&resources=DISK_GB%3A1%2CMEMORY_MB%3A1024%2CVCPU%3A1&root_required=%21COMPUTE_STATUS_DISABLED" {{(pid=104091) __call__ /opt/stack/placement/placement/requestlog.py:55}}
Feb 19 17:18:39.544511 n-d-829989-1 devstack@placement-api.service[104091]: DEBUG placement.objects.research_context [req-4aee16bd-55f1-490a-9bde-0145df31a047 req-f2b6c5c4-f51f-48a5-9581-51537719d53e service placement] getting providers with 1 DISK_GB {{(pid=104091) __init__ /opt/stack/placement/placement/objects/research_context.py:126}}
Feb 19 17:18:39.559512 n-d-829989-1 devstack@placement-api.service[104091]: DEBUG placement.objects.research_context [req-4aee16bd-55f1-490a-9bde-0145df31a047 req-f2b6c5c4-f51f-48a5-9581-51537719d53e service placement] getting providers with 1024 MEMORY_MB {{(pid=104091) __init__ /opt/stack/placement/placement/objects/research_context.py:126}}
Feb 19 17:18:39.583406 n-d-829989-1 devstack@placement-api.service[104091]: DEBUG placement.objects.research_context [req-4aee16bd-55f1-490a-9bde-0145df31a047 req-f2b6c5c4-f51f-48a5-9581-51537719d53e service placement] getting providers with 1 VCPU {{(pid=104091) __init__ /opt/stack/placement/placement/objects/research_context.py:126}}
Feb 19 17:18:39.602777 n-d-829989-1 devstack@placement-api.service[104091]: DEBUG placement.objects.research_context [req-4aee16bd-55f1-490a-9bde-0145df31a047 req-f2b6c5c4-f51f-48a5-9581-51537719d53e service placement] found 2 providers with available 1 DISK_GB {{(pid=104091) get_provider_ids_matching /opt/stack/placement/placement/objects/research_context.py:549}}
Feb 19 17:18:39.604620 n-d-829989-1 devstack@placement-api.service[104091]: DEBUG placement.objects.research_context [req-4aee16bd-55f1-490a-9bde-0145df31a047 req-f2b6c5c4-f51f-48a5-9581-51537719d53e service placement] found 2 providers with available 1024 MEMORY_MB {{(pid=104091) get_provider_ids_matching /opt/stack/placement/placement/objects/research_context.py:549}}
Feb 19 17:18:39.606426 n-d-829989-1 devstack@placement-api.service[104091]: DEBUG placement.objects.research_context [req-4aee16bd-55f1-490a-9bde-0145df31a047 req-f2b6c5c4-f51f-48a5-9581-51537719d53e service placement] found 2 providers after filtering by previous result {{(pid=104091) get_provider_ids_matching /opt/stack/placement/placement/objects/research_context.py:580}}
Feb 19 17:18:39.607541 n-d-829989-1 devstack@placement-api.service[104091]: DEBUG placement.objects.research_context [req-4aee16bd-55f1-490a-9bde-0145df31a047 req-f2b6c5c4-f51f-48a5-9581-51537719d53e service placement] found 2 providers with available 1 VCPU {{(pid=104091) get_provider_ids_matching /opt/stack/placement/placement/objects/research_context.py:549}}
Feb 19 17:18:39.609000 n-d-829989-1 devstack@placement-api.service[104091]: DEBUG placement.objects.research_context [req-4aee16bd-55f1-490a-9bde-0145df31a047 req-f2b6c5c4-f51f-48a5-9581-51537719d53e service placement] found 2 providers after filtering by previous result {{(pid=104091) get_provider_ids_matching /opt/stack/placement/placement/objects/research_context.py:580}}
Feb 19 17:18:39.664156 n-d-829989-1 devstack@placement-api.service[104091]: DEBUG placement.objects.allocation_candidate [req-4aee16bd-55f1-490a-9bde-0145df31a047 req-f2b6c5c4-f51f-48a5-9581-51537719d53e service placement] RequestGroup(use_same_provider=False, resources={DISK_GB:1, MEMORY_MB:1024, VCPU:1}, traits=[], aggregates=[]) (suffix '') returned 2 matches {{(pid=104091) _get_by_requests /opt/stack/placement/placement/objects/allocation_candidate.py:145}}
Feb 19 17:18:39.665023 n-d-829989-1 devstack@placement-api.service[104091]: DEBUG placement.objects.allocation_candidate [req-4aee16bd-55f1-490a-9bde-0145df31a047 req-f2b6c5c4-f51f-48a5-9581-51537719d53e service placement] Merging candidates yields 2 allocation requests and 2 provider summaries {{(pid=104091) _merge_candidates /opt/stack/placement/placement/objects/allocation_candidate.py:783}}
Feb 19 17:18:39.667975 n-d-829989-1 devstack@placement-api.service[104091]: INFO placement.requestlog [req-4aee16bd-55f1-490a-9bde-0145df31a047 req-f2b6c5c4-f51f-48a5-9581-51537719d53e service placement] 10.222.0.52 "GET /placement/allocation_candidates?limit=1000&resources=DISK_GB%3A1%2CMEMORY_MB%3A1024%2CVCPU%3A1&root_required=%21COMPUTE_STATUS_DISABLED" status: 200 len: 1309 microversion: 1.36
Feb 19 17:18:39.670733 n-d-829989-1 devstack@placement-api.service[104091]: [pid: 104091|app: 0|req: 163/323] 10.222.0.52 () {60 vars in 1506 bytes} [Sat Feb 19 17:18:39 2022] GET /placement/allocation_candidates?limit=1000&resources=DISK_GB%3A1%2CMEMORY_MB%3A1024%2CVCPU%3A1&root_required=%21COMPUTE_STATUS_DISABLED => generated 1309 bytes in 221 msecs (HTTP/1.1 200) 8 headers in 297 bytes (2 switches on core 0)
Feb 19 17:18:39.790255 n-d-829989-1 devstack@placement-api.service[104090]: DEBUG placement.requestlog [req-4aee16bd-55f1-490a-9bde-0145df31a047 req-e63a3415-aa9f-4da4-ad9a-60502c20e95d None None] Starting request: 10.222.0.52 "GET /placement/allocations/5ac953d7-542f-497f-9914-a7f724e6445e" {{(pid=104090) __call__ /opt/stack/placement/placement/requestlog.py:55}}
Feb 19 17:18:39.820943 n-d-829989-1 devstack@placement-api.service[104090]: INFO placement.requestlog [req-4aee16bd-55f1-490a-9bde-0145df31a047 req-e63a3415-aa9f-4da4-ad9a-60502c20e95d service placement] 10.222.0.52 "GET /placement/allocations/5ac953d7-542f-497f-9914-a7f724e6445e" status: 200 len: 19 microversion: 1.28
Feb 19 17:18:39.821801 n-d-829989-1 devstack@placement-api.service[104090]: [pid: 104090|app: 0|req: 161/324] 10.222.0.52 () {60 vars in 1380 bytes} [Sat Feb 19 17:18:39 2022] GET /placement/allocations/5ac953d7-542f-497f-9914-a7f724e6445e => generated 19 bytes in 32 msecs (HTTP/1.1 200) 8 headers in 295 bytes (1 switches on core 0)
Feb 19 17:18:39.829101 n-d-829989-1 devstack@placement-api.service[104091]: DEBUG placement.requestlog [req-4aee16bd-55f1-490a-9bde-0145df31a047 req-1ebe8093-8965-4632-81a1-4163ed5d9a57 None None] Starting request: 10.222.0.52 "PUT /placement/allocations/5ac953d7-542f-497f-9914-a7f724e6445e" {{(pid=104091) __call__ /opt/stack/placement/placement/requestlog.py:55}}
Feb 19 17:18:39.931665 n-d-829989-1 devstack@placement-api.service[104091]: DEBUG placement.handlers.allocation [req-4aee16bd-55f1-490a-9bde-0145df31a047 req-1ebe8093-8965-4632-81a1-4163ed5d9a57 service placement] Successfully wrote allocations [, , ] {{(pid=104091) _update_consumers_and_create_allocations /opt/stack/placement/placement/handlers/allocation.py:462}}
Feb 19 17:18:39.942398 n-d-829989-1 devstack@placement-api.service[104091]: INFO placement.requestlog [req-4aee16bd-55f1-490a-9bde-0145df31a047 req-1ebe8093-8965-4632-81a1-4163ed5d9a57 service placement] 10.222.0.52 "PUT /placement/allocations/5ac953d7-542f-497f-9914-a7f724e6445e" status: 204 len: 0 microversion: 1.36
Feb 19 17:18:39.943606 n-d-829989-1 devstack@placement-api.service[104091]: [pid: 104091|app: 0|req: 164/325] 10.222.0.52 () {64 vars in 1433 bytes} [Sat Feb 19 17:18:39 2022] PUT /placement/allocations/5ac953d7-542f-497f-9914-a7f724e6445e => generated 0 bytes in 115 msecs (HTTP/1.1 204) 5 headers in 199 bytes (2 switches on core 0)
Feb 19 17:18:40.664486 n-d-829989-1 devstack@placement-api.service[104090]: DEBUG placement.requestlog [req-4aee16bd-55f1-490a-9bde-0145df31a047 req-ad51ae18-fa0e-4d03-a8e6-6567948ea9b8 None None] Starting request: 10.222.0.26 "GET /placement/allocations/5ac953d7-542f-497f-9914-a7f724e6445e" {{(pid=104090) __call__ /opt/stack/placement/placement/requestlog.py:55}}
Feb 19 17:18:40.684768 n-d-829989-1 devstack@placement-api.service[104090]: INFO placement.requestlog [req-4aee16bd-55f1-490a-9bde-0145df31a047 req-ad51ae18-fa0e-4d03-a8e6-6567948ea9b8 service placement] 10.222.0.26 "GET /placement/allocations/5ac953d7-542f-497f-9914-a7f724e6445e" status: 200 len: 259 microversion: 1.28
Feb 19 17:18:40.697827 n-d-829989-1 devstack@placement-api.service[104090]: [pid: 104090|app: 0|req: 162/326] 10.222.0.26 () {60 vars in 1377 bytes} [Sat Feb 19 17:18:40 2022] GET /placement/allocations/5ac953d7-542f-497f-9914-a7f724e6445e => generated 259 bytes in 33 msecs (HTTP/1.1 200) 8 headers in 296 bytes (1 switches on core 0)
Feb 19 17:18:42.369723 n-d-829989-1 devstack@placement-api.service[104091]: DEBUG placement.requestlog [req-ce2e324c-eb57-4920-b225-307617c36181 req-dece4283-523b-4edf-afc0-1318b56e98fa None None] Starting request: 10.222.0.52 "GET /placement/allocation_candidates?limit=1000&resources=DISK_GB%3A1%2CMEMORY_MB%3A1024%2CVCPU%3A1&root_required=%21COMPUTE_STATUS_DISABLED" {{(pid=104091) __call__ /opt/stack/placement/placement/requestlog.py:55}}
Feb 19 17:18:42.475961 n-d-829989-1 devstack@placement-api.service[104091]: DEBUG placement.objects.research_context [req-ce2e324c-eb57-4920-b225-307617c36181 req-dece4283-523b-4edf-afc0-1318b56e98fa service placement] getting providers with 1 DISK_GB {{(pid=104091) __init__ /opt/stack/placement/placement/objects/research_context.py:126}}
Feb 19 17:18:42.514388 n-d-829989-1 devstack@placement-api.service[104091]: DEBUG placement.objects.research_context [req-ce2e324c-eb57-4920-b225-307617c36181 req-dece4283-523b-4edf-afc0-1318b56e98fa service placement] getting providers with 1024 MEMORY_MB {{(pid=104091) __init__ /opt/stack/placement/placement/objects/research_context.py:126}}
Feb 19 17:18:42.543206 n-d-829989-1 devstack@placement-api.service[104091]: DEBUG placement.objects.research_context [req-ce2e324c-eb57-4920-b225-307617c36181 req-dece4283-523b-4edf-afc0-1318b56e98fa service placement] getting providers with 1 VCPU {{(pid=104091) __init__ /opt/stack/placement/placement/objects/research_context.py:126}}
Feb 19 17:18:42.560375 n-d-829989-1 devstack@placement-api.service[104091]: DEBUG placement.objects.research_context [req-ce2e324c-eb57-4920-b225-307617c36181 req-dece4283-523b-4edf-afc0-1318b56e98fa service placement] found 2 providers with available 1 DISK_GB {{(pid=104091) get_provider_ids_matching /opt/stack/placement/placement/objects/research_context.py:549}}
Feb 19 17:18:42.560701 n-d-829989-1 devstack@placement-api.service[104091]: DEBUG placement.objects.research_context [req-ce2e324c-eb57-4920-b225-307617c36181 req-dece4283-523b-4edf-afc0-1318b56e98fa service placement] found 2 providers with available 1024 MEMORY_MB {{(pid=104091) get_provider_ids_matching /opt/stack/placement/placement/objects/research_context.py:549}}
Feb 19 17:18:42.561014 n-d-829989-1 devstack@placement-api.service[104091]: DEBUG placement.objects.research_context [req-ce2e324c-eb57-4920-b225-307617c36181 req-dece4283-523b-4edf-afc0-1318b56e98fa service placement] found 2 providers after filtering by previous result {{(pid=104091) get_provider_ids_matching /opt/stack/placement/placement/objects/research_context.py:580}}
Feb 19 17:18:42.562119 n-d-829989-1 devstack@placement-api.service[104091]: DEBUG placement.objects.research_context [req-ce2e324c-eb57-4920-b225-307617c36181 req-dece4283-523b-4edf-afc0-1318b56e98fa service placement] found 2 providers with available 1 VCPU {{(pid=104091) get_provider_ids_matching /opt/stack/placement/placement/objects/research_context.py:549}}
Feb 19 17:18:42.562241 n-d-829989-1 devstack@placement-api.service[104091]: DEBUG placement.objects.research_context [req-ce2e324c-eb57-4920-b225-307617c36181 req-dece4283-523b-4edf-afc0-1318b56e98fa service placement] found 2 providers after filtering by previous result {{(pid=104091) get_provider_ids_matching /opt/stack/placement/placement/objects/research_context.py:580}}
Feb 19 17:18:42.581570 n-d-829989-1 devstack@placement-api.service[104090]: DEBUG placement.requestlog [req-2a5d5920-92ce-4304-9ee9-8e432d66e8dc req-92ec46be-fd7c-4c90-a5b5-19a68f8e9a17 None None] Starting request: 10.222.0.48 "GET /placement/resource_providers/ab958c17-e10f-47ea-aff0-2c178a838671/allocations" {{(pid=104090) __call__ /opt/stack/placement/placement/requestlog.py:55}}
Feb 19 17:18:42.590185 n-d-829989-1 devstack@placement-api.service[104091]: DEBUG placement.objects.allocation_candidate [req-ce2e324c-eb57-4920-b225-307617c36181 req-dece4283-523b-4edf-afc0-1318b56e98fa service placement] RequestGroup(use_same_provider=False, resources={DISK_GB:1, MEMORY_MB:1024, VCPU:1}, traits=[], aggregates=[]) (suffix '') returned 2 matches {{(pid=104091) _get_by_requests /opt/stack/placement/placement/objects/allocation_candidate.py:145}}
