Feb 19 17:13:28.745968 n-d-829989-1 devstack@n-api.service[118051]: DEBUG oslo_concurrency.lockutils [None req-bf0f92f2-0228-484b-a2da-5b28b0f8b6e7 tempest-AggregatesAdminTestJSON-1064630484 tempest-AggregatesAdminTestJSON-1064630484-project-admin] Lock "55c2e90c-9571-43ed-bdd1-006c49749012" "released" by "nova.context.set_target_cell..get_or_set_cached_cell_and_set_connections" :: held 0.001s {{(pid=118051) inner /usr/local/lib/python3.8/dist-packages/oslo_concurrency/lockutils.py:400}}
Feb 19 17:13:28.900588 n-d-829989-1 devstack@n-api.service[118051]: INFO nova.api.openstack.requestlog [None req-bf0f92f2-0228-484b-a2da-5b28b0f8b6e7 tempest-AggregatesAdminTestJSON-1064630484 tempest-AggregatesAdminTestJSON-1064630484-project-admin] 10.222.0.52 "POST /compute/v2.1/os-aggregates/3/action" status: 200 len: 300 microversion: 2.1 time: 0.168703
Feb 19 17:13:28.901596 n-d-829989-1 devstack@n-api.service[118051]: [pid: 118051|app: 0|req: 153/288] 10.222.0.52 () {60 vars in 1190 bytes} [Sat Feb 19 17:13:28 2022] POST /compute/v2.1/os-aggregates/3/action => generated 300 bytes in 172 msecs (HTTP/1.1 200) 9 headers in 357 bytes (1 switches on core 0)
Feb 19 17:13:28.912158 n-d-829989-1 devstack@n-api.service[118050]: DEBUG nova.api.openstack.wsgi [None req-893f6361-7661-46b6-b6b6-0643d5d8a9c7 tempest-AggregatesAdminTestJSON-1064630484 tempest-AggregatesAdminTestJSON-1064630484-project-admin] Calling method '>' {{(pid=118050) _process_stack /opt/stack/nova/nova/api/openstack/wsgi.py:513}}
Feb 19 17:13:28.913687 n-d-829989-1 devstack@n-api.service[118050]: /usr/local/lib/python3.8/dist-packages/oslo_policy/policy.py:1119: UserWarning: Policy "os_compute_api:os-aggregates:delete": "rule:system_admin_api" failed scope check. The token used to make the request was project scoped but the policy requires ['system'] scope. This behavior may change in the future where using the intended scope is required
Feb 19 17:13:28.913687 n-d-829989-1 devstack@n-api.service[118050]: warnings.warn(msg)
Feb 19 17:13:28.955858 n-d-829989-1 devstack@n-api.service[118050]: INFO nova.api.openstack.requestlog [None req-893f6361-7661-46b6-b6b6-0643d5d8a9c7 tempest-AggregatesAdminTestJSON-1064630484 tempest-AggregatesAdminTestJSON-1064630484-project-admin] 10.222.0.52 "DELETE /compute/v2.1/os-aggregates/3" status: 200 len: 0 microversion: 2.1 time: 0.046541
Feb 19 17:13:28.956629 n-d-829989-1 devstack@n-api.service[118050]: [pid: 118050|app: 0|req: 136/289] 10.222.0.52 () {58 vars in 1151 bytes} [Sat Feb 19 17:13:28 2022] DELETE /compute/v2.1/os-aggregates/3 => generated 0 bytes in 48 msecs (HTTP/1.1 200) 9 headers in 355 bytes (1 switches on core 0)
Feb 19 17:13:28.969648 n-d-829989-1 devstack@n-api.service[118051]: DEBUG nova.api.openstack.wsgi [None req-9ecfcebd-4307-43be-a3bb-2214f91d257b tempest-AggregatesAdminTestV241-1827801698 tempest-AggregatesAdminTestV241-1827801698-project-admin] Action: 'create', calling method: >, body: {"aggregate": {"name": "tempest-test_aggregate-2058904830"}} {{(pid=118051) _process_stack /opt/stack/nova/nova/api/openstack/wsgi.py:511}}
Feb 19 17:13:28.970997 n-d-829989-1 devstack@n-api.service[118051]: /usr/local/lib/python3.8/dist-packages/oslo_policy/policy.py:1119: UserWarning: Policy "os_compute_api:os-aggregates:create": "rule:system_admin_api" failed scope check. The token used to make the request was project scoped but the policy requires ['system'] scope. This behavior may change in the future where using the intended scope is required
Feb 19 17:13:28.970997 n-d-829989-1 devstack@n-api.service[118051]: warnings.warn(msg)
Feb 19 17:13:28.972233 n-d-829989-1 devstack@n-api.service[118051]: DEBUG nova.objects.aggregate [None req-9ecfcebd-4307-43be-a3bb-2214f91d257b tempest-AggregatesAdminTestV241-1827801698 tempest-AggregatesAdminTestV241-1827801698-project-admin] Generated uuid bf1be87f-c401-43d4-9d66-b488bb984629 for aggregate {{(pid=118051) create /opt/stack/nova/nova/objects/aggregate.py:298}}
Feb 19 17:13:28.999966 n-d-829989-1 devstack@n-api.service[118051]: INFO nova.api.openstack.requestlog [None req-9ecfcebd-4307-43be-a3bb-2214f91d257b tempest-AggregatesAdminTestV241-1827801698 tempest-AggregatesAdminTestV241-1827801698-project-admin] 10.222.0.52 "POST /compute/v2.1/os-aggregates" status: 200 len: 246 microversion: 2.41 time: 0.034384
Feb 19 17:13:29.006874 n-d-829989-1 devstack@n-api.service[118051]: [pid: 118051|app: 0|req: 154/290] 10.222.0.52 () {62 vars in 1204 bytes} [Sat Feb 19 17:13:28 2022] POST /compute/v2.1/os-aggregates => generated 246 bytes in 36 msecs (HTTP/1.1 200) 9 headers in 359 bytes (1 switches on core 0)
Feb 19 17:13:29.013369 n-d-829989-1 devstack@n-api.service[118050]: DEBUG nova.api.openstack.wsgi [None req-8bcbc05d-c1ca-4171-922b-86065ef8a5d6 tempest-AggregatesAdminTestV241-1827801698 tempest-AggregatesAdminTestV241-1827801698-project-admin] Action: 'update', calling method: >, body: {"aggregate": {"name": "tempest-test_aggregate-2067904431"}} {{(pid=118050) _process_stack /opt/stack/nova/nova/api/openstack/wsgi.py:511}}
Feb 19 17:13:29.058424 n-d-829989-1 devstack@n-api.service[118051]: DEBUG nova.api.openstack.wsgi [None req-f69ebf2a-827e-47c8-a716-265ac000b7b3 tempest-ServerDiagnosticsNegativeTest-1378655153 tempest-ServerDiagnosticsNegativeTest-1378655153-project] Calling method '>' {{(pid=118051) _process_stack /opt/stack/nova/nova/api/openstack/wsgi.py:513}}
Feb 19 17:13:29.059694 n-d-829989-1 devstack@n-api.service[118051]: DEBUG nova.compute.api [None req-f69ebf2a-827e-47c8-a716-265ac000b7b3 tempest-ServerDiagnosticsNegativeTest-1378655153 tempest-ServerDiagnosticsNegativeTest-1378655153-project] [instance: 9c917ab6-c196-4f82-a2e4-887b8ccc3b3b] Fetching instance by UUID {{(pid=118051) get /opt/stack/nova/nova/compute/api.py:2865}}
Feb 19 17:13:29.068492 n-d-829989-1 devstack@n-api.service[118051]: DEBUG oslo_concurrency.lockutils [None req-f69ebf2a-827e-47c8-a716-265ac000b7b3 tempest-ServerDiagnosticsNegativeTest-1378655153 tempest-ServerDiagnosticsNegativeTest-1378655153-project] Lock "55c2e90c-9571-43ed-bdd1-006c49749012" acquired by "nova.context.set_target_cell..get_or_set_cached_cell_and_set_connections" :: waited 0.000s {{(pid=118051) inner /usr/local/lib/python3.8/dist-packages/oslo_concurrency/lockutils.py:386}}
Feb 19 17:13:29.068492 n-d-829989-1 devstack@n-api.service[118051]: DEBUG oslo_concurrency.lockutils [None req-f69ebf2a-827e-47c8-a716-265ac000b7b3 tempest-ServerDiagnosticsNegativeTest-1378655153 tempest-ServerDiagnosticsNegativeTest-1378655153-project] Lock "55c2e90c-9571-43ed-bdd1-006c49749012" "released" by "nova.context.set_target_cell..get_or_set_cached_cell_and_set_connections" :: held 0.001s {{(pid=118051) inner /usr/local/lib/python3.8/dist-packages/oslo_concurrency/lockutils.py:400}}
Feb 19 17:13:29.069282 n-d-829989-1 devstack@n-api.service[118051]: DEBUG oslo_concurrency.lockutils [None req-f69ebf2a-827e-47c8-a716-265ac000b7b3 tempest-ServerDiagnosticsNegativeTest-1378655153 tempest-ServerDiagnosticsNegativeTest-1378655153-project] Lock "55c2e90c-9571-43ed-bdd1-006c49749012" acquired by "nova.context.set_target_cell..get_or_set_cached_cell_and_set_connections" :: waited 0.000s {{(pid=118051) inner /usr/local/lib/python3.8/dist-packages/oslo_concurrency/lockutils.py:386}}
Feb 19 17:13:29.069749 n-d-829989-1 devstack@n-api.service[118051]: DEBUG oslo_concurrency.lockutils [None req-f69ebf2a-827e-47c8-a716-265ac000b7b3 tempest-ServerDiagnosticsNegativeTest-1378655153 tempest-ServerDiagnosticsNegativeTest-1378655153-project] Lock "55c2e90c-9571-43ed-bdd1-006c49749012" "released" by "nova.context.set_target_cell..get_or_set_cached_cell_and_set_connections" :: held 0.000s {{(pid=118051) inner /usr/local/lib/python3.8/dist-packages/oslo_concurrency/lockutils.py:400}}
Feb 19 17:13:29.132081 n-d-829989-1 devstack@n-api.service[118050]: /usr/local/lib/python3.8/dist-packages/oslo_policy/policy.py:1119: UserWarning: Policy "os_compute_api:os-aggregates:update": "rule:system_admin_api" failed scope check. The token used to make the request was project scoped but the policy requires ['system'] scope. This behavior may change in the future where using the intended scope is required
Feb 19 17:13:29.132081 n-d-829989-1 devstack@n-api.service[118050]: warnings.warn(msg)
Feb 19 17:13:29.168578 n-d-829989-1 devstack@n-api.service[118050]: INFO nova.api.openstack.requestlog [None req-8bcbc05d-c1ca-4171-922b-86065ef8a5d6 tempest-AggregatesAdminTestV241-1827801698 tempest-AggregatesAdminTestV241-1827801698-project-admin] 10.222.0.52 "PUT /compute/v2.1/os-aggregates/8" status: 200 len: 299 microversion: 2.41 time: 0.160516
Feb 19 17:13:29.174643 n-d-829989-1 devstack@n-api.service[118050]: [pid: 118050|app: 0|req: 137/291] 10.222.0.52 () {62 vars in 1209 bytes} [Sat Feb 19 17:13:29 2022] PUT /compute/v2.1/os-aggregates/8 => generated 299 bytes in 167 msecs (HTTP/1.1 200) 9 headers in 359 bytes (1 switches on core 0)
Feb 19 17:13:29.179140 n-d-829989-1 devstack@n-api.service[118050]: DEBUG nova.api.openstack.wsgi [None req-1f4bd825-de67-4acf-ade5-917870d7aec3 tempest-AggregatesAdminTestV241-1827801698 tempest-AggregatesAdminTestV241-1827801698-project-admin] Calling method '>' {{(pid=118050) _process_stack /opt/stack/nova/nova/api/openstack/wsgi.py:513}}
Feb 19 17:13:29.179895 n-d-829989-1 devstack@n-api.service[118050]: /usr/local/lib/python3.8/dist-packages/oslo_policy/policy.py:1119: UserWarning: Policy "os_compute_api:os-aggregates:show": "rule:system_reader_api" failed scope check. The token used to make the request was project scoped but the policy requires ['system'] scope. This behavior may change in the future where using the intended scope is required
Feb 19 17:13:29.179895 n-d-829989-1 devstack@n-api.service[118050]: warnings.warn(msg)
Feb 19 17:13:29.187535 n-d-829989-1 devstack@n-api.service[118050]: INFO nova.api.openstack.requestlog [None req-1f4bd825-de67-4acf-ade5-917870d7aec3 tempest-AggregatesAdminTestV241-1827801698 tempest-AggregatesAdminTestV241-1827801698-project-admin] 10.222.0.52 "GET /compute/v2.1/os-aggregates/8" status: 200 len: 299 microversion: 2.41 time: 0.011844
Feb 19 17:13:29.188593 n-d-829989-1 devstack@n-api.service[118050]: [pid: 118050|app: 0|req: 138/292] 10.222.0.52 () {60 vars in 1189 bytes} [Sat Feb 19 17:13:29 2022] GET /compute/v2.1/os-aggregates/8 => generated 299 bytes in 13 msecs (HTTP/1.1 200) 9 headers in 359 bytes (1 switches on core 0)
Feb 19 17:13:29.200298 n-d-829989-1 devstack@n-api.service[118050]: DEBUG nova.api.openstack.wsgi [None req-e6c63c9c-8891-4314-b5fe-73bac2962b22 tempest-AggregatesAdminTestV241-1827801698 tempest-AggregatesAdminTestV241-1827801698-project-admin] Action: 'action', calling method: >, body: {"add_host": {"host": "n-h1-829989-1"}} {{(pid=118050) _process_stack /opt/stack/nova/nova/api/openstack/wsgi.py:511}}
Feb 19 17:13:29.201820 n-d-829989-1 devstack@n-api.service[118050]: /usr/local/lib/python3.8/dist-packages/oslo_policy/policy.py:1119: UserWarning: Policy "os_compute_api:os-aggregates:add_host": "rule:system_admin_api" failed scope check. The token used to make the request was project scoped but the policy requires ['system'] scope. This behavior may change in the future where using the intended scope is required
Feb 19 17:13:29.201820 n-d-829989-1 devstack@n-api.service[118050]: warnings.warn(msg)
Feb 19 17:13:29.212085 n-d-829989-1 devstack@n-api.service[118050]: DEBUG oslo_concurrency.lockutils [None req-e6c63c9c-8891-4314-b5fe-73bac2962b22 tempest-AggregatesAdminTestV241-1827801698 tempest-AggregatesAdminTestV241-1827801698-project-admin] Lock "55c2e90c-9571-43ed-bdd1-006c49749012" acquired by "nova.context.set_target_cell..get_or_set_cached_cell_and_set_connections" :: waited 0.000s {{(pid=118050) inner /usr/local/lib/python3.8/dist-packages/oslo_concurrency/lockutils.py:386}}
Feb 19 17:13:29.212616 n-d-829989-1 devstack@n-api.service[118050]: DEBUG oslo_concurrency.lockutils [None req-e6c63c9c-8891-4314-b5fe-73bac2962b22 tempest-AggregatesAdminTestV241-1827801698 tempest-AggregatesAdminTestV241-1827801698-project-admin] Lock "55c2e90c-9571-43ed-bdd1-006c49749012" "released" by "nova.context.set_target_cell..get_or_set_cached_cell_and_set_connections" :: held 0.001s {{(pid=118050) inner /usr/local/lib/python3.8/dist-packages/oslo_concurrency/lockutils.py:400}}
Feb 19 17:13:29.373796 n-d-829989-1 devstack@n-api.service[118050]: INFO nova.api.openstack.requestlog [None req-e6c63c9c-8891-4314-b5fe-73bac2962b22 tempest-AggregatesAdminTestV241-1827801698 tempest-AggregatesAdminTestV241-1827801698-project-admin] 10.222.0.52 "POST /compute/v2.1/os-aggregates/8/action" status: 200 len: 314 microversion: 2.41 time: 0.178226
Feb 19 17:13:29.374804 n-d-829989-1 devstack@n-api.service[118050]: [pid: 118050|app: 0|req: 139/293] 10.222.0.52 () {62 vars in 1231 bytes} [Sat Feb 19 17:13:29 2022] POST /compute/v2.1/os-aggregates/8/action => generated 314 bytes in 180 msecs (HTTP/1.1 200) 9 headers in 359 bytes (1 switches on core 0)
Feb 19 17:13:29.385537 n-d-829989-1 devstack@n-api.service[118050]: DEBUG nova.api.openstack.wsgi [None req-4b0ff0a6-6de1-4155-a590-aa761ac61065 tempest-AggregatesAdminTestV241-1827801698 tempest-AggregatesAdminTestV241-1827801698-project-admin] Action: 'action', calling method: >, body: {"remove_host": {"host": "n-h1-829989-1"}} {{(pid=118050) _process_stack /opt/stack/nova/nova/api/openstack/wsgi.py:511}}
Feb 19 17:13:29.387762 n-d-829989-1 devstack@n-api.service[118050]: /usr/local/lib/python3.8/dist-packages/oslo_policy/policy.py:1119: UserWarning: Policy "os_compute_api:os-aggregates:remove_host": "rule:system_admin_api" failed scope check. The token used to make the request was project scoped but the policy requires ['system'] scope. This behavior may change in the future where using the intended scope is required
Feb 19 17:13:29.387762 n-d-829989-1 devstack@n-api.service[118050]: warnings.warn(msg)
Feb 19 17:13:29.400771 n-d-829989-1 devstack@n-api.service[118050]: DEBUG oslo_concurrency.lockutils [None req-4b0ff0a6-6de1-4155-a590-aa761ac61065 tempest-AggregatesAdminTestV241-1827801698 tempest-AggregatesAdminTestV241-1827801698-project-admin] Lock "55c2e90c-9571-43ed-bdd1-006c49749012" acquired by "nova.context.set_target_cell..get_or_set_cached_cell_and_set_connections" :: waited 0.000s {{(pid=118050) inner /usr/local/lib/python3.8/dist-packages/oslo_concurrency/lockutils.py:386}}
Feb 19 17:13:29.401456 n-d-829989-1 devstack@n-api.service[118051]: DEBUG nova.policy [None req-f69ebf2a-827e-47c8-a716-265ac000b7b3 tempest-ServerDiagnosticsNegativeTest-1378655153 tempest-ServerDiagnosticsNegativeTest-1378655153-project] Policy check for os_compute_api:os-extended-server-attributes failed with credentials {'is_admin': False, 'user_id': '9a9e92b5e8e64669ac1fb9259ba88f2b', 'user_domain_id': 'default', 'system_scope': None, 'domain_id': None, 'project_id': 'ff0e07f3834540f59ce1a673062e27cf', 'project_domain_id': 'default', 'roles': ['reader', 'member'], 'is_admin_project': True, 'service_user_id': None, 'service_user_domain_id': None, 'service_project_id': None, 'service_project_domain_id': None, 'service_roles': []} {{(pid=118051) authorize /opt/stack/nova/nova/policy.py:199}}
Feb 19 17:13:29.401654 n-d-829989-1 devstack@n-api.service[118050]: DEBUG oslo_concurrency.lockutils [None req-4b0ff0a6-6de1-4155-a590-aa761ac61065 tempest-AggregatesAdminTestV241-1827801698 tempest-AggregatesAdminTestV241-1827801698-project-admin] Lock "55c2e90c-9571-43ed-bdd1-006c49749012" "released" by "nova.context.set_target_cell..get_or_set_cached_cell_and_set_connections" :: held 0.001s {{(pid=118050) inner /usr/local/lib/python3.8/dist-packages/oslo_concurrency/lockutils.py:400}}
Feb 19 17:13:29.409139 n-d-829989-1 devstack@n-api.service[118051]: INFO nova.api.openstack.requestlog [None req-f69ebf2a-827e-47c8-a716-265ac000b7b3 tempest-ServerDiagnosticsNegativeTest-1378655153 tempest-ServerDiagnosticsNegativeTest-1378655153-project] 10.222.0.52 "GET /compute/v2.1/servers/9c917ab6-c196-4f82-a2e4-887b8ccc3b3b" status: 200 len: 1479 microversion: 2.1 time: 0.354436
Feb 19 17:13:29.409722 n-d-829989-1 devstack@n-api.service[118051]: [pid: 118051|app: 0|req: 155/294] 10.222.0.52 () {58 vars in 1235 bytes} [Sat Feb 19 17:13:29 2022] GET /compute/v2.1/servers/9c917ab6-c196-4f82-a2e4-887b8ccc3b3b => generated 1479 bytes in 356 msecs (HTTP/1.1 200) 9 headers in 358 bytes (1 switches on core 0)
Feb 19 17:13:29.501824 n-d-829989-1 devstack@n-api.service[118051]: DEBUG nova.api.openstack.wsgi [None req-fa671829-36df-452b-8abd-7c584c495005 tempest-DeleteServersAdminTestJSON-1042646114 tempest-DeleteServersAdminTestJSON-1042646114-project] Calling method '>' {{(pid=118051) _process_stack /opt/stack/nova/nova/api/openstack/wsgi.py:513}}
Feb 19 17:13:29.502749 n-d-829989-1 devstack@n-api.service[118051]: DEBUG nova.compute.api [None req-fa671829-36df-452b-8abd-7c584c495005 tempest-DeleteServersAdminTestJSON-1042646114 tempest-DeleteServersAdminTestJSON-1042646114-project] [instance: 49c75201-876f-407a-86e1-058550a50ff5] Fetching instance by UUID {{(pid=118051) get /opt/stack/nova/nova/compute/api.py:2865}}
Feb 19 17:13:29.520834 n-d-829989-1 devstack@n-api.service[118051]: DEBUG oslo_concurrency.lockutils [None req-fa671829-36df-452b-8abd-7c584c495005 tempest-DeleteServersAdminTestJSON-1042646114 tempest-DeleteServersAdminTestJSON-1042646114-project] Lock "55c2e90c-9571-43ed-bdd1-006c49749012" acquired by "nova.context.set_target_cell..get_or_set_cached_cell_and_set_connections" :: waited 0.000s {{(pid=118051) inner /usr/local/lib/python3.8/dist-packages/oslo_concurrency/lockutils.py:386}}
Feb 19 17:13:29.522168 n-d-829989-1 devstack@n-api.service[118051]: DEBUG oslo_concurrency.lockutils [None req-fa671829-36df-452b-8abd-7c584c495005 tempest-DeleteServersAdminTestJSON-1042646114 tempest-DeleteServersAdminTestJSON-1042646114-project] Lock "55c2e90c-9571-43ed-bdd1-006c49749012" "released" by "nova.context.set_target_cell..get_or_set_cached_cell_and_set_connections" :: held 0.002s {{(pid=118051) inner /usr/local/lib/python3.8/dist-packages/oslo_concurrency/lockutils.py:400}}
Feb 19 17:13:29.526129 n-d-829989-1 devstack@n-api.service[118051]: DEBUG oslo_concurrency.lockutils [None req-fa671829-36df-452b-8abd-7c584c495005 tempest-DeleteServersAdminTestJSON-1042646114 tempest-DeleteServersAdminTestJSON-1042646114-project] Lock "55c2e90c-9571-43ed-bdd1-006c49749012" acquired by "nova.context.set_target_cell..get_or_set_cached_cell_and_set_connections" :: waited 0.000s {{(pid=118051) inner /usr/local/lib/python3.8/dist-packages/oslo_concurrency/lockutils.py:386}}
Feb 19 17:13:29.526690 n-d-829989-1 devstack@n-api.service[118051]: DEBUG oslo_concurrency.lockutils [None req-fa671829-36df-452b-8abd-7c584c495005 tempest-DeleteServersAdminTestJSON-1042646114 tempest-DeleteServersAdminTestJSON-1042646114-project] Lock "55c2e90c-9571-43ed-bdd1-006c49749012" "released" by "nova.context.set_target_cell..get_or_set_cached_cell_and_set_connections" :: held 0.003s {{(pid=118051) inner /usr/local/lib/python3.8/dist-packages/oslo_concurrency/lockutils.py:400}}
Feb 19 17:13:29.559685 n-d-829989-1 devstack@n-api.service[118050]: INFO nova.api.openstack.requestlog [None req-4b0ff0a6-6de1-4155-a590-aa761ac61065 tempest-AggregatesAdminTestV241-1827801698 tempest-AggregatesAdminTestV241-1827801698-project-admin] 10.222.0.52 "POST /compute/v2.1/os-aggregates/8/action" status: 200 len: 299 microversion: 2.41 time: 0.177809
Feb 19 17:13:29.561132 n-d-829989-1 devstack@n-api.service[118050]: [pid: 118050|app: 0|req: 140/295] 10.222.0.52 () {62 vars in 1231 bytes} [Sat Feb 19 17:13:29 2022] POST /compute/v2.1/os-aggregates/8/action => generated 299 bytes in 180 msecs (HTTP/1.1 200) 9 headers in 359 bytes (1 switches on core 0)
Feb 19 17:13:29.575086 n-d-829989-1 devstack@n-api.service[118050]: DEBUG nova.api.openstack.wsgi [None req-83774b74-eff1-43a1-af6a-ad2b1b084aa0 tempest-AggregatesAdminTestV241-1827801698 tempest-AggregatesAdminTestV241-1827801698-project-admin] Calling method '>' {{(pid=118050) _process_stack /opt/stack/nova/nova/api/openstack/wsgi.py:513}}
Feb 19 17:13:29.575870 n-d-829989-1 devstack@n-api.service[118050]: /usr/local/lib/python3.8/dist-packages/oslo_policy/policy.py:1119: UserWarning: Policy "os_compute_api:os-aggregates:delete": "rule:system_admin_api" failed scope check. The token used to make the request was project scoped but the policy requires ['system'] scope. This behavior may change in the future where using the intended scope is required
Feb 19 17:13:29.575870 n-d-829989-1 devstack@n-api.service[118050]: warnings.warn(msg)
Feb 19 17:13:29.620375 n-d-829989-1 devstack@n-api.service[118050]: INFO nova.api.openstack.requestlog [None req-83774b74-eff1-43a1-af6a-ad2b1b084aa0 tempest-AggregatesAdminTestV241-1827801698 tempest-AggregatesAdminTestV241-1827801698-project-admin] 10.222.0.52 "DELETE /compute/v2.1/os-aggregates/8" status: 200 len: 0 microversion: 2.41 time: 0.052635
Feb 19 17:13:29.620992 n-d-829989-1 devstack@n-api.service[118050]: [pid: 118050|app: 0|req: 141/296] 10.222.0.52 () {60 vars in 1192 bytes} [Sat Feb 19 17:13:29 2022] DELETE /compute/v2.1/os-aggregates/8 => generated 0 bytes in 55 msecs (HTTP/1.1 200) 9 headers in 357 bytes (2 switches on core 0)
Feb 19 17:13:29.679095 n-d-829989-1 devstack@n-api.service[118050]: DEBUG nova.api.openstack.wsgi [req-226a1196-e101-4a86-8437-d322d22e47e5 req-a9be866d-cd08-4396-8d08-48ddcb5e92de service nova] Action: 'create', calling method: >, body: {"events": [{"server_uuid": "49c75201-876f-407a-86e1-058550a50ff5", "name": "network-vif-deleted", "tag": "78be755c-24a1-4140-b76f-2e9b7295e2cd"}]} {{(pid=118050) _process_stack /opt/stack/nova/nova/api/openstack/wsgi.py:511}}
Feb 19 17:13:29.680538 n-d-829989-1 devstack@n-api.service[118050]: /usr/local/lib/python3.8/dist-packages/oslo_policy/policy.py:1119: UserWarning: Policy "os_compute_api:os-server-external-events:create": "rule:system_admin_api" failed scope check. The token used to make the request was project scoped but the policy requires ['system'] scope. This behavior may change in the future where using the intended scope is required
Feb 19 17:13:29.680538 n-d-829989-1 devstack@n-api.service[118050]: warnings.warn(msg)
Feb 19 17:13:29.699992 n-d-829989-1 devstack@n-api.service[118050]: DEBUG oslo_concurrency.lockutils [req-226a1196-e101-4a86-8437-d322d22e47e5 req-a9be866d-cd08-4396-8d08-48ddcb5e92de service nova] Lock "55c2e90c-9571-43ed-bdd1-006c49749012" acquired by "nova.context.set_target_cell..get_or_set_cached_cell_and_set_connections" :: waited 0.000s {{(pid=118050) inner /usr/local/lib/python3.8/dist-packages/oslo_concurrency/lockutils.py:386}}
Feb 19 17:13:29.700441 n-d-829989-1 devstack@n-api.service[118050]: DEBUG oslo_concurrency.lockutils [req-226a1196-e101-4a86-8437-d322d22e47e5 req-a9be866d-cd08-4396-8d08-48ddcb5e92de service nova] Lock "55c2e90c-9571-43ed-bdd1-006c49749012" "released" by "nova.context.set_target_cell..get_or_set_cached_cell_and_set_connections" :: held 0.001s {{(pid=118050) inner /usr/local/lib/python3.8/dist-packages/oslo_concurrency/lockutils.py:400}}
Feb 19 17:13:29.700969 n-d-829989-1 devstack@n-api.service[118051]: DEBUG nova.policy [None req-fa671829-36df-452b-8abd-7c584c495005 tempest-DeleteServersAdminTestJSON-1042646114 tempest-DeleteServersAdminTestJSON-1042646114-project] Policy check for os_compute_api:os-extended-server-attributes failed with credentials {'is_admin': False, 'user_id': 'a6b3bc54c51c41e39e596074aa1763b4', 'user_domain_id': 'default', 'system_scope': None, 'domain_id': None, 'project_id': 'c5c398bab707477a829c0b5d96e57959', 'project_domain_id': 'default', 'roles': ['reader', 'member'], 'is_admin_project': True, 'service_user_id': None, 'service_user_domain_id': None, 'service_project_id': None, 'service_project_domain_id': None, 'service_roles': []} {{(pid=118051) authorize /opt/stack/nova/nova/policy.py:199}}
Feb 19 17:13:29.737952 n-d-829989-1 devstack@n-api.service[118050]: INFO nova.api.openstack.compute.server_external_events [req-226a1196-e101-4a86-8437-d322d22e47e5 req-a9be866d-cd08-4396-8d08-48ddcb5e92de service nova] Creating event network-vif-deleted:78be755c-24a1-4140-b76f-2e9b7295e2cd for instance 49c75201-876f-407a-86e1-058550a50ff5 on n-h2-829989-1
Feb 19 17:13:29.769796 n-d-829989-1 devstack@n-api.service[118051]: INFO nova.api.openstack.requestlog [None req-fa671829-36df-452b-8abd-7c584c495005 tempest-DeleteServersAdminTestJSON-1042646114 tempest-DeleteServersAdminTestJSON-1042646114-project] 10.222.0.52 "GET /compute/v2.1/servers/49c75201-876f-407a-86e1-058550a50ff5" status: 200 len: 1431 microversion: 2.1 time: 0.251414
Feb 19 17:13:29.770466 n-d-829989-1 devstack@n-api.service[118051]: [pid: 118051|app: 0|req: 156/297] 10.222.0.52 () {58 vars in 1235 bytes} [Sat Feb 19 17:13:29 2022] GET /compute/v2.1/servers/49c75201-876f-407a-86e1-058550a50ff5 => generated 1431 bytes in 286 msecs (HTTP/1.1 200) 9 headers in 358 bytes (1 switches on core 0)
Feb 19 17:13:29.784515 n-d-829989-1 devstack@n-api.service[118050]: INFO nova.api.openstack.requestlog [req-226a1196-e101-4a86-8437-d322d22e47e5 req-a9be866d-cd08-4396-8d08-48ddcb5e92de service nova] 10.222.0.52 "POST /compute/v2.1/os-server-external-events" status: 200 len: 183 microversion: 2.1 time: 0.070046
Feb 19 17:13:29.786795 n-d-829989-1 devstack@n-api.service[118050]: [pid: 118050|app: 0|req: 142/298] 10.222.0.52 () {64 vars in 1317 bytes} [Sat Feb 19 17:13:29 2022] POST /compute/v2.1/os-server-external-events => generated 183 bytes in 113 msecs (HTTP/1.1 200) 9 headers in 357 bytes (2 switches on core 0)
Feb 19 17:13:29.795059 n-d-829989-1 devstack@n-api.service[118051]: DEBUG nova.api.openstack.wsgi [None req-55df73dd-6b9e-4a0b-ad0e-2502446c2123 tempest-HostsAdminTestJSON-1036290069 tempest-HostsAdminTestJSON-1036290069-project-admin] Calling method '.version_select at 0x7f061417de50>' {{(pid=118051) _process_stack /opt/stack/nova/nova/api/openstack/wsgi.py:513}}
Feb 19 17:13:29.805620 n-d-829989-1 devstack@n-api.service[118051]: /usr/local/lib/python3.8/dist-packages/oslo_policy/policy.py:1119: UserWarning: Policy "os_compute_api:os-hosts:list": "rule:system_reader_api" failed scope check. The token used to make the request was project scoped but the policy requires ['system'] scope. This behavior may change in the future where using the intended scope is required
Feb 19 17:13:29.805620 n-d-829989-1 devstack@n-api.service[118051]: warnings.warn(msg)
Feb 19 17:13:29.813171 n-d-829989-1 devstack@n-api.service[118051]: DEBUG oslo_concurrency.lockutils [None req-55df73dd-6b9e-4a0b-ad0e-2502446c2123 tempest-HostsAdminTestJSON-1036290069 tempest-HostsAdminTestJSON-1036290069-project-admin] Lock "00000000-0000-0000-0000-000000000000" acquired by "nova.context.set_target_cell..get_or_set_cached_cell_and_set_connections" :: waited 0.000s {{(pid=118051) inner /usr/local/lib/python3.8/dist-packages/oslo_concurrency/lockutils.py:386}}
Feb 19 17:13:29.817307 n-d-829989-1 devstack@n-api.service[118051]: DEBUG oslo_concurrency.lockutils [None req-55df73dd-6b9e-4a0b-ad0e-2502446c2123 tempest-HostsAdminTestJSON-1036290069 tempest-HostsAdminTestJSON-1036290069-project-admin] Lock "00000000-0000-0000-0000-000000000000" "released" by "nova.context.set_target_cell..get_or_set_cached_cell_and_set_connections" :: held 0.002s {{(pid=118051) inner /usr/local/lib/python3.8/dist-packages/oslo_concurrency/lockutils.py:400}}
Feb 19 17:13:29.819374 n-d-829989-1 devstack@n-api.service[118051]: DEBUG oslo_concurrency.lockutils [None req-55df73dd-6b9e-4a0b-ad0e-2502446c2123 tempest-HostsAdminTestJSON-1036290069 tempest-HostsAdminTestJSON-1036290069-project-admin] Lock "55c2e90c-9571-43ed-bdd1-006c49749012" acquired by "nova.context.set_target_cell..get_or_set_cached_cell_and_set_connections" :: waited 0.000s {{(pid=118051) inner /usr/local/lib/python3.8/dist-packages/oslo_concurrency/lockutils.py:386}}
Feb 19 17:13:29.821713 n-d-829989-1 devstack@n-api.service[118051]: DEBUG oslo_concurrency.lockutils [None req-55df73dd-6b9e-4a0b-ad0e-2502446c2123 tempest-HostsAdminTestJSON-1036290069 tempest-HostsAdminTestJSON-1036290069-project-admin] Lock "55c2e90c-9571-43ed-bdd1-006c49749012" "released" by "nova.context.set_target_cell..get_or_set_cached_cell_and_set_connections" :: held 0.002s {{(pid=118051) inner /usr/local/lib/python3.8/dist-packages/oslo_concurrency/lockutils.py:400}}
Feb 19 17:13:29.883526 n-d-829989-1 devstack@n-api.service[118051]: INFO nova.api.openstack.requestlog [None req-55df73dd-6b9e-4a0b-ad0e-2502446c2123 tempest-HostsAdminTestJSON-1036290069 tempest-HostsAdminTestJSON-1036290069-project-admin] 10.222.0.52 "GET /compute/v2.1/os-hosts" status: 200 len: 376 microversion: 2.1 time: 0.110293
Feb 19 17:13:29.884712 n-d-829989-1 devstack@n-api.service[118051]: [pid: 118051|app: 0|req: 157/299] 10.222.0.52 () {58 vars in 1127 bytes} [Sat Feb 19 17:13:29 2022] GET /compute/v2.1/os-hosts => generated 376 bytes in 114 msecs (HTTP/1.1 200) 9 headers in 357 bytes (1 switches on core 0)
Feb 19 17:13:29.895931 n-d-829989-1 devstack@n-api.service[118050]: DEBUG nova.api.openstack.wsgi [None req-8a5a5c08-59c6-4c14-a7df-7386afec7593 tempest-HostsAdminTestJSON-1036290069 tempest-HostsAdminTestJSON-1036290069-project-admin] Calling method '.version_select at 0x7f0614212700>' {{(pid=118050) _process_stack /opt/stack/nova/nova/api/openstack/wsgi.py:513}}
Feb 19 17:13:29.897962 n-d-829989-1 devstack@n-api.service[118050]: /usr/local/lib/python3.8/dist-packages/oslo_policy/policy.py:1119: UserWarning: Policy "os_compute_api:os-hosts:list": "rule:system_reader_api" failed scope check. The token used to make the request was project scoped but the policy requires ['system'] scope. This behavior may change in the future where using the intended scope is required
Feb 19 17:13:29.897962 n-d-829989-1 devstack@n-api.service[118050]: warnings.warn(msg)
Feb 19 17:13:29.900022 n-d-829989-1 devstack@n-api.service[118050]: DEBUG oslo_concurrency.lockutils [None req-8a5a5c08-59c6-4c14-a7df-7386afec7593 tempest-HostsAdminTestJSON-1036290069 tempest-HostsAdminTestJSON-1036290069-project-admin] Lock "00000000-0000-0000-0000-000000000000" acquired by "nova.context.set_target_cell..get_or_set_cached_cell_and_set_connections" :: waited 0.000s {{(pid=118050) inner /usr/local/lib/python3.8/dist-packages/oslo_concurrency/lockutils.py:386}}
Feb 19 17:13:29.901227 n-d-829989-1 devstack@n-api.service[118050]: DEBUG oslo_concurrency.lockutils [None req-8a5a5c08-59c6-4c14-a7df-7386afec7593 tempest-HostsAdminTestJSON-1036290069 tempest-HostsAdminTestJSON-1036290069-project-admin] Lock "00000000-0000-0000-0000-000000000000" "released" by "nova.context.set_target_cell..get_or_set_cached_cell_and_set_connections" :: held 0.001s {{(pid=118050) inner /usr/local/lib/python3.8/dist-packages/oslo_concurrency/lockutils.py:400}}
Feb 19 17:13:29.905447 n-d-829989-1 devstack@n-api.service[118050]: DEBUG oslo_concurrency.lockutils [None req-8a5a5c08-59c6-4c14-a7df-7386afec7593 tempest-HostsAdminTestJSON-1036290069 tempest-HostsAdminTestJSON-1036290069-project-admin] Lock "55c2e90c-9571-43ed-bdd1-006c49749012" acquired by "nova.context.set_target_cell..get_or_set_cached_cell_and_set_connections" :: waited 0.000s {{(pid=118050) inner /usr/local/lib/python3.8/dist-packages/oslo_concurrency/lockutils.py:386}}
Feb 19 17:13:29.906095 n-d-829989-1 devstack@n-api.service[118050]: DEBUG oslo_concurrency.lockutils [None req-8a5a5c08-59c6-4c14-a7df-7386afec7593 tempest-HostsAdminTestJSON-1036290069 tempest-HostsAdminTestJSON-1036290069-project-admin] Lock "55c2e90c-9571-43ed-bdd1-006c49749012" "released" by "nova.context.set_target_cell..get_or_set_cached_cell_and_set_connections" :: held 0.003s {{(pid=118050) inner /usr/local/lib/python3.8/dist-packages/oslo_concurrency/lockutils.py:400}}
Feb 19 17:13:29.972425 n-d-829989-1 devstack@n-api.service[118050]: INFO nova.api.openstack.requestlog [None req-8a5a5c08-59c6-4c14-a7df-7386afec7593 tempest-HostsAdminTestJSON-1036290069 tempest-HostsAdminTestJSON-1036290069-project-admin] 10.222.0.52 "GET /compute/v2.1/os-hosts?zone=internal" status: 200 len: 236 microversion: 2.1 time: 0.080461
Feb 19 17:13:29.978435 n-d-829989-1 devstack@n-api.service[118050]: [pid: 118050|app: 0|req: 143/300] 10.222.0.52 () {58 vars in 1154 bytes} [Sat Feb 19 17:13:29 2022] GET /compute/v2.1/os-hosts?zone=internal => generated 236 bytes in 87 msecs (HTTP/1.1 200) 9 headers in 357 bytes (1 switches on core 0)
Feb 19 17:13:29.985555 n-d-829989-1 devstack@n-api.service[118051]: DEBUG nova.api.openstack.wsgi [None req-864c5f67-be8a-4233-88b0-6e0d983bfa89 tempest-HostsAdminTestJSON-1036290069 tempest-HostsAdminTestJSON-1036290069-project-admin] Calling method '.version_select at 0x7f06141691f0>' {{(pid=118051) _process_stack /opt/stack/nova/nova/api/openstack/wsgi.py:513}}
Feb 19 17:13:29.987023 n-d-829989-1 devstack@n-api.service[118051]: /usr/local/lib/python3.8/dist-packages/oslo_policy/policy.py:1119: UserWarning: Policy "os_compute_api:os-hosts:list": "rule:system_reader_api" failed scope check. The token used to make the request was project scoped but the policy requires ['system'] scope. This behavior may change in the future where using the intended scope is required
Feb 19 17:13:29.987023 n-d-829989-1 devstack@n-api.service[118051]: warnings.warn(msg)
Feb 19 17:13:29.988704 n-d-829989-1 devstack@n-api.service[118051]: DEBUG oslo_concurrency.lockutils [None req-864c5f67-be8a-4233-88b0-6e0d983bfa89 tempest-HostsAdminTestJSON-1036290069 tempest-HostsAdminTestJSON-1036290069-project-admin] Lock "00000000-0000-0000-0000-000000000000" acquired by "nova.context.set_target_cell..get_or_set_cached_cell_and_set_connections" :: waited 0.000s {{(pid=118051) inner /usr/local/lib/python3.8/dist-packages/oslo_concurrency/lockutils.py:386}}
Feb 19 17:13:29.989958 n-d-829989-1 devstack@n-api.service[118051]: DEBUG oslo_concurrency.lockutils [None req-864c5f67-be8a-4233-88b0-6e0d983bfa89 tempest-HostsAdminTestJSON-1036290069 tempest-HostsAdminTestJSON-1036290069-project-admin] Lock "00000000-0000-0000-0000-000000000000" "released" by "nova.context.set_target_cell..get_or_set_cached_cell_and_set_connections" :: held 0.001s {{(pid=118051) inner /usr/local/lib/python3.8/dist-packages/oslo_concurrency/lockutils.py:400}}
Feb 19 17:13:29.990930 n-d-829989-1 devstack@n-api.service[118051]: DEBUG oslo_concurrency.lockutils [None req-864c5f67-be8a-4233-88b0-6e0d983bfa89 tempest-HostsAdminTestJSON-1036290069 tempest-HostsAdminTestJSON-1036290069-project-admin] Lock "55c2e90c-9571-43ed-bdd1-006c49749012" acquired by "nova.context.set_target_cell..get_or_set_cached_cell_and_set_connections" :: waited 0.000s {{(pid=118051) inner /usr/local/lib/python3.8/dist-packages/oslo_concurrency/lockutils.py:386}}
Feb 19 17:13:29.993671 n-d-829989-1 devstack@n-api.service[118051]: DEBUG oslo_concurrency.lockutils [None req-864c5f67-be8a-4233-88b0-6e0d983bfa89 tempest-HostsAdminTestJSON-1036290069 tempest-HostsAdminTestJSON-1036290069-project-admin] Lock "55c2e90c-9571-43ed-bdd1-006c49749012" "released" by "nova.context.set_target_cell..get_or_set_cached_cell_and_set_connections" :: held 0.003s {{(pid=118051) inner /usr/local/lib/python3.8/dist-packages/oslo_concurrency/lockutils.py:400}}
Feb 19 17:13:30.009690 n-d-829989-1 devstack@n-api.service[118050]: DEBUG nova.api.openstack.wsgi [None req-0f91f4c9-cd93-412f-a742-23c80a24c083 tempest-AggregatesAdminNegativeTestJSON-1471095936 tempest-AggregatesAdminNegativeTestJSON-1471095936-project-admin] Action: 'create', calling method: >, body: {"aggregate": {"name": "tempest-test_aggregate-1852206916"}} {{(pid=118050) _process_stack /opt/stack/nova/nova/api/openstack/wsgi.py:511}}
Feb 19 17:13:30.017019 n-d-829989-1 devstack@n-api.service[118050]: /usr/local/lib/python3.8/dist-packages/oslo_policy/policy.py:1119: UserWarning: Policy "os_compute_api:os-aggregates:create": "rule:system_admin_api" failed scope check. The token used to make the request was project scoped but the policy requires ['system'] scope. This behavior may change in the future where using the intended scope is required
Feb 19 17:13:30.017019 n-d-829989-1 devstack@n-api.service[118050]: warnings.warn(msg)
Feb 19 17:13:30.023590 n-d-829989-1 devstack@n-api.service[118050]: DEBUG nova.objects.aggregate [None req-0f91f4c9-cd93-412f-a742-23c80a24c083 tempest-AggregatesAdminNegativeTestJSON-1471095936 tempest-AggregatesAdminNegativeTestJSON-1471095936-project-admin] Generated uuid 38c9df84-fb6e-4bda-a58e-1806f8d4faef for aggregate {{(pid=118050) create /opt/stack/nova/nova/objects/aggregate.py:298}}
Feb 19 17:13:30.077526 n-d-829989-1 devstack@n-api.service[118051]: INFO nova.api.openstack.requestlog [None req-864c5f67-be8a-4233-88b0-6e0d983bfa89 tempest-HostsAdminTestJSON-1036290069 tempest-HostsAdminTestJSON-1036290069-project-admin] 10.222.0.52 "GET /compute/v2.1/os-hosts" status: 200 len: 376 microversion: 2.1 time: 0.096964
Feb 19 17:13:30.078172 n-d-829989-1 devstack@n-api.service[118051]: [pid: 118051|app: 0|req: 158/301] 10.222.0.52 () {58 vars in 1127 bytes} [Sat Feb 19 17:13:29 2022] GET /compute/v2.1/os-hosts => generated 376 bytes in 99 msecs (HTTP/1.1 200) 9 headers in 357 bytes (1 switches on core 0)
Feb 19 17:13:30.087958 n-d-829989-1 devstack@n-api.service[118050]: INFO nova.api.openstack.requestlog [None req-0f91f4c9-cd93-412f-a742-23c80a24c083 tempest-AggregatesAdminNegativeTestJSON-1471095936 tempest-AggregatesAdminNegativeTestJSON-1471095936-project-admin] 10.222.0.52 "POST /compute/v2.1/os-aggregates" status: 200 len: 198 microversion: 2.1 time: 0.090075
Feb 19 17:13:30.090731 n-d-829989-1 devstack@n-api.service[118051]: DEBUG nova.api.openstack.wsgi [None req-02aa4c3a-f4e8-45ea-adec-1b99d22bd588 tempest-HostsAdminTestJSON-1036290069 tempest-HostsAdminTestJSON-1036290069-project-admin] Calling method '.version_select at 0x7f0614216160>' {{(pid=118051) _process_stack /opt/stack/nova/nova/api/openstack/wsgi.py:513}}
Feb 19 17:13:30.095692 n-d-829989-1 devstack@n-api.service[118050]: [pid: 118050|app: 0|req: 144/302] 10.222.0.52 () {60 vars in 1163 bytes} [Sat Feb 19 17:13:29 2022] POST /compute/v2.1/os-aggregates => generated 198 bytes in 98 msecs (HTTP/1.1 200) 9 headers in 357 bytes (1 switches on core 0)
Feb 19 17:13:30.097292 n-d-829989-1 devstack@n-api.service[118051]: /usr/local/lib/python3.8/dist-packages/oslo_policy/policy.py:1119: UserWarning: Policy "os_compute_api:os-hosts:show": "rule:system_reader_api" failed scope check. The token used to make the request was project scoped but the policy requires ['system'] scope. This behavior may change in the future where using the intended scope is required
Feb 19 17:13:30.097292 n-d-829989-1 devstack@n-api.service[118051]: warnings.warn(msg)
Feb 19 17:13:30.103921 n-d-829989-1 devstack@n-api.service[118050]: DEBUG nova.api.openstack.wsgi [None req-2d5ab635-1c96-4282-9623-e4d373b51b9e tempest-AggregatesAdminNegativeTestJSON-1471095936 tempest-AggregatesAdminNegativeTestJSON-1471095936-project-admin] Action: 'action', calling method: >, body: {"add_host": {"host": "n-h1-829989-1"}} {{(pid=118050) _process_stack /opt/stack/nova/nova/api/openstack/wsgi.py:511}}
Feb 19 17:13:30.105663 n-d-829989-1 devstack@n-api.service[118050]: /usr/local/lib/python3.8/dist-packages/oslo_policy/policy.py:1119: UserWarning: Policy "os_compute_api:os-aggregates:add_host": "rule:system_admin_api" failed scope check. The token used to make the request was project scoped but the policy requires ['system'] scope. This behavior may change in the future where using the intended scope is required
Feb 19 17:13:30.105663 n-d-829989-1 devstack@n-api.service[118050]: warnings.warn(msg)
Feb 19 17:13:30.112186 n-d-829989-1 devstack@n-api.service[118051]: DEBUG oslo_concurrency.lockutils [None req-02aa4c3a-f4e8-45ea-adec-1b99d22bd588 tempest-HostsAdminTestJSON-1036290069 tempest-HostsAdminTestJSON-1036290069-project-admin] Lock "55c2e90c-9571-43ed-bdd1-006c49749012" acquired by "nova.context.set_target_cell..get_or_set_cached_cell_and_set_connections" :: waited 0.003s {{(pid=118051) inner /usr/local/lib/python3.8/dist-packages/oslo_concurrency/lockutils.py:386}}
Feb 19 17:13:30.113493 n-d-829989-1 devstack@n-api.service[118051]: DEBUG oslo_concurrency.lockutils [None req-02aa4c3a-f4e8-45ea-adec-1b99d22bd588 tempest-HostsAdminTestJSON-1036290069 tempest-HostsAdminTestJSON-1036290069-project-admin] Lock "55c2e90c-9571-43ed-bdd1-006c49749012" "released" by "nova.context.set_target_cell..get_or_set_cached_cell_and_set_connections" :: held 0.001s {{(pid=118051) inner /usr/local/lib/python3.8/dist-packages/oslo_concurrency/lockutils.py:400}}
Feb 19 17:13:30.119102 n-d-829989-1 devstack@n-api.service[118050]: DEBUG oslo_concurrency.lockutils [None req-2d5ab635-1c96-4282-9623-e4d373b51b9e tempest-AggregatesAdminNegativeTestJSON-1471095936 tempest-AggregatesAdminNegativeTestJSON-1471095936-project-admin] Lock "55c2e90c-9571-43ed-bdd1-006c49749012" acquired by "nova.context.set_target_cell..get_or_set_cached_cell_and_set_connections" :: waited 0.000s {{(pid=118050) inner /usr/local/lib/python3.8/dist-packages/oslo_concurrency/lockutils.py:386}}
Feb 19 17:13:30.119982 n-d-829989-1 devstack@n-api.service[118050]: DEBUG oslo_concurrency.lockutils [None req-2d5ab635-1c96-4282-9623-e4d373b51b9e tempest-AggregatesAdminNegativeTestJSON-1471095936 tempest-AggregatesAdminNegativeTestJSON-1471095936-project-admin] Lock "55c2e90c-9571-43ed-bdd1-006c49749012" "released" by "nova.context.set_target_cell..get_or_set_cached_cell_and_set_connections" :: held 0.001s {{(pid=118050) inner /usr/local/lib/python3.8/dist-packages/oslo_concurrency/lockutils.py:400}}
Feb 19 17:13:30.136656 n-d-829989-1 devstack@n-api.service[118051]: DEBUG oslo_concurrency.lockutils [None req-02aa4c3a-f4e8-45ea-adec-1b99d22bd588 tempest-HostsAdminTestJSON-1036290069 tempest-HostsAdminTestJSON-1036290069-project-admin] Lock "55c2e90c-9571-43ed-bdd1-006c49749012" acquired by "nova.context.set_target_cell..get_or_set_cached_cell_and_set_connections" :: waited 0.000s {{(pid=118051) inner /usr/local/lib/python3.8/dist-packages/oslo_concurrency/lockutils.py:386}}
Feb 19 17:13:30.136656 n-d-829989-1 devstack@n-api.service[118051]: DEBUG oslo_concurrency.lockutils [None req-02aa4c3a-f4e8-45ea-adec-1b99d22bd588 tempest-HostsAdminTestJSON-1036290069 tempest-HostsAdminTestJSON-1036290069-project-admin] Lock "55c2e90c-9571-43ed-bdd1-006c49749012" "released" by "nova.context.set_target_cell..get_or_set_cached_cell_and_set_connections" :: held 0.001s {{(pid=118051) inner /usr/local/lib/python3.8/dist-packages/oslo_concurrency/lockutils.py:400}}
Feb 19 17:13:30.183909 n-d-829989-1 devstack@n-api.service[118051]: INFO nova.api.openstack.requestlog [None req-02aa4c3a-f4e8-45ea-adec-1b99d22bd588 tempest-HostsAdminTestJSON-1036290069 tempest-HostsAdminTestJSON-1036290069-project-admin] 10.222.0.52 "GET /compute/v2.1/os-hosts/n-h1-829989-1" status: 200 len: 332 microversion: 2.1 time: 0.099229
Feb 19 17:13:30.187500 n-d-829989-1 devstack@n-api.service[118051]: [pid: 118051|app: 0|req: 159/303] 10.222.0.52 () {58 vars in 1169 bytes} [Sat Feb 19 17:13:30 2022] GET /compute/v2.1/os-hosts/n-h1-829989-1 => generated 332 bytes in 103 msecs (HTTP/1.1 200) 9 headers in 357 bytes (1 switches on core 0)
Feb 19 17:13:30.206957 n-d-829989-1 devstack@n-api.service[118051]: DEBUG nova.api.openstack.wsgi [None req-8c9ce0a6-37a2-4946-9d36-fc257065ece8 tempest-HostsAdminTestJSON-1036290069 tempest-HostsAdminTestJSON-1036290069-project-admin] Calling method '.version_select at 0x7f061417d160>' {{(pid=118051) _process_stack /opt/stack/nova/nova/api/openstack/wsgi.py:513}}
Feb 19 17:13:30.210081 n-d-829989-1 devstack@n-api.service[118051]: /usr/local/lib/python3.8/dist-packages/oslo_policy/policy.py:1119: UserWarning: Policy "os_compute_api:os-hosts:show": "rule:system_reader_api" failed scope check. The token used to make the request was project scoped but the policy requires ['system'] scope. This behavior may change in the future where using the intended scope is required
Feb 19 17:13:30.210081 n-d-829989-1 devstack@n-api.service[118051]: warnings.warn(msg)
Feb 19 17:13:30.223612 n-d-829989-1 devstack@n-api.service[118051]: DEBUG oslo_concurrency.lockutils [None req-8c9ce0a6-37a2-4946-9d36-fc257065ece8 tempest-HostsAdminTestJSON-1036290069 tempest-HostsAdminTestJSON-1036290069-project-admin] Lock "55c2e90c-9571-43ed-bdd1-006c49749012" acquired by "nova.context.set_target_cell..get_or_set_cached_cell_and_set_connections" :: waited 0.000s {{(pid=118051) inner /usr/local/lib/python3.8/dist-packages/oslo_concurrency/lockutils.py:386}}
Feb 19 17:13:30.238426 n-d-829989-1 devstack@n-api.service[118051]: DEBUG oslo_concurrency.lockutils [None req-8c9ce0a6-37a2-4946-9d36-fc257065ece8 tempest-HostsAdminTestJSON-1036290069 tempest-HostsAdminTestJSON-1036290069-project-admin] Lock "55c2e90c-9571-43ed-bdd1-006c49749012" "released" by "nova.context.set_target_cell..get_or_set_cached_cell_and_set_connections" :: held 0.014s {{(pid=118051) inner /usr/local/lib/python3.8/dist-packages/oslo_concurrency/lockutils.py:400}}
Feb 19 17:13:30.282488 n-d-829989-1 devstack@n-api.service[118051]: DEBUG oslo_concurrency.lockutils [None req-8c9ce0a6-37a2-4946-9d36-fc257065ece8 tempest-HostsAdminTestJSON-1036290069 tempest-HostsAdminTestJSON-1036290069-project-admin] Lock "55c2e90c-9571-43ed-bdd1-006c49749012" acquired by "nova.context.set_target_cell..get_or_set_cached_cell_and_set_connections" :: waited 0.000s {{(pid=118051) inner /usr/local/lib/python3.8/dist-packages/oslo_concurrency/lockutils.py:386}}
Feb 19 17:13:30.288264 n-d-829989-1 devstack@n-api.service[118051]: DEBUG oslo_concurrency.lockutils [None req-8c9ce0a6-37a2-4946-9d36-fc257065ece8 tempest-HostsAdminTestJSON-1036290069 tempest-HostsAdminTestJSON-1036290069-project-admin] Lock "55c2e90c-9571-43ed-bdd1-006c49749012" "released" by "nova.context.set_target_cell..get_or_set_cached_cell_and_set_connections" :: held 0.006s {{(pid=118051) inner /usr/local/lib/python3.8/dist-packages/oslo_concurrency/lockutils.py:400}}
Feb 19 17:13:30.321410 n-d-829989-1 devstack@n-api.service[118050]: INFO nova.api.openstack.requestlog [None req-2d5ab635-1c96-4282-9623-e4d373b51b9e tempest-AggregatesAdminNegativeTestJSON-1471095936 tempest-AggregatesAdminNegativeTestJSON-1471095936-project-admin] 10.222.0.52 "POST /compute/v2.1/os-aggregates/9/action" status: 200 len: 242 microversion: 2.1 time: 0.223778
Feb 19 17:13:30.323009 n-d-829989-1 devstack@n-api.service[118050]: [pid: 118050|app: 0|req: 145/304] 10.222.0.52 () {60 vars in 1190 bytes} [Sat Feb 19 17:13:30 2022] POST /compute/v2.1/os-aggregates/9/action => generated 242 bytes in 226 msecs (HTTP/1.1 200) 9 headers in 357 bytes (1 switches on core 0)
Feb 19 17:13:30.334145 n-d-829989-1 devstack@n-api.service[118050]: DEBUG nova.api.openstack.wsgi [None req-c22f4233-3eef-485e-a00e-2c04bb1f0881 tempest-AggregatesAdminNegativeTestJSON-361285325 tempest-AggregatesAdminNegativeTestJSON-361285325-project] Action: 'action', calling method: >, body: {"remove_host": {"host": "n-h1-829989-1"}} {{(pid=118050) _process_stack /opt/stack/nova/nova/api/openstack/wsgi.py:511}}
Feb 19 17:13:30.335312 n-d-829989-1 devstack@n-api.service[118050]: /usr/local/lib/python3.8/dist-packages/oslo_policy/policy.py:1119: UserWarning: Policy "os_compute_api:os-aggregates:remove_host": "rule:system_admin_api" failed scope check. The token used to make the request was project scoped but the policy requires ['system'] scope. This behavior may change in the future where using the intended scope is required
Feb 19 17:13:30.335312 n-d-829989-1 devstack@n-api.service[118050]: warnings.warn(msg)
Feb 19 17:13:30.338082 n-d-829989-1 devstack@n-api.service[118051]: INFO nova.api.openstack.requestlog [None req-8c9ce0a6-37a2-4946-9d36-fc257065ece8 tempest-HostsAdminTestJSON-1036290069 tempest-HostsAdminTestJSON-1036290069-project-admin] 10.222.0.52 "GET /compute/v2.1/os-hosts/n-h2-829989-1" status: 200 len: 598 microversion: 2.1 time: 0.142681
Feb 19 17:13:30.339488 n-d-829989-1 devstack@n-api.service[118050]: DEBUG nova.policy [None req-c22f4233-3eef-485e-a00e-2c04bb1f0881 tempest-AggregatesAdminNegativeTestJSON-361285325 tempest-AggregatesAdminNegativeTestJSON-361285325-project] Policy check for os_compute_api:os-aggregates:remove_host failed with credentials {'is_admin': False, 'user_id': 'b596f8b1f8404fa590464f4778931264', 'user_domain_id': 'default', 'system_scope': None, 'domain_id': None, 'project_id': '9fe6630fd6954372b68f8a9cb22360a5', 'project_domain_id': 'default', 'roles': ['reader', 'member'], 'is_admin_project': True, 'service_user_id': None, 'service_user_domain_id': None, 'service_project_id': None, 'service_project_domain_id': None, 'service_roles': []} {{(pid=118050) authorize /opt/stack/nova/nova/policy.py:199}}
Feb 19 17:13:30.343515 n-d-829989-1 devstack@n-api.service[118051]: [pid: 118051|app: 0|req: 160/305] 10.222.0.52 () {58 vars in 1169 bytes} [Sat Feb 19 17:13:30 2022] GET /compute/v2.1/os-hosts/n-h2-829989-1 => generated 598 bytes in 149 msecs (HTTP/1.1 200) 9 headers in 357 bytes (1 switches on core 0)
Feb 19 17:13:30.350804 n-d-829989-1 devstack@n-api.service[118050]: DEBUG nova.api.openstack.wsgi [None req-c22f4233-3eef-485e-a00e-2c04bb1f0881 tempest-AggregatesAdminNegativeTestJSON-361285325 tempest-AggregatesAdminNegativeTestJSON-361285325-project] Returning 403 to user: Policy doesn't allow os_compute_api:os-aggregates:remove_host to be performed. {{(pid=118050) __call__ /opt/stack/nova/nova/api/openstack/wsgi.py:936}}
