Feb 19 17:13:26.031962 n-d-829989-1 devstack@n-api.service[118050]: DEBUG nova.quota [None req-e895bf3e-4a36-4b8f-9013-ae266fe9278e tempest-KeyPairsV22TestJSON-1370054298 tempest-KeyPairsV22TestJSON-1370054298-project] Getting quotas for user 3875185301ab42d5845c4bed23c15dd5 and project f333aa593d904a08a9a010d56cc42ce2. Resources: {'key_pairs'} {{(pid=118050) _get_quotas /opt/stack/nova/nova/quota.py:377}}
Feb 19 17:13:26.048266 n-d-829989-1 devstack@n-api.service[118051]: INFO nova.api.openstack.requestlog [None req-8c1132fd-2ab6-4baa-bf81-285ff23bd5df tempest-ServerDiagnosticsNegativeTest-1378655153 tempest-ServerDiagnosticsNegativeTest-1378655153-project] 10.222.0.52 "GET /compute/v2.1/servers/9c917ab6-c196-4f82-a2e4-887b8ccc3b3b" status: 200 len: 1323 microversion: 2.1 time: 0.243590
Feb 19 17:13:26.050244 n-d-829989-1 devstack@n-api.service[118050]: INFO nova.api.openstack.requestlog [None req-e895bf3e-4a36-4b8f-9013-ae266fe9278e tempest-KeyPairsV22TestJSON-1370054298 tempest-KeyPairsV22TestJSON-1370054298-project] 10.222.0.52 "POST /compute/v2.1/os-keypairs" status: 201 len: 2336 microversion: 2.2 time: 0.408545
Feb 19 17:13:26.052011 n-d-829989-1 devstack@n-api.service[118050]: [pid: 118050|app: 0|req: 120/253] 10.222.0.52 () {62 vars in 1197 bytes} [Sat Feb 19 17:13:25 2022] POST /compute/v2.1/os-keypairs => generated 2336 bytes in 410 msecs (HTTP/1.1 201) 9 headers in 363 bytes (1 switches on core 0)
Feb 19 17:13:26.054674 n-d-829989-1 devstack@n-api.service[118051]: [pid: 118051|app: 0|req: 134/254] 10.222.0.52 () {58 vars in 1235 bytes} [Sat Feb 19 17:13:25 2022] GET /compute/v2.1/servers/9c917ab6-c196-4f82-a2e4-887b8ccc3b3b => generated 1323 bytes in 251 msecs (HTTP/1.1 200) 9 headers in 358 bytes (2 switches on core 0)
Feb 19 17:13:26.080181 n-d-829989-1 devstack@n-api.service[118050]: DEBUG nova.api.openstack.wsgi [None req-f8a71b2d-f47e-4ff2-8cd4-4b2e61bfd775 tempest-KeyPairsV22TestJSON-1370054298 tempest-KeyPairsV22TestJSON-1370054298-project] Action: 'create', calling method: .version_select at 0x7f061418e430>, body: {"keypair": {"name": "tempest-KeyPairsV22TestJSON-keypair-374966594"}} {{(pid=118050) _process_stack /opt/stack/nova/nova/api/openstack/wsgi.py:511}}
Feb 19 17:13:26.094800 n-d-829989-1 devstack@n-api.service[118050]: DEBUG nova.quota [None req-f8a71b2d-f47e-4ff2-8cd4-4b2e61bfd775 tempest-KeyPairsV22TestJSON-1370054298 tempest-KeyPairsV22TestJSON-1370054298-project] Getting quotas for project f333aa593d904a08a9a010d56cc42ce2. Resources: {'key_pairs'} {{(pid=118050) _get_quotas /opt/stack/nova/nova/quota.py:387}}
Feb 19 17:13:26.099631 n-d-829989-1 devstack@n-api.service[118050]: DEBUG nova.quota [None req-f8a71b2d-f47e-4ff2-8cd4-4b2e61bfd775 tempest-KeyPairsV22TestJSON-1370054298 tempest-KeyPairsV22TestJSON-1370054298-project] Getting quotas for user 3875185301ab42d5845c4bed23c15dd5 and project f333aa593d904a08a9a010d56cc42ce2. Resources: {'key_pairs'} {{(pid=118050) _get_quotas /opt/stack/nova/nova/quota.py:377}}
Feb 19 17:13:26.305758 n-d-829989-1 devstack@n-api.service[118051]: DEBUG nova.api.openstack.wsgi [None req-a68a4537-4894-46c1-acd5-68ee2058a4dd tempest-AggregatesAdminTestJSON-420453061 tempest-AggregatesAdminTestJSON-420453061-project] Calling method '>' {{(pid=118051) _process_stack /opt/stack/nova/nova/api/openstack/wsgi.py:513}}
Feb 19 17:13:26.307012 n-d-829989-1 devstack@n-api.service[118051]: DEBUG nova.compute.api [None req-a68a4537-4894-46c1-acd5-68ee2058a4dd tempest-AggregatesAdminTestJSON-420453061 tempest-AggregatesAdminTestJSON-420453061-project] [instance: fbd94d03-9e57-427d-b146-2a4cfbc821fb] Fetching instance by UUID {{(pid=118051) get /opt/stack/nova/nova/compute/api.py:2865}}
Feb 19 17:13:26.316270 n-d-829989-1 devstack@n-api.service[118051]: DEBUG oslo_concurrency.lockutils [None req-a68a4537-4894-46c1-acd5-68ee2058a4dd tempest-AggregatesAdminTestJSON-420453061 tempest-AggregatesAdminTestJSON-420453061-project] Lock "55c2e90c-9571-43ed-bdd1-006c49749012" acquired by "nova.context.set_target_cell..get_or_set_cached_cell_and_set_connections" :: waited 0.000s {{(pid=118051) inner /usr/local/lib/python3.8/dist-packages/oslo_concurrency/lockutils.py:386}}
Feb 19 17:13:26.316720 n-d-829989-1 devstack@n-api.service[118051]: DEBUG oslo_concurrency.lockutils [None req-a68a4537-4894-46c1-acd5-68ee2058a4dd tempest-AggregatesAdminTestJSON-420453061 tempest-AggregatesAdminTestJSON-420453061-project] Lock "55c2e90c-9571-43ed-bdd1-006c49749012" "released" by "nova.context.set_target_cell..get_or_set_cached_cell_and_set_connections" :: held 0.001s {{(pid=118051) inner /usr/local/lib/python3.8/dist-packages/oslo_concurrency/lockutils.py:400}}
Feb 19 17:13:26.317564 n-d-829989-1 devstack@n-api.service[118051]: DEBUG oslo_concurrency.lockutils [None req-a68a4537-4894-46c1-acd5-68ee2058a4dd tempest-AggregatesAdminTestJSON-420453061 tempest-AggregatesAdminTestJSON-420453061-project] Lock "55c2e90c-9571-43ed-bdd1-006c49749012" acquired by "nova.context.set_target_cell..get_or_set_cached_cell_and_set_connections" :: waited 0.000s {{(pid=118051) inner /usr/local/lib/python3.8/dist-packages/oslo_concurrency/lockutils.py:386}}
Feb 19 17:13:26.317958 n-d-829989-1 devstack@n-api.service[118051]: DEBUG oslo_concurrency.lockutils [None req-a68a4537-4894-46c1-acd5-68ee2058a4dd tempest-AggregatesAdminTestJSON-420453061 tempest-AggregatesAdminTestJSON-420453061-project] Lock "55c2e90c-9571-43ed-bdd1-006c49749012" "released" by "nova.context.set_target_cell..get_or_set_cached_cell_and_set_connections" :: held 0.000s {{(pid=118051) inner /usr/local/lib/python3.8/dist-packages/oslo_concurrency/lockutils.py:400}}
Feb 19 17:13:26.334464 n-d-829989-1 devstack@n-api.service[118050]: DEBUG nova.quota [None req-f8a71b2d-f47e-4ff2-8cd4-4b2e61bfd775 tempest-KeyPairsV22TestJSON-1370054298 tempest-KeyPairsV22TestJSON-1370054298-project] Getting quotas for project f333aa593d904a08a9a010d56cc42ce2. Resources: {'key_pairs'} {{(pid=118050) _get_quotas /opt/stack/nova/nova/quota.py:387}}
Feb 19 17:13:26.339750 n-d-829989-1 devstack@n-api.service[118050]: DEBUG nova.quota [None req-f8a71b2d-f47e-4ff2-8cd4-4b2e61bfd775 tempest-KeyPairsV22TestJSON-1370054298 tempest-KeyPairsV22TestJSON-1370054298-project] Getting quotas for user 3875185301ab42d5845c4bed23c15dd5 and project f333aa593d904a08a9a010d56cc42ce2. Resources: {'key_pairs'} {{(pid=118050) _get_quotas /opt/stack/nova/nova/quota.py:377}}
Feb 19 17:13:26.361441 n-d-829989-1 devstack@n-api.service[118050]: INFO nova.api.openstack.requestlog [None req-f8a71b2d-f47e-4ff2-8cd4-4b2e61bfd775 tempest-KeyPairsV22TestJSON-1370054298 tempest-KeyPairsV22TestJSON-1370054298-project] 10.222.0.52 "POST /compute/v2.1/os-keypairs" status: 201 len: 2339 microversion: 2.2 time: 0.295146
Feb 19 17:13:26.366470 n-d-829989-1 devstack@n-api.service[118050]: [pid: 118050|app: 0|req: 121/255] 10.222.0.52 () {62 vars in 1197 bytes} [Sat Feb 19 17:13:26 2022] POST /compute/v2.1/os-keypairs => generated 2339 bytes in 297 msecs (HTTP/1.1 201) 9 headers in 363 bytes (1 switches on core 0)
Feb 19 17:13:26.366896 n-d-829989-1 devstack@n-api.service[118050]: DEBUG nova.api.openstack.wsgi [None req-c22b39a9-16f3-4b3a-b5b4-3ce1863679e0 tempest-DeleteServersAdminTestJSON-1042646114 tempest-DeleteServersAdminTestJSON-1042646114-project] Calling method '>' {{(pid=118050) _process_stack /opt/stack/nova/nova/api/openstack/wsgi.py:513}}
Feb 19 17:13:26.367627 n-d-829989-1 devstack@n-api.service[118050]: DEBUG nova.compute.api [None req-c22b39a9-16f3-4b3a-b5b4-3ce1863679e0 tempest-DeleteServersAdminTestJSON-1042646114 tempest-DeleteServersAdminTestJSON-1042646114-project] [instance: 49c75201-876f-407a-86e1-058550a50ff5] Fetching instance by UUID {{(pid=118050) get /opt/stack/nova/nova/compute/api.py:2865}}
Feb 19 17:13:26.374505 n-d-829989-1 devstack@n-api.service[118050]: DEBUG oslo_concurrency.lockutils [None req-c22b39a9-16f3-4b3a-b5b4-3ce1863679e0 tempest-DeleteServersAdminTestJSON-1042646114 tempest-DeleteServersAdminTestJSON-1042646114-project] Lock "55c2e90c-9571-43ed-bdd1-006c49749012" acquired by "nova.context.set_target_cell..get_or_set_cached_cell_and_set_connections" :: waited 0.000s {{(pid=118050) inner /usr/local/lib/python3.8/dist-packages/oslo_concurrency/lockutils.py:386}}
Feb 19 17:13:26.374985 n-d-829989-1 devstack@n-api.service[118050]: DEBUG oslo_concurrency.lockutils [None req-c22b39a9-16f3-4b3a-b5b4-3ce1863679e0 tempest-DeleteServersAdminTestJSON-1042646114 tempest-DeleteServersAdminTestJSON-1042646114-project] Lock "55c2e90c-9571-43ed-bdd1-006c49749012" "released" by "nova.context.set_target_cell..get_or_set_cached_cell_and_set_connections" :: held 0.001s {{(pid=118050) inner /usr/local/lib/python3.8/dist-packages/oslo_concurrency/lockutils.py:400}}
Feb 19 17:13:26.375768 n-d-829989-1 devstack@n-api.service[118050]: DEBUG oslo_concurrency.lockutils [None req-c22b39a9-16f3-4b3a-b5b4-3ce1863679e0 tempest-DeleteServersAdminTestJSON-1042646114 tempest-DeleteServersAdminTestJSON-1042646114-project] Lock "55c2e90c-9571-43ed-bdd1-006c49749012" acquired by "nova.context.set_target_cell..get_or_set_cached_cell_and_set_connections" :: waited 0.000s {{(pid=118050) inner /usr/local/lib/python3.8/dist-packages/oslo_concurrency/lockutils.py:386}}
Feb 19 17:13:26.376204 n-d-829989-1 devstack@n-api.service[118050]: DEBUG oslo_concurrency.lockutils [None req-c22b39a9-16f3-4b3a-b5b4-3ce1863679e0 tempest-DeleteServersAdminTestJSON-1042646114 tempest-DeleteServersAdminTestJSON-1042646114-project] Lock "55c2e90c-9571-43ed-bdd1-006c49749012" "released" by "nova.context.set_target_cell..get_or_set_cached_cell_and_set_connections" :: held 0.000s {{(pid=118050) inner /usr/local/lib/python3.8/dist-packages/oslo_concurrency/lockutils.py:400}}
Feb 19 17:13:26.479160 n-d-829989-1 devstack@n-api.service[118051]: DEBUG nova.policy [None req-a68a4537-4894-46c1-acd5-68ee2058a4dd tempest-AggregatesAdminTestJSON-420453061 tempest-AggregatesAdminTestJSON-420453061-project] Policy check for os_compute_api:os-extended-server-attributes failed with credentials {'is_admin': False, 'user_id': '492d1703b6454a7fbec8f0d94908487d', 'user_domain_id': 'default', 'system_scope': None, 'domain_id': None, 'project_id': '813eacd8149d43eb9b572f2f17f589d0', 'project_domain_id': 'default', 'roles': ['reader', 'member'], 'is_admin_project': True, 'service_user_id': None, 'service_user_domain_id': None, 'service_project_id': None, 'service_project_domain_id': None, 'service_roles': []} {{(pid=118051) authorize /opt/stack/nova/nova/policy.py:199}}
Feb 19 17:13:26.499274 n-d-829989-1 devstack@n-api.service[118051]: INFO nova.api.openstack.requestlog [None req-a68a4537-4894-46c1-acd5-68ee2058a4dd tempest-AggregatesAdminTestJSON-420453061 tempest-AggregatesAdminTestJSON-420453061-project] 10.222.0.52 "GET /compute/v2.1/servers/fbd94d03-9e57-427d-b146-2a4cfbc821fb" status: 200 len: 1495 microversion: 2.1 time: 0.199418
Feb 19 17:13:26.499855 n-d-829989-1 devstack@n-api.service[118051]: [pid: 118051|app: 0|req: 135/256] 10.222.0.52 () {58 vars in 1235 bytes} [Sat Feb 19 17:13:26 2022] GET /compute/v2.1/servers/fbd94d03-9e57-427d-b146-2a4cfbc821fb => generated 1495 bytes in 201 msecs (HTTP/1.1 200) 9 headers in 358 bytes (2 switches on core 0)
Feb 19 17:13:26.504828 n-d-829989-1 devstack@n-api.service[118051]: DEBUG nova.api.openstack.wsgi [None req-931309aa-591b-47d0-91e0-624e9e9331df tempest-KeyPairsV22TestJSON-1370054298 tempest-KeyPairsV22TestJSON-1370054298-project] Action: 'create', calling method: .version_select at 0x7f06142553a0>, body: {"keypair": {"name": "tempest-KeyPairsV22TestJSON-keypair-658496880"}} {{(pid=118051) _process_stack /opt/stack/nova/nova/api/openstack/wsgi.py:511}}
Feb 19 17:13:26.518722 n-d-829989-1 devstack@n-api.service[118051]: DEBUG nova.quota [None req-931309aa-591b-47d0-91e0-624e9e9331df tempest-KeyPairsV22TestJSON-1370054298 tempest-KeyPairsV22TestJSON-1370054298-project] Getting quotas for project f333aa593d904a08a9a010d56cc42ce2. Resources: {'key_pairs'} {{(pid=118051) _get_quotas /opt/stack/nova/nova/quota.py:387}}
Feb 19 17:13:26.523186 n-d-829989-1 devstack@n-api.service[118050]: DEBUG nova.policy [None req-c22b39a9-16f3-4b3a-b5b4-3ce1863679e0 tempest-DeleteServersAdminTestJSON-1042646114 tempest-DeleteServersAdminTestJSON-1042646114-project] Policy check for os_compute_api:os-extended-server-attributes failed with credentials {'is_admin': False, 'user_id': 'a6b3bc54c51c41e39e596074aa1763b4', 'user_domain_id': 'default', 'system_scope': None, 'domain_id': None, 'project_id': 'c5c398bab707477a829c0b5d96e57959', 'project_domain_id': 'default', 'roles': ['reader', 'member'], 'is_admin_project': True, 'service_user_id': None, 'service_user_domain_id': None, 'service_project_id': None, 'service_project_domain_id': None, 'service_roles': []} {{(pid=118050) authorize /opt/stack/nova/nova/policy.py:199}}
Feb 19 17:13:26.523730 n-d-829989-1 devstack@n-api.service[118051]: DEBUG nova.quota [None req-931309aa-591b-47d0-91e0-624e9e9331df tempest-KeyPairsV22TestJSON-1370054298 tempest-KeyPairsV22TestJSON-1370054298-project] Getting quotas for user 3875185301ab42d5845c4bed23c15dd5 and project f333aa593d904a08a9a010d56cc42ce2. Resources: {'key_pairs'} {{(pid=118051) _get_quotas /opt/stack/nova/nova/quota.py:377}}
Feb 19 17:13:26.532164 n-d-829989-1 devstack@n-api.service[118050]: INFO nova.api.openstack.requestlog [None req-c22b39a9-16f3-4b3a-b5b4-3ce1863679e0 tempest-DeleteServersAdminTestJSON-1042646114 tempest-DeleteServersAdminTestJSON-1042646114-project] 10.222.0.52 "GET /compute/v2.1/servers/49c75201-876f-407a-86e1-058550a50ff5" status: 200 len: 1467 microversion: 2.1 time: 0.168608
Feb 19 17:13:26.532745 n-d-829989-1 devstack@n-api.service[118050]: [pid: 118050|app: 0|req: 122/257] 10.222.0.52 () {58 vars in 1235 bytes} [Sat Feb 19 17:13:26 2022] GET /compute/v2.1/servers/49c75201-876f-407a-86e1-058550a50ff5 => generated 1467 bytes in 170 msecs (HTTP/1.1 200) 9 headers in 358 bytes (1 switches on core 0)
Feb 19 17:13:26.625880 n-d-829989-1 devstack@n-api.service[118051]: DEBUG nova.quota [None req-931309aa-591b-47d0-91e0-624e9e9331df tempest-KeyPairsV22TestJSON-1370054298 tempest-KeyPairsV22TestJSON-1370054298-project] Getting quotas for project f333aa593d904a08a9a010d56cc42ce2. Resources: {'key_pairs'} {{(pid=118051) _get_quotas /opt/stack/nova/nova/quota.py:387}}
Feb 19 17:13:26.630921 n-d-829989-1 devstack@n-api.service[118051]: DEBUG nova.quota [None req-931309aa-591b-47d0-91e0-624e9e9331df tempest-KeyPairsV22TestJSON-1370054298 tempest-KeyPairsV22TestJSON-1370054298-project] Getting quotas for user 3875185301ab42d5845c4bed23c15dd5 and project f333aa593d904a08a9a010d56cc42ce2. Resources: {'key_pairs'} {{(pid=118051) _get_quotas /opt/stack/nova/nova/quota.py:377}}
Feb 19 17:13:26.648887 n-d-829989-1 devstack@n-api.service[118051]: INFO nova.api.openstack.requestlog [None req-931309aa-591b-47d0-91e0-624e9e9331df tempest-KeyPairsV22TestJSON-1370054298 tempest-KeyPairsV22TestJSON-1370054298-project] 10.222.0.52 "POST /compute/v2.1/os-keypairs" status: 201 len: 2339 microversion: 2.2 time: 0.147618
Feb 19 17:13:26.649746 n-d-829989-1 devstack@n-api.service[118051]: [pid: 118051|app: 0|req: 136/258] 10.222.0.52 () {62 vars in 1197 bytes} [Sat Feb 19 17:13:26 2022] POST /compute/v2.1/os-keypairs => generated 2339 bytes in 149 msecs (HTTP/1.1 201) 9 headers in 363 bytes (1 switches on core 0)
Feb 19 17:13:26.663671 n-d-829989-1 devstack@n-api.service[118051]: DEBUG nova.api.openstack.wsgi [None req-878b7949-2810-46ac-b06b-a1611fd5df1b tempest-KeyPairsV22TestJSON-1370054298 tempest-KeyPairsV22TestJSON-1370054298-project] Calling method '.version_select at 0x7f0614169dc0>' {{(pid=118051) _process_stack /opt/stack/nova/nova/api/openstack/wsgi.py:513}}
Feb 19 17:13:26.666956 n-d-829989-1 devstack@n-api.service[118051]: WARNING oslo_db.sqlalchemy.utils [None req-878b7949-2810-46ac-b06b-a1611fd5df1b tempest-KeyPairsV22TestJSON-1370054298 tempest-KeyPairsV22TestJSON-1370054298-project] Unique keys not in sort_keys. The sorting order may be unstable.
Feb 19 17:13:26.674834 n-d-829989-1 devstack@n-api.service[118051]: INFO nova.api.openstack.requestlog [None req-878b7949-2810-46ac-b06b-a1611fd5df1b tempest-KeyPairsV22TestJSON-1370054298 tempest-KeyPairsV22TestJSON-1370054298-project] 10.222.0.52 "GET /compute/v2.1/os-keypairs" status: 200 len: 1722 microversion: 2.2 time: 0.018428
Feb 19 17:13:26.681128 n-d-829989-1 devstack@n-api.service[118051]: [pid: 118051|app: 0|req: 137/259] 10.222.0.52 () {60 vars in 1176 bytes} [Sat Feb 19 17:13:26 2022] GET /compute/v2.1/os-keypairs => generated 1722 bytes in 25 msecs (HTTP/1.1 200) 9 headers in 358 bytes (1 switches on core 0)
Feb 19 17:13:26.689016 n-d-829989-1 devstack@n-api.service[118051]: DEBUG nova.api.openstack.wsgi [None req-ff9ab218-ac2b-453e-b3a6-2186fa496f6c tempest-KeyPairsV22TestJSON-1370054298 tempest-KeyPairsV22TestJSON-1370054298-project] Calling method '.version_select at 0x7f061415b550>' {{(pid=118051) _process_stack /opt/stack/nova/nova/api/openstack/wsgi.py:513}}
Feb 19 17:13:26.714848 n-d-829989-1 devstack@n-api.service[118051]: INFO nova.api.openstack.requestlog [None req-ff9ab218-ac2b-453e-b3a6-2186fa496f6c tempest-KeyPairsV22TestJSON-1370054298 tempest-KeyPairsV22TestJSON-1370054298-project] 10.222.0.52 "DELETE /compute/v2.1/os-keypairs/tempest-KeyPairsV22TestJSON-keypair-658496880" status: 204 len: 0 microversion: 2.2 time: 0.030440
Feb 19 17:13:26.715947 n-d-829989-1 devstack@n-api.service[118051]: [pid: 118051|app: 0|req: 138/260] 10.222.0.52 () {60 vars in 1317 bytes} [Sat Feb 19 17:13:26 2022] DELETE /compute/v2.1/os-keypairs/tempest-KeyPairsV22TestJSON-keypair-658496880 => generated 0 bytes in 34 msecs (HTTP/1.1 204) 9 headers in 363 bytes (1 switches on core 0)
Feb 19 17:13:26.724576 n-d-829989-1 devstack@n-api.service[118051]: DEBUG nova.api.openstack.wsgi [None req-4491c3f9-3e84-4bf2-8a4b-52e6845e6899 tempest-KeyPairsV22TestJSON-1370054298 tempest-KeyPairsV22TestJSON-1370054298-project] Calling method '.version_select at 0x7f061417dd30>' {{(pid=118051) _process_stack /opt/stack/nova/nova/api/openstack/wsgi.py:513}}
Feb 19 17:13:26.745468 n-d-829989-1 devstack@n-api.service[118051]: INFO nova.api.openstack.requestlog [None req-4491c3f9-3e84-4bf2-8a4b-52e6845e6899 tempest-KeyPairsV22TestJSON-1370054298 tempest-KeyPairsV22TestJSON-1370054298-project] 10.222.0.52 "DELETE /compute/v2.1/os-keypairs/tempest-KeyPairsV22TestJSON-keypair-374966594" status: 204 len: 0 microversion: 2.2 time: 0.024493
Feb 19 17:13:26.746574 n-d-829989-1 devstack@n-api.service[118051]: [pid: 118051|app: 0|req: 139/261] 10.222.0.52 () {60 vars in 1317 bytes} [Sat Feb 19 17:13:26 2022] DELETE /compute/v2.1/os-keypairs/tempest-KeyPairsV22TestJSON-keypair-374966594 => generated 0 bytes in 27 msecs (HTTP/1.1 204) 9 headers in 363 bytes (2 switches on core 0)
Feb 19 17:13:26.754594 n-d-829989-1 devstack@n-api.service[118051]: DEBUG nova.api.openstack.wsgi [None req-a89cd050-2d9a-4a28-a449-cb04b5591ced tempest-KeyPairsV22TestJSON-1370054298 tempest-KeyPairsV22TestJSON-1370054298-project] Calling method '.version_select at 0x7f061415b820>' {{(pid=118051) _process_stack /opt/stack/nova/nova/api/openstack/wsgi.py:513}}
Feb 19 17:13:26.760887 n-d-829989-1 devstack@n-api.service[118050]: DEBUG nova.api.openstack.wsgi [None req-df2d9d48-00df-4e22-b05b-10a930c58980 tempest-DeleteServersAdminTestJSON-821902123 tempest-DeleteServersAdminTestJSON-821902123-project-admin] Calling method '>' {{(pid=118050) _process_stack /opt/stack/nova/nova/api/openstack/wsgi.py:513}}
Feb 19 17:13:26.761285 n-d-829989-1 devstack@n-api.service[118050]: DEBUG nova.compute.api [None req-df2d9d48-00df-4e22-b05b-10a930c58980 tempest-DeleteServersAdminTestJSON-821902123 tempest-DeleteServersAdminTestJSON-821902123-project-admin] [instance: 49c75201-876f-407a-86e1-058550a50ff5] Fetching instance by UUID {{(pid=118050) get /opt/stack/nova/nova/compute/api.py:2865}}
Feb 19 17:13:26.767799 n-d-829989-1 devstack@n-api.service[118050]: DEBUG oslo_concurrency.lockutils [None req-df2d9d48-00df-4e22-b05b-10a930c58980 tempest-DeleteServersAdminTestJSON-821902123 tempest-DeleteServersAdminTestJSON-821902123-project-admin] Lock "55c2e90c-9571-43ed-bdd1-006c49749012" acquired by "nova.context.set_target_cell..get_or_set_cached_cell_and_set_connections" :: waited 0.000s {{(pid=118050) inner /usr/local/lib/python3.8/dist-packages/oslo_concurrency/lockutils.py:386}}
Feb 19 17:13:26.768595 n-d-829989-1 devstack@n-api.service[118050]: DEBUG oslo_concurrency.lockutils [None req-df2d9d48-00df-4e22-b05b-10a930c58980 tempest-DeleteServersAdminTestJSON-821902123 tempest-DeleteServersAdminTestJSON-821902123-project-admin] Lock "55c2e90c-9571-43ed-bdd1-006c49749012" "released" by "nova.context.set_target_cell..get_or_set_cached_cell_and_set_connections" :: held 0.001s {{(pid=118050) inner /usr/local/lib/python3.8/dist-packages/oslo_concurrency/lockutils.py:400}}
Feb 19 17:13:26.769681 n-d-829989-1 devstack@n-api.service[118050]: DEBUG oslo_concurrency.lockutils [None req-df2d9d48-00df-4e22-b05b-10a930c58980 tempest-DeleteServersAdminTestJSON-821902123 tempest-DeleteServersAdminTestJSON-821902123-project-admin] Lock "55c2e90c-9571-43ed-bdd1-006c49749012" acquired by "nova.context.set_target_cell..get_or_set_cached_cell_and_set_connections" :: waited 0.000s {{(pid=118050) inner /usr/local/lib/python3.8/dist-packages/oslo_concurrency/lockutils.py:386}}
Feb 19 17:13:26.770268 n-d-829989-1 devstack@n-api.service[118050]: DEBUG oslo_concurrency.lockutils [None req-df2d9d48-00df-4e22-b05b-10a930c58980 tempest-DeleteServersAdminTestJSON-821902123 tempest-DeleteServersAdminTestJSON-821902123-project-admin] Lock "55c2e90c-9571-43ed-bdd1-006c49749012" "released" by "nova.context.set_target_cell..get_or_set_cached_cell_and_set_connections" :: held 0.000s {{(pid=118050) inner /usr/local/lib/python3.8/dist-packages/oslo_concurrency/lockutils.py:400}}
Feb 19 17:13:26.775929 n-d-829989-1 devstack@n-api.service[118051]: INFO nova.api.openstack.requestlog [None req-a89cd050-2d9a-4a28-a449-cb04b5591ced tempest-KeyPairsV22TestJSON-1370054298 tempest-KeyPairsV22TestJSON-1370054298-project] 10.222.0.52 "DELETE /compute/v2.1/os-keypairs/tempest-KeyPairsV22TestJSON-keypair-1320868803" status: 204 len: 0 microversion: 2.2 time: 0.025084
Feb 19 17:13:26.784893 n-d-829989-1 devstack@n-api.service[118051]: [pid: 118051|app: 0|req: 140/262] 10.222.0.52 () {60 vars in 1320 bytes} [Sat Feb 19 17:13:26 2022] DELETE /compute/v2.1/os-keypairs/tempest-KeyPairsV22TestJSON-keypair-1320868803 => generated 0 bytes in 27 msecs (HTTP/1.1 204) 9 headers in 363 bytes (2 switches on core 0)
Feb 19 17:13:26.790151 n-d-829989-1 devstack@n-api.service[118051]: DEBUG nova.api.openstack.wsgi [None req-e78b8f71-127c-4c31-86c4-5bc253d40a7d tempest-KeyPairsV22TestJSON-1370054298 tempest-KeyPairsV22TestJSON-1370054298-project] Action: 'create', calling method: .version_select at 0x7f061436a040>, body: {"keypair": {"name": "tempest-keypair-1176013244"}} {{(pid=118051) _process_stack /opt/stack/nova/nova/api/openstack/wsgi.py:511}}
Feb 19 17:13:26.806013 n-d-829989-1 devstack@n-api.service[118051]: DEBUG nova.quota [None req-e78b8f71-127c-4c31-86c4-5bc253d40a7d tempest-KeyPairsV22TestJSON-1370054298 tempest-KeyPairsV22TestJSON-1370054298-project] Getting quotas for project f333aa593d904a08a9a010d56cc42ce2. Resources: {'key_pairs'} {{(pid=118051) _get_quotas /opt/stack/nova/nova/quota.py:387}}
Feb 19 17:13:26.811683 n-d-829989-1 devstack@n-api.service[118051]: DEBUG nova.quota [None req-e78b8f71-127c-4c31-86c4-5bc253d40a7d tempest-KeyPairsV22TestJSON-1370054298 tempest-KeyPairsV22TestJSON-1370054298-project] Getting quotas for user 3875185301ab42d5845c4bed23c15dd5 and project f333aa593d904a08a9a010d56cc42ce2. Resources: {'key_pairs'} {{(pid=118051) _get_quotas /opt/stack/nova/nova/quota.py:377}}
Feb 19 17:13:26.857371 n-d-829989-1 devstack@n-api.service[118050]: DEBUG nova.compute.api [None req-df2d9d48-00df-4e22-b05b-10a930c58980 tempest-DeleteServersAdminTestJSON-821902123 tempest-DeleteServersAdminTestJSON-821902123-project-admin] [instance: 49c75201-876f-407a-86e1-058550a50ff5] Going to try to terminate instance {{(pid=118050) delete /opt/stack/nova/nova/compute/api.py:2614}}
Feb 19 17:13:26.983636 n-d-829989-1 devstack@n-api.service[118051]: DEBUG nova.quota [None req-e78b8f71-127c-4c31-86c4-5bc253d40a7d tempest-KeyPairsV22TestJSON-1370054298 tempest-KeyPairsV22TestJSON-1370054298-project] Getting quotas for project f333aa593d904a08a9a010d56cc42ce2. Resources: {'key_pairs'} {{(pid=118051) _get_quotas /opt/stack/nova/nova/quota.py:387}}
Feb 19 17:13:26.988628 n-d-829989-1 devstack@n-api.service[118051]: DEBUG nova.quota [None req-e78b8f71-127c-4c31-86c4-5bc253d40a7d tempest-KeyPairsV22TestJSON-1370054298 tempest-KeyPairsV22TestJSON-1370054298-project] Getting quotas for user 3875185301ab42d5845c4bed23c15dd5 and project f333aa593d904a08a9a010d56cc42ce2. Resources: {'key_pairs'} {{(pid=118051) _get_quotas /opt/stack/nova/nova/quota.py:377}}
Feb 19 17:13:27.004081 n-d-829989-1 devstack@n-api.service[118051]: INFO nova.api.openstack.requestlog [None req-e78b8f71-127c-4c31-86c4-5bc253d40a7d tempest-KeyPairsV22TestJSON-1370054298 tempest-KeyPairsV22TestJSON-1370054298-project] 10.222.0.52 "POST /compute/v2.1/os-keypairs" status: 201 len: 2320 microversion: 2.2 time: 0.217598
Feb 19 17:13:27.006863 n-d-829989-1 devstack@n-api.service[118051]: [pid: 118051|app: 0|req: 141/263] 10.222.0.52 () {62 vars in 1197 bytes} [Sat Feb 19 17:13:26 2022] POST /compute/v2.1/os-keypairs => generated 2320 bytes in 221 msecs (HTTP/1.1 201) 9 headers in 363 bytes (1 switches on core 0)
Feb 19 17:13:27.017275 n-d-829989-1 devstack@n-api.service[118051]: DEBUG nova.api.openstack.wsgi [None req-ad132843-2407-40be-bd7c-2165c06a0ea1 tempest-KeyPairsV22TestJSON-1370054298 tempest-KeyPairsV22TestJSON-1370054298-project] Calling method '.version_select at 0x7f0614169ee0>' {{(pid=118051) _process_stack /opt/stack/nova/nova/api/openstack/wsgi.py:513}}
Feb 19 17:13:27.024692 n-d-829989-1 devstack@n-api.service[118051]: INFO nova.api.openstack.requestlog [None req-ad132843-2407-40be-bd7c-2165c06a0ea1 tempest-KeyPairsV22TestJSON-1370054298 tempest-KeyPairsV22TestJSON-1370054298-project] 10.222.0.52 "GET /compute/v2.1/os-keypairs/tempest-keypair-1176013244" status: 200 len: 706 microversion: 2.2 time: 0.011706
Feb 19 17:13:27.030862 n-d-829989-1 devstack@n-api.service[118051]: [pid: 118051|app: 0|req: 142/264] 10.222.0.52 () {60 vars in 1257 bytes} [Sat Feb 19 17:13:27 2022] GET /compute/v2.1/os-keypairs/tempest-keypair-1176013244 => generated 706 bytes in 13 msecs (HTTP/1.1 200) 9 headers in 357 bytes (1 switches on core 0)
Feb 19 17:13:27.035814 n-d-829989-1 devstack@n-api.service[118051]: DEBUG nova.api.openstack.wsgi [None req-933613d8-6ed1-427c-8baf-70094bccdc59 tempest-KeyPairsV22TestJSON-1370054298 tempest-KeyPairsV22TestJSON-1370054298-project] Calling method '.version_select at 0x7f0614255d30>' {{(pid=118051) _process_stack /opt/stack/nova/nova/api/openstack/wsgi.py:513}}
Feb 19 17:13:27.040158 n-d-829989-1 devstack@n-api.service[118051]: WARNING oslo_db.sqlalchemy.utils [None req-933613d8-6ed1-427c-8baf-70094bccdc59 tempest-KeyPairsV22TestJSON-1370054298 tempest-KeyPairsV22TestJSON-1370054298-project] Unique keys not in sort_keys. The sorting order may be unstable.
Feb 19 17:13:27.046984 n-d-829989-1 devstack@n-api.service[118051]: INFO nova.api.openstack.requestlog [None req-933613d8-6ed1-427c-8baf-70094bccdc59 tempest-KeyPairsV22TestJSON-1370054298 tempest-KeyPairsV22TestJSON-1370054298-project] 10.222.0.52 "GET /compute/v2.1/os-keypairs" status: 200 len: 564 microversion: 2.2 time: 0.014697
Feb 19 17:13:27.047916 n-d-829989-1 devstack@n-api.service[118051]: [pid: 118051|app: 0|req: 143/265] 10.222.0.52 () {60 vars in 1176 bytes} [Sat Feb 19 17:13:27 2022] GET /compute/v2.1/os-keypairs => generated 564 bytes in 16 msecs (HTTP/1.1 200) 9 headers in 357 bytes (1 switches on core 0)
Feb 19 17:13:27.059162 n-d-829989-1 devstack@n-api.service[118051]: DEBUG nova.api.openstack.wsgi [None req-57281395-b877-4edf-b598-a2ac4159761b tempest-KeyPairsV22TestJSON-1370054298 tempest-KeyPairsV22TestJSON-1370054298-project] Calling method '.version_select at 0x7f061415b8b0>' {{(pid=118051) _process_stack /opt/stack/nova/nova/api/openstack/wsgi.py:513}}
Feb 19 17:13:27.066118 n-d-829989-1 devstack@n-api.service[118050]: INFO nova.api.openstack.requestlog [None req-df2d9d48-00df-4e22-b05b-10a930c58980 tempest-DeleteServersAdminTestJSON-821902123 tempest-DeleteServersAdminTestJSON-821902123-project-admin] 10.222.0.52 "DELETE /compute/v2.1/servers/49c75201-876f-407a-86e1-058550a50ff5" status: 204 len: 0 microversion: 2.1 time: 0.519218
Feb 19 17:13:27.067120 n-d-829989-1 devstack@n-api.service[118050]: [pid: 118050|app: 0|req: 123/266] 10.222.0.52 () {58 vars in 1238 bytes} [Sat Feb 19 17:13:26 2022] DELETE /compute/v2.1/servers/49c75201-876f-407a-86e1-058550a50ff5 => generated 0 bytes in 521 msecs (HTTP/1.1 204) 9 headers in 363 bytes (2 switches on core 0)
Feb 19 17:13:27.073502 n-d-829989-1 devstack@n-api.service[118050]: DEBUG nova.api.openstack.wsgi [None req-79145714-dc0c-485a-b4f9-cde6be422339 tempest-ServerDiagnosticsNegativeTest-1378655153 tempest-ServerDiagnosticsNegativeTest-1378655153-project] Calling method '>' {{(pid=118050) _process_stack /opt/stack/nova/nova/api/openstack/wsgi.py:513}}
Feb 19 17:13:27.075300 n-d-829989-1 devstack@n-api.service[118050]: DEBUG nova.compute.api [None req-79145714-dc0c-485a-b4f9-cde6be422339 tempest-ServerDiagnosticsNegativeTest-1378655153 tempest-ServerDiagnosticsNegativeTest-1378655153-project] [instance: 9c917ab6-c196-4f82-a2e4-887b8ccc3b3b] Fetching instance by UUID {{(pid=118050) get /opt/stack/nova/nova/compute/api.py:2865}}
Feb 19 17:13:27.081585 n-d-829989-1 devstack@n-api.service[118051]: INFO nova.api.openstack.requestlog [None req-57281395-b877-4edf-b598-a2ac4159761b tempest-KeyPairsV22TestJSON-1370054298 tempest-KeyPairsV22TestJSON-1370054298-project] 10.222.0.52 "DELETE /compute/v2.1/os-keypairs/tempest-keypair-1176013244" status: 204 len: 0 microversion: 2.2 time: 0.027563
Feb 19 17:13:27.083702 n-d-829989-1 devstack@n-api.service[118050]: DEBUG oslo_concurrency.lockutils [None req-79145714-dc0c-485a-b4f9-cde6be422339 tempest-ServerDiagnosticsNegativeTest-1378655153 tempest-ServerDiagnosticsNegativeTest-1378655153-project] Lock "55c2e90c-9571-43ed-bdd1-006c49749012" acquired by "nova.context.set_target_cell..get_or_set_cached_cell_and_set_connections" :: waited 0.000s {{(pid=118050) inner /usr/local/lib/python3.8/dist-packages/oslo_concurrency/lockutils.py:386}}
Feb 19 17:13:27.084146 n-d-829989-1 devstack@n-api.service[118050]: DEBUG oslo_concurrency.lockutils [None req-79145714-dc0c-485a-b4f9-cde6be422339 tempest-ServerDiagnosticsNegativeTest-1378655153 tempest-ServerDiagnosticsNegativeTest-1378655153-project] Lock "55c2e90c-9571-43ed-bdd1-006c49749012" "released" by "nova.context.set_target_cell..get_or_set_cached_cell_and_set_connections" :: held 0.001s {{(pid=118050) inner /usr/local/lib/python3.8/dist-packages/oslo_concurrency/lockutils.py:400}}
Feb 19 17:13:27.084963 n-d-829989-1 devstack@n-api.service[118050]: DEBUG oslo_concurrency.lockutils [None req-79145714-dc0c-485a-b4f9-cde6be422339 tempest-ServerDiagnosticsNegativeTest-1378655153 tempest-ServerDiagnosticsNegativeTest-1378655153-project] Lock "55c2e90c-9571-43ed-bdd1-006c49749012" acquired by "nova.context.set_target_cell..get_or_set_cached_cell_and_set_connections" :: waited 0.000s {{(pid=118050) inner /usr/local/lib/python3.8/dist-packages/oslo_concurrency/lockutils.py:386}}
Feb 19 17:13:27.085398 n-d-829989-1 devstack@n-api.service[118050]: DEBUG oslo_concurrency.lockutils [None req-79145714-dc0c-485a-b4f9-cde6be422339 tempest-ServerDiagnosticsNegativeTest-1378655153 tempest-ServerDiagnosticsNegativeTest-1378655153-project] Lock "55c2e90c-9571-43ed-bdd1-006c49749012" "released" by "nova.context.set_target_cell..get_or_set_cached_cell_and_set_connections" :: held 0.000s {{(pid=118050) inner /usr/local/lib/python3.8/dist-packages/oslo_concurrency/lockutils.py:400}}
Feb 19 17:13:27.086121 n-d-829989-1 devstack@n-api.service[118051]: [pid: 118051|app: 0|req: 144/267] 10.222.0.52 () {60 vars in 1260 bytes} [Sat Feb 19 17:13:27 2022] DELETE /compute/v2.1/os-keypairs/tempest-keypair-1176013244 => generated 0 bytes in 33 msecs (HTTP/1.1 204) 9 headers in 363 bytes (1 switches on core 0)
Feb 19 17:13:27.095240 n-d-829989-1 devstack@n-api.service[118051]: DEBUG nova.api.openstack.wsgi [None req-19d7b5cc-2d30-47d6-810a-40c46d80a627 tempest-DeleteServersAdminTestJSON-1042646114 tempest-DeleteServersAdminTestJSON-1042646114-project] Calling method '>' {{(pid=118051) _process_stack /opt/stack/nova/nova/api/openstack/wsgi.py:513}}
Feb 19 17:13:27.096064 n-d-829989-1 devstack@n-api.service[118051]: DEBUG nova.compute.api [None req-19d7b5cc-2d30-47d6-810a-40c46d80a627 tempest-DeleteServersAdminTestJSON-1042646114 tempest-DeleteServersAdminTestJSON-1042646114-project] [instance: 49c75201-876f-407a-86e1-058550a50ff5] Fetching instance by UUID {{(pid=118051) get /opt/stack/nova/nova/compute/api.py:2865}}
Feb 19 17:13:27.106298 n-d-829989-1 devstack@n-api.service[118051]: DEBUG oslo_concurrency.lockutils [None req-19d7b5cc-2d30-47d6-810a-40c46d80a627 tempest-DeleteServersAdminTestJSON-1042646114 tempest-DeleteServersAdminTestJSON-1042646114-project] Lock "55c2e90c-9571-43ed-bdd1-006c49749012" acquired by "nova.context.set_target_cell..get_or_set_cached_cell_and_set_connections" :: waited 0.001s {{(pid=118051) inner /usr/local/lib/python3.8/dist-packages/oslo_concurrency/lockutils.py:386}}
Feb 19 17:13:27.107340 n-d-829989-1 devstack@n-api.service[118051]: DEBUG oslo_concurrency.lockutils [None req-19d7b5cc-2d30-47d6-810a-40c46d80a627 tempest-DeleteServersAdminTestJSON-1042646114 tempest-DeleteServersAdminTestJSON-1042646114-project] Lock "55c2e90c-9571-43ed-bdd1-006c49749012" "released" by "nova.context.set_target_cell..get_or_set_cached_cell_and_set_connections" :: held 0.001s {{(pid=118051) inner /usr/local/lib/python3.8/dist-packages/oslo_concurrency/lockutils.py:400}}
Feb 19 17:13:27.108321 n-d-829989-1 devstack@n-api.service[118051]: DEBUG oslo_concurrency.lockutils [None req-19d7b5cc-2d30-47d6-810a-40c46d80a627 tempest-DeleteServersAdminTestJSON-1042646114 tempest-DeleteServersAdminTestJSON-1042646114-project] Lock "55c2e90c-9571-43ed-bdd1-006c49749012" acquired by "nova.context.set_target_cell..get_or_set_cached_cell_and_set_connections" :: waited 0.000s {{(pid=118051) inner /usr/local/lib/python3.8/dist-packages/oslo_concurrency/lockutils.py:386}}
Feb 19 17:13:27.109009 n-d-829989-1 devstack@n-api.service[118051]: DEBUG oslo_concurrency.lockutils [None req-19d7b5cc-2d30-47d6-810a-40c46d80a627 tempest-DeleteServersAdminTestJSON-1042646114 tempest-DeleteServersAdminTestJSON-1042646114-project] Lock "55c2e90c-9571-43ed-bdd1-006c49749012" "released" by "nova.context.set_target_cell..get_or_set_cached_cell_and_set_connections" :: held 0.001s {{(pid=118051) inner /usr/local/lib/python3.8/dist-packages/oslo_concurrency/lockutils.py:400}}
Feb 19 17:13:27.250623 n-d-829989-1 devstack@n-api.service[118051]: DEBUG nova.policy [None req-19d7b5cc-2d30-47d6-810a-40c46d80a627 tempest-DeleteServersAdminTestJSON-1042646114 tempest-DeleteServersAdminTestJSON-1042646114-project] Policy check for os_compute_api:os-extended-server-attributes failed with credentials {'is_admin': False, 'user_id': 'a6b3bc54c51c41e39e596074aa1763b4', 'user_domain_id': 'default', 'system_scope': None, 'domain_id': None, 'project_id': 'c5c398bab707477a829c0b5d96e57959', 'project_domain_id': 'default', 'roles': ['reader', 'member'], 'is_admin_project': True, 'service_user_id': None, 'service_user_domain_id': None, 'service_project_id': None, 'service_project_domain_id': None, 'service_roles': []} {{(pid=118051) authorize /opt/stack/nova/nova/policy.py:199}}
Feb 19 17:13:27.257008 n-d-829989-1 devstack@n-api.service[118051]: INFO nova.api.openstack.requestlog [None req-19d7b5cc-2d30-47d6-810a-40c46d80a627 tempest-DeleteServersAdminTestJSON-1042646114 tempest-DeleteServersAdminTestJSON-1042646114-project] 10.222.0.52 "GET /compute/v2.1/servers/49c75201-876f-407a-86e1-058550a50ff5" status: 200 len: 1473 microversion: 2.1 time: 0.169402
Feb 19 17:13:27.257596 n-d-829989-1 devstack@n-api.service[118051]: [pid: 118051|app: 0|req: 145/268] 10.222.0.52 () {58 vars in 1235 bytes} [Sat Feb 19 17:13:27 2022] GET /compute/v2.1/servers/49c75201-876f-407a-86e1-058550a50ff5 => generated 1473 bytes in 171 msecs (HTTP/1.1 200) 9 headers in 358 bytes (1 switches on core 0)
Feb 19 17:13:27.263106 n-d-829989-1 devstack@n-api.service[118051]: DEBUG nova.api.openstack.wsgi [None req-9b1907ea-654c-46b4-b20f-40e5e83a24ad tempest-KeyPairsV22TestJSON-1370054298 tempest-KeyPairsV22TestJSON-1370054298-project] Action: 'create', calling method: .version_select at 0x7f061417d430>, body: {"keypair": {"name": "tempest-keypair-353900536", "type": "x509"}} {{(pid=118051) _process_stack /opt/stack/nova/nova/api/openstack/wsgi.py:511}}
Feb 19 17:13:27.277273 n-d-829989-1 devstack@n-api.service[118051]: DEBUG nova.quota [None req-9b1907ea-654c-46b4-b20f-40e5e83a24ad tempest-KeyPairsV22TestJSON-1370054298 tempest-KeyPairsV22TestJSON-1370054298-project] Getting quotas for project f333aa593d904a08a9a010d56cc42ce2. Resources: {'key_pairs'} {{(pid=118051) _get_quotas /opt/stack/nova/nova/quota.py:387}}
Feb 19 17:13:27.282708 n-d-829989-1 devstack@n-api.service[118051]: DEBUG nova.quota [None req-9b1907ea-654c-46b4-b20f-40e5e83a24ad tempest-KeyPairsV22TestJSON-1370054298 tempest-KeyPairsV22TestJSON-1370054298-project] Getting quotas for user 3875185301ab42d5845c4bed23c15dd5 and project f333aa593d904a08a9a010d56cc42ce2. Resources: {'key_pairs'} {{(pid=118051) _get_quotas /opt/stack/nova/nova/quota.py:377}}
Feb 19 17:13:27.297577 n-d-829989-1 devstack@n-api.service[118051]: DEBUG oslo_concurrency.processutils [None req-9b1907ea-654c-46b4-b20f-40e5e83a24ad tempest-KeyPairsV22TestJSON-1370054298 tempest-KeyPairsV22TestJSON-1370054298-project] Running cmd (subprocess): openssl req -x509 -nodes -days 3650 -config /tmp/tmplwvxezs7/temp.conf -newkey rsa:2048 -outform PEM -keyout /tmp/tmplwvxezs7/temp.key -subj /CN=3875185301ab42d5845c4bed23c15dd5 -extensions v3_req_client {{(pid=118051) execute /usr/local/lib/python3.8/dist-packages/oslo_concurrency/processutils.py:384}}
Feb 19 17:13:27.388789 n-d-829989-1 devstack@n-api.service[118051]: DEBUG oslo_concurrency.processutils [None req-9b1907ea-654c-46b4-b20f-40e5e83a24ad tempest-KeyPairsV22TestJSON-1370054298 tempest-KeyPairsV22TestJSON-1370054298-project] CMD "openssl req -x509 -nodes -days 3650 -config /tmp/tmplwvxezs7/temp.conf -newkey rsa:2048 -outform PEM -keyout /tmp/tmplwvxezs7/temp.key -subj /CN=3875185301ab42d5845c4bed23c15dd5 -extensions v3_req_client" returned: 0 in 0.090s {{(pid=118051) execute /usr/local/lib/python3.8/dist-packages/oslo_concurrency/processutils.py:422}}
Feb 19 17:13:27.390106 n-d-829989-1 devstack@n-api.service[118051]: DEBUG oslo_concurrency.processutils [None req-9b1907ea-654c-46b4-b20f-40e5e83a24ad tempest-KeyPairsV22TestJSON-1370054298 tempest-KeyPairsV22TestJSON-1370054298-project] Running cmd (subprocess): openssl pkcs12 -export -inkey /tmp/tmplwvxezs7/temp.key -password pass: {{(pid=118051) execute /usr/local/lib/python3.8/dist-packages/oslo_concurrency/processutils.py:384}}
Feb 19 17:13:27.410693 n-d-829989-1 devstack@n-api.service[118051]: DEBUG oslo_concurrency.processutils [None req-9b1907ea-654c-46b4-b20f-40e5e83a24ad tempest-KeyPairsV22TestJSON-1370054298 tempest-KeyPairsV22TestJSON-1370054298-project] CMD "openssl pkcs12 -export -inkey /tmp/tmplwvxezs7/temp.key -password pass:" returned: 0 in 0.020s {{(pid=118051) execute /usr/local/lib/python3.8/dist-packages/oslo_concurrency/processutils.py:422}}
Feb 19 17:13:27.467690 n-d-829989-1 devstack@n-api.service[118051]: DEBUG nova.quota [None req-9b1907ea-654c-46b4-b20f-40e5e83a24ad tempest-KeyPairsV22TestJSON-1370054298 tempest-KeyPairsV22TestJSON-1370054298-project] Getting quotas for project f333aa593d904a08a9a010d56cc42ce2. Resources: {'key_pairs'} {{(pid=118051) _get_quotas /opt/stack/nova/nova/quota.py:387}}
Feb 19 17:13:27.472593 n-d-829989-1 devstack@n-api.service[118051]: DEBUG nova.quota [None req-9b1907ea-654c-46b4-b20f-40e5e83a24ad tempest-KeyPairsV22TestJSON-1370054298 tempest-KeyPairsV22TestJSON-1370054298-project] Getting quotas for user 3875185301ab42d5845c4bed23c15dd5 and project f333aa593d904a08a9a010d56cc42ce2. Resources: {'key_pairs'} {{(pid=118051) _get_quotas /opt/stack/nova/nova/quota.py:377}}
Feb 19 17:13:27.478375 n-d-829989-1 devstack@n-api.service[118050]: DEBUG nova.policy [None req-79145714-dc0c-485a-b4f9-cde6be422339 tempest-ServerDiagnosticsNegativeTest-1378655153 tempest-ServerDiagnosticsNegativeTest-1378655153-project] Policy check for os_compute_api:os-extended-server-attributes failed with credentials {'is_admin': False, 'user_id': '9a9e92b5e8e64669ac1fb9259ba88f2b', 'user_domain_id': 'default', 'system_scope': None, 'domain_id': None, 'project_id': 'ff0e07f3834540f59ce1a673062e27cf', 'project_domain_id': 'default', 'roles': ['reader', 'member'], 'is_admin_project': True, 'service_user_id': None, 'service_user_domain_id': None, 'service_project_id': None, 'service_project_domain_id': None, 'service_roles': []} {{(pid=118050) authorize /opt/stack/nova/nova/policy.py:199}}
Feb 19 17:13:27.486743 n-d-829989-1 devstack@n-api.service[118050]: INFO nova.api.openstack.requestlog [None req-79145714-dc0c-485a-b4f9-cde6be422339 tempest-ServerDiagnosticsNegativeTest-1378655153 tempest-ServerDiagnosticsNegativeTest-1378655153-project] 10.222.0.52 "GET /compute/v2.1/servers/9c917ab6-c196-4f82-a2e4-887b8ccc3b3b" status: 200 len: 1473 microversion: 2.1 time: 0.418265
Feb 19 17:13:27.487328 n-d-829989-1 devstack@n-api.service[118050]: [pid: 118050|app: 0|req: 124/269] 10.222.0.52 () {58 vars in 1235 bytes} [Sat Feb 19 17:13:27 2022] GET /compute/v2.1/servers/9c917ab6-c196-4f82-a2e4-887b8ccc3b3b => generated 1473 bytes in 420 msecs (HTTP/1.1 200) 9 headers in 358 bytes (1 switches on core 0)
Feb 19 17:13:27.497487 n-d-829989-1 devstack@n-api.service[118051]: INFO nova.api.openstack.requestlog [None req-9b1907ea-654c-46b4-b20f-40e5e83a24ad tempest-KeyPairsV22TestJSON-1370054298 tempest-KeyPairsV22TestJSON-1370054298-project] 10.222.0.52 "POST /compute/v2.1/os-keypairs" status: 201 len: 4692 microversion: 2.2 time: 0.228726
Feb 19 17:13:27.502608 n-d-829989-1 devstack@n-api.service[118051]: [pid: 118051|app: 0|req: 146/270] 10.222.0.52 () {62 vars in 1197 bytes} [Sat Feb 19 17:13:27 2022] POST /compute/v2.1/os-keypairs => generated 4692 bytes in 240 msecs (HTTP/1.1 201) 9 headers in 363 bytes (1 switches on core 0)
Feb 19 17:13:27.506931 n-d-829989-1 devstack@n-api.service[118051]: DEBUG nova.api.openstack.wsgi [None req-e97b8e2e-ed0b-4d9c-88dc-2c3904d28954 tempest-ServerDiagnosticsNegativeTest-1378655153 tempest-ServerDiagnosticsNegativeTest-1378655153-project] Calling method '>' {{(pid=118051) _process_stack /opt/stack/nova/nova/api/openstack/wsgi.py:513}}
Feb 19 17:13:27.507483 n-d-829989-1 devstack@n-api.service[118051]: DEBUG nova.compute.api [None req-e97b8e2e-ed0b-4d9c-88dc-2c3904d28954 tempest-ServerDiagnosticsNegativeTest-1378655153 tempest-ServerDiagnosticsNegativeTest-1378655153-project] [instance: 9c917ab6-c196-4f82-a2e4-887b8ccc3b3b] Fetching instance by UUID {{(pid=118051) get /opt/stack/nova/nova/compute/api.py:2865}}
Feb 19 17:13:27.515228 n-d-829989-1 devstack@n-api.service[118051]: DEBUG oslo_concurrency.lockutils [None req-e97b8e2e-ed0b-4d9c-88dc-2c3904d28954 tempest-ServerDiagnosticsNegativeTest-1378655153 tempest-ServerDiagnosticsNegativeTest-1378655153-project] Lock "55c2e90c-9571-43ed-bdd1-006c49749012" acquired by "nova.context.set_target_cell..get_or_set_cached_cell_and_set_connections" :: waited 0.000s {{(pid=118051) inner /usr/local/lib/python3.8/dist-packages/oslo_concurrency/lockutils.py:386}}
Feb 19 17:13:27.515482 n-d-829989-1 devstack@n-api.service[118051]: DEBUG oslo_concurrency.lockutils [None req-e97b8e2e-ed0b-4d9c-88dc-2c3904d28954 tempest-ServerDiagnosticsNegativeTest-1378655153 tempest-ServerDiagnosticsNegativeTest-1378655153-project] Lock "55c2e90c-9571-43ed-bdd1-006c49749012" "released" by "nova.context.set_target_cell..get_or_set_cached_cell_and_set_connections" :: held 0.001s {{(pid=118051) inner /usr/local/lib/python3.8/dist-packages/oslo_concurrency/lockutils.py:400}}
Feb 19 17:13:27.516304 n-d-829989-1 devstack@n-api.service[118051]: DEBUG oslo_concurrency.lockutils [None req-e97b8e2e-ed0b-4d9c-88dc-2c3904d28954 tempest-ServerDiagnosticsNegativeTest-1378655153 tempest-ServerDiagnosticsNegativeTest-1378655153-project] Lock "55c2e90c-9571-43ed-bdd1-006c49749012" acquired by "nova.context.set_target_cell..get_or_set_cached_cell_and_set_connections" :: waited 0.000s {{(pid=118051) inner /usr/local/lib/python3.8/dist-packages/oslo_concurrency/lockutils.py:386}}
Feb 19 17:13:27.516739 n-d-829989-1 devstack@n-api.service[118051]: DEBUG oslo_concurrency.lockutils [None req-e97b8e2e-ed0b-4d9c-88dc-2c3904d28954 tempest-ServerDiagnosticsNegativeTest-1378655153 tempest-ServerDiagnosticsNegativeTest-1378655153-project] Lock "55c2e90c-9571-43ed-bdd1-006c49749012" "released" by "nova.context.set_target_cell..get_or_set_cached_cell_and_set_connections" :: held 0.000s {{(pid=118051) inner /usr/local/lib/python3.8/dist-packages/oslo_concurrency/lockutils.py:400}}
Feb 19 17:13:27.548051 n-d-829989-1 devstack@n-api.service[118051]: DEBUG nova.policy [None req-e97b8e2e-ed0b-4d9c-88dc-2c3904d28954 tempest-ServerDiagnosticsNegativeTest-1378655153 tempest-ServerDiagnosticsNegativeTest-1378655153-project] Policy check for os_compute_api:os-server-diagnostics failed with credentials {'is_admin': False, 'user_id': '9a9e92b5e8e64669ac1fb9259ba88f2b', 'user_domain_id': 'default', 'system_scope': None, 'domain_id': None, 'project_id': 'ff0e07f3834540f59ce1a673062e27cf', 'project_domain_id': 'default', 'roles': ['reader', 'member'], 'is_admin_project': True, 'service_user_id': None, 'service_user_domain_id': None, 'service_project_id': None, 'service_project_domain_id': None, 'service_roles': []} {{(pid=118051) authorize /opt/stack/nova/nova/policy.py:199}}
Feb 19 17:13:27.548995 n-d-829989-1 devstack@n-api.service[118051]: DEBUG nova.api.openstack.wsgi [None req-e97b8e2e-ed0b-4d9c-88dc-2c3904d28954 tempest-ServerDiagnosticsNegativeTest-1378655153 tempest-ServerDiagnosticsNegativeTest-1378655153-project] Returning 403 to user: Policy doesn't allow os_compute_api:os-server-diagnostics to be performed. {{(pid=118051) __call__ /opt/stack/nova/nova/api/openstack/wsgi.py:936}}
Feb 19 17:13:27.550024 n-d-829989-1 devstack@n-api.service[118051]: INFO nova.api.openstack.requestlog [None req-e97b8e2e-ed0b-4d9c-88dc-2c3904d28954 tempest-ServerDiagnosticsNegativeTest-1378655153 tempest-ServerDiagnosticsNegativeTest-1378655153-project] 10.222.0.52 "GET /compute/v2.1/servers/9c917ab6-c196-4f82-a2e4-887b8ccc3b3b/diagnostics" status: 403 len: 117 microversion: 2.1 time: 0.048232
Feb 19 17:13:27.552936 n-d-829989-1 devstack@n-api.service[118051]: [pid: 118051|app: 0|req: 147/271] 10.222.0.52 () {58 vars in 1271 bytes} [Sat Feb 19 17:13:27 2022] GET /compute/v2.1/servers/9c917ab6-c196-4f82-a2e4-887b8ccc3b3b/diagnostics => generated 117 bytes in 52 msecs (HTTP/1.1 403) 9 headers in 379 bytes (2 switches on core 0)
Feb 19 17:13:27.559560 n-d-829989-1 devstack@n-api.service[118051]: DEBUG nova.api.openstack.wsgi [None req-1d391bf3-52e2-4b3e-b7d2-43b0c1152932 tempest-KeyPairsV22TestJSON-1370054298 tempest-KeyPairsV22TestJSON-1370054298-project] Calling method '.version_select at 0x7f06141f3e50>' {{(pid=118051) _process_stack /opt/stack/nova/nova/api/openstack/wsgi.py:513}}
Feb 19 17:13:27.569352 n-d-829989-1 devstack@n-api.service[118051]: INFO nova.api.openstack.requestlog [None req-1d391bf3-52e2-4b3e-b7d2-43b0c1152932 tempest-KeyPairsV22TestJSON-1370054298 tempest-KeyPairsV22TestJSON-1370054298-project] 10.222.0.52 "GET /compute/v2.1/os-keypairs/tempest-keypair-353900536" status: 200 len: 1533 microversion: 2.2 time: 0.014853
Feb 19 17:13:27.570287 n-d-829989-1 devstack@n-api.service[118051]: [pid: 118051|app: 0|req: 148/272] 10.222.0.52 () {60 vars in 1254 bytes} [Sat Feb 19 17:13:27 2022] GET /compute/v2.1/os-keypairs/tempest-keypair-353900536 => generated 1533 bytes in 17 msecs (HTTP/1.1 200) 9 headers in 358 bytes (1 switches on core 0)
Feb 19 17:13:27.576296 n-d-829989-1 devstack@n-api.service[118051]: DEBUG nova.api.openstack.wsgi [None req-fac6f301-1630-4d0c-a783-24ad16848f8b tempest-AggregatesAdminTestJSON-420453061 tempest-AggregatesAdminTestJSON-420453061-project] Calling method '>' {{(pid=118051) _process_stack /opt/stack/nova/nova/api/openstack/wsgi.py:513}}
Feb 19 17:13:27.577226 n-d-829989-1 devstack@n-api.service[118051]: DEBUG nova.compute.api [None req-fac6f301-1630-4d0c-a783-24ad16848f8b tempest-AggregatesAdminTestJSON-420453061 tempest-AggregatesAdminTestJSON-420453061-project] [instance: fbd94d03-9e57-427d-b146-2a4cfbc821fb] Fetching instance by UUID {{(pid=118051) get /opt/stack/nova/nova/compute/api.py:2865}}
Feb 19 17:13:27.591723 n-d-829989-1 devstack@n-api.service[118051]: DEBUG oslo_concurrency.lockutils [None req-fac6f301-1630-4d0c-a783-24ad16848f8b tempest-AggregatesAdminTestJSON-420453061 tempest-AggregatesAdminTestJSON-420453061-project] Lock "55c2e90c-9571-43ed-bdd1-006c49749012" acquired by "nova.context.set_target_cell..get_or_set_cached_cell_and_set_connections" :: waited 0.000s {{(pid=118051) inner /usr/local/lib/python3.8/dist-packages/oslo_concurrency/lockutils.py:386}}
