Feb 18 19:18:29.768350 n-d-829974-1 devstack@n-api.service[118038]: DEBUG oslo_concurrency.lockutils [None req-3301896e-ce84-41e3-8775-ec7949c18e74 tempest-AggregatesAdminTestJSON-178755727 tempest-AggregatesAdminTestJSON-178755727-project] Lock "97864a92-0800-4dfd-8f4f-614800cf6e74" acquired by "nova.context.set_target_cell..get_or_set_cached_cell_and_set_connections" :: waited 0.000s {{(pid=118038) inner /usr/local/lib/python3.8/dist-packages/oslo_concurrency/lockutils.py:386}}
Feb 18 19:18:29.781042 n-d-829974-1 devstack@n-api.service[118038]: DEBUG oslo_concurrency.lockutils [None req-3301896e-ce84-41e3-8775-ec7949c18e74 tempest-AggregatesAdminTestJSON-178755727 tempest-AggregatesAdminTestJSON-178755727-project] Lock "97864a92-0800-4dfd-8f4f-614800cf6e74" "released" by "nova.context.set_target_cell..get_or_set_cached_cell_and_set_connections" :: held 0.001s {{(pid=118038) inner /usr/local/lib/python3.8/dist-packages/oslo_concurrency/lockutils.py:400}}
Feb 18 19:18:29.782090 n-d-829974-1 devstack@n-api.service[118038]: DEBUG oslo_concurrency.lockutils [None req-3301896e-ce84-41e3-8775-ec7949c18e74 tempest-AggregatesAdminTestJSON-178755727 tempest-AggregatesAdminTestJSON-178755727-project] Lock "97864a92-0800-4dfd-8f4f-614800cf6e74" acquired by "nova.context.set_target_cell..get_or_set_cached_cell_and_set_connections" :: waited 0.000s {{(pid=118038) inner /usr/local/lib/python3.8/dist-packages/oslo_concurrency/lockutils.py:386}}
Feb 18 19:18:29.782543 n-d-829974-1 devstack@n-api.service[118038]: DEBUG oslo_concurrency.lockutils [None req-3301896e-ce84-41e3-8775-ec7949c18e74 tempest-AggregatesAdminTestJSON-178755727 tempest-AggregatesAdminTestJSON-178755727-project] Lock "97864a92-0800-4dfd-8f4f-614800cf6e74" "released" by "nova.context.set_target_cell..get_or_set_cached_cell_and_set_connections" :: held 0.001s {{(pid=118038) inner /usr/local/lib/python3.8/dist-packages/oslo_concurrency/lockutils.py:400}}
Feb 18 19:18:29.859142 n-d-829974-1 devstack@n-api.service[118039]: INFO nova.api.openstack.requestlog [None req-30876f66-fe1e-49d3-ab8e-cec6a5d5b384 tempest-FlavorsAccessTestJSON-1093194949 tempest-FlavorsAccessTestJSON-1093194949-project-admin] 10.222.0.61 "GET /compute/v2.1/flavors/detail" status: 200 len: 5817 microversion: 2.1 time: 0.111990
Feb 18 19:18:29.865338 n-d-829974-1 devstack@n-api.service[118039]: [pid: 118039|app: 0|req: 30/67] 10.222.0.61 () {58 vars in 1145 bytes} [Fri Feb 18 19:18:29 2022] GET /compute/v2.1/flavors/detail => generated 5817 bytes in 119 msecs (HTTP/1.1 200) 9 headers in 358 bytes (1 switches on core 0)
Feb 18 19:18:29.874307 n-d-829974-1 devstack@n-api.service[118039]: DEBUG nova.api.openstack.wsgi [None req-1c4ead1f-0650-4939-9c18-1f66520fcc3d tempest-HypervisorAdminNegativeTestJSON-554077249 tempest-HypervisorAdminNegativeTestJSON-554077249-project] Calling method '.version_select at 0x7fac6536a820>' {{(pid=118039) _process_stack /opt/stack/nova/nova/api/openstack/wsgi.py:513}}
Feb 18 19:18:29.895018 n-d-829974-1 devstack@n-api.service[118039]: /usr/local/lib/python3.8/dist-packages/oslo_policy/policy.py:1119: UserWarning: Policy "os_compute_api:os-hypervisors:list": "rule:system_reader_api" failed scope check. The token used to make the request was project scoped but the policy requires ['system'] scope. This behavior may change in the future where using the intended scope is required
Feb 18 19:18:29.895018 n-d-829974-1 devstack@n-api.service[118039]: warnings.warn(msg)
Feb 18 19:18:29.898683 n-d-829974-1 devstack@n-api.service[118039]: DEBUG nova.policy [None req-1c4ead1f-0650-4939-9c18-1f66520fcc3d tempest-HypervisorAdminNegativeTestJSON-554077249 tempest-HypervisorAdminNegativeTestJSON-554077249-project] Policy check for os_compute_api:os-hypervisors:list failed with credentials {'is_admin': False, 'user_id': '7f5bcdea45654913a4b6e395f6487965', 'user_domain_id': 'default', 'system_scope': None, 'domain_id': None, 'project_id': '4d862466f585449090e48df081944147', 'project_domain_id': 'default', 'roles': ['reader', 'member'], 'is_admin_project': True, 'service_user_id': None, 'service_user_domain_id': None, 'service_project_id': None, 'service_project_domain_id': None, 'service_roles': []} {{(pid=118039) authorize /opt/stack/nova/nova/policy.py:199}}
Feb 18 19:18:29.899794 n-d-829974-1 devstack@n-api.service[118039]: DEBUG nova.api.openstack.wsgi [None req-1c4ead1f-0650-4939-9c18-1f66520fcc3d tempest-HypervisorAdminNegativeTestJSON-554077249 tempest-HypervisorAdminNegativeTestJSON-554077249-project] Returning 403 to user: Policy doesn't allow os_compute_api:os-hypervisors:list to be performed. {{(pid=118039) __call__ /opt/stack/nova/nova/api/openstack/wsgi.py:936}}
Feb 18 19:18:29.913327 n-d-829974-1 devstack@n-api.service[118039]: INFO nova.api.openstack.requestlog [None req-1c4ead1f-0650-4939-9c18-1f66520fcc3d tempest-HypervisorAdminNegativeTestJSON-554077249 tempest-HypervisorAdminNegativeTestJSON-554077249-project] 10.222.0.61 "GET /compute/v2.1/os-hypervisors" status: 403 len: 115 microversion: 2.1 time: 0.042663
Feb 18 19:18:29.917945 n-d-829974-1 devstack@n-api.service[118039]: [pid: 118039|app: 0|req: 31/68] 10.222.0.61 () {58 vars in 1145 bytes} [Fri Feb 18 19:18:29 2022] GET /compute/v2.1/os-hypervisors => generated 115 bytes in 48 msecs (HTTP/1.1 403) 9 headers in 379 bytes (1 switches on core 0)
Feb 18 19:18:29.932986 n-d-829974-1 devstack@n-api.service[118039]: DEBUG nova.api.openstack.wsgi [None req-d5ed2c64-9714-482d-853c-19b18382f58f tempest-FlavorsAccessTestJSON-1093194949 tempest-FlavorsAccessTestJSON-1093194949-project-admin] Action: 'create', calling method: >, body: {"flavor": {"ram": 512, "vcpus": 1, "disk": 10, "name": "tempest-FlavorsAccessTestJSON-flavor-2064149877", "id": 893089124, "os-flavor-access:is_public": "False"}} {{(pid=118039) _process_stack /opt/stack/nova/nova/api/openstack/wsgi.py:511}}
Feb 18 19:18:29.954260 n-d-829974-1 devstack@n-api.service[118039]: /usr/local/lib/python3.8/dist-packages/oslo_policy/policy.py:1119: UserWarning: Policy "os_compute_api:os-flavor-manage:create": "rule:system_admin_api" failed scope check. The token used to make the request was project scoped but the policy requires ['system'] scope. This behavior may change in the future where using the intended scope is required
Feb 18 19:18:29.954260 n-d-829974-1 devstack@n-api.service[118039]: warnings.warn(msg)
Feb 18 19:18:29.986023 n-d-829974-1 devstack@n-api.service[118039]: INFO nova.api.openstack.requestlog [None req-d5ed2c64-9714-482d-853c-19b18382f58f tempest-FlavorsAccessTestJSON-1093194949 tempest-FlavorsAccessTestJSON-1093194949-project-admin] 10.222.0.61 "POST /compute/v2.1/flavors" status: 200 len: 428 microversion: 2.1 time: 0.065920
Feb 18 19:18:29.987167 n-d-829974-1 devstack@n-api.service[118039]: [pid: 118039|app: 0|req: 32/69] 10.222.0.61 () {60 vars in 1146 bytes} [Fri Feb 18 19:18:29 2022] POST /compute/v2.1/flavors => generated 428 bytes in 68 msecs (HTTP/1.1 200) 9 headers in 357 bytes (1 switches on core 0)
Feb 18 19:18:30.018671 n-d-829974-1 devstack@n-api.service[118039]: DEBUG nova.api.openstack.wsgi [None req-d940efd5-5aed-4da8-b0f1-ef8c21e5c45d tempest-HypervisorAdminNegativeTestJSON-554077249 tempest-HypervisorAdminNegativeTestJSON-554077249-project] Calling method '.version_select at 0x7fac652ecca0>' {{(pid=118039) _process_stack /opt/stack/nova/nova/api/openstack/wsgi.py:513}}
Feb 18 19:18:30.020706 n-d-829974-1 devstack@n-api.service[118039]: /usr/local/lib/python3.8/dist-packages/oslo_policy/policy.py:1119: UserWarning: Policy "os_compute_api:os-hypervisors:statistics": "rule:system_reader_api" failed scope check. The token used to make the request was project scoped but the policy requires ['system'] scope. This behavior may change in the future where using the intended scope is required
Feb 18 19:18:30.020706 n-d-829974-1 devstack@n-api.service[118039]: warnings.warn(msg)
Feb 18 19:18:30.023076 n-d-829974-1 devstack@n-api.service[118039]: DEBUG nova.policy [None req-d940efd5-5aed-4da8-b0f1-ef8c21e5c45d tempest-HypervisorAdminNegativeTestJSON-554077249 tempest-HypervisorAdminNegativeTestJSON-554077249-project] Policy check for os_compute_api:os-hypervisors:statistics failed with credentials {'is_admin': False, 'user_id': '7f5bcdea45654913a4b6e395f6487965', 'user_domain_id': 'default', 'system_scope': None, 'domain_id': None, 'project_id': '4d862466f585449090e48df081944147', 'project_domain_id': 'default', 'roles': ['reader', 'member'], 'is_admin_project': True, 'service_user_id': None, 'service_user_domain_id': None, 'service_project_id': None, 'service_project_domain_id': None, 'service_roles': []} {{(pid=118039) authorize /opt/stack/nova/nova/policy.py:199}}
Feb 18 19:18:30.028717 n-d-829974-1 devstack@n-api.service[118039]: DEBUG nova.api.openstack.wsgi [None req-d940efd5-5aed-4da8-b0f1-ef8c21e5c45d tempest-HypervisorAdminNegativeTestJSON-554077249 tempest-HypervisorAdminNegativeTestJSON-554077249-project] Returning 403 to user: Policy doesn't allow os_compute_api:os-hypervisors:statistics to be performed. {{(pid=118039) __call__ /opt/stack/nova/nova/api/openstack/wsgi.py:936}}
Feb 18 19:18:30.029793 n-d-829974-1 devstack@n-api.service[118039]: INFO nova.api.openstack.requestlog [None req-d940efd5-5aed-4da8-b0f1-ef8c21e5c45d tempest-HypervisorAdminNegativeTestJSON-554077249 tempest-HypervisorAdminNegativeTestJSON-554077249-project] 10.222.0.61 "GET /compute/v2.1/os-hypervisors/statistics" status: 403 len: 121 microversion: 2.1 time: 0.039267
Feb 18 19:18:30.035659 n-d-829974-1 devstack@n-api.service[118039]: [pid: 118039|app: 0|req: 33/70] 10.222.0.61 () {58 vars in 1178 bytes} [Fri Feb 18 19:18:29 2022] GET /compute/v2.1/os-hypervisors/statistics => generated 121 bytes in 47 msecs (HTTP/1.1 403) 9 headers in 379 bytes (1 switches on core 0)
Feb 18 19:18:30.054253 n-d-829974-1 devstack@n-api.service[118039]: DEBUG nova.api.openstack.wsgi [None req-288c85bc-d6f6-48a1-8c07-90f4839796f9 tempest-FlavorsAccessTestJSON-1093194949 tempest-FlavorsAccessTestJSON-1093194949-project-admin] Calling method '>' {{(pid=118039) _process_stack /opt/stack/nova/nova/api/openstack/wsgi.py:513}}
Feb 18 19:18:30.055272 n-d-829974-1 devstack@n-api.service[118039]: /usr/local/lib/python3.8/dist-packages/oslo_policy/policy.py:1119: UserWarning: Policy "os_compute_api:os-flavor-access": "rule:system_reader_api" failed scope check. The token used to make the request was project scoped but the policy requires ['system'] scope. This behavior may change in the future where using the intended scope is required
Feb 18 19:18:30.055272 n-d-829974-1 devstack@n-api.service[118039]: warnings.warn(msg)
Feb 18 19:18:30.092123 n-d-829974-1 devstack@n-api.service[118039]: INFO nova.api.openstack.requestlog [None req-288c85bc-d6f6-48a1-8c07-90f4839796f9 tempest-FlavorsAccessTestJSON-1093194949 tempest-FlavorsAccessTestJSON-1093194949-project-admin] 10.222.0.61 "GET /compute/v2.1/flavors/893089124/os-flavor-access" status: 200 len: 21 microversion: 2.1 time: 0.051393
Feb 18 19:18:30.095008 n-d-829974-1 devstack@n-api.service[118039]: [pid: 118039|app: 0|req: 34/71] 10.222.0.61 () {58 vars in 1205 bytes} [Fri Feb 18 19:18:30 2022] GET /compute/v2.1/flavors/893089124/os-flavor-access => generated 21 bytes in 58 msecs (HTTP/1.1 200) 9 headers in 356 bytes (1 switches on core 0)
Feb 18 19:18:30.290657 n-d-829974-1 devstack@n-api.service[118038]: DEBUG nova.policy [None req-3301896e-ce84-41e3-8775-ec7949c18e74 tempest-AggregatesAdminTestJSON-178755727 tempest-AggregatesAdminTestJSON-178755727-project] Policy check for os_compute_api:os-extended-server-attributes failed with credentials {'is_admin': False, 'user_id': '2de7eeb9dc93433fa31f8ad54c21b3a2', 'user_domain_id': 'default', 'system_scope': None, 'domain_id': None, 'project_id': '2b9a3371397f4cd39134de9f9db7ffee', 'project_domain_id': 'default', 'roles': ['reader', 'member'], 'is_admin_project': True, 'service_user_id': None, 'service_user_domain_id': None, 'service_project_id': None, 'service_project_domain_id': None, 'service_roles': []} {{(pid=118038) authorize /opt/stack/nova/nova/policy.py:199}}
Feb 18 19:18:30.305165 n-d-829974-1 devstack@n-api.service[118038]: INFO nova.api.openstack.requestlog [None req-3301896e-ce84-41e3-8775-ec7949c18e74 tempest-AggregatesAdminTestJSON-178755727 tempest-AggregatesAdminTestJSON-178755727-project] 10.222.0.61 "GET /compute/v2.1/servers/6248eabb-4461-45e0-854d-8ea66ee1cd82" status: 200 len: 1338 microversion: 2.1 time: 0.596498
Feb 18 19:18:30.305760 n-d-829974-1 devstack@n-api.service[118038]: [pid: 118038|app: 0|req: 38/72] 10.222.0.61 () {58 vars in 1235 bytes} [Fri Feb 18 19:18:29 2022] GET /compute/v2.1/servers/6248eabb-4461-45e0-854d-8ea66ee1cd82 => generated 1338 bytes in 598 msecs (HTTP/1.1 200) 9 headers in 358 bytes (1 switches on core 0)
Feb 18 19:18:30.319657 n-d-829974-1 devstack@n-api.service[118038]: DEBUG nova.api.openstack.wsgi [None req-278de31e-4c98-443b-9513-00b82bd95e97 tempest-FlavorsAccessTestJSON-1093194949 tempest-FlavorsAccessTestJSON-1093194949-project-admin] Calling method '>' {{(pid=118038) _process_stack /opt/stack/nova/nova/api/openstack/wsgi.py:513}}
Feb 18 19:18:30.325738 n-d-829974-1 devstack@n-api.service[118038]: /usr/local/lib/python3.8/dist-packages/oslo_policy/policy.py:1119: UserWarning: Policy "os_compute_api:os-flavor-manage:delete": "rule:system_admin_api" failed scope check. The token used to make the request was project scoped but the policy requires ['system'] scope. This behavior may change in the future where using the intended scope is required
Feb 18 19:18:30.325738 n-d-829974-1 devstack@n-api.service[118038]: warnings.warn(msg)
Feb 18 19:18:30.383961 n-d-829974-1 devstack@n-api.service[118038]: INFO nova.api.openstack.requestlog [None req-278de31e-4c98-443b-9513-00b82bd95e97 tempest-FlavorsAccessTestJSON-1093194949 tempest-FlavorsAccessTestJSON-1093194949-project-admin] 10.222.0.61 "DELETE /compute/v2.1/flavors/893089124" status: 202 len: 0 microversion: 2.1 time: 0.074977
Feb 18 19:18:30.389794 n-d-829974-1 devstack@n-api.service[118038]: [pid: 118038|app: 0|req: 39/73] 10.222.0.61 () {58 vars in 1157 bytes} [Fri Feb 18 19:18:30 2022] DELETE /compute/v2.1/flavors/893089124 => generated 0 bytes in 83 msecs (HTTP/1.1 202) 9 headers in 361 bytes (1 switches on core 0)
Feb 18 19:18:30.398517 n-d-829974-1 devstack@n-api.service[118038]: DEBUG nova.api.openstack.wsgi [None req-faca0a9f-8ac6-4d93-82a5-2f7b3709a164 tempest-LiveMigrationTest-345664602 tempest-LiveMigrationTest-345664602-project] Calling method '>' {{(pid=118038) _process_stack /opt/stack/nova/nova/api/openstack/wsgi.py:513}}
Feb 18 19:18:30.399128 n-d-829974-1 devstack@n-api.service[118038]: DEBUG nova.compute.api [None req-faca0a9f-8ac6-4d93-82a5-2f7b3709a164 tempest-LiveMigrationTest-345664602 tempest-LiveMigrationTest-345664602-project] [instance: efd84567-58cc-4ef9-a7a7-f6640bd2b472] Fetching instance by UUID {{(pid=118038) get /opt/stack/nova/nova/compute/api.py:2865}}
Feb 18 19:18:30.409442 n-d-829974-1 devstack@n-api.service[118038]: DEBUG oslo_concurrency.lockutils [None req-faca0a9f-8ac6-4d93-82a5-2f7b3709a164 tempest-LiveMigrationTest-345664602 tempest-LiveMigrationTest-345664602-project] Lock "97864a92-0800-4dfd-8f4f-614800cf6e74" acquired by "nova.context.set_target_cell..get_or_set_cached_cell_and_set_connections" :: waited 0.000s {{(pid=118038) inner /usr/local/lib/python3.8/dist-packages/oslo_concurrency/lockutils.py:386}}
Feb 18 19:18:30.412328 n-d-829974-1 devstack@n-api.service[118038]: DEBUG oslo_concurrency.lockutils [None req-faca0a9f-8ac6-4d93-82a5-2f7b3709a164 tempest-LiveMigrationTest-345664602 tempest-LiveMigrationTest-345664602-project] Lock "97864a92-0800-4dfd-8f4f-614800cf6e74" "released" by "nova.context.set_target_cell..get_or_set_cached_cell_and_set_connections" :: held 0.002s {{(pid=118038) inner /usr/local/lib/python3.8/dist-packages/oslo_concurrency/lockutils.py:400}}
Feb 18 19:18:30.414418 n-d-829974-1 devstack@n-api.service[118038]: DEBUG oslo_concurrency.lockutils [None req-faca0a9f-8ac6-4d93-82a5-2f7b3709a164 tempest-LiveMigrationTest-345664602 tempest-LiveMigrationTest-345664602-project] Lock "97864a92-0800-4dfd-8f4f-614800cf6e74" acquired by "nova.context.set_target_cell..get_or_set_cached_cell_and_set_connections" :: waited 0.000s {{(pid=118038) inner /usr/local/lib/python3.8/dist-packages/oslo_concurrency/lockutils.py:386}}
Feb 18 19:18:30.415524 n-d-829974-1 devstack@n-api.service[118038]: DEBUG oslo_concurrency.lockutils [None req-faca0a9f-8ac6-4d93-82a5-2f7b3709a164 tempest-LiveMigrationTest-345664602 tempest-LiveMigrationTest-345664602-project] Lock "97864a92-0800-4dfd-8f4f-614800cf6e74" "released" by "nova.context.set_target_cell..get_or_set_cached_cell_and_set_connections" :: held 0.001s {{(pid=118038) inner /usr/local/lib/python3.8/dist-packages/oslo_concurrency/lockutils.py:400}}
Feb 18 19:18:30.833032 n-d-829974-1 devstack@n-api.service[118039]: DEBUG nova.api.openstack.wsgi [None req-1fa6ca37-7078-4b7e-b1ff-b75fa8290ecf tempest-HypervisorAdminNegativeTestJSON-1789910805 tempest-HypervisorAdminNegativeTestJSON-1789910805-project-admin] Calling method '.version_select at 0x7fac65473ee0>' {{(pid=118039) _process_stack /opt/stack/nova/nova/api/openstack/wsgi.py:513}}
Feb 18 19:18:30.835358 n-d-829974-1 devstack@n-api.service[118039]: DEBUG oslo_concurrency.lockutils [None req-1fa6ca37-7078-4b7e-b1ff-b75fa8290ecf tempest-HypervisorAdminNegativeTestJSON-1789910805 tempest-HypervisorAdminNegativeTestJSON-1789910805-project-admin] Lock "97864a92-0800-4dfd-8f4f-614800cf6e74" acquired by "nova.context.set_target_cell..get_or_set_cached_cell_and_set_connections" :: waited 0.000s {{(pid=118039) inner /usr/local/lib/python3.8/dist-packages/oslo_concurrency/lockutils.py:386}}
Feb 18 19:18:30.835981 n-d-829974-1 devstack@n-api.service[118039]: DEBUG oslo_concurrency.lockutils [None req-1fa6ca37-7078-4b7e-b1ff-b75fa8290ecf tempest-HypervisorAdminNegativeTestJSON-1789910805 tempest-HypervisorAdminNegativeTestJSON-1789910805-project-admin] Lock "97864a92-0800-4dfd-8f4f-614800cf6e74" "released" by "nova.context.set_target_cell..get_or_set_cached_cell_and_set_connections" :: held 0.001s {{(pid=118039) inner /usr/local/lib/python3.8/dist-packages/oslo_concurrency/lockutils.py:400}}
Feb 18 19:18:30.888358 n-d-829974-1 devstack@n-api.service[118039]: DEBUG oslo_concurrency.lockutils [None req-1fa6ca37-7078-4b7e-b1ff-b75fa8290ecf tempest-HypervisorAdminNegativeTestJSON-1789910805 tempest-HypervisorAdminNegativeTestJSON-1789910805-project-admin] Lock "97864a92-0800-4dfd-8f4f-614800cf6e74" acquired by "nova.context.set_target_cell..get_or_set_cached_cell_and_set_connections" :: waited 0.000s {{(pid=118039) inner /usr/local/lib/python3.8/dist-packages/oslo_concurrency/lockutils.py:386}}
Feb 18 19:18:30.896488 n-d-829974-1 devstack@n-api.service[118039]: DEBUG oslo_concurrency.lockutils [None req-1fa6ca37-7078-4b7e-b1ff-b75fa8290ecf tempest-HypervisorAdminNegativeTestJSON-1789910805 tempest-HypervisorAdminNegativeTestJSON-1789910805-project-admin] Lock "97864a92-0800-4dfd-8f4f-614800cf6e74" "released" by "nova.context.set_target_cell..get_or_set_cached_cell_and_set_connections" :: held 0.008s {{(pid=118039) inner /usr/local/lib/python3.8/dist-packages/oslo_concurrency/lockutils.py:400}}
Feb 18 19:18:30.947465 n-d-829974-1 devstack@n-api.service[118039]: DEBUG oslo_concurrency.lockutils [None req-1fa6ca37-7078-4b7e-b1ff-b75fa8290ecf tempest-HypervisorAdminNegativeTestJSON-1789910805 tempest-HypervisorAdminNegativeTestJSON-1789910805-project-admin] Lock "97864a92-0800-4dfd-8f4f-614800cf6e74" acquired by "nova.context.set_target_cell..get_or_set_cached_cell_and_set_connections" :: waited 0.000s {{(pid=118039) inner /usr/local/lib/python3.8/dist-packages/oslo_concurrency/lockutils.py:386}}
Feb 18 19:18:30.951004 n-d-829974-1 devstack@n-api.service[118039]: DEBUG oslo_concurrency.lockutils [None req-1fa6ca37-7078-4b7e-b1ff-b75fa8290ecf tempest-HypervisorAdminNegativeTestJSON-1789910805 tempest-HypervisorAdminNegativeTestJSON-1789910805-project-admin] Lock "97864a92-0800-4dfd-8f4f-614800cf6e74" "released" by "nova.context.set_target_cell..get_or_set_cached_cell_and_set_connections" :: held 0.001s {{(pid=118039) inner /usr/local/lib/python3.8/dist-packages/oslo_concurrency/lockutils.py:400}}
Feb 18 19:18:30.987045 n-d-829974-1 devstack@n-api.service[118039]: INFO nova.api.openstack.requestlog [None req-1fa6ca37-7078-4b7e-b1ff-b75fa8290ecf tempest-HypervisorAdminNegativeTestJSON-1789910805 tempest-HypervisorAdminNegativeTestJSON-1789910805-project-admin] 10.222.0.61 "GET /compute/v2.1/os-hypervisors" status: 200 len: 191 microversion: 2.1 time: 0.890594
Feb 18 19:18:30.988132 n-d-829974-1 devstack@n-api.service[118039]: [pid: 118039|app: 0|req: 35/74] 10.222.0.61 () {58 vars in 1145 bytes} [Fri Feb 18 19:18:30 2022] GET /compute/v2.1/os-hypervisors => generated 191 bytes in 892 msecs (HTTP/1.1 200) 9 headers in 357 bytes (1 switches on core 0)
Feb 18 19:18:31.002747 n-d-829974-1 devstack@n-api.service[118039]: DEBUG nova.api.openstack.wsgi [None req-b072377f-7848-4d4a-a1ef-bc4ee2ca0e08 tempest-FlavorsAccessTestJSON-1093194949 tempest-FlavorsAccessTestJSON-1093194949-project-admin] Calling method '>' {{(pid=118039) _process_stack /opt/stack/nova/nova/api/openstack/wsgi.py:513}}
Feb 18 19:18:31.028501 n-d-829974-1 devstack@n-api.service[118038]: DEBUG nova.policy [None req-faca0a9f-8ac6-4d93-82a5-2f7b3709a164 tempest-LiveMigrationTest-345664602 tempest-LiveMigrationTest-345664602-project] Policy check for os_compute_api:os-extended-server-attributes failed with credentials {'is_admin': False, 'user_id': 'bbab7e9cad344d06a5b94e20e80d325f', 'user_domain_id': 'default', 'system_scope': None, 'domain_id': None, 'project_id': '76d02e2ad4104274b5345901831f4476', 'project_domain_id': 'default', 'roles': ['reader', 'member'], 'is_admin_project': True, 'service_user_id': None, 'service_user_domain_id': None, 'service_project_id': None, 'service_project_domain_id': None, 'service_roles': []} {{(pid=118038) authorize /opt/stack/nova/nova/policy.py:199}}
Feb 18 19:18:31.053312 n-d-829974-1 devstack@n-api.service[118038]: INFO nova.api.openstack.requestlog [None req-faca0a9f-8ac6-4d93-82a5-2f7b3709a164 tempest-LiveMigrationTest-345664602 tempest-LiveMigrationTest-345664602-project] 10.222.0.61 "GET /compute/v2.1/servers/efd84567-58cc-4ef9-a7a7-f6640bd2b472" status: 200 len: 1331 microversion: 2.1 time: 0.662276
Feb 18 19:18:31.063213 n-d-829974-1 devstack@n-api.service[118038]: [pid: 118038|app: 0|req: 40/75] 10.222.0.61 () {58 vars in 1235 bytes} [Fri Feb 18 19:18:30 2022] GET /compute/v2.1/servers/efd84567-58cc-4ef9-a7a7-f6640bd2b472 => generated 1331 bytes in 673 msecs (HTTP/1.1 200) 9 headers in 358 bytes (1 switches on core 0)
Feb 18 19:18:31.074962 n-d-829974-1 devstack@n-api.service[118038]: DEBUG nova.api.openstack.wsgi [req-beb922a3-c7bb-40ec-b661-c1afb12633ac req-a520f7f3-3295-480a-b0ac-2286fd117bac service nova] Action: 'create', calling method: >, body: {"events": [{"name": "network-changed", "server_uuid": "6248eabb-4461-45e0-854d-8ea66ee1cd82", "tag": "a65bce2e-65df-4d1c-b9ca-97586cc89860"}]} {{(pid=118038) _process_stack /opt/stack/nova/nova/api/openstack/wsgi.py:511}}
Feb 18 19:18:31.079752 n-d-829974-1 devstack@n-api.service[118038]: /usr/local/lib/python3.8/dist-packages/oslo_policy/policy.py:1119: UserWarning: Policy "os_compute_api:os-server-external-events:create": "rule:system_admin_api" failed scope check. The token used to make the request was project scoped but the policy requires ['system'] scope. This behavior may change in the future where using the intended scope is required
Feb 18 19:18:31.079752 n-d-829974-1 devstack@n-api.service[118038]: warnings.warn(msg)
Feb 18 19:18:31.083348 n-d-829974-1 devstack@n-api.service[118039]: INFO nova.api.openstack.requestlog [None req-b072377f-7848-4d4a-a1ef-bc4ee2ca0e08 tempest-FlavorsAccessTestJSON-1093194949 tempest-FlavorsAccessTestJSON-1093194949-project-admin] 10.222.0.61 "GET /compute/v2.1/flavors/detail" status: 200 len: 5817 microversion: 2.1 time: 0.093753
Feb 18 19:18:31.084770 n-d-829974-1 devstack@n-api.service[118039]: [pid: 118039|app: 0|req: 36/76] 10.222.0.61 () {58 vars in 1145 bytes} [Fri Feb 18 19:18:30 2022] GET /compute/v2.1/flavors/detail => generated 5817 bytes in 96 msecs (HTTP/1.1 200) 9 headers in 358 bytes (1 switches on core 0)
Feb 18 19:18:31.100907 n-d-829974-1 devstack@n-api.service[118039]: DEBUG nova.api.openstack.wsgi [None req-f6696e08-3aa0-4cb8-aea5-3c204d0d0402 tempest-HypervisorAdminNegativeTestJSON-554077249 tempest-HypervisorAdminNegativeTestJSON-554077249-project] Calling method '.version_select at 0x7fac6536aee0>' {{(pid=118039) _process_stack /opt/stack/nova/nova/api/openstack/wsgi.py:513}}
Feb 18 19:18:31.102796 n-d-829974-1 devstack@n-api.service[118039]: /usr/local/lib/python3.8/dist-packages/oslo_policy/policy.py:1119: UserWarning: Policy "os_compute_api:os-hypervisors:uptime": "rule:system_reader_api" failed scope check. The token used to make the request was project scoped but the policy requires ['system'] scope. This behavior may change in the future where using the intended scope is required
Feb 18 19:18:31.102796 n-d-829974-1 devstack@n-api.service[118039]: warnings.warn(msg)
Feb 18 19:18:31.107304 n-d-829974-1 devstack@n-api.service[118039]: DEBUG nova.policy [None req-f6696e08-3aa0-4cb8-aea5-3c204d0d0402 tempest-HypervisorAdminNegativeTestJSON-554077249 tempest-HypervisorAdminNegativeTestJSON-554077249-project] Policy check for os_compute_api:os-hypervisors:uptime failed with credentials {'is_admin': False, 'user_id': '7f5bcdea45654913a4b6e395f6487965', 'user_domain_id': 'default', 'system_scope': None, 'domain_id': None, 'project_id': '4d862466f585449090e48df081944147', 'project_domain_id': 'default', 'roles': ['reader', 'member'], 'is_admin_project': True, 'service_user_id': None, 'service_user_domain_id': None, 'service_project_id': None, 'service_project_domain_id': None, 'service_roles': []} {{(pid=118039) authorize /opt/stack/nova/nova/policy.py:199}}
Feb 18 19:18:31.112064 n-d-829974-1 devstack@n-api.service[118039]: DEBUG nova.api.openstack.wsgi [None req-f6696e08-3aa0-4cb8-aea5-3c204d0d0402 tempest-HypervisorAdminNegativeTestJSON-554077249 tempest-HypervisorAdminNegativeTestJSON-554077249-project] Returning 403 to user: Policy doesn't allow os_compute_api:os-hypervisors:uptime to be performed. {{(pid=118039) __call__ /opt/stack/nova/nova/api/openstack/wsgi.py:936}}
Feb 18 19:18:31.113560 n-d-829974-1 devstack@n-api.service[118039]: INFO nova.api.openstack.requestlog [None req-f6696e08-3aa0-4cb8-aea5-3c204d0d0402 tempest-HypervisorAdminNegativeTestJSON-554077249 tempest-HypervisorAdminNegativeTestJSON-554077249-project] 10.222.0.61 "GET /compute/v2.1/os-hypervisors/1/uptime" status: 403 len: 117 microversion: 2.1 time: 0.025115
Feb 18 19:18:31.118392 n-d-829974-1 devstack@n-api.service[118039]: [pid: 118039|app: 0|req: 37/77] 10.222.0.61 () {58 vars in 1172 bytes} [Fri Feb 18 19:18:31 2022] GET /compute/v2.1/os-hypervisors/1/uptime => generated 117 bytes in 33 msecs (HTTP/1.1 403) 9 headers in 379 bytes (1 switches on core 0)
Feb 18 19:18:31.126618 n-d-829974-1 devstack@n-api.service[118039]: DEBUG nova.api.openstack.wsgi [None req-33c8983f-47d1-437b-b775-8b0ed6bc5755 tempest-HypervisorAdminNegativeTestJSON-1789910805 tempest-HypervisorAdminNegativeTestJSON-1789910805-project-admin] Calling method '.version_select at 0x7fac65478670>' {{(pid=118039) _process_stack /opt/stack/nova/nova/api/openstack/wsgi.py:513}}
Feb 18 19:18:31.132685 n-d-829974-1 devstack@n-api.service[118039]: INFO nova.api.openstack.wsgi [None req-33c8983f-47d1-437b-b775-8b0ed6bc5755 tempest-HypervisorAdminNegativeTestJSON-1789910805 tempest-HypervisorAdminNegativeTestJSON-1789910805-project-admin] HTTP exception thrown: Hypervisor with ID 'e9372623-9a96-458f-b0b8-68f2e6fda5d6' could not be found.
Feb 18 19:18:31.135761 n-d-829974-1 devstack@n-api.service[118038]: DEBUG oslo_concurrency.lockutils [req-beb922a3-c7bb-40ec-b661-c1afb12633ac req-a520f7f3-3295-480a-b0ac-2286fd117bac service nova] Lock "97864a92-0800-4dfd-8f4f-614800cf6e74" acquired by "nova.context.set_target_cell..get_or_set_cached_cell_and_set_connections" :: waited 0.000s {{(pid=118038) inner /usr/local/lib/python3.8/dist-packages/oslo_concurrency/lockutils.py:386}}
Feb 18 19:18:31.136601 n-d-829974-1 devstack@n-api.service[118038]: DEBUG oslo_concurrency.lockutils [req-beb922a3-c7bb-40ec-b661-c1afb12633ac req-a520f7f3-3295-480a-b0ac-2286fd117bac service nova] Lock "97864a92-0800-4dfd-8f4f-614800cf6e74" "released" by "nova.context.set_target_cell..get_or_set_cached_cell_and_set_connections" :: held 0.001s {{(pid=118038) inner /usr/local/lib/python3.8/dist-packages/oslo_concurrency/lockutils.py:400}}
Feb 18 19:18:31.139000 n-d-829974-1 devstack@n-api.service[118039]: DEBUG nova.api.openstack.wsgi [None req-33c8983f-47d1-437b-b775-8b0ed6bc5755 tempest-HypervisorAdminNegativeTestJSON-1789910805 tempest-HypervisorAdminNegativeTestJSON-1789910805-project-admin] Returning 404 to user: Hypervisor with ID 'e9372623-9a96-458f-b0b8-68f2e6fda5d6' could not be found. {{(pid=118039) __call__ /opt/stack/nova/nova/api/openstack/wsgi.py:936}}
Feb 18 19:18:31.144113 n-d-829974-1 devstack@n-api.service[118039]: INFO nova.api.openstack.requestlog [None req-33c8983f-47d1-437b-b775-8b0ed6bc5755 tempest-HypervisorAdminNegativeTestJSON-1789910805 tempest-HypervisorAdminNegativeTestJSON-1789910805-project-admin] 10.222.0.61 "GET /compute/v2.1/os-hypervisors/e9372623-9a96-458f-b0b8-68f2e6fda5d6/uptime" status: 404 len: 123 microversion: 2.1 time: 0.021528
Feb 18 19:18:31.145492 n-d-829974-1 devstack@n-api.service[118039]: [pid: 118039|app: 0|req: 38/78] 10.222.0.61 () {58 vars in 1277 bytes} [Fri Feb 18 19:18:31 2022] GET /compute/v2.1/os-hypervisors/e9372623-9a96-458f-b0b8-68f2e6fda5d6/uptime => generated 123 bytes in 23 msecs (HTTP/1.1 404) 9 headers in 379 bytes (1 switches on core 0)
Feb 18 19:18:31.159437 n-d-829974-1 devstack@n-api.service[118039]: DEBUG nova.api.openstack.wsgi [None req-818b24ac-f9e3-458f-ae4b-ad9c7a9c7637 tempest-HypervisorAdminNegativeTestJSON-1789910805 tempest-HypervisorAdminNegativeTestJSON-1789910805-project-admin] Calling method '.version_select at 0x7fac654785e0>' {{(pid=118039) _process_stack /opt/stack/nova/nova/api/openstack/wsgi.py:513}}
Feb 18 19:18:31.160672 n-d-829974-1 devstack@n-api.service[118039]: /usr/local/lib/python3.8/dist-packages/oslo_policy/policy.py:1119: UserWarning: Policy "os_compute_api:os-hypervisors:list": "rule:system_reader_api" failed scope check. The token used to make the request was project scoped but the policy requires ['system'] scope. This behavior may change in the future where using the intended scope is required
Feb 18 19:18:31.160672 n-d-829974-1 devstack@n-api.service[118039]: warnings.warn(msg)
Feb 18 19:18:31.162890 n-d-829974-1 devstack@n-api.service[118039]: DEBUG oslo_concurrency.lockutils [None req-818b24ac-f9e3-458f-ae4b-ad9c7a9c7637 tempest-HypervisorAdminNegativeTestJSON-1789910805 tempest-HypervisorAdminNegativeTestJSON-1789910805-project-admin] Lock "97864a92-0800-4dfd-8f4f-614800cf6e74" acquired by "nova.context.set_target_cell..get_or_set_cached_cell_and_set_connections" :: waited 0.000s {{(pid=118039) inner /usr/local/lib/python3.8/dist-packages/oslo_concurrency/lockutils.py:386}}
Feb 18 19:18:31.165915 n-d-829974-1 devstack@n-api.service[118038]: INFO nova.api.openstack.compute.server_external_events [req-beb922a3-c7bb-40ec-b661-c1afb12633ac req-a520f7f3-3295-480a-b0ac-2286fd117bac service nova] Creating event network-changed:a65bce2e-65df-4d1c-b9ca-97586cc89860 for instance 6248eabb-4461-45e0-854d-8ea66ee1cd82 on n-h2-829974-1
Feb 18 19:18:31.166697 n-d-829974-1 devstack@n-api.service[118039]: DEBUG oslo_concurrency.lockutils [None req-818b24ac-f9e3-458f-ae4b-ad9c7a9c7637 tempest-HypervisorAdminNegativeTestJSON-1789910805 tempest-HypervisorAdminNegativeTestJSON-1789910805-project-admin] Lock "97864a92-0800-4dfd-8f4f-614800cf6e74" "released" by "nova.context.set_target_cell..get_or_set_cached_cell_and_set_connections" :: held 0.004s {{(pid=118039) inner /usr/local/lib/python3.8/dist-packages/oslo_concurrency/lockutils.py:400}}
Feb 18 19:18:31.168298 n-d-829974-1 devstack@n-api.service[118038]: DEBUG oslo_concurrency.lockutils [req-beb922a3-c7bb-40ec-b661-c1afb12633ac req-a520f7f3-3295-480a-b0ac-2286fd117bac service nova] Acquired lock "compute-rpcapi-router" {{(pid=118038) lock /usr/local/lib/python3.8/dist-packages/oslo_concurrency/lockutils.py:294}}
Feb 18 19:18:31.175734 n-d-829974-1 devstack@n-api.service[118038]: DEBUG oslo_concurrency.lockutils [None req-99f94434-7863-4ac8-87bd-26f2b896d7af None None] Lock "00000000-0000-0000-0000-000000000000" acquired by "nova.context.set_target_cell..get_or_set_cached_cell_and_set_connections" :: waited 0.000s {{(pid=118038) inner /usr/local/lib/python3.8/dist-packages/oslo_concurrency/lockutils.py:386}}
Feb 18 19:18:31.178438 n-d-829974-1 devstack@n-api.service[118038]: DEBUG oslo_concurrency.lockutils [None req-99f94434-7863-4ac8-87bd-26f2b896d7af None None] Lock "00000000-0000-0000-0000-000000000000" "released" by "nova.context.set_target_cell..get_or_set_cached_cell_and_set_connections" :: held 0.001s {{(pid=118038) inner /usr/local/lib/python3.8/dist-packages/oslo_concurrency/lockutils.py:400}}
Feb 18 19:18:31.179396 n-d-829974-1 devstack@n-api.service[118038]: DEBUG oslo_concurrency.lockutils [None req-99f94434-7863-4ac8-87bd-26f2b896d7af None None] Lock "97864a92-0800-4dfd-8f4f-614800cf6e74" acquired by "nova.context.set_target_cell..get_or_set_cached_cell_and_set_connections" :: waited 0.000s {{(pid=118038) inner /usr/local/lib/python3.8/dist-packages/oslo_concurrency/lockutils.py:386}}
Feb 18 19:18:31.179837 n-d-829974-1 devstack@n-api.service[118038]: DEBUG oslo_concurrency.lockutils [None req-99f94434-7863-4ac8-87bd-26f2b896d7af None None] Lock "97864a92-0800-4dfd-8f4f-614800cf6e74" "released" by "nova.context.set_target_cell..get_or_set_cached_cell_and_set_connections" :: held 0.000s {{(pid=118038) inner /usr/local/lib/python3.8/dist-packages/oslo_concurrency/lockutils.py:400}}
Feb 18 19:18:31.209542 n-d-829974-1 devstack@n-api.service[118038]: INFO nova.compute.rpcapi [None req-99f94434-7863-4ac8-87bd-26f2b896d7af None None] Automatically selected compute RPC version 6.0 from minimum service version 61
Feb 18 19:18:31.217845 n-d-829974-1 devstack@n-api.service[118038]: DEBUG oslo_concurrency.lockutils [None req-99f94434-7863-4ac8-87bd-26f2b896d7af None None] Releasing lock "compute-rpcapi-router" {{(pid=118038) lock /usr/local/lib/python3.8/dist-packages/oslo_concurrency/lockutils.py:312}}
Feb 18 19:18:31.226889 n-d-829974-1 devstack@n-api.service[118039]: DEBUG oslo_concurrency.lockutils [None req-818b24ac-f9e3-458f-ae4b-ad9c7a9c7637 tempest-HypervisorAdminNegativeTestJSON-1789910805 tempest-HypervisorAdminNegativeTestJSON-1789910805-project-admin] Lock "97864a92-0800-4dfd-8f4f-614800cf6e74" acquired by "nova.context.set_target_cell..get_or_set_cached_cell_and_set_connections" :: waited 0.000s {{(pid=118039) inner /usr/local/lib/python3.8/dist-packages/oslo_concurrency/lockutils.py:386}}
Feb 18 19:18:31.247408 n-d-829974-1 devstack@n-api.service[118039]: DEBUG oslo_concurrency.lockutils [None req-818b24ac-f9e3-458f-ae4b-ad9c7a9c7637 tempest-HypervisorAdminNegativeTestJSON-1789910805 tempest-HypervisorAdminNegativeTestJSON-1789910805-project-admin] Lock "97864a92-0800-4dfd-8f4f-614800cf6e74" "released" by "nova.context.set_target_cell..get_or_set_cached_cell_and_set_connections" :: held 0.020s {{(pid=118039) inner /usr/local/lib/python3.8/dist-packages/oslo_concurrency/lockutils.py:400}}
Feb 18 19:18:31.263395 n-d-829974-1 devstack@n-api.service[118038]: INFO nova.api.openstack.requestlog [None req-99f94434-7863-4ac8-87bd-26f2b896d7af None None] 10.222.0.61 "POST /compute/v2.1/os-server-external-events" status: 200 len: 179 microversion: 2.1 time: 0.198854
Feb 18 19:18:31.267141 n-d-829974-1 devstack@n-api.service[118038]: [pid: 118038|app: 0|req: 41/79] 10.222.0.61 () {64 vars in 1317 bytes} [Fri Feb 18 19:18:31 2022] POST /compute/v2.1/os-server-external-events => generated 179 bytes in 203 msecs (HTTP/1.1 200) 9 headers in 357 bytes (1 switches on core 0)
Feb 18 19:18:31.302086 n-d-829974-1 devstack@n-api.service[118039]: DEBUG oslo_concurrency.lockutils [None req-818b24ac-f9e3-458f-ae4b-ad9c7a9c7637 tempest-HypervisorAdminNegativeTestJSON-1789910805 tempest-HypervisorAdminNegativeTestJSON-1789910805-project-admin] Lock "97864a92-0800-4dfd-8f4f-614800cf6e74" acquired by "nova.context.set_target_cell..get_or_set_cached_cell_and_set_connections" :: waited 0.000s {{(pid=118039) inner /usr/local/lib/python3.8/dist-packages/oslo_concurrency/lockutils.py:386}}
Feb 18 19:18:31.302534 n-d-829974-1 devstack@n-api.service[118039]: DEBUG oslo_concurrency.lockutils [None req-818b24ac-f9e3-458f-ae4b-ad9c7a9c7637 tempest-HypervisorAdminNegativeTestJSON-1789910805 tempest-HypervisorAdminNegativeTestJSON-1789910805-project-admin] Lock "97864a92-0800-4dfd-8f4f-614800cf6e74" "released" by "nova.context.set_target_cell..get_or_set_cached_cell_and_set_connections" :: held 0.001s {{(pid=118039) inner /usr/local/lib/python3.8/dist-packages/oslo_concurrency/lockutils.py:400}}
Feb 18 19:18:31.312371 n-d-829974-1 devstack@n-api.service[118039]: INFO nova.api.openstack.requestlog [None req-818b24ac-f9e3-458f-ae4b-ad9c7a9c7637 tempest-HypervisorAdminNegativeTestJSON-1789910805 tempest-HypervisorAdminNegativeTestJSON-1789910805-project-admin] 10.222.0.61 "GET /compute/v2.1/os-hypervisors" status: 200 len: 191 microversion: 2.1 time: 0.159303
Feb 18 19:18:31.313375 n-d-829974-1 devstack@n-api.service[118039]: [pid: 118039|app: 0|req: 39/80] 10.222.0.61 () {58 vars in 1145 bytes} [Fri Feb 18 19:18:31 2022] GET /compute/v2.1/os-hypervisors => generated 191 bytes in 163 msecs (HTTP/1.1 200) 9 headers in 357 bytes (2 switches on core 0)
Feb 18 19:18:31.330661 n-d-829974-1 devstack@n-api.service[118038]: DEBUG nova.api.openstack.wsgi [None req-50160b4f-fa3b-4833-9068-2cf972bfb976 tempest-HypervisorAdminNegativeTestJSON-554077249 tempest-HypervisorAdminNegativeTestJSON-554077249-project] Calling method '.version_select at 0x7fac6767af70>' {{(pid=118038) _process_stack /opt/stack/nova/nova/api/openstack/wsgi.py:513}}
Feb 18 19:18:31.331836 n-d-829974-1 devstack@n-api.service[118038]: /usr/local/lib/python3.8/dist-packages/oslo_policy/policy.py:1119: UserWarning: Policy "os_compute_api:os-hypervisors:show": "rule:system_reader_api" failed scope check. The token used to make the request was project scoped but the policy requires ['system'] scope. This behavior may change in the future where using the intended scope is required
Feb 18 19:18:31.331836 n-d-829974-1 devstack@n-api.service[118038]: warnings.warn(msg)
Feb 18 19:18:31.336187 n-d-829974-1 devstack@n-api.service[118038]: DEBUG nova.policy [None req-50160b4f-fa3b-4833-9068-2cf972bfb976 tempest-HypervisorAdminNegativeTestJSON-554077249 tempest-HypervisorAdminNegativeTestJSON-554077249-project] Policy check for os_compute_api:os-hypervisors:show failed with credentials {'is_admin': False, 'user_id': '7f5bcdea45654913a4b6e395f6487965', 'user_domain_id': 'default', 'system_scope': None, 'domain_id': None, 'project_id': '4d862466f585449090e48df081944147', 'project_domain_id': 'default', 'roles': ['reader', 'member'], 'is_admin_project': True, 'service_user_id': None, 'service_user_domain_id': None, 'service_project_id': None, 'service_project_domain_id': None, 'service_roles': []} {{(pid=118038) authorize /opt/stack/nova/nova/policy.py:199}}
Feb 18 19:18:31.337168 n-d-829974-1 devstack@n-api.service[118038]: DEBUG nova.api.openstack.wsgi [None req-50160b4f-fa3b-4833-9068-2cf972bfb976 tempest-HypervisorAdminNegativeTestJSON-554077249 tempest-HypervisorAdminNegativeTestJSON-554077249-project] Returning 403 to user: Policy doesn't allow os_compute_api:os-hypervisors:show to be performed. {{(pid=118038) __call__ /opt/stack/nova/nova/api/openstack/wsgi.py:936}}
Feb 18 19:18:31.339791 n-d-829974-1 devstack@n-api.service[118039]: DEBUG nova.api.openstack.wsgi [None req-9a3844f2-83a1-4a46-85b5-267ee0c4bcd4 tempest-AggregatesAdminTestJSON-178755727 tempest-AggregatesAdminTestJSON-178755727-project] Calling method '>' {{(pid=118039) _process_stack /opt/stack/nova/nova/api/openstack/wsgi.py:513}}
Feb 18 19:18:31.342731 n-d-829974-1 devstack@n-api.service[118038]: INFO nova.api.openstack.requestlog [None req-50160b4f-fa3b-4833-9068-2cf972bfb976 tempest-HypervisorAdminNegativeTestJSON-554077249 tempest-HypervisorAdminNegativeTestJSON-554077249-project] 10.222.0.61 "GET /compute/v2.1/os-hypervisors/1" status: 403 len: 115 microversion: 2.1 time: 0.021901
Feb 18 19:18:31.350054 n-d-829974-1 devstack@n-api.service[118038]: [pid: 118038|app: 0|req: 42/81] 10.222.0.61 () {58 vars in 1151 bytes} [Fri Feb 18 19:18:31 2022] GET /compute/v2.1/os-hypervisors/1 => generated 115 bytes in 30 msecs (HTTP/1.1 403) 9 headers in 379 bytes (1 switches on core 0)
Feb 18 19:18:31.352910 n-d-829974-1 devstack@n-api.service[118039]: DEBUG nova.compute.api [None req-9a3844f2-83a1-4a46-85b5-267ee0c4bcd4 tempest-AggregatesAdminTestJSON-178755727 tempest-AggregatesAdminTestJSON-178755727-project] [instance: 6248eabb-4461-45e0-854d-8ea66ee1cd82] Fetching instance by UUID {{(pid=118039) get /opt/stack/nova/nova/compute/api.py:2865}}
Feb 18 19:18:31.373969 n-d-829974-1 devstack@n-api.service[118039]: DEBUG oslo_concurrency.lockutils [None req-9a3844f2-83a1-4a46-85b5-267ee0c4bcd4 tempest-AggregatesAdminTestJSON-178755727 tempest-AggregatesAdminTestJSON-178755727-project] Lock "97864a92-0800-4dfd-8f4f-614800cf6e74" acquired by "nova.context.set_target_cell..get_or_set_cached_cell_and_set_connections" :: waited 0.000s {{(pid=118039) inner /usr/local/lib/python3.8/dist-packages/oslo_concurrency/lockutils.py:386}}
Feb 18 19:18:31.375402 n-d-829974-1 devstack@n-api.service[118039]: DEBUG oslo_concurrency.lockutils [None req-9a3844f2-83a1-4a46-85b5-267ee0c4bcd4 tempest-AggregatesAdminTestJSON-178755727 tempest-AggregatesAdminTestJSON-178755727-project] Lock "97864a92-0800-4dfd-8f4f-614800cf6e74" "released" by "nova.context.set_target_cell..get_or_set_cached_cell_and_set_connections" :: held 0.002s {{(pid=118039) inner /usr/local/lib/python3.8/dist-packages/oslo_concurrency/lockutils.py:400}}
Feb 18 19:18:31.376428 n-d-829974-1 devstack@n-api.service[118039]: DEBUG oslo_concurrency.lockutils [None req-9a3844f2-83a1-4a46-85b5-267ee0c4bcd4 tempest-AggregatesAdminTestJSON-178755727 tempest-AggregatesAdminTestJSON-178755727-project] Lock "97864a92-0800-4dfd-8f4f-614800cf6e74" acquired by "nova.context.set_target_cell..get_or_set_cached_cell_and_set_connections" :: waited 0.000s {{(pid=118039) inner /usr/local/lib/python3.8/dist-packages/oslo_concurrency/lockutils.py:386}}
Feb 18 19:18:31.377078 n-d-829974-1 devstack@n-api.service[118039]: DEBUG oslo_concurrency.lockutils [None req-9a3844f2-83a1-4a46-85b5-267ee0c4bcd4 tempest-AggregatesAdminTestJSON-178755727 tempest-AggregatesAdminTestJSON-178755727-project] Lock "97864a92-0800-4dfd-8f4f-614800cf6e74" "released" by "nova.context.set_target_cell..get_or_set_cached_cell_and_set_connections" :: held 0.001s {{(pid=118039) inner /usr/local/lib/python3.8/dist-packages/oslo_concurrency/lockutils.py:400}}
Feb 18 19:18:31.394400 n-d-829974-1 devstack@n-api.service[118038]: DEBUG nova.api.openstack.wsgi [None req-c963ec57-2b74-4c8b-bfe1-35be4e916cad tempest-HypervisorAdminNegativeTestJSON-1789910805 tempest-HypervisorAdminNegativeTestJSON-1789910805-project-admin] Calling method '.version_select at 0x7fac65c0fca0>' {{(pid=118038) _process_stack /opt/stack/nova/nova/api/openstack/wsgi.py:513}}
Feb 18 19:18:31.405642 n-d-829974-1 devstack@n-api.service[118038]: INFO nova.api.openstack.wsgi [None req-c963ec57-2b74-4c8b-bfe1-35be4e916cad tempest-HypervisorAdminNegativeTestJSON-1789910805 tempest-HypervisorAdminNegativeTestJSON-1789910805-project-admin] HTTP exception thrown: Hypervisor with ID 'd2fa897a-963a-4951-b7f6-c0b079ea6be4' could not be found.
Feb 18 19:18:31.406622 n-d-829974-1 devstack@n-api.service[118038]: DEBUG nova.api.openstack.wsgi [None req-c963ec57-2b74-4c8b-bfe1-35be4e916cad tempest-HypervisorAdminNegativeTestJSON-1789910805 tempest-HypervisorAdminNegativeTestJSON-1789910805-project-admin] Returning 404 to user: Hypervisor with ID 'd2fa897a-963a-4951-b7f6-c0b079ea6be4' could not be found. {{(pid=118038) __call__ /opt/stack/nova/nova/api/openstack/wsgi.py:936}}
Feb 18 19:18:31.407489 n-d-829974-1 devstack@n-api.service[118038]: INFO nova.api.openstack.requestlog [None req-c963ec57-2b74-4c8b-bfe1-35be4e916cad tempest-HypervisorAdminNegativeTestJSON-1789910805 tempest-HypervisorAdminNegativeTestJSON-1789910805-project-admin] 10.222.0.61 "GET /compute/v2.1/os-hypervisors/d2fa897a-963a-4951-b7f6-c0b079ea6be4" status: 404 len: 123 microversion: 2.1 time: 0.056224
Feb 18 19:18:31.439549 n-d-829974-1 devstack@n-api.service[118038]: [pid: 118038|app: 0|req: 43/82] 10.222.0.61 () {58 vars in 1256 bytes} [Fri Feb 18 19:18:31 2022] GET /compute/v2.1/os-hypervisors/d2fa897a-963a-4951-b7f6-c0b079ea6be4 => generated 123 bytes in 89 msecs (HTTP/1.1 404) 9 headers in 379 bytes (1 switches on core 0)
Feb 18 19:18:31.833389 n-d-829974-1 devstack@n-api.service[118039]: DEBUG nova.policy [None req-9a3844f2-83a1-4a46-85b5-267ee0c4bcd4 tempest-AggregatesAdminTestJSON-178755727 tempest-AggregatesAdminTestJSON-178755727-project] Policy check for os_compute_api:os-extended-server-attributes failed with credentials {'is_admin': False, 'user_id': '2de7eeb9dc93433fa31f8ad54c21b3a2', 'user_domain_id': 'default', 'system_scope': None, 'domain_id': None, 'project_id': '2b9a3371397f4cd39134de9f9db7ffee', 'project_domain_id': 'default', 'roles': ['reader', 'member'], 'is_admin_project': True, 'service_user_id': None, 'service_user_domain_id': None, 'service_project_id': None, 'service_project_domain_id': None, 'service_roles': []} {{(pid=118039) authorize /opt/stack/nova/nova/policy.py:199}}
Feb 18 19:18:31.847968 n-d-829974-1 devstack@n-api.service[118039]: INFO nova.api.openstack.requestlog [None req-9a3844f2-83a1-4a46-85b5-267ee0c4bcd4 tempest-AggregatesAdminTestJSON-178755727 tempest-AggregatesAdminTestJSON-178755727-project] 10.222.0.61 "GET /compute/v2.1/servers/6248eabb-4461-45e0-854d-8ea66ee1cd82" status: 200 len: 1338 microversion: 2.1 time: 0.522925
Feb 18 19:18:31.857766 n-d-829974-1 devstack@n-api.service[118039]: [pid: 118039|app: 0|req: 40/83] 10.222.0.61 () {58 vars in 1235 bytes} [Fri Feb 18 19:18:31 2022] GET /compute/v2.1/servers/6248eabb-4461-45e0-854d-8ea66ee1cd82 => generated 1338 bytes in 529 msecs (HTTP/1.1 200) 9 headers in 358 bytes (1 switches on core 0)
Feb 18 19:18:32.086588 n-d-829974-1 devstack@n-api.service[118038]: DEBUG nova.api.openstack.wsgi [None req-cb56152d-639b-44c5-ba29-ce29b35ab66f tempest-LiveMigrationTest-345664602 tempest-LiveMigrationTest-345664602-project] Calling method '>' {{(pid=118038) _process_stack /opt/stack/nova/nova/api/openstack/wsgi.py:513}}
Feb 18 19:18:32.088693 n-d-829974-1 devstack@n-api.service[118038]: DEBUG nova.compute.api [None req-cb56152d-639b-44c5-ba29-ce29b35ab66f tempest-LiveMigrationTest-345664602 tempest-LiveMigrationTest-345664602-project] [instance: efd84567-58cc-4ef9-a7a7-f6640bd2b472] Fetching instance by UUID {{(pid=118038) get /opt/stack/nova/nova/compute/api.py:2865}}
Feb 18 19:18:32.102615 n-d-829974-1 devstack@n-api.service[118038]: DEBUG oslo_concurrency.lockutils [None req-cb56152d-639b-44c5-ba29-ce29b35ab66f tempest-LiveMigrationTest-345664602 tempest-LiveMigrationTest-345664602-project] Lock "97864a92-0800-4dfd-8f4f-614800cf6e74" acquired by "nova.context.set_target_cell..get_or_set_cached_cell_and_set_connections" :: waited 0.000s {{(pid=118038) inner /usr/local/lib/python3.8/dist-packages/oslo_concurrency/lockutils.py:386}}
Feb 18 19:18:32.103363 n-d-829974-1 devstack@n-api.service[118038]: DEBUG oslo_concurrency.lockutils [None req-cb56152d-639b-44c5-ba29-ce29b35ab66f tempest-LiveMigrationTest-345664602 tempest-LiveMigrationTest-345664602-project] Lock "97864a92-0800-4dfd-8f4f-614800cf6e74" "released" by "nova.context.set_target_cell..get_or_set_cached_cell_and_set_connections" :: held 0.001s {{(pid=118038) inner /usr/local/lib/python3.8/dist-packages/oslo_concurrency/lockutils.py:400}}
Feb 18 19:18:32.106249 n-d-829974-1 devstack@n-api.service[118038]: DEBUG oslo_concurrency.lockutils [None req-cb56152d-639b-44c5-ba29-ce29b35ab66f tempest-LiveMigrationTest-345664602 tempest-LiveMigrationTest-345664602-project] Lock "97864a92-0800-4dfd-8f4f-614800cf6e74" acquired by "nova.context.set_target_cell..get_or_set_cached_cell_and_set_connections" :: waited 0.000s {{(pid=118038) inner /usr/local/lib/python3.8/dist-packages/oslo_concurrency/lockutils.py:386}}
Feb 18 19:18:32.107317 n-d-829974-1 devstack@n-api.service[118038]: DEBUG oslo_concurrency.lockutils [None req-cb56152d-639b-44c5-ba29-ce29b35ab66f tempest-LiveMigrationTest-345664602 tempest-LiveMigrationTest-345664602-project] Lock "97864a92-0800-4dfd-8f4f-614800cf6e74" "released" by "nova.context.set_target_cell..get_or_set_cached_cell_and_set_connections" :: held 0.002s {{(pid=118038) inner /usr/local/lib/python3.8/dist-packages/oslo_concurrency/lockutils.py:400}}
