Feb 20 05:24:35.784886 n-d-829866-5 neutron-server[103406]: DEBUG neutron.api.rpc.handlers.resources_rpc [None req-dda30c02-fa1e-40d3-b763-9e31f72593fe admin admin] Pushing event deleted for resources: {'SecurityGroup': ['ID=70a881d4-7897-4d09-b688-eb7d3d0cf911,revision_number=None']} {{(pid=103406) push /opt/stack/neutron/neutron/api/rpc/handlers/resources_rpc.py:237}}
Feb 20 05:24:35.865873 n-d-829866-5 neutron-server[103406]: INFO neutron.wsgi [req-0ba66a26-2b4a-45e9-a868-e12e0b51c492 req-fb6dc0be-0814-43d6-8327-d0af6d082dd6 service neutron] 10.222.0.48 "GET /v2.0/networks/ea6854a5-214b-448f-9837-d74f1724e31b?fields=provider%3Aphysical_network&fields=provider%3Anetwork_type HTTP/1.1" status: 200 len: 281 time: 0.3084557
Feb 20 05:24:35.957571 n-d-829866-5 neutron-server[103407]: DEBUG neutron.api.rpc.handlers.resources_rpc [None req-be485497-f07a-4777-bb11-1ac5a9c5eadc admin admin] Pushing event updated for resources: {'SecurityGroup': ['ID=952461e3-265d-4bdb-b3c0-cbc50ba22bb7,revision_number=1']} {{(pid=103407) push /opt/stack/neutron/neutron/api/rpc/handlers/resources_rpc.py:237}}
Feb 20 05:24:36.039472 n-d-829866-5 neutron-server[103407]: DEBUG neutron.scheduler.dhcp_agent_scheduler [None req-50d05419-fef8-461d-85fc-9566866835fc admin admin] Network a471a251-cfc1-4ba4-9447-976816a198a6 is already hosted by enough agents. {{(pid=103407) _get_dhcp_agents_hosting_network /opt/stack/neutron/neutron/scheduler/dhcp_agent_scheduler.py:275}}
Feb 20 05:24:36.106184 n-d-829866-5 neutron-server[103407]: DEBUG neutron.scheduler.base_scheduler [None req-50d05419-fef8-461d-85fc-9566866835fc admin admin] Resources bound (agent type, host, resource id): {{(pid=103407) schedule /opt/stack/neutron/neutron/scheduler/base_scheduler.py:57}}
Feb 20 05:24:36.229492 n-d-829866-5 neutron-server[103408]: DEBUG neutron.plugins.ml2.rpc [None req-13e7f516-713d-4817-a13e-73bb78093294 None None] Device 63455924-88b1-4329-909f-c8b85e7ce5e8 up at agent ovs-agent-n-d-829866-5 {{(pid=103408) update_device_up /opt/stack/neutron/neutron/plugins/ml2/rpc.py:296}}
Feb 20 05:24:36.324319 n-d-829866-5 neutron-server[103407]: DEBUG neutron.scheduler.l3_agent_scheduler [None req-50d05419-fef8-461d-85fc-9566866835fc admin admin] Router d7687c1d-69bc-4ec4-afe4-781d4c7f0a7a has already been hosted by L3 agent 438c8346-d718-4008-a578-409f5dc2e415 {{(pid=103407) _get_candidates /opt/stack/neutron/neutron/scheduler/l3_agent_scheduler.py:126}}
Feb 20 05:24:36.341506 n-d-829866-5 neutron-server[103406]: DEBUG neutron.wsgi [-] (103406) accepted ('10.222.0.37', 45256) {{(pid=103406) server /usr/local/lib/python3.8/dist-packages/eventlet/wsgi.py:1004}}
Feb 20 05:24:36.341826 n-d-829866-5 neutron-server[103407]: INFO neutron.wsgi [None req-be485497-f07a-4777-bb11-1ac5a9c5eadc admin admin] 10.222.0.37 "GET /v2.0/security-groups?tenant_id=8273e67905a54da69813b33c29ee89f1&name=default HTTP/1.1" status: 200 len: 2996 time: 1.7739804
Feb 20 05:24:36.364926 n-d-829866-5 neutron-server[103407]: INFO neutron.wsgi [req-f24b1b5f-37b1-4547-a894-e737f20198a2 req-9004385d-2d0b-4f2b-8ce8-c4f3059cb183 tempest-AggregatesAdminTestJSON-374362374 tempest-AggregatesAdminTestJSON-374362374-project] 10.222.0.37 "GET /v2.0/security-groups?id=80d65ea1-9248-4fc8-8294-c25ce2e898a9&fields=id&fields=name HTTP/1.1" status: 200 len: 286 time: 0.6110883
Feb 20 05:24:36.384307 n-d-829866-5 neutron-server[103407]: DEBUG neutron.pecan_wsgi.hooks.policy_enforcement [req-4fba14e1-4291-45ff-82f1-dbb59ba27345 req-55b3ba4f-2e4e-416c-91cb-2cc362c779fa tempest-DeleteServersAdminTestJSON-1907333125 tempest-DeleteServersAdminTestJSON-1907333125-project] Attributes excluded by policy engine: ['standard_attr_id', 'binding:profile', 'binding:host_id', 'binding:vif_type', 'binding:vif_details'] {{(pid=103407) _exclude_attributes_by_policy /opt/stack/neutron/neutron/pecan_wsgi/hooks/policy_enforcement.py:255}}
Feb 20 05:24:36.393013 n-d-829866-5 neutron-server[103407]: INFO neutron.wsgi [req-4fba14e1-4291-45ff-82f1-dbb59ba27345 req-55b3ba4f-2e4e-416c-91cb-2cc362c779fa tempest-DeleteServersAdminTestJSON-1907333125 tempest-DeleteServersAdminTestJSON-1907333125-project] 10.222.0.37 "GET /v2.0/ports?device_id=74aecfde-108a-4321-9fba-f799c7fa3cbe HTTP/1.1" status: 200 len: 947 time: 0.3867974
Feb 20 05:24:36.410659 n-d-829866-5 neutron-server[103408]: DEBUG neutron.db.provisioning_blocks [None req-13e7f516-713d-4817-a13e-73bb78093294 None None] Provisioning complete for port 63455924-88b1-4329-909f-c8b85e7ce5e8 triggered by entity L2. {{(pid=103408) provisioning_complete /opt/stack/neutron/neutron/db/provisioning_blocks.py:139}}
Feb 20 05:24:36.411013 n-d-829866-5 neutron-server[103408]: DEBUG neutron_lib.callbacks.manager [None req-13e7f516-713d-4817-a13e-73bb78093294 None None] Publish callbacks ['neutron.plugins.ml2.plugin.Ml2Plugin._port_provisioned-1346079'] for port (63455924-88b1-4329-909f-c8b85e7ce5e8), provisioning_complete {{(pid=103408) _notify_loop /usr/local/lib/python3.8/dist-packages/neutron_lib/callbacks/manager.py:176}}
Feb 20 05:24:36.505462 n-d-829866-5 neutron-server[103406]: DEBUG neutron_lib.callbacks.manager [None req-81110443-7a8d-49e1-8616-d2bc73b56ce6 admin admin] Publish callbacks [] for security_group (952461e3-265d-4bdb-b3c0-cbc50ba22bb7), before_delete {{(pid=103406) _notify_loop /usr/local/lib/python3.8/dist-packages/neutron_lib/callbacks/manager.py:176}}
Feb 20 05:24:36.552881 n-d-829866-5 neutron-server[103406]: DEBUG neutron_lib.callbacks.manager [None req-81110443-7a8d-49e1-8616-d2bc73b56ce6 admin admin] Publish callbacks [] for security_group (952461e3-265d-4bdb-b3c0-cbc50ba22bb7), precommit_delete {{(pid=103406) _notify_loop /usr/local/lib/python3.8/dist-packages/neutron_lib/callbacks/manager.py:176}}
Feb 20 05:24:36.575520 n-d-829866-5 neutron-server[103407]: INFO neutron.wsgi [req-4fba14e1-4291-45ff-82f1-dbb59ba27345 req-0e94ad2b-f2a7-4751-8778-9a0ea2de6056 tempest-DeleteServersAdminTestJSON-1907333125 tempest-DeleteServersAdminTestJSON-1907333125-project] 10.222.0.37 "GET /v2.0/security-groups?id=66b817b3-5954-4055-8dc6-bddd86afc8b5&fields=id&fields=name HTTP/1.1" status: 200 len: 286 time: 0.1812677
Feb 20 05:24:36.614469 n-d-829866-5 neutron-server[103408]: DEBUG neutron.db.provisioning_blocks [None req-ab339ecc-d8cf-4930-ada3-36cd3ba1f28d None None] Provisioning complete for port baa8065c-b4e0-4f1b-b888-ff8f1ca3ac95 triggered by entity DHCP. {{(pid=103408) provisioning_complete /opt/stack/neutron/neutron/db/provisioning_blocks.py:139}}
Feb 20 05:24:36.615111 n-d-829866-5 neutron-server[103408]: DEBUG neutron_lib.callbacks.manager [None req-ab339ecc-d8cf-4930-ada3-36cd3ba1f28d None None] Publish callbacks ['neutron.plugins.ml2.plugin.Ml2Plugin._port_provisioned-1346079'] for port (baa8065c-b4e0-4f1b-b888-ff8f1ca3ac95), provisioning_complete {{(pid=103408) _notify_loop /usr/local/lib/python3.8/dist-packages/neutron_lib/callbacks/manager.py:176}}
Feb 20 05:24:36.649648 n-d-829866-5 neutron-server[103406]: DEBUG neutron_lib.callbacks.manager [None req-81110443-7a8d-49e1-8616-d2bc73b56ce6 admin admin] Publish callbacks ['neutron.plugins.ml2.ovo_rpc._ObjectChangeHandler.handle_event-544387'] for security_group (952461e3-265d-4bdb-b3c0-cbc50ba22bb7), after_delete {{(pid=103406) _notify_loop /usr/local/lib/python3.8/dist-packages/neutron_lib/callbacks/manager.py:176}}
Feb 20 05:24:36.653476 n-d-829866-5 neutron-server[103406]: DEBUG neutron_lib.callbacks.manager [None req-81110443-7a8d-49e1-8616-d2bc73b56ce6 admin admin] Publish callbacks [] for security_group (None), before_response {{(pid=103406) _notify_loop /usr/local/lib/python3.8/dist-packages/neutron_lib/callbacks/manager.py:176}}
Feb 20 05:24:36.654724 n-d-829866-5 neutron-server[103406]: INFO neutron.wsgi [None req-81110443-7a8d-49e1-8616-d2bc73b56ce6 admin admin] 10.222.0.37 "DELETE /v2.0/security-groups/952461e3-265d-4bdb-b3c0-cbc50ba22bb7 HTTP/1.1" status: 204 len: 168 time: 0.3121772
Feb 20 05:24:36.669512 n-d-829866-5 neutron-server[103406]: DEBUG neutron.api.rpc.handlers.resources_rpc [None req-81110443-7a8d-49e1-8616-d2bc73b56ce6 admin admin] Pushing event deleted for resources: {'SecurityGroup': ['ID=952461e3-265d-4bdb-b3c0-cbc50ba22bb7,revision_number=None']} {{(pid=103406) push /opt/stack/neutron/neutron/api/rpc/handlers/resources_rpc.py:237}}
Feb 20 05:24:36.697088 n-d-829866-5 neutron-server[103407]: DEBUG neutron.api.rpc.agentnotifiers.l3_rpc_agent_api [None req-50d05419-fef8-461d-85fc-9566866835fc admin admin] Notify agent at l3_agent.n-d-829866-5 the message routers_updated {{(pid=103407) _agent_notification /opt/stack/neutron/neutron/api/rpc/agentnotifiers/l3_rpc_agent_api.py:65}}
Feb 20 05:24:36.724225 n-d-829866-5 neutron-server[103407]: INFO neutron.wsgi [None req-50d05419-fef8-461d-85fc-9566866835fc admin admin] 10.222.0.37 "PUT /v2.0/routers/d7687c1d-69bc-4ec4-afe4-781d4c7f0a7a/add_router_interface HTTP/1.1" status: 200 len: 503 time: 7.7921107
Feb 20 05:24:36.728594 n-d-829866-5 neutron-server[103408]: DEBUG neutron.plugins.ml2.plugin [None req-ab339ecc-d8cf-4930-ada3-36cd3ba1f28d None None] Port baa8065c-b4e0-4f1b-b888-ff8f1ca3ac95 cannot update to ACTIVE because it is not bound. {{(pid=103408) _port_provisioned /opt/stack/neutron/neutron/plugins/ml2/plugin.py:343}}
Feb 20 05:24:36.736230 n-d-829866-5 neutron-server[103408]: DEBUG neutron.api.rpc.handlers.l3_rpc [None req-40c95acc-e0da-455c-9759-60546b9feb8e None None] Sync routers for ids ['d7687c1d-69bc-4ec4-afe4-781d4c7f0a7a'] in n-d-829866-5 {{(pid=103408) sync_routers /opt/stack/neutron/neutron/api/rpc/handlers/l3_rpc.py:125}}
Feb 20 05:24:36.762028 n-d-829866-5 neutron-server[103408]: DEBUG neutron.plugins.ml2.plugin [None req-13e7f516-713d-4817-a13e-73bb78093294 None None] Current status of the port 63455924-88b1-4329-909f-c8b85e7ce5e8 is: ACTIVE; New status is: ACTIVE {{(pid=103408) _update_individual_port_db_status /opt/stack/neutron/neutron/plugins/ml2/plugin.py:2232}}
Feb 20 05:24:36.787002 n-d-829866-5 neutron-server[103408]: DEBUG neutron.db.l3_dvrscheduler_db [None req-40c95acc-e0da-455c-9759-60546b9feb8e None None] Routers {'d7687c1d-69bc-4ec4-afe4-781d4c7f0a7a'} bound to L3 agent in host n-d-829866-5 {{(pid=103408) _get_router_ids_for_agent /opt/stack/neutron/neutron/db/l3_dvrscheduler_db.py:421}}
Feb 20 05:24:36.788178 n-d-829866-5 neutron-server[103408]: DEBUG neutron.db.l3_hamode_db [None req-40c95acc-e0da-455c-9759-60546b9feb8e None None] neutron.services.l3_router.l3_router_plugin.L3RouterPlugin method get_ha_sync_data_for_host called with arguments (, 'n-d-829866-5', Agent(admin_state_up=True,agent_type='L3 agent',availability_zone='nova',binary='neutron-l3-agent',configurations={"agent_mode": "legacy", "ex_gw_ports": 2, "extensions": [], "floating_ips": 0, "handle_internal_only_routers": true, "interface_driver": "openvswitch", "interfaces": 2, "log_agent_heartbeats": false, "routers": 2},created_at=2022-02-20T05:14:18Z,description=,heartbeat_timestamp=2022-02-20T05:24:19Z,host='n-d-829866-5',id=438c8346-d718-4008-a578-409f5dc2e415,load=0,resource_versions=,resources_synced=,started_at=2022-02-20T05:14:18Z,topic='l3_agent')) {'router_ids': ['d7687c1d-69bc-4ec4-afe4-781d4c7f0a7a'], 'active': True} {{(pid=103408) wrapper /usr/local/lib/python3.8/dist-packages/oslo_log/helpers.py:65}}
Feb 20 05:24:36.922012 n-d-829866-5 neutron-server[103408]: DEBUG neutron.db.l3_dvr_db [None req-40c95acc-e0da-455c-9759-60546b9feb8e None None] Set router d7687c1d-69bc-4ec4-afe4-781d4c7f0a7a gateway port host: n-d-829866-5 {{(pid=103408) _build_routers_list /opt/stack/neutron/neutron/db/l3_dvr_db.py:906}}
Feb 20 05:24:37.212946 n-d-829866-5 neutron-server[103408]: DEBUG neutron.db.l3_hamode_db [None req-40c95acc-e0da-455c-9759-60546b9feb8e None None] neutron.services.l3_router.l3_router_plugin.L3RouterPlugin method _process_sync_ha_data called with arguments (, [{'id': 'd7687c1d-69bc-4ec4-afe4-781d4c7f0a7a', 'name': 'tempest-ServersWithSpecificFlavorTestJSON-268064399-router', 'tenant_id': 'fbf3f7d2fbb4419f9fdb3399018f106d', 'admin_state_up': True, 'status': 'ACTIVE', 'external_gateway_info': {'network_id': '12d9dab6-d2be-4381-8353-8093ed2f2146', 'external_fixed_ips': [{'subnet_id': '98fa272f-dac6-4e7f-bb2d-6040ff6df9c0', 'ip_address': '172.25.3.13'}], 'enable_snat': True}, 'gw_port_id': '63455924-88b1-4329-909f-c8b85e7ce5e8', 'description': '', 'availability_zones': ['nova'], 'distributed': False, 'ha': False, 'ha_vr_id': 0, 'availability_zone_hints': [], 'routes': [], 'flavor_id': None, 'tags': [], 'created_at': '2022-02-20T05:24:22Z', 'updated_at': '2022-02-20T05:24:34Z', 'revision_number': 4, 'project_id': 'fbf3f7d2fbb4419f9fdb3399018f106d', 'gw_port': {'id': '63455924-88b1-4329-909f-c8b85e7ce5e8', 'name': '', 'network_id': '12d9dab6-d2be-4381-8353-8093ed2f2146', 'tenant_id': '', 'mac_address': 'fa:16:3e:e6:04:f2', 'admin_state_up': True, 'status': 'ACTIVE', 'device_id': 'd7687c1d-69bc-4ec4-afe4-781d4c7f0a7a', 'device_owner': 'network:router_gateway', 'standard_attr_id': 90, 'fixed_ips': [{'subnet_id': '98fa272f-dac6-4e7f-bb2d-6040ff6df9c0', 'ip_address': '172.25.3.13', 'prefixlen': 24}], 'allowed_address_pairs': [], 'extra_dhcp_opts': [], 'security_groups': [], 'description': '', 'binding:vnic_type': 'normal', 'binding:profile': {}, 'binding:host_id': 'n-d-829866-5', 'binding:vif_type': 'ovs', 'binding:vif_details': {'connectivity': 'l2', 'port_filter': True, 'ovs_hybrid_plug': False, 'datapath_type': 'system', 'bridge_name': 'br-int', 'bound_drivers': {'0': 'openvswitch'}}, 'port_security_enabled': False, 'tags': [], 'created_at': '2022-02-20T05:24:24Z', 'updated_at': '2022-02-20T05:24:34Z', 'revision_number': 4, 'project_id': '', 'subnets': [{'id': '98fa272f-dac6-4e7f-bb2d-6040ff6df9c0', 'cidr': '172.25.3.0/24', 'gateway_ip': '172.25.3.1', 'dns_nameservers': [], 'ipv6_ra_mode': None, 'subnetpool_id': None}], 'extra_subnets': [], 'address_scopes': {4: None, 6: None}, 'mtu': 1500}, 'enable_snat': True, 'gw_port_host': 'n-d-829866-5', '_interfaces': [{'id': 'baa8065c-b4e0-4f1b-b888-ff8f1ca3ac95', 'name': '', 'network_id': 'a471a251-cfc1-4ba4-9447-976816a198a6', 'tenant_id': 'fbf3f7d2fbb4419f9fdb3399018f106d', 'mac_address': 'fa:16:3e:1e:8c:1d', 'admin_state_up': True, 'status': 'DOWN', 'device_id': 'd7687c1d-69bc-4ec4-afe4-781d4c7f0a7a', 'device_owner': 'network:router_interface', 'standard_attr_id': 101, 'fixed_ips': [{'subnet_id': '239ea1ec-4136-452e-a0b3-487cc8fddb91', 'ip_address': '172.20.0.1', 'prefixlen': 28}], 'allowed_address_pairs': [], 'extra_dhcp_opts': [], 'security_groups': [], 'description': '', 'binding:vnic_type': 'normal', 'binding:profile': {}, 'binding:host_id': '', 'binding:vif_type': 'unbound', 'binding:vif_details': {}, 'port_security_enabled': False, 'tags': [], 'created_at': '2022-02-20T05:24:30Z', 'updated_at': '2022-02-20T05:24:34Z', 'revision_number': 2, 'project_id': 'fbf3f7d2fbb4419f9fdb3399018f106d', 'subnets': [{'id': '239ea1ec-4136-452e-a0b3-487cc8fddb91', 'cidr': '172.20.0.0/28', 'gateway_ip': '172.20.0.1', 'dns_nameservers': [], 'ipv6_ra_mode': None, 'subnetpool_id': None}], 'extra_subnets': [], 'address_scopes': {4: None, 6: None}, 'mtu': 1500}]}], 'n-d-829866-5', False) {} {{(pid=103408) wrapper /usr/local/lib/python3.8/dist-packages/oslo_log/helpers.py:65}}
Feb 20 05:24:37.250636 n-d-829866-5 neutron-server[103408]: DEBUG neutron.api.rpc.handlers.l3_rpc [None req-40c95acc-e0da-455c-9759-60546b9feb8e None None] Checking router: d7687c1d-69bc-4ec4-afe4-781d4c7f0a7a for host: n-d-829866-5 {{(pid=103408) _ensure_host_set_on_ports /opt/stack/neutron/neutron/api/rpc/handlers/l3_rpc.py:155}}
Feb 20 05:24:37.251788 n-d-829866-5 neutron-server[103408]: DEBUG neutron.api.rpc.handlers.l3_rpc [None req-40c95acc-e0da-455c-9759-60546b9feb8e None None] Updating router d7687c1d-69bc-4ec4-afe4-781d4c7f0a7a port baa8065c-b4e0-4f1b-b888-ff8f1ca3ac95 binding host n-d-829866-5 {{(pid=103408) _ensure_host_set_on_port /opt/stack/neutron/neutron/api/rpc/handlers/l3_rpc.py:205}}
Feb 20 05:24:37.292840 n-d-829866-5 neutron-server[103408]: DEBUG neutron_lib.callbacks.manager [None req-40c95acc-e0da-455c-9759-60546b9feb8e None None] Publish callbacks ['neutron.plugins.ml2.plugin.SecurityGroupDbMixin._ensure_default_security_group_handler-1652998'] for port (baa8065c-b4e0-4f1b-b888-ff8f1ca3ac95), before_update {{(pid=103408) _notify_loop /usr/local/lib/python3.8/dist-packages/neutron_lib/callbacks/manager.py:176}}
Feb 20 05:24:37.502464 n-d-829866-5 neutron-server[103406]: DEBUG neutron.wsgi [-] (103406) accepted ('10.222.0.37', 45292) {{(pid=103406) server /usr/local/lib/python3.8/dist-packages/eventlet/wsgi.py:1004}}
Feb 20 05:24:37.530707 n-d-829866-5 neutron-server[103406]: DEBUG neutron_lib.callbacks.manager [None req-ae40a1b3-6329-4be4-a327-b449221845ca admin admin] Publish callbacks [] for security_group (None), before_create {{(pid=103406) _notify_loop /usr/local/lib/python3.8/dist-packages/neutron_lib/callbacks/manager.py:176}}
Feb 20 05:24:37.664498 n-d-829866-5 neutron-server[103407]: DEBUG neutron.pecan_wsgi.hooks.policy_enforcement [req-a60e122b-79b3-40b6-bd19-0856abe1166b req-d7fa2286-da47-49ef-9c55-93d250dea95b tempest-AggregatesAdminTestJSON-374362374 tempest-AggregatesAdminTestJSON-374362374-project] Attributes excluded by policy engine: ['standard_attr_id', 'binding:profile', 'binding:host_id', 'binding:vif_type', 'binding:vif_details'] {{(pid=103407) _exclude_attributes_by_policy /opt/stack/neutron/neutron/pecan_wsgi/hooks/policy_enforcement.py:255}}
Feb 20 05:24:37.676771 n-d-829866-5 neutron-server[103407]: INFO neutron.wsgi [req-a60e122b-79b3-40b6-bd19-0856abe1166b req-d7fa2286-da47-49ef-9c55-93d250dea95b tempest-AggregatesAdminTestJSON-374362374 tempest-AggregatesAdminTestJSON-374362374-project] 10.222.0.37 "GET /v2.0/ports?device_id=880e6e07-d1a0-4292-8c40-2be3de1a01d0 HTTP/1.1" status: 200 len: 968 time: 0.1767969
Feb 20 05:24:37.776789 n-d-829866-5 neutron-server[103406]: DEBUG neutron_lib.callbacks.manager [None req-ae40a1b3-6329-4be4-a327-b449221845ca admin admin] Publish callbacks [] for security_group (d3ba3bfa-2ad9-4218-b951-60a8854c77f0), precommit_create {{(pid=103406) _notify_loop /usr/local/lib/python3.8/dist-packages/neutron_lib/callbacks/manager.py:176}}
Feb 20 05:24:37.796169 n-d-829866-5 neutron-server[103406]: DEBUG neutron_lib.callbacks.manager [None req-ae40a1b3-6329-4be4-a327-b449221845ca admin admin] Publish callbacks ['neutron.plugins.ml2.ovo_rpc._ObjectChangeHandler.handle_event-544387'] for security_group (d3ba3bfa-2ad9-4218-b951-60a8854c77f0), after_create {{(pid=103406) _notify_loop /usr/local/lib/python3.8/dist-packages/neutron_lib/callbacks/manager.py:176}}
Feb 20 05:24:37.801714 n-d-829866-5 neutron-server[103407]: INFO neutron.wsgi [req-a60e122b-79b3-40b6-bd19-0856abe1166b req-6f0a7e78-6bdd-4f70-bcc0-2fc644399ee0 tempest-AggregatesAdminTestJSON-374362374 tempest-AggregatesAdminTestJSON-374362374-project] 10.222.0.37 "GET /v2.0/security-groups?id=80d65ea1-9248-4fc8-8294-c25ce2e898a9&fields=id&fields=name HTTP/1.1" status: 200 len: 286 time: 0.1209383
Feb 20 05:24:37.969024 n-d-829866-5 neutron-server[103406]: INFO neutron.wsgi [None req-ae40a1b3-6329-4be4-a327-b449221845ca admin admin] 10.222.0.37 "GET /v2.0/security-groups?tenant_id=169a2cfa7ff6433c976a1b966b6b202b&name=default HTTP/1.1" status: 200 len: 2996 time: 0.4644439
Feb 20 05:24:37.972148 n-d-829866-5 neutron-server[103406]: DEBUG neutron.api.rpc.handlers.resources_rpc [None req-ae40a1b3-6329-4be4-a327-b449221845ca admin admin] Pushing event updated for resources: {'SecurityGroup': ['ID=d3ba3bfa-2ad9-4218-b951-60a8854c77f0,revision_number=1']} {{(pid=103406) push /opt/stack/neutron/neutron/api/rpc/handlers/resources_rpc.py:237}}
Feb 20 05:24:38.005813 n-d-829866-5 neutron-server[103406]: DEBUG neutron.wsgi [-] (103406) accepted ('10.222.0.37', 45300) {{(pid=103406) server /usr/local/lib/python3.8/dist-packages/eventlet/wsgi.py:1004}}
Feb 20 05:24:38.099038 n-d-829866-5 neutron-server[103408]: DEBUG neutron_lib.callbacks.manager [None req-40c95acc-e0da-455c-9759-60546b9feb8e None None] Publish callbacks [] for port (baa8065c-b4e0-4f1b-b888-ff8f1ca3ac95), precommit_update {{(pid=103408) _notify_loop /usr/local/lib/python3.8/dist-packages/neutron_lib/callbacks/manager.py:176}}
Feb 20 05:24:38.115819 n-d-829866-5 neutron-server[103408]: DEBUG neutron_lib.callbacks.manager [None req-40c95acc-e0da-455c-9759-60546b9feb8e None None] Publish callbacks ['neutron.plugins.ml2.plugin.SecurityGroupServerNotifierRpcMixin._notify_sg_on_port_change-1653451', 'neutron.plugins.ml2.ovo_rpc._ObjectChangeHandler.handle_event-863773', 'neutron.api.rpc.agentnotifiers.dhcp_rpc_agent_api.DhcpAgentNotifyAPI._native_event_send_dhcp_notification-565260', 'neutron.db.l3_db.L3RpcNotifierMixin._notify_gateway_port_ip_changed-8771095536779', 'neutron.db.l3_dvrscheduler_db._notify_l3_agent_port_update-8771095095098', 'neutron.db.l3_hascheduler_db._notify_l3_agent_ha_port_update-8771095095116'] for port (baa8065c-b4e0-4f1b-b888-ff8f1ca3ac95), after_update {{(pid=103408) _notify_loop /usr/local/lib/python3.8/dist-packages/neutron_lib/callbacks/manager.py:176}}
Feb 20 05:24:38.162138 n-d-829866-5 neutron-server[103407]: DEBUG neutron.pecan_wsgi.hooks.policy_enforcement [req-cd71e4bd-b3a9-4f1c-9f70-941603797d71 req-c25586ed-5df6-4e53-bffa-985cf59fa71d tempest-DeleteServersAdminTestJSON-1907333125 tempest-DeleteServersAdminTestJSON-1907333125-project] Attributes excluded by policy engine: ['standard_attr_id', 'binding:profile', 'binding:host_id', 'binding:vif_type', 'binding:vif_details'] {{(pid=103407) _exclude_attributes_by_policy /opt/stack/neutron/neutron/pecan_wsgi/hooks/policy_enforcement.py:255}}
Feb 20 05:24:38.164897 n-d-829866-5 neutron-server[103407]: INFO neutron.wsgi [req-cd71e4bd-b3a9-4f1c-9f70-941603797d71 req-c25586ed-5df6-4e53-bffa-985cf59fa71d tempest-DeleteServersAdminTestJSON-1907333125 tempest-DeleteServersAdminTestJSON-1907333125-project] 10.222.0.37 "GET /v2.0/ports?device_id=74aecfde-108a-4321-9fba-f799c7fa3cbe HTTP/1.1" status: 200 len: 947 time: 0.2113338
Feb 20 05:24:38.176415 n-d-829866-5 neutron-server[103406]: DEBUG neutron_lib.callbacks.manager [None req-82f10236-ea8b-4b54-9dc1-53557d415b3f admin admin] Publish callbacks [] for security_group (d3ba3bfa-2ad9-4218-b951-60a8854c77f0), before_delete {{(pid=103406) _notify_loop /usr/local/lib/python3.8/dist-packages/neutron_lib/callbacks/manager.py:176}}
Feb 20 05:24:38.204286 n-d-829866-5 neutron-server[103406]: DEBUG neutron_lib.callbacks.manager [None req-82f10236-ea8b-4b54-9dc1-53557d415b3f admin admin] Publish callbacks [] for security_group (d3ba3bfa-2ad9-4218-b951-60a8854c77f0), precommit_delete {{(pid=103406) _notify_loop /usr/local/lib/python3.8/dist-packages/neutron_lib/callbacks/manager.py:176}}
Feb 20 05:24:38.278370 n-d-829866-5 neutron-server[103406]: DEBUG neutron_lib.callbacks.manager [None req-82f10236-ea8b-4b54-9dc1-53557d415b3f admin admin] Publish callbacks ['neutron.plugins.ml2.ovo_rpc._ObjectChangeHandler.handle_event-544387'] for security_group (d3ba3bfa-2ad9-4218-b951-60a8854c77f0), after_delete {{(pid=103406) _notify_loop /usr/local/lib/python3.8/dist-packages/neutron_lib/callbacks/manager.py:176}}
Feb 20 05:24:38.281031 n-d-829866-5 neutron-server[103406]: DEBUG neutron_lib.callbacks.manager [None req-82f10236-ea8b-4b54-9dc1-53557d415b3f admin admin] Publish callbacks [] for security_group (None), before_response {{(pid=103406) _notify_loop /usr/local/lib/python3.8/dist-packages/neutron_lib/callbacks/manager.py:176}}
Feb 20 05:24:38.282309 n-d-829866-5 neutron-server[103406]: INFO neutron.wsgi [None req-82f10236-ea8b-4b54-9dc1-53557d415b3f admin admin] 10.222.0.37 "DELETE /v2.0/security-groups/d3ba3bfa-2ad9-4218-b951-60a8854c77f0 HTTP/1.1" status: 204 len: 168 time: 0.2737350
Feb 20 05:24:38.329295 n-d-829866-5 neutron-server[103406]: DEBUG neutron.api.rpc.handlers.resources_rpc [None req-82f10236-ea8b-4b54-9dc1-53557d415b3f admin admin] Pushing event deleted for resources: {'SecurityGroup': ['ID=d3ba3bfa-2ad9-4218-b951-60a8854c77f0,revision_number=None']} {{(pid=103406) push /opt/stack/neutron/neutron/api/rpc/handlers/resources_rpc.py:237}}
Feb 20 05:24:38.334858 n-d-829866-5 neutron-server[103407]: INFO neutron.wsgi [req-cd71e4bd-b3a9-4f1c-9f70-941603797d71 req-9a8c4bd5-2f1e-4f4c-9628-ab47868861c1 tempest-DeleteServersAdminTestJSON-1907333125 tempest-DeleteServersAdminTestJSON-1907333125-project] 10.222.0.37 "GET /v2.0/security-groups?id=66b817b3-5954-4055-8dc6-bddd86afc8b5&fields=id&fields=name HTTP/1.1" status: 200 len: 286 time: 0.1598721
Feb 20 05:24:38.551958 n-d-829866-5 neutron-server[103408]: DEBUG neutron.api.rpc.handlers.resources_rpc [None req-367c105f-8874-4989-9aeb-32d580ea4b22 None None] Pushing event updated for resources: {'Port': ['ID=baa8065c-b4e0-4f1b-b888-ff8f1ca3ac95,revision_number=3']} {{(pid=103408) push /opt/stack/neutron/neutron/api/rpc/handlers/resources_rpc.py:237}}
Feb 20 05:24:38.569605 n-d-829866-5 neutron-server[103408]: DEBUG neutron.plugins.ml2.managers [None req-40c95acc-e0da-455c-9759-60546b9feb8e None None] Attempting to bind port baa8065c-b4e0-4f1b-b888-ff8f1ca3ac95 on host n-d-829866-5 for vnic_type normal with profile {{(pid=103408) bind_port /opt/stack/neutron/neutron/plugins/ml2/managers.py:795}}
Feb 20 05:24:38.570028 n-d-829866-5 neutron-server[103408]: DEBUG neutron.plugins.ml2.managers [None req-40c95acc-e0da-455c-9759-60546b9feb8e None None] Attempting to bind port baa8065c-b4e0-4f1b-b888-ff8f1ca3ac95 by drivers openvswitch,hyperv on host n-d-829866-5 at level 0 using segments [{'id': '2bb1c217-07df-4f9b-aa47-5d29d47a3fb2', 'network_type': 'vlan', 'physical_network': 'physnet1', 'segmentation_id': 78, 'network_id': 'a471a251-cfc1-4ba4-9447-976816a198a6'}] {{(pid=103408) _bind_port_level /opt/stack/neutron/neutron/plugins/ml2/managers.py:820}}
Feb 20 05:24:38.570398 n-d-829866-5 neutron-server[103408]: DEBUG neutron.plugins.ml2.drivers.mech_agent [None req-40c95acc-e0da-455c-9759-60546b9feb8e None None] Attempting to bind port baa8065c-b4e0-4f1b-b888-ff8f1ca3ac95 on network a471a251-cfc1-4ba4-9447-976816a198a6 {{(pid=103408) bind_port /opt/stack/neutron/neutron/plugins/ml2/drivers/mech_agent.py:91}}
Feb 20 05:24:38.594692 n-d-829866-5 neutron-server[103408]: DEBUG neutron.plugins.ml2.drivers.mech_agent [None req-40c95acc-e0da-455c-9759-60546b9feb8e None None] Checking agent: {'id': '309455eb-769d-452c-bc77-d66d5b0c7138', 'agent_type': 'Open vSwitch agent', 'binary': 'neutron-openvswitch-agent', 'topic': 'N/A', 'host': 'n-d-829866-5', 'admin_state_up': True, 'created_at': datetime.datetime(2022, 2, 20, 5, 14, 23), 'started_at': datetime.datetime(2022, 2, 20, 5, 14, 53), 'heartbeat_timestamp': datetime.datetime(2022, 2, 20, 5, 24, 23), 'description': None, 'resources_synced': None, 'availability_zone': None, 'alive': True, 'configurations': {'arp_responder_enabled': False, 'baremetal_smartnic': False, 'bridge_mappings': {'physnet1': 'br-data'}, 'datapath_type': 'system', 'devices': 0, 'enable_distributed_routing': False, 'extensions': [], 'in_distributed_mode': False, 'integration_bridge': 'br-int', 'l2_population': False, 'log_agent_heartbeats': False, 'ovs_capabilities': {'datapath_types': ['netdev', 'system'], 'iface_types': ['erspan', 'geneve', 'gre', 'internal', 'ip6erspan', 'ip6gre', 'lisp', 'patch', 'stt', 'system', 'tap', 'vxlan']}, 'ovs_hybrid_plug': False, 'resource_provider_bandwidths': {}, 'resource_provider_hypervisors': {'br-data': 'n-d-829866-5'}, 'resource_provider_inventory_defaults': {'allocation_ratio': 1.0, 'min_unit': 1, 'step_size': 1, 'reserved': 0}, 'resource_provider_packet_processing_inventory_defaults': {'allocation_ratio': 1.0, 'min_unit': 1, 'step_size': 1, 'reserved': 0}, 'resource_provider_packet_processing_with_direction': {}, 'resource_provider_packet_processing_without_direction': {}, 'tunnel_types': [], 'tunneling_ip': None, 'vhostuser_socket_dir': '/var/run/openvswitch'}, 'resource_versions': {'AddressGroup': '1.2', 'ConntrackHelper': '1.0', 'LocalIPAssociation': '1.0', 'Log': '1.0', 'Network': '1.1', 'Port': '1.7', 'PortForwarding': '1.2', 'QosPolicy': '1.10', 'SecurityGroup': '1.5', 'SecurityGroupRule': '1.2', 'SubPort': '1.0', 'Subnet': '1.1', 'Trunk': '1.1'}} {{(pid=103408) bind_port /opt/stack/neutron/neutron/plugins/ml2/drivers/mech_agent.py:110}}
Feb 20 05:24:38.595143 n-d-829866-5 neutron-server[103408]: DEBUG neutron.plugins.ml2.drivers.mech_agent [None req-40c95acc-e0da-455c-9759-60546b9feb8e None None] Checking segment: {'id': '2bb1c217-07df-4f9b-aa47-5d29d47a3fb2', 'network_type': 'vlan', 'physical_network': 'physnet1', 'segmentation_id': 78, 'network_id': 'a471a251-cfc1-4ba4-9447-976816a198a6'} for mappings: {'physnet1': 'br-data'} with network types: ['local', 'flat', 'vlan'] {{(pid=103408) check_segment_for_agent /opt/stack/neutron/neutron/plugins/ml2/drivers/mech_agent.py:373}}
Feb 20 05:24:38.595670 n-d-829866-5 neutron-server[103408]: DEBUG neutron_lib.callbacks.manager [None req-40c95acc-e0da-455c-9759-60546b9feb8e None None] Publish callbacks [] for ovs_bridge_name (None), before_read {{(pid=103408) _notify_loop /usr/local/lib/python3.8/dist-packages/neutron_lib/callbacks/manager.py:176}}
Feb 20 05:24:38.596215 n-d-829866-5 neutron-server[103408]: DEBUG neutron.plugins.ml2.drivers.mech_agent [None req-40c95acc-e0da-455c-9759-60546b9feb8e None None] Bound using segment: {'id': '2bb1c217-07df-4f9b-aa47-5d29d47a3fb2', 'network_type': 'vlan', 'physical_network': 'physnet1', 'segmentation_id': 78, 'network_id': 'a471a251-cfc1-4ba4-9447-976816a198a6'} {{(pid=103408) bind_port /opt/stack/neutron/neutron/plugins/ml2/drivers/mech_agent.py:120}}
Feb 20 05:24:38.596822 n-d-829866-5 neutron-server[103408]: DEBUG neutron.plugins.ml2.managers [None req-40c95acc-e0da-455c-9759-60546b9feb8e None None] Bound port: baa8065c-b4e0-4f1b-b888-ff8f1ca3ac95, host: n-d-829866-5, vif_type: ovs, vif_details: {"connectivity": "l2", "port_filter": true, "ovs_hybrid_plug": false, "datapath_type": "system", "bridge_name": "br-int"}, binding_levels: [{'bound_driver': 'openvswitch', 'bound_segment': {'id': '2bb1c217-07df-4f9b-aa47-5d29d47a3fb2', 'network_type': 'vlan', 'physical_network': 'physnet1', 'segmentation_id': 78, 'network_id': 'a471a251-cfc1-4ba4-9447-976816a198a6'}}] {{(pid=103408) _bind_port_level /opt/stack/neutron/neutron/plugins/ml2/managers.py:932}}
Feb 20 05:24:38.597222 n-d-829866-5 neutron-server[103408]: DEBUG neutron_lib.callbacks.manager [None req-40c95acc-e0da-455c-9759-60546b9feb8e None None] Publish callbacks ['neutron.plugins.ml2.plugin.SecurityGroupDbMixin._ensure_default_security_group_handler-1652998'] for port (baa8065c-b4e0-4f1b-b888-ff8f1ca3ac95), before_update {{(pid=103408) _notify_loop /usr/local/lib/python3.8/dist-packages/neutron_lib/callbacks/manager.py:176}}
Feb 20 05:24:38.735795 n-d-829866-5 neutron-server[103408]: DEBUG neutron.db.provisioning_blocks [None req-dbdf437c-5cbe-4293-ba87-e73da0697c58 None None] Provisioning complete for port baa8065c-b4e0-4f1b-b888-ff8f1ca3ac95 triggered by entity DHCP. {{(pid=103408) provisioning_complete /opt/stack/neutron/neutron/db/provisioning_blocks.py:139}}
Feb 20 05:24:38.736210 n-d-829866-5 neutron-server[103408]: DEBUG neutron_lib.callbacks.manager [None req-dbdf437c-5cbe-4293-ba87-e73da0697c58 None None] Publish callbacks ['neutron.plugins.ml2.plugin.Ml2Plugin._port_provisioned-1346079'] for port (baa8065c-b4e0-4f1b-b888-ff8f1ca3ac95), provisioning_complete {{(pid=103408) _notify_loop /usr/local/lib/python3.8/dist-packages/neutron_lib/callbacks/manager.py:176}}
Feb 20 05:24:38.808966 n-d-829866-5 neutron-server[103408]: DEBUG neutron.plugins.ml2.db [None req-40c95acc-e0da-455c-9759-60546b9feb8e None None] For port baa8065c-b4e0-4f1b-b888-ff8f1ca3ac95, host n-d-829866-5, cleared binding levels {{(pid=103408) clear_binding_levels /opt/stack/neutron/neutron/plugins/ml2/db.py:87}}
Feb 20 05:24:38.826231 n-d-829866-5 neutron-server[103408]: DEBUG neutron.plugins.ml2.plugin [None req-dbdf437c-5cbe-4293-ba87-e73da0697c58 None None] Port baa8065c-b4e0-4f1b-b888-ff8f1ca3ac95 cannot update to ACTIVE because it is not bound. {{(pid=103408) _port_provisioned /opt/stack/neutron/neutron/plugins/ml2/plugin.py:343}}
Feb 20 05:24:38.842838 n-d-829866-5 neutron-server[103408]: DEBUG neutron.plugins.ml2.db [None req-40c95acc-e0da-455c-9759-60546b9feb8e None None] For port baa8065c-b4e0-4f1b-b888-ff8f1ca3ac95, host n-d-829866-5, set binding levels [PortBindingLevel(driver='openvswitch',host='n-d-829866-5',level=0,port_id=baa8065c-b4e0-4f1b-b888-ff8f1ca3ac95,segment=NetworkSegment(2bb1c217-07df-4f9b-aa47-5d29d47a3fb2),segment_id=2bb1c217-07df-4f9b-aa47-5d29d47a3fb2)] {{(pid=103408) set_binding_levels /opt/stack/neutron/neutron/plugins/ml2/db.py:59}}
Feb 20 05:24:38.853207 n-d-829866-5 neutron-server[103408]: DEBUG neutron_lib.callbacks.manager [None req-40c95acc-e0da-455c-9759-60546b9feb8e None None] Publish callbacks ['neutron.plugins.ml2.plugin.SecurityGroupServerNotifierRpcMixin._notify_sg_on_port_change-1653451', 'neutron.plugins.ml2.ovo_rpc._ObjectChangeHandler.handle_event-863773', 'neutron.api.rpc.agentnotifiers.dhcp_rpc_agent_api.DhcpAgentNotifyAPI._native_event_send_dhcp_notification-565260', 'neutron.db.l3_db.L3RpcNotifierMixin._notify_gateway_port_ip_changed-8771095536779', 'neutron.db.l3_dvrscheduler_db._notify_l3_agent_port_update-8771095095098', 'neutron.db.l3_hascheduler_db._notify_l3_agent_ha_port_update-8771095095116'] for port (baa8065c-b4e0-4f1b-b888-ff8f1ca3ac95), after_update {{(pid=103408) _notify_loop /usr/local/lib/python3.8/dist-packages/neutron_lib/callbacks/manager.py:176}}
Feb 20 05:24:38.991077 n-d-829866-5 neutron-server[103408]: DEBUG neutron.db.l3_dvrscheduler_db [None req-40c95acc-e0da-455c-9759-60546b9feb8e None None] Routers {'d7687c1d-69bc-4ec4-afe4-781d4c7f0a7a'} bound to L3 agent in host n-d-829866-5 {{(pid=103408) _get_router_ids_for_agent /opt/stack/neutron/neutron/db/l3_dvrscheduler_db.py:421}}
Feb 20 05:24:38.994042 n-d-829866-5 neutron-server[103408]: DEBUG neutron.db.l3_hamode_db [None req-40c95acc-e0da-455c-9759-60546b9feb8e None None] neutron.services.l3_router.l3_router_plugin.L3RouterPlugin method get_ha_sync_data_for_host called with arguments (, 'n-d-829866-5', Agent(admin_state_up=True,agent_type='L3 agent',availability_zone='nova',binary='neutron-l3-agent',configurations={"agent_mode": "legacy", "ex_gw_ports": 2, "extensions": [], "floating_ips": 0, "handle_internal_only_routers": true, "interface_driver": "openvswitch", "interfaces": 2, "log_agent_heartbeats": false, "routers": 2},created_at=2022-02-20T05:14:18Z,description=,heartbeat_timestamp=2022-02-20T05:24:19Z,host='n-d-829866-5',id=438c8346-d718-4008-a578-409f5dc2e415,load=0,resource_versions=,resources_synced=,started_at=2022-02-20T05:14:18Z,topic='l3_agent')) {'router_ids': ['d7687c1d-69bc-4ec4-afe4-781d4c7f0a7a'], 'active': True} {{(pid=103408) wrapper /usr/local/lib/python3.8/dist-packages/oslo_log/helpers.py:65}}
Feb 20 05:24:38.994042 n-d-829866-5 neutron-server[103408]: DEBUG neutron.api.rpc.handlers.resources_rpc [None req-367c105f-8874-4989-9aeb-32d580ea4b22 None None] Pushing event updated for resources: {'Port': ['ID=baa8065c-b4e0-4f1b-b888-ff8f1ca3ac95,revision_number=4']} {{(pid=103408) push /opt/stack/neutron/neutron/api/rpc/handlers/resources_rpc.py:237}}
Feb 20 05:24:39.105760 n-d-829866-5 neutron-server[103407]: DEBUG neutron.pecan_wsgi.hooks.policy_enforcement [req-dc183df7-1797-4adb-aa26-442b82f3313a req-6cfc4563-c06e-478a-b2a4-96aed0b94092 tempest-AggregatesAdminTestJSON-374362374 tempest-AggregatesAdminTestJSON-374362374-project] Attributes excluded by policy engine: ['standard_attr_id', 'binding:profile', 'binding:host_id', 'binding:vif_type', 'binding:vif_details'] {{(pid=103407) _exclude_attributes_by_policy /opt/stack/neutron/neutron/pecan_wsgi/hooks/policy_enforcement.py:255}}
Feb 20 05:24:39.116484 n-d-829866-5 neutron-server[103407]: INFO neutron.wsgi [req-dc183df7-1797-4adb-aa26-442b82f3313a req-6cfc4563-c06e-478a-b2a4-96aed0b94092 tempest-AggregatesAdminTestJSON-374362374 tempest-AggregatesAdminTestJSON-374362374-project] 10.222.0.37 "GET /v2.0/ports?device_id=880e6e07-d1a0-4292-8c40-2be3de1a01d0 HTTP/1.1" status: 200 len: 968 time: 0.1220043
Feb 20 05:24:39.210997 n-d-829866-5 neutron-server[103407]: INFO neutron.wsgi [req-dc183df7-1797-4adb-aa26-442b82f3313a req-622ac2cc-a63f-4c65-a41c-de1e392d170d tempest-AggregatesAdminTestJSON-374362374 tempest-AggregatesAdminTestJSON-374362374-project] 10.222.0.37 "GET /v2.0/security-groups?id=80d65ea1-9248-4fc8-8294-c25ce2e898a9&fields=id&fields=name HTTP/1.1" status: 200 len: 286 time: 0.0924551
Feb 20 05:24:39.279113 n-d-829866-5 neutron-server[103406]: DEBUG neutron.wsgi [-] (103406) accepted ('10.222.0.37', 45334) {{(pid=103406) server /usr/local/lib/python3.8/dist-packages/eventlet/wsgi.py:1004}}
Feb 20 05:24:39.311822 n-d-829866-5 neutron-server[103406]: DEBUG neutron.wsgi [-] (103406) accepted ('10.222.0.37', 45338) {{(pid=103406) server /usr/local/lib/python3.8/dist-packages/eventlet/wsgi.py:1004}}
Feb 20 05:24:39.323673 n-d-829866-5 neutron-server[103406]: DEBUG neutron.api.v2.base [None req-4774824c-83b1-4bc7-aa46-0d6d60ed9b8e tempest-ServersWithSpecificFlavorTestJSON-720697092 tempest-ServersWithSpecificFlavorTestJSON-720697092-project] Request body: {'security_group': {'name': 'tempest-securitygroup--435162832', 'description': 'tempest-description--214282690'}} {{(pid=103406) prepare_request_body /opt/stack/neutron/neutron/api/v2/base.py:729}}
Feb 20 05:24:39.407690 n-d-829866-5 neutron-server[103408]: DEBUG neutron.db.l3_dvr_db [None req-40c95acc-e0da-455c-9759-60546b9feb8e None None] Set router d7687c1d-69bc-4ec4-afe4-781d4c7f0a7a gateway port host: n-d-829866-5 {{(pid=103408) _build_routers_list /opt/stack/neutron/neutron/db/l3_dvr_db.py:906}}
Feb 20 05:24:39.414121 n-d-829866-5 neutron-server[103406]: DEBUG neutron_lib.callbacks.manager [None req-4774824c-83b1-4bc7-aa46-0d6d60ed9b8e tempest-ServersWithSpecificFlavorTestJSON-720697092 tempest-ServersWithSpecificFlavorTestJSON-720697092-project] Publish callbacks [] for security_group (None), before_create {{(pid=103406) _notify_loop /usr/local/lib/python3.8/dist-packages/neutron_lib/callbacks/manager.py:176}}
Feb 20 05:24:39.494754 n-d-829866-5 neutron-server[103407]: DEBUG neutron.pecan_wsgi.hooks.policy_enforcement [req-30674564-a3e1-4228-a456-3d0b268998ae req-920df06a-c76c-4be7-a32d-014c3f22a16e tempest-DeleteServersAdminTestJSON-1907333125 tempest-DeleteServersAdminTestJSON-1907333125-project] Attributes excluded by policy engine: ['standard_attr_id', 'binding:profile', 'binding:host_id', 'binding:vif_type', 'binding:vif_details'] {{(pid=103407) _exclude_attributes_by_policy /opt/stack/neutron/neutron/pecan_wsgi/hooks/policy_enforcement.py:255}}
Feb 20 05:24:39.504787 n-d-829866-5 neutron-server[103407]: INFO neutron.wsgi [req-30674564-a3e1-4228-a456-3d0b268998ae req-920df06a-c76c-4be7-a32d-014c3f22a16e tempest-DeleteServersAdminTestJSON-1907333125 tempest-DeleteServersAdminTestJSON-1907333125-project] 10.222.0.37 "GET /v2.0/ports?device_id=74aecfde-108a-4321-9fba-f799c7fa3cbe HTTP/1.1" status: 200 len: 947 time: 0.0988629
Feb 20 05:24:39.580975 n-d-829866-5 neutron-server[103406]: DEBUG neutron_lib.callbacks.manager [None req-4774824c-83b1-4bc7-aa46-0d6d60ed9b8e tempest-ServersWithSpecificFlavorTestJSON-720697092 tempest-ServersWithSpecificFlavorTestJSON-720697092-project] Publish callbacks [] for security_group (8e25fa16-67cb-4cfa-bfd2-081f2d286c73), precommit_create {{(pid=103406) _notify_loop /usr/local/lib/python3.8/dist-packages/neutron_lib/callbacks/manager.py:176}}
Feb 20 05:24:39.589377 n-d-829866-5 neutron-server[103406]: DEBUG neutron_lib.callbacks.manager [None req-4774824c-83b1-4bc7-aa46-0d6d60ed9b8e tempest-ServersWithSpecificFlavorTestJSON-720697092 tempest-ServersWithSpecificFlavorTestJSON-720697092-project] Publish callbacks ['neutron.plugins.ml2.ovo_rpc._ObjectChangeHandler.handle_event-544387'] for security_group (8e25fa16-67cb-4cfa-bfd2-081f2d286c73), after_create {{(pid=103406) _notify_loop /usr/local/lib/python3.8/dist-packages/neutron_lib/callbacks/manager.py:176}}
Feb 20 05:24:39.618651 n-d-829866-5 neutron-server[103407]: INFO neutron.wsgi [req-30674564-a3e1-4228-a456-3d0b268998ae req-97b6d81e-1c45-44d6-a938-fbc230b46faf tempest-DeleteServersAdminTestJSON-1907333125 tempest-DeleteServersAdminTestJSON-1907333125-project] 10.222.0.37 "GET /v2.0/security-groups?id=66b817b3-5954-4055-8dc6-bddd86afc8b5&fields=id&fields=name HTTP/1.1" status: 200 len: 286 time: 0.1106560
Feb 20 05:24:39.654553 n-d-829866-5 neutron-server[103406]: DEBUG neutron_lib.callbacks.manager [None req-4774824c-83b1-4bc7-aa46-0d6d60ed9b8e tempest-ServersWithSpecificFlavorTestJSON-720697092 tempest-ServersWithSpecificFlavorTestJSON-720697092-project] Publish callbacks [] for security_group (None), before_response {{(pid=103406) _notify_loop /usr/local/lib/python3.8/dist-packages/neutron_lib/callbacks/manager.py:176}}
Feb 20 05:24:39.661957 n-d-829866-5 neutron-server[103406]: INFO neutron.wsgi [None req-4774824c-83b1-4bc7-aa46-0d6d60ed9b8e tempest-ServersWithSpecificFlavorTestJSON-720697092 tempest-ServersWithSpecificFlavorTestJSON-720697092-project] 10.222.0.37 "POST /v2.0/security-groups HTTP/1.1" status: 201 len: 1795 time: 0.3487740
Feb 20 05:24:39.665377 n-d-829866-5 neutron-server[103407]: DEBUG neutron.wsgi [-] (103407) accepted ('10.222.0.37', 45348) {{(pid=103407) server /usr/local/lib/python3.8/dist-packages/eventlet/wsgi.py:1004}}
Feb 20 05:24:39.670440 n-d-829866-5 neutron-server[103407]: DEBUG neutron.api.v2.base [None req-2591dced-d2b3-4c7e-a615-b4d48b48cf66 tempest-ServersWithSpecificFlavorTestJSON-720697092 tempest-ServersWithSpecificFlavorTestJSON-720697092-project] Request body: {'security_group_rule': {'security_group_id': '8e25fa16-67cb-4cfa-bfd2-081f2d286c73', 'protocol': 'tcp', 'ethertype': 'IPv4', 'port_range_min': 22, 'port_range_max': 22, 'direction': 'ingress'}} {{(pid=103407) prepare_request_body /opt/stack/neutron/neutron/api/v2/base.py:729}}
Feb 20 05:24:39.711354 n-d-829866-5 neutron-server[103406]: DEBUG neutron.api.rpc.handlers.resources_rpc [None req-4774824c-83b1-4bc7-aa46-0d6d60ed9b8e tempest-ServersWithSpecificFlavorTestJSON-720697092 tempest-ServersWithSpecificFlavorTestJSON-720697092-project] Pushing event updated for resources: {'SecurityGroup': ['ID=8e25fa16-67cb-4cfa-bfd2-081f2d286c73,revision_number=1']} {{(pid=103406) push /opt/stack/neutron/neutron/api/rpc/handlers/resources_rpc.py:237}}
Feb 20 05:24:39.723434 n-d-829866-5 neutron-server[103407]: DEBUG neutron_lib.callbacks.manager [None req-2591dced-d2b3-4c7e-a615-b4d48b48cf66 tempest-ServersWithSpecificFlavorTestJSON-720697092 tempest-ServersWithSpecificFlavorTestJSON-720697092-project] Publish callbacks [] for security_group_rule (388666bb-51e0-478d-b92d-96b7680182bd), before_create {{(pid=103407) _notify_loop /usr/local/lib/python3.8/dist-packages/neutron_lib/callbacks/manager.py:176}}
Feb 20 05:24:39.726746 n-d-829866-5 neutron-server[103406]: DEBUG neutron_lib.callbacks.manager [None req-e82730c1-0fb4-477d-a2df-09ed0d326124 admin admin] Publish callbacks [] for security_group (None), before_create {{(pid=103406) _notify_loop /usr/local/lib/python3.8/dist-packages/neutron_lib/callbacks/manager.py:176}}
Feb 20 05:24:39.847844 n-d-829866-5 neutron-server[103407]: DEBUG neutron_lib.callbacks.manager [None req-2591dced-d2b3-4c7e-a615-b4d48b48cf66 tempest-ServersWithSpecificFlavorTestJSON-720697092 tempest-ServersWithSpecificFlavorTestJSON-720697092-project] Publish callbacks [] for security_group_rule (388666bb-51e0-478d-b92d-96b7680182bd), precommit_create {{(pid=103407) _notify_loop /usr/local/lib/python3.8/dist-packages/neutron_lib/callbacks/manager.py:176}}
Feb 20 05:24:39.854419 n-d-829866-5 neutron-server[103407]: DEBUG neutron_lib.callbacks.manager [None req-2591dced-d2b3-4c7e-a615-b4d48b48cf66 tempest-ServersWithSpecificFlavorTestJSON-720697092 tempest-ServersWithSpecificFlavorTestJSON-720697092-project] Publish callbacks ['neutron.plugins.ml2.ovo_rpc._ObjectChangeHandler.handle_event-542261'] for security_group_rule (388666bb-51e0-478d-b92d-96b7680182bd), after_create {{(pid=103407) _notify_loop /usr/local/lib/python3.8/dist-packages/neutron_lib/callbacks/manager.py:176}}
Feb 20 05:24:39.897304 n-d-829866-5 neutron-server[103407]: DEBUG neutron.api.rpc.handlers.resources_rpc [None req-2591dced-d2b3-4c7e-a615-b4d48b48cf66 tempest-ServersWithSpecificFlavorTestJSON-720697092 tempest-ServersWithSpecificFlavorTestJSON-720697092-project] Pushing event updated for resources: {'SecurityGroupRule': ['ID=388666bb-51e0-478d-b92d-96b7680182bd,revision_number=0']} {{(pid=103407) push /opt/stack/neutron/neutron/api/rpc/handlers/resources_rpc.py:237}}
Feb 20 05:24:39.912417 n-d-829866-5 neutron-server[103407]: DEBUG neutron_lib.callbacks.manager [None req-2591dced-d2b3-4c7e-a615-b4d48b48cf66 tempest-ServersWithSpecificFlavorTestJSON-720697092 tempest-ServersWithSpecificFlavorTestJSON-720697092-project] Publish callbacks [] for security_group_rule (None), before_response {{(pid=103407) _notify_loop /usr/local/lib/python3.8/dist-packages/neutron_lib/callbacks/manager.py:176}}
Feb 20 05:24:39.914215 n-d-829866-5 neutron-server[103407]: INFO neutron.wsgi [None req-2591dced-d2b3-4c7e-a615-b4d48b48cf66 tempest-ServersWithSpecificFlavorTestJSON-720697092 tempest-ServersWithSpecificFlavorTestJSON-720697092-project] 10.222.0.37 "POST /v2.0/security-group-rules HTTP/1.1" status: 201 len: 764 time: 0.2472792
Feb 20 05:24:39.916737 n-d-829866-5 neutron-server[103407]: DEBUG neutron.wsgi [-] (103407) accepted ('10.222.0.37', 45356) {{(pid=103407) server /usr/local/lib/python3.8/dist-packages/eventlet/wsgi.py:1004}}
Feb 20 05:24:39.923121 n-d-829866-5 neutron-server[103407]: DEBUG neutron.api.v2.base [None req-3886818f-4224-414e-9271-9791a9837f54 tempest-ServersWithSpecificFlavorTestJSON-720697092 tempest-ServersWithSpecificFlavorTestJSON-720697092-project] Request body: {'security_group_rule': {'security_group_id': '8e25fa16-67cb-4cfa-bfd2-081f2d286c73', 'protocol': 'icmp', 'ethertype': 'IPv4', 'direction': 'ingress'}} {{(pid=103407) prepare_request_body /opt/stack/neutron/neutron/api/v2/base.py:729}}
Feb 20 05:24:39.970320 n-d-829866-5 neutron-server[103407]: DEBUG neutron_lib.callbacks.manager [None req-3886818f-4224-414e-9271-9791a9837f54 tempest-ServersWithSpecificFlavorTestJSON-720697092 tempest-ServersWithSpecificFlavorTestJSON-720697092-project] Publish callbacks [] for security_group_rule (91dd8309-7e72-415b-9628-56943776abf7), before_create {{(pid=103407) _notify_loop /usr/local/lib/python3.8/dist-packages/neutron_lib/callbacks/manager.py:176}}
Feb 20 05:24:39.981319 n-d-829866-5 neutron-server[103408]: DEBUG neutron.db.provisioning_blocks [None req-d5b6e019-fb38-4f49-9ce6-991493fc23e3 None None] Provisioning complete for port baa8065c-b4e0-4f1b-b888-ff8f1ca3ac95 triggered by entity DHCP. {{(pid=103408) provisioning_complete /opt/stack/neutron/neutron/db/provisioning_blocks.py:139}}
Feb 20 05:24:39.981899 n-d-829866-5 neutron-server[103408]: DEBUG neutron_lib.callbacks.manager [None req-d5b6e019-fb38-4f49-9ce6-991493fc23e3 None None] Publish callbacks ['neutron.plugins.ml2.plugin.Ml2Plugin._port_provisioned-1346079'] for port (baa8065c-b4e0-4f1b-b888-ff8f1ca3ac95), provisioning_complete {{(pid=103408) _notify_loop /usr/local/lib/python3.8/dist-packages/neutron_lib/callbacks/manager.py:176}}
Feb 20 05:24:39.991812 n-d-829866-5 neutron-server[103406]: DEBUG neutron_lib.callbacks.manager [None req-e82730c1-0fb4-477d-a2df-09ed0d326124 admin admin] Publish callbacks [] for security_group (545ae4a9-1a2a-476f-81ae-29d3daf674b7), precommit_create {{(pid=103406) _notify_loop /usr/local/lib/python3.8/dist-packages/neutron_lib/callbacks/manager.py:176}}
Feb 20 05:24:40.003395 n-d-829866-5 neutron-server[103406]: DEBUG neutron_lib.callbacks.manager [None req-e82730c1-0fb4-477d-a2df-09ed0d326124 admin admin] Publish callbacks ['neutron.plugins.ml2.ovo_rpc._ObjectChangeHandler.handle_event-544387'] for security_group (545ae4a9-1a2a-476f-81ae-29d3daf674b7), after_create {{(pid=103406) _notify_loop /usr/local/lib/python3.8/dist-packages/neutron_lib/callbacks/manager.py:176}}
Feb 20 05:24:40.074923 n-d-829866-5 neutron-server[103407]: DEBUG neutron_lib.callbacks.manager [None req-3886818f-4224-414e-9271-9791a9837f54 tempest-ServersWithSpecificFlavorTestJSON-720697092 tempest-ServersWithSpecificFlavorTestJSON-720697092-project] Publish callbacks [] for security_group_rule (91dd8309-7e72-415b-9628-56943776abf7), precommit_create {{(pid=103407) _notify_loop /usr/local/lib/python3.8/dist-packages/neutron_lib/callbacks/manager.py:176}}
Feb 20 05:24:40.081013 n-d-829866-5 neutron-server[103407]: DEBUG neutron_lib.callbacks.manager [None req-3886818f-4224-414e-9271-9791a9837f54 tempest-ServersWithSpecificFlavorTestJSON-720697092 tempest-ServersWithSpecificFlavorTestJSON-720697092-project] Publish callbacks ['neutron.plugins.ml2.ovo_rpc._ObjectChangeHandler.handle_event-542261'] for security_group_rule (91dd8309-7e72-415b-9628-56943776abf7), after_create {{(pid=103407) _notify_loop /usr/local/lib/python3.8/dist-packages/neutron_lib/callbacks/manager.py:176}}
Feb 20 05:24:40.094557 n-d-829866-5 neutron-server[103406]: DEBUG neutron.api.rpc.handlers.resources_rpc [None req-e82730c1-0fb4-477d-a2df-09ed0d326124 admin admin] Pushing event updated for resources: {'SecurityGroup': ['ID=545ae4a9-1a2a-476f-81ae-29d3daf674b7,revision_number=1']} {{(pid=103406) push /opt/stack/neutron/neutron/api/rpc/handlers/resources_rpc.py:237}}
