Feb 20 05:25:01.539205 n-d-829866-5 neutron-server[103407]: INFO neutron.wsgi [req-fb136cd5-aa9c-47da-81a8-68cbe187e02e req-cc401ed4-f5c0-445a-b830-c681b74ba09c service neutron] 10.222.0.48 "GET /v2.0/floatingips?fixed_ip_address=172.20.0.13&port_id=056c579f-a4f8-44d5-abd9-86552ef4696b HTTP/1.1" status: 200 len: 1002 time: 0.0710917
Feb 20 05:25:01.570661 n-d-829866-5 neutron-server[103408]: DEBUG neutron.plugins.ml2.plugin [None req-7dae1015-7723-46f0-89d2-8df6ca5e1415 None None] No Port match for: ed6d4b04-c406-42ed-a682-0b0ab5db7589 {{(pid=103408) port_bound_to_host /opt/stack/neutron/neutron/plugins/ml2/plugin.py:2316}}
Feb 20 05:25:01.571403 n-d-829866-5 neutron-server[103408]: DEBUG neutron.plugins.ml2.rpc [None req-7dae1015-7723-46f0-89d2-8df6ca5e1415 None None] Device ed6d4b04-c406-42ed-a682-0b0ab5db7589 not bound to the agent host n-h2-829866-5 {{(pid=103408) update_device_down /opt/stack/neutron/neutron/plugins/ml2/rpc.py:269}}
Feb 20 05:25:01.607097 n-d-829866-5 neutron-server[103407]: DEBUG neutron.pecan_wsgi.hooks.policy_enforcement [req-fb136cd5-aa9c-47da-81a8-68cbe187e02e req-87e3fce9-bfd1-4450-8786-6c59d7d16eb2 service neutron] Attributes excluded by policy engine: ['standard_attr_id', 'shared'] {{(pid=103407) _exclude_attributes_by_policy /opt/stack/neutron/neutron/pecan_wsgi/hooks/policy_enforcement.py:255}}
Feb 20 05:25:01.608986 n-d-829866-5 neutron-server[103407]: INFO neutron.wsgi [req-fb136cd5-aa9c-47da-81a8-68cbe187e02e req-87e3fce9-bfd1-4450-8786-6c59d7d16eb2 service neutron] 10.222.0.48 "GET /v2.0/subnets?id=aac2b293-11f4-4fbc-a42b-637ee496d192 HTTP/1.1" status: 200 len: 863 time: 0.0630391
Feb 20 05:25:01.714417 n-d-829866-5 neutron-server[103407]: DEBUG neutron.pecan_wsgi.hooks.policy_enforcement [req-fb136cd5-aa9c-47da-81a8-68cbe187e02e req-094157eb-0107-4bef-8bf7-2f8dbc60e868 service neutron] Attributes excluded by policy engine: ['standard_attr_id'] {{(pid=103407) _exclude_attributes_by_policy /opt/stack/neutron/neutron/pecan_wsgi/hooks/policy_enforcement.py:255}}
Feb 20 05:25:01.716351 n-d-829866-5 neutron-server[103407]: INFO neutron.wsgi [req-fb136cd5-aa9c-47da-81a8-68cbe187e02e req-094157eb-0107-4bef-8bf7-2f8dbc60e868 service neutron] 10.222.0.48 "GET /v2.0/ports?network_id=805bb61f-0284-479c-a7fa-c503f096a7af&device_owner=network%3Adhcp HTTP/1.1" status: 200 len: 1200 time: 0.1012530
Feb 20 05:25:01.892242 n-d-829866-5 neutron-server[103407]: INFO neutron.wsgi [req-fb136cd5-aa9c-47da-81a8-68cbe187e02e req-56d24d20-8548-4d6e-af8d-15f96728f33a service neutron] 10.222.0.48 "GET /v2.0/networks/805bb61f-0284-479c-a7fa-c503f096a7af?fields=segments HTTP/1.1" status: 200 len: 212 time: 0.1644399
Feb 20 05:25:02.046977 n-d-829866-5 neutron-server[103407]: INFO neutron.wsgi [req-fb136cd5-aa9c-47da-81a8-68cbe187e02e req-44e2f7e0-0fea-442e-bb81-6673a3370e81 service neutron] 10.222.0.48 "GET /v2.0/networks/805bb61f-0284-479c-a7fa-c503f096a7af?fields=provider%3Aphysical_network&fields=provider%3Anetwork_type HTTP/1.1" status: 200 len: 281 time: 0.1439304
Feb 20 05:25:02.105452 n-d-829866-5 neutron-server[103407]: INFO neutron.wsgi [req-0feb3382-3e92-4e9d-8a67-be64f41463df req-fb6e7ded-66ca-4db5-acd3-924249eedb43 tempest-DeleteServersAdminTestJSON-1907333125 tempest-DeleteServersAdminTestJSON-1907333125-project] 10.222.0.37 "GET /v2.0/ports?device_id=95375805-267e-4f4b-8dbd-5fd72c8dfeec HTTP/1.1" status: 200 len: 210 time: 0.0308785
Feb 20 05:25:02.197811 n-d-829866-5 neutron-server[103407]: INFO neutron.wsgi [req-f8582f16-7d5c-49d0-b52f-96db1f5dc3dd req-74448b4f-5b99-425e-8044-9723a440bd9b tempest-DeleteServersAdminTestJSON-1907333125 tempest-DeleteServersAdminTestJSON-1907333125-project] 10.222.0.48 "GET /v2.0/networks?tenant_id=fe161fbd266c450a98833c9c741f175f&shared=False HTTP/1.1" status: 200 len: 213 time: 0.0397654
Feb 20 05:25:02.484593 n-d-829866-5 neutron-server[103407]: DEBUG neutron.pecan_wsgi.hooks.policy_enforcement [req-9c199ca7-bdd2-49f0-b30e-8fd011818863 req-941753e3-fa9f-40a8-995c-c623e4d5b18b tempest-TenantUsagesTestJSON-238469893 tempest-TenantUsagesTestJSON-238469893-project] Attributes excluded by policy engine: ['standard_attr_id', 'binding:profile', 'binding:host_id', 'binding:vif_type', 'binding:vif_details'] {{(pid=103407) _exclude_attributes_by_policy /opt/stack/neutron/neutron/pecan_wsgi/hooks/policy_enforcement.py:255}}
Feb 20 05:25:02.487044 n-d-829866-5 neutron-server[103407]: INFO neutron.wsgi [req-9c199ca7-bdd2-49f0-b30e-8fd011818863 req-941753e3-fa9f-40a8-995c-c623e4d5b18b tempest-TenantUsagesTestJSON-238469893 tempest-TenantUsagesTestJSON-238469893-project] 10.222.0.37 "GET /v2.0/ports?device_id=f85dc73d-6ab9-4c89-83fe-94f2fdbb6e1a HTTP/1.1" status: 200 len: 970 time: 0.0939620
Feb 20 05:25:02.540111 n-d-829866-5 neutron-server[103407]: DEBUG neutron.pecan_wsgi.hooks.policy_enforcement [req-f8582f16-7d5c-49d0-b52f-96db1f5dc3dd req-6f2d6cf4-5c33-4d42-a908-048011dc239f tempest-DeleteServersAdminTestJSON-1907333125 tempest-DeleteServersAdminTestJSON-1907333125-project] Attributes excluded by policy engine: ['standard_attr_id', 'vlan_transparent', 'provider:network_type', 'provider:physical_network', 'provider:segmentation_id'] {{(pid=103407) _exclude_attributes_by_policy /opt/stack/neutron/neutron/pecan_wsgi/hooks/policy_enforcement.py:255}}
Feb 20 05:25:02.541628 n-d-829866-5 neutron-server[103407]: INFO neutron.wsgi [req-f8582f16-7d5c-49d0-b52f-96db1f5dc3dd req-6f2d6cf4-5c33-4d42-a908-048011dc239f tempest-DeleteServersAdminTestJSON-1907333125 tempest-DeleteServersAdminTestJSON-1907333125-project] 10.222.0.48 "GET /v2.0/networks?shared=True HTTP/1.1" status: 200 len: 769 time: 0.3382628
Feb 20 05:25:02.558033 n-d-829866-5 neutron-server[103407]: DEBUG neutron.api.v2.base [req-f8582f16-7d5c-49d0-b52f-96db1f5dc3dd req-db54be79-15a4-420f-bf7e-7ab000fb2305 tempest-DeleteServersAdminTestJSON-1907333125 tempest-DeleteServersAdminTestJSON-1907333125-project] Request body: {'port': {'device_id': '95375805-267e-4f4b-8dbd-5fd72c8dfeec', 'network_id': 'ea6854a5-214b-448f-9837-d74f1724e31b', 'admin_state_up': True, 'tenant_id': 'fe161fbd266c450a98833c9c741f175f'}} {{(pid=103407) prepare_request_body /opt/stack/neutron/neutron/api/v2/base.py:729}}
Feb 20 05:25:02.561196 n-d-829866-5 neutron-server[103406]: DEBUG neutron.wsgi [-] (103406) accepted ('10.222.0.37', 46194) {{(pid=103406) server /usr/local/lib/python3.8/dist-packages/eventlet/wsgi.py:1004}}
Feb 20 05:25:02.648534 n-d-829866-5 neutron-server[103407]: INFO neutron.wsgi [req-9c199ca7-bdd2-49f0-b30e-8fd011818863 req-51841ef2-e4a2-4432-ae6c-4d966aee03fd tempest-TenantUsagesTestJSON-238469893 tempest-TenantUsagesTestJSON-238469893-project] 10.222.0.37 "GET /v2.0/security-groups?id=f309216e-855e-498f-8324-1acfbcafc0b4&fields=id&fields=name HTTP/1.1" status: 200 len: 286 time: 0.1532688
Feb 20 05:25:02.728457 n-d-829866-5 neutron-server[103407]: DEBUG neutron.pecan_wsgi.hooks.quota_enforcement [req-f8582f16-7d5c-49d0-b52f-96db1f5dc3dd req-db54be79-15a4-420f-bf7e-7ab000fb2305 tempest-DeleteServersAdminTestJSON-1907333125 tempest-DeleteServersAdminTestJSON-1907333125-project] Made reservation on behalf of fe161fbd266c450a98833c9c741f175f for: {'port': 1} {{(pid=103407) before /opt/stack/neutron/neutron/pecan_wsgi/hooks/quota_enforcement.py:53}}
Feb 20 05:25:02.732102 n-d-829866-5 neutron-server[103407]: DEBUG neutron_lib.callbacks.manager [req-f8582f16-7d5c-49d0-b52f-96db1f5dc3dd req-db54be79-15a4-420f-bf7e-7ab000fb2305 tempest-DeleteServersAdminTestJSON-1907333125 tempest-DeleteServersAdminTestJSON-1907333125-project] Publish callbacks ['neutron.plugins.ml2.plugin.SecurityGroupDbMixin._ensure_default_security_group_handler-1652998'] for port (None), before_create {{(pid=103407) _notify_loop /usr/local/lib/python3.8/dist-packages/neutron_lib/callbacks/manager.py:176}}
Feb 20 05:25:02.734412 n-d-829866-5 neutron-server[103406]: DEBUG neutron_lib.callbacks.manager [None req-8dfa5cb4-3633-4ccb-b847-73b833f56bda admin admin] Publish callbacks [] for security_group (None), before_create {{(pid=103406) _notify_loop /usr/local/lib/python3.8/dist-packages/neutron_lib/callbacks/manager.py:176}}
Feb 20 05:25:02.871947 n-d-829866-5 neutron-server[103406]: DEBUG neutron_lib.callbacks.manager [None req-8dfa5cb4-3633-4ccb-b847-73b833f56bda admin admin] Publish callbacks [] for security_group (6ac4d431-70a9-490c-a101-81fcd168cbe6), precommit_create {{(pid=103406) _notify_loop /usr/local/lib/python3.8/dist-packages/neutron_lib/callbacks/manager.py:176}}
Feb 20 05:25:02.878800 n-d-829866-5 neutron-server[103406]: DEBUG neutron_lib.callbacks.manager [None req-8dfa5cb4-3633-4ccb-b847-73b833f56bda admin admin] Publish callbacks ['neutron.plugins.ml2.ovo_rpc._ObjectChangeHandler.handle_event-544387'] for security_group (6ac4d431-70a9-490c-a101-81fcd168cbe6), after_create {{(pid=103406) _notify_loop /usr/local/lib/python3.8/dist-packages/neutron_lib/callbacks/manager.py:176}}
Feb 20 05:25:02.955174 n-d-829866-5 neutron-server[103406]: INFO neutron.wsgi [None req-8dfa5cb4-3633-4ccb-b847-73b833f56bda admin admin] 10.222.0.37 "GET /v2.0/security-groups?tenant_id=d078b0631ecf422c8cbfd91d6e4562d2&name=default HTTP/1.1" status: 200 len: 2996 time: 0.3900070
Feb 20 05:25:02.965663 n-d-829866-5 neutron-server[103406]: DEBUG neutron.api.rpc.handlers.resources_rpc [None req-8dfa5cb4-3633-4ccb-b847-73b833f56bda admin admin] Pushing event updated for resources: {'SecurityGroup': ['ID=6ac4d431-70a9-490c-a101-81fcd168cbe6,revision_number=1']} {{(pid=103406) push /opt/stack/neutron/neutron/api/rpc/handlers/resources_rpc.py:237}}
Feb 20 05:25:02.968813 n-d-829866-5 neutron-server[103406]: DEBUG neutron.wsgi [-] (103406) accepted ('10.222.0.37', 46212) {{(pid=103406) server /usr/local/lib/python3.8/dist-packages/eventlet/wsgi.py:1004}}
Feb 20 05:25:03.084403 n-d-829866-5 neutron-server[103407]: DEBUG neutron.db.db_base_plugin_common [req-f8582f16-7d5c-49d0-b52f-96db1f5dc3dd req-db54be79-15a4-420f-bf7e-7ab000fb2305 tempest-DeleteServersAdminTestJSON-1907333125 tempest-DeleteServersAdminTestJSON-1907333125-project] Allocated IP 192.168.233.176 (ea6854a5-214b-448f-9837-d74f1724e31b/d4157e6f-7413-4a84-9318-db0e146b1000/d40832ee-1e1b-4612-9b13-01632ba8ad8f) {{(pid=103407) _store_ip_allocation /opt/stack/neutron/neutron/db/db_base_plugin_common.py:131}}
Feb 20 05:25:03.102693 n-d-829866-5 neutron-server[103406]: DEBUG neutron_lib.callbacks.manager [None req-a4b3b238-2cfa-46ab-a3f5-6eba4cb19dc6 admin admin] Publish callbacks [] for security_group (6ac4d431-70a9-490c-a101-81fcd168cbe6), before_delete {{(pid=103406) _notify_loop /usr/local/lib/python3.8/dist-packages/neutron_lib/callbacks/manager.py:176}}
Feb 20 05:25:03.179311 n-d-829866-5 neutron-server[103406]: DEBUG neutron_lib.callbacks.manager [None req-a4b3b238-2cfa-46ab-a3f5-6eba4cb19dc6 admin admin] Publish callbacks [] for security_group (6ac4d431-70a9-490c-a101-81fcd168cbe6), precommit_delete {{(pid=103406) _notify_loop /usr/local/lib/python3.8/dist-packages/neutron_lib/callbacks/manager.py:176}}
Feb 20 05:25:03.255592 n-d-829866-5 neutron-server[103406]: DEBUG neutron.wsgi [-] (103406) accepted ('10.222.0.37', 46232) {{(pid=103406) server /usr/local/lib/python3.8/dist-packages/eventlet/wsgi.py:1004}}
Feb 20 05:25:03.289206 n-d-829866-5 neutron-server[103406]: DEBUG neutron_lib.callbacks.manager [None req-a4b3b238-2cfa-46ab-a3f5-6eba4cb19dc6 admin admin] Publish callbacks ['neutron.plugins.ml2.ovo_rpc._ObjectChangeHandler.handle_event-544387'] for security_group (6ac4d431-70a9-490c-a101-81fcd168cbe6), after_delete {{(pid=103406) _notify_loop /usr/local/lib/python3.8/dist-packages/neutron_lib/callbacks/manager.py:176}}
Feb 20 05:25:03.293314 n-d-829866-5 neutron-server[103406]: DEBUG neutron_lib.callbacks.manager [None req-a4b3b238-2cfa-46ab-a3f5-6eba4cb19dc6 admin admin] Publish callbacks [] for security_group (None), before_response {{(pid=103406) _notify_loop /usr/local/lib/python3.8/dist-packages/neutron_lib/callbacks/manager.py:176}}
Feb 20 05:25:03.294451 n-d-829866-5 neutron-server[103406]: INFO neutron.wsgi [None req-a4b3b238-2cfa-46ab-a3f5-6eba4cb19dc6 admin admin] 10.222.0.37 "DELETE /v2.0/security-groups/6ac4d431-70a9-490c-a101-81fcd168cbe6 HTTP/1.1" status: 204 len: 168 time: 0.3243120
Feb 20 05:25:03.313167 n-d-829866-5 neutron-server[103407]: INFO neutron.wsgi [req-2f3874f4-57f0-4062-9f6c-2e1dbd202794 req-64b4ee88-a63d-463c-9aa3-fe7c6623eb35 tempest-DeleteServersAdminTestJSON-1907333125 tempest-DeleteServersAdminTestJSON-1907333125-project] 10.222.0.37 "GET /v2.0/ports?device_id=95375805-267e-4f4b-8dbd-5fd72c8dfeec HTTP/1.1" status: 200 len: 210 time: 0.0530229
Feb 20 05:25:03.313753 n-d-829866-5 neutron-server[103406]: DEBUG neutron.api.rpc.handlers.resources_rpc [None req-a4b3b238-2cfa-46ab-a3f5-6eba4cb19dc6 admin admin] Pushing event deleted for resources: {'SecurityGroup': ['ID=6ac4d431-70a9-490c-a101-81fcd168cbe6,revision_number=None']} {{(pid=103406) push /opt/stack/neutron/neutron/api/rpc/handlers/resources_rpc.py:237}}
Feb 20 05:25:03.457609 n-d-829866-5 neutron-server[103407]: DEBUG neutron_lib.callbacks.manager [req-f8582f16-7d5c-49d0-b52f-96db1f5dc3dd req-db54be79-15a4-420f-bf7e-7ab000fb2305 tempest-DeleteServersAdminTestJSON-1907333125 tempest-DeleteServersAdminTestJSON-1907333125-project] Publish callbacks [] for port (d40832ee-1e1b-4612-9b13-01632ba8ad8f), precommit_create {{(pid=103407) _notify_loop /usr/local/lib/python3.8/dist-packages/neutron_lib/callbacks/manager.py:176}}
Feb 20 05:25:03.506051 n-d-829866-5 neutron-server[103406]: DEBUG neutron_lib.callbacks.manager [None req-13e2f550-a85a-4081-b5a2-ee69ada715de admin admin] Publish callbacks [] for security_group (None), before_create {{(pid=103406) _notify_loop /usr/local/lib/python3.8/dist-packages/neutron_lib/callbacks/manager.py:176}}
Feb 20 05:25:03.537306 n-d-829866-5 neutron-server[103407]: DEBUG neutron_lib.callbacks.manager [req-f8582f16-7d5c-49d0-b52f-96db1f5dc3dd req-db54be79-15a4-420f-bf7e-7ab000fb2305 tempest-DeleteServersAdminTestJSON-1907333125 tempest-DeleteServersAdminTestJSON-1907333125-project] Publish callbacks ['neutron.plugins.ml2.plugin.SecurityGroupServerNotifierRpcMixin._notify_sg_on_port_change-1653451', 'neutron.plugins.ml2.ovo_rpc._ObjectChangeHandler.handle_event-863773', 'neutron.api.rpc.agentnotifiers.dhcp_rpc_agent_api.DhcpAgentNotifyAPI._native_event_send_dhcp_notification-565260', 'neutron.db.l3_dvrscheduler_db._notify_l3_agent_new_port-8771095095080'] for port (d40832ee-1e1b-4612-9b13-01632ba8ad8f), after_create {{(pid=103407) _notify_loop /usr/local/lib/python3.8/dist-packages/neutron_lib/callbacks/manager.py:176}}
Feb 20 05:25:03.671205 n-d-829866-5 neutron-server[103407]: DEBUG neutron.scheduler.dhcp_agent_scheduler [req-f8582f16-7d5c-49d0-b52f-96db1f5dc3dd req-db54be79-15a4-420f-bf7e-7ab000fb2305 tempest-DeleteServersAdminTestJSON-1907333125 tempest-DeleteServersAdminTestJSON-1907333125-project] Network ea6854a5-214b-448f-9837-d74f1724e31b is already hosted by enough agents. {{(pid=103407) _get_dhcp_agents_hosting_network /opt/stack/neutron/neutron/scheduler/dhcp_agent_scheduler.py:275}}
Feb 20 05:25:03.682679 n-d-829866-5 neutron-server[103407]: DEBUG neutron.scheduler.base_scheduler [req-f8582f16-7d5c-49d0-b52f-96db1f5dc3dd req-db54be79-15a4-420f-bf7e-7ab000fb2305 tempest-DeleteServersAdminTestJSON-1907333125 tempest-DeleteServersAdminTestJSON-1907333125-project] Resources bound (agent type, host, resource id): {{(pid=103407) schedule /opt/stack/neutron/neutron/scheduler/base_scheduler.py:57}}
Feb 20 05:25:03.690598 n-d-829866-5 neutron-server[103407]: DEBUG neutron.db.l3_dvrscheduler_db [req-f8582f16-7d5c-49d0-b52f-96db1f5dc3dd req-db54be79-15a4-420f-bf7e-7ab000fb2305 tempest-DeleteServersAdminTestJSON-1907333125 tempest-DeleteServersAdminTestJSON-1907333125-project] Received port after_create {{(pid=103407) _notify_l3_agent_new_port /opt/stack/neutron/neutron/db/l3_dvrscheduler_db.py:536}}
Feb 20 05:25:03.697018 n-d-829866-5 neutron-server[103407]: DEBUG neutron.pecan_wsgi.hooks.policy_enforcement [req-f8582f16-7d5c-49d0-b52f-96db1f5dc3dd req-db54be79-15a4-420f-bf7e-7ab000fb2305 tempest-DeleteServersAdminTestJSON-1907333125 tempest-DeleteServersAdminTestJSON-1907333125-project] Attributes excluded by policy engine: ['standard_attr_id', 'binding:profile', 'binding:host_id', 'binding:vif_type', 'binding:vif_details', 'network'] {{(pid=103407) _exclude_attributes_by_policy /opt/stack/neutron/neutron/pecan_wsgi/hooks/policy_enforcement.py:255}}
Feb 20 05:25:03.697887 n-d-829866-5 neutron-server[103407]: DEBUG neutron_lib.callbacks.manager [req-f8582f16-7d5c-49d0-b52f-96db1f5dc3dd req-db54be79-15a4-420f-bf7e-7ab000fb2305 tempest-DeleteServersAdminTestJSON-1907333125 tempest-DeleteServersAdminTestJSON-1907333125-project] Publish callbacks ['neutron.notifiers.nova.Notifier._send_nova_notification-977233', 'neutron.api.rpc.agentnotifiers.dhcp_rpc_agent_api.DhcpAgentNotifyAPI._send_dhcp_notification-565282'] for port (None), before_response {{(pid=103407) _notify_loop /usr/local/lib/python3.8/dist-packages/neutron_lib/callbacks/manager.py:176}}
Feb 20 05:25:03.719708 n-d-829866-5 neutron-server[103407]: INFO neutron.wsgi [req-f8582f16-7d5c-49d0-b52f-96db1f5dc3dd req-db54be79-15a4-420f-bf7e-7ab000fb2305 tempest-DeleteServersAdminTestJSON-1907333125 tempest-DeleteServersAdminTestJSON-1907333125-project] 10.222.0.48 "POST /v2.0/ports HTTP/1.1" status: 201 len: 938 time: 1.1673777
Feb 20 05:25:03.727509 n-d-829866-5 neutron-server[103406]: DEBUG neutron_lib.callbacks.manager [None req-13e2f550-a85a-4081-b5a2-ee69ada715de admin admin] Publish callbacks [] for security_group (5499f17e-462a-42e9-8f96-feea9c07391c), precommit_create {{(pid=103406) _notify_loop /usr/local/lib/python3.8/dist-packages/neutron_lib/callbacks/manager.py:176}}
Feb 20 05:25:03.731939 n-d-829866-5 neutron-server[103407]: DEBUG neutron.api.v2.base [req-f8582f16-7d5c-49d0-b52f-96db1f5dc3dd req-b1e42b45-224b-48a9-b87a-21d6905060a9 service neutron] Request body: {'port': {'device_id': '95375805-267e-4f4b-8dbd-5fd72c8dfeec', 'device_owner': 'compute:nova', 'binding:host_id': 'n-h2-829866-5'}} {{(pid=103407) prepare_request_body /opt/stack/neutron/neutron/api/v2/base.py:729}}
Feb 20 05:25:03.735163 n-d-829866-5 neutron-server[103406]: DEBUG neutron_lib.callbacks.manager [None req-13e2f550-a85a-4081-b5a2-ee69ada715de admin admin] Publish callbacks ['neutron.plugins.ml2.ovo_rpc._ObjectChangeHandler.handle_event-544387'] for security_group (5499f17e-462a-42e9-8f96-feea9c07391c), after_create {{(pid=103406) _notify_loop /usr/local/lib/python3.8/dist-packages/neutron_lib/callbacks/manager.py:176}}
Feb 20 05:25:03.796183 n-d-829866-5 neutron-server[103406]: INFO neutron.wsgi [None req-13e2f550-a85a-4081-b5a2-ee69ada715de admin admin] 10.222.0.37 "GET /v2.0/security-groups?tenant_id=7fbbdd7d1447484da07233f9125e06fc&name=default HTTP/1.1" status: 200 len: 2996 time: 0.5391076
Feb 20 05:25:03.808671 n-d-829866-5 neutron-server[103407]: DEBUG neutron.wsgi [-] (103407) accepted ('10.222.0.37', 46258) {{(pid=103407) server /usr/local/lib/python3.8/dist-packages/eventlet/wsgi.py:1004}}
Feb 20 05:25:03.828781 n-d-829866-5 neutron-server[103406]: DEBUG neutron.api.rpc.handlers.resources_rpc [None req-13e2f550-a85a-4081-b5a2-ee69ada715de admin admin] Pushing event updated for resources: {'SecurityGroup': ['ID=5499f17e-462a-42e9-8f96-feea9c07391c,revision_number=1']} {{(pid=103406) push /opt/stack/neutron/neutron/api/rpc/handlers/resources_rpc.py:237}}
Feb 20 05:25:03.858140 n-d-829866-5 neutron-server[103407]: DEBUG neutron.api.rpc.handlers.resources_rpc [None req-db54be79-15a4-420f-bf7e-7ab000fb2305 tempest-DeleteServersAdminTestJSON-1907333125 tempest-DeleteServersAdminTestJSON-1907333125-project] Pushing event updated for resources: {'Port': ['ID=d40832ee-1e1b-4612-9b13-01632ba8ad8f,revision_number=1']} {{(pid=103407) push /opt/stack/neutron/neutron/api/rpc/handlers/resources_rpc.py:237}}
Feb 20 05:25:03.880008 n-d-829866-5 neutron-server[103407]: DEBUG neutron_lib.callbacks.manager [req-f8582f16-7d5c-49d0-b52f-96db1f5dc3dd req-b1e42b45-224b-48a9-b87a-21d6905060a9 service neutron] Publish callbacks ['neutron.plugins.ml2.plugin.SecurityGroupDbMixin._ensure_default_security_group_handler-1652998'] for port (d40832ee-1e1b-4612-9b13-01632ba8ad8f), before_update {{(pid=103407) _notify_loop /usr/local/lib/python3.8/dist-packages/neutron_lib/callbacks/manager.py:176}}
Feb 20 05:25:03.897457 n-d-829866-5 neutron-server[103406]: DEBUG neutron.wsgi [-] (103406) accepted ('10.222.0.37', 46264) {{(pid=103406) server /usr/local/lib/python3.8/dist-packages/eventlet/wsgi.py:1004}}
Feb 20 05:25:03.912978 n-d-829866-5 neutron-server[103406]: DEBUG neutron_lib.callbacks.manager [None req-cd6b56d0-06ad-469e-82fa-01983fbad69c admin admin] Publish callbacks [] for security_group (None), before_create {{(pid=103406) _notify_loop /usr/local/lib/python3.8/dist-packages/neutron_lib/callbacks/manager.py:176}}
Feb 20 05:25:04.030339 n-d-829866-5 neutron-server[103406]: DEBUG neutron_lib.callbacks.manager [None req-cd6b56d0-06ad-469e-82fa-01983fbad69c admin admin] Publish callbacks [] for security_group (398e27c4-a16c-4b3a-bfa8-2e31ad5a7434), precommit_create {{(pid=103406) _notify_loop /usr/local/lib/python3.8/dist-packages/neutron_lib/callbacks/manager.py:176}}
Feb 20 05:25:04.036615 n-d-829866-5 neutron-server[103406]: DEBUG neutron_lib.callbacks.manager [None req-cd6b56d0-06ad-469e-82fa-01983fbad69c admin admin] Publish callbacks ['neutron.plugins.ml2.ovo_rpc._ObjectChangeHandler.handle_event-544387'] for security_group (398e27c4-a16c-4b3a-bfa8-2e31ad5a7434), after_create {{(pid=103406) _notify_loop /usr/local/lib/python3.8/dist-packages/neutron_lib/callbacks/manager.py:176}}
Feb 20 05:25:04.089206 n-d-829866-5 neutron-server[103406]: INFO neutron.wsgi [None req-cd6b56d0-06ad-469e-82fa-01983fbad69c admin admin] 10.222.0.37 "GET /v2.0/security-groups?tenant_id=7d004d9b908840caba396cb6ae879fa6&name=default HTTP/1.1" status: 200 len: 2996 time: 0.1904275
Feb 20 05:25:04.090870 n-d-829866-5 neutron-server[103406]: DEBUG neutron.api.rpc.handlers.resources_rpc [None req-cd6b56d0-06ad-469e-82fa-01983fbad69c admin admin] Pushing event updated for resources: {'SecurityGroup': ['ID=398e27c4-a16c-4b3a-bfa8-2e31ad5a7434,revision_number=1']} {{(pid=103406) push /opt/stack/neutron/neutron/api/rpc/handlers/resources_rpc.py:237}}
Feb 20 05:25:04.093792 n-d-829866-5 neutron-server[103406]: DEBUG neutron.wsgi [-] (103406) accepted ('10.222.0.37', 46276) {{(pid=103406) server /usr/local/lib/python3.8/dist-packages/eventlet/wsgi.py:1004}}
Feb 20 05:25:04.115788 n-d-829866-5 neutron-server[103408]: DEBUG neutron.db.provisioning_blocks [None req-e8500071-878f-40b9-a739-36d4704fea8f None None] Provisioning complete for port d40832ee-1e1b-4612-9b13-01632ba8ad8f triggered by entity DHCP. {{(pid=103408) provisioning_complete /opt/stack/neutron/neutron/db/provisioning_blocks.py:139}}
Feb 20 05:25:04.117899 n-d-829866-5 neutron-server[103408]: DEBUG neutron_lib.callbacks.manager [None req-e8500071-878f-40b9-a739-36d4704fea8f None None] Publish callbacks ['neutron.plugins.ml2.plugin.Ml2Plugin._port_provisioned-1346079'] for port (d40832ee-1e1b-4612-9b13-01632ba8ad8f), provisioning_complete {{(pid=103408) _notify_loop /usr/local/lib/python3.8/dist-packages/neutron_lib/callbacks/manager.py:176}}
Feb 20 05:25:04.161870 n-d-829866-5 neutron-server[103406]: DEBUG neutron_lib.callbacks.manager [None req-70831982-69d2-4dd8-bf4b-4d4eace4ece5 admin admin] Publish callbacks [] for security_group (398e27c4-a16c-4b3a-bfa8-2e31ad5a7434), before_delete {{(pid=103406) _notify_loop /usr/local/lib/python3.8/dist-packages/neutron_lib/callbacks/manager.py:176}}
Feb 20 05:25:04.171195 n-d-829866-5 neutron-server[103408]: DEBUG neutron.plugins.ml2.plugin [None req-e8500071-878f-40b9-a739-36d4704fea8f None None] Port d40832ee-1e1b-4612-9b13-01632ba8ad8f cannot update to ACTIVE because it is not bound. {{(pid=103408) _port_provisioned /opt/stack/neutron/neutron/plugins/ml2/plugin.py:343}}
Feb 20 05:25:04.195796 n-d-829866-5 neutron-server[103406]: DEBUG neutron_lib.callbacks.manager [None req-70831982-69d2-4dd8-bf4b-4d4eace4ece5 admin admin] Publish callbacks [] for security_group (398e27c4-a16c-4b3a-bfa8-2e31ad5a7434), precommit_delete {{(pid=103406) _notify_loop /usr/local/lib/python3.8/dist-packages/neutron_lib/callbacks/manager.py:176}}
Feb 20 05:25:04.260343 n-d-829866-5 neutron-server[103406]: DEBUG neutron_lib.callbacks.manager [None req-70831982-69d2-4dd8-bf4b-4d4eace4ece5 admin admin] Publish callbacks ['neutron.plugins.ml2.ovo_rpc._ObjectChangeHandler.handle_event-544387'] for security_group (398e27c4-a16c-4b3a-bfa8-2e31ad5a7434), after_delete {{(pid=103406) _notify_loop /usr/local/lib/python3.8/dist-packages/neutron_lib/callbacks/manager.py:176}}
Feb 20 05:25:04.275197 n-d-829866-5 neutron-server[103406]: DEBUG neutron_lib.callbacks.manager [None req-70831982-69d2-4dd8-bf4b-4d4eace4ece5 admin admin] Publish callbacks [] for security_group (None), before_response {{(pid=103406) _notify_loop /usr/local/lib/python3.8/dist-packages/neutron_lib/callbacks/manager.py:176}}
Feb 20 05:25:04.278919 n-d-829866-5 neutron-server[103406]: INFO neutron.wsgi [None req-70831982-69d2-4dd8-bf4b-4d4eace4ece5 admin admin] 10.222.0.37 "DELETE /v2.0/security-groups/398e27c4-a16c-4b3a-bfa8-2e31ad5a7434 HTTP/1.1" status: 204 len: 168 time: 0.1841297
Feb 20 05:25:04.291086 n-d-829866-5 neutron-server[103406]: DEBUG neutron.api.rpc.handlers.resources_rpc [None req-70831982-69d2-4dd8-bf4b-4d4eace4ece5 admin admin] Pushing event deleted for resources: {'SecurityGroup': ['ID=398e27c4-a16c-4b3a-bfa8-2e31ad5a7434,revision_number=None']} {{(pid=103406) push /opt/stack/neutron/neutron/api/rpc/handlers/resources_rpc.py:237}}
Feb 20 05:25:04.310379 n-d-829866-5 neutron-server[103407]: DEBUG neutron_lib.callbacks.manager [None req-0266ca04-0e75-49e6-9baf-97254a5970c6 admin admin] Publish callbacks [] for security_group (5499f17e-462a-42e9-8f96-feea9c07391c), before_delete {{(pid=103407) _notify_loop /usr/local/lib/python3.8/dist-packages/neutron_lib/callbacks/manager.py:176}}
Feb 20 05:25:04.474257 n-d-829866-5 neutron-server[103407]: DEBUG neutron_lib.callbacks.manager [None req-0266ca04-0e75-49e6-9baf-97254a5970c6 admin admin] Publish callbacks [] for security_group (5499f17e-462a-42e9-8f96-feea9c07391c), precommit_delete {{(pid=103407) _notify_loop /usr/local/lib/python3.8/dist-packages/neutron_lib/callbacks/manager.py:176}}
Feb 20 05:25:04.516157 n-d-829866-5 neutron-server[103407]: DEBUG neutron.pecan_wsgi.hooks.policy_enforcement [req-f61e27c4-8a66-469d-96fa-770afb21a81c req-709ffa6b-854c-42e0-9c9a-d4f3170cd545 tempest-TenantUsagesTestJSON-238469893 tempest-TenantUsagesTestJSON-238469893-project] Attributes excluded by policy engine: ['standard_attr_id', 'binding:profile', 'binding:host_id', 'binding:vif_type', 'binding:vif_details'] {{(pid=103407) _exclude_attributes_by_policy /opt/stack/neutron/neutron/pecan_wsgi/hooks/policy_enforcement.py:255}}
Feb 20 05:25:04.518226 n-d-829866-5 neutron-server[103407]: INFO neutron.wsgi [req-f61e27c4-8a66-469d-96fa-770afb21a81c req-709ffa6b-854c-42e0-9c9a-d4f3170cd545 tempest-TenantUsagesTestJSON-238469893 tempest-TenantUsagesTestJSON-238469893-project] 10.222.0.37 "GET /v2.0/ports?device_id=f85dc73d-6ab9-4c89-83fe-94f2fdbb6e1a HTTP/1.1" status: 200 len: 970 time: 0.3010736
Feb 20 05:25:04.592370 n-d-829866-5 neutron-server[103406]: DEBUG neutron.wsgi [-] (103406) accepted ('10.222.0.37', 46302) {{(pid=103406) server /usr/local/lib/python3.8/dist-packages/eventlet/wsgi.py:1004}}
Feb 20 05:25:04.671759 n-d-829866-5 neutron-server[103407]: INFO neutron.wsgi [req-f61e27c4-8a66-469d-96fa-770afb21a81c req-495a4a79-2836-4a4f-b8dc-171bcaae014b tempest-TenantUsagesTestJSON-238469893 tempest-TenantUsagesTestJSON-238469893-project] 10.222.0.37 "GET /v2.0/security-groups?id=f309216e-855e-498f-8324-1acfbcafc0b4&fields=id&fields=name HTTP/1.1" status: 200 len: 286 time: 0.1347957
Feb 20 05:25:04.683673 n-d-829866-5 neutron-server[103407]: DEBUG neutron.pecan_wsgi.hooks.policy_enforcement [req-6a3bc85c-a18e-4c0c-8ec9-1bbacfc28e9a req-d2f1ef1d-43a1-415c-a5e3-d809788e55cf tempest-DeleteServersAdminTestJSON-1907333125 tempest-DeleteServersAdminTestJSON-1907333125-project] Attributes excluded by policy engine: ['standard_attr_id', 'binding:profile', 'binding:host_id', 'binding:vif_type', 'binding:vif_details'] {{(pid=103407) _exclude_attributes_by_policy /opt/stack/neutron/neutron/pecan_wsgi/hooks/policy_enforcement.py:255}}
Feb 20 05:25:04.685163 n-d-829866-5 neutron-server[103407]: INFO neutron.wsgi [req-6a3bc85c-a18e-4c0c-8ec9-1bbacfc28e9a req-d2f1ef1d-43a1-415c-a5e3-d809788e55cf tempest-DeleteServersAdminTestJSON-1907333125 tempest-DeleteServersAdminTestJSON-1907333125-project] 10.222.0.37 "GET /v2.0/ports?device_id=95375805-267e-4f4b-8dbd-5fd72c8dfeec HTTP/1.1" status: 200 len: 936 time: 0.2244756
Feb 20 05:25:04.694151 n-d-829866-5 neutron-server[103407]: DEBUG neutron_lib.callbacks.manager [None req-0266ca04-0e75-49e6-9baf-97254a5970c6 admin admin] Publish callbacks ['neutron.plugins.ml2.ovo_rpc._ObjectChangeHandler.handle_event-544387'] for security_group (5499f17e-462a-42e9-8f96-feea9c07391c), after_delete {{(pid=103407) _notify_loop /usr/local/lib/python3.8/dist-packages/neutron_lib/callbacks/manager.py:176}}
Feb 20 05:25:04.695106 n-d-829866-5 neutron-server[103407]: DEBUG neutron_lib.callbacks.manager [None req-0266ca04-0e75-49e6-9baf-97254a5970c6 admin admin] Publish callbacks [] for security_group (None), before_response {{(pid=103407) _notify_loop /usr/local/lib/python3.8/dist-packages/neutron_lib/callbacks/manager.py:176}}
Feb 20 05:25:04.696245 n-d-829866-5 neutron-server[103407]: INFO neutron.wsgi [None req-0266ca04-0e75-49e6-9baf-97254a5970c6 admin admin] 10.222.0.37 "DELETE /v2.0/security-groups/5499f17e-462a-42e9-8f96-feea9c07391c HTTP/1.1" status: 204 len: 168 time: 0.8843861
Feb 20 05:25:04.733079 n-d-829866-5 neutron-server[103407]: DEBUG neutron.api.rpc.handlers.resources_rpc [None req-0266ca04-0e75-49e6-9baf-97254a5970c6 admin admin] Pushing event deleted for resources: {'SecurityGroup': ['ID=5499f17e-462a-42e9-8f96-feea9c07391c,revision_number=None']} {{(pid=103407) push /opt/stack/neutron/neutron/api/rpc/handlers/resources_rpc.py:237}}
Feb 20 05:25:04.751663 n-d-829866-5 neutron-server[103406]: DEBUG neutron_lib.callbacks.manager [None req-39ec24a3-95d8-4f2b-ba6a-529d7b6daee7 admin admin] Publish callbacks [] for security_group (None), before_create {{(pid=103406) _notify_loop /usr/local/lib/python3.8/dist-packages/neutron_lib/callbacks/manager.py:176}}
Feb 20 05:25:04.814111 n-d-829866-5 neutron-server[103407]: INFO neutron.wsgi [req-6a3bc85c-a18e-4c0c-8ec9-1bbacfc28e9a req-79d28395-76b2-4127-a491-4ff7b4f06659 tempest-DeleteServersAdminTestJSON-1907333125 tempest-DeleteServersAdminTestJSON-1907333125-project] 10.222.0.37 "GET /v2.0/security-groups?id=66b817b3-5954-4055-8dc6-bddd86afc8b5&fields=id&fields=name HTTP/1.1" status: 200 len: 286 time: 0.1119661
Feb 20 05:25:04.844659 n-d-829866-5 neutron-server[103407]: DEBUG neutron.notifiers.nova [req-f8582f16-7d5c-49d0-b52f-96db1f5dc3dd req-b1e42b45-224b-48a9-b87a-21d6905060a9 service neutron] Ignoring state change previous_port_status: DOWN current_port_status: DOWN port_id d40832ee-1e1b-4612-9b13-01632ba8ad8f {{(pid=103407) record_port_status_changed /opt/stack/neutron/neutron/notifiers/nova.py:233}}
Feb 20 05:25:04.866965 n-d-829866-5 neutron-server[103407]: DEBUG neutron_lib.callbacks.manager [req-f8582f16-7d5c-49d0-b52f-96db1f5dc3dd req-b1e42b45-224b-48a9-b87a-21d6905060a9 service neutron] Publish callbacks [] for port (d40832ee-1e1b-4612-9b13-01632ba8ad8f), precommit_update {{(pid=103407) _notify_loop /usr/local/lib/python3.8/dist-packages/neutron_lib/callbacks/manager.py:176}}
Feb 20 05:25:04.889610 n-d-829866-5 neutron-server[103407]: DEBUG neutron.db.provisioning_blocks [req-f8582f16-7d5c-49d0-b52f-96db1f5dc3dd req-b1e42b45-224b-48a9-b87a-21d6905060a9 service neutron] Transition to ACTIVE for port object d40832ee-1e1b-4612-9b13-01632ba8ad8f will not be triggered until provisioned by entity L2. {{(pid=103407) add_provisioning_component /opt/stack/neutron/neutron/db/provisioning_blocks.py:73}}
Feb 20 05:25:04.898557 n-d-829866-5 neutron-server[103407]: DEBUG neutron_lib.callbacks.manager [req-f8582f16-7d5c-49d0-b52f-96db1f5dc3dd req-b1e42b45-224b-48a9-b87a-21d6905060a9 service neutron] Publish callbacks ['neutron.plugins.ml2.plugin.SecurityGroupServerNotifierRpcMixin._notify_sg_on_port_change-1653451', 'neutron.plugins.ml2.ovo_rpc._ObjectChangeHandler.handle_event-863773', 'neutron.api.rpc.agentnotifiers.dhcp_rpc_agent_api.DhcpAgentNotifyAPI._native_event_send_dhcp_notification-565260', 'neutron.db.l3_db.L3RpcNotifierMixin._notify_gateway_port_ip_changed-8771095536779', 'neutron.db.l3_dvrscheduler_db._notify_l3_agent_port_update-8771095095098', 'neutron.db.l3_hascheduler_db._notify_l3_agent_ha_port_update-8771095095116'] for port (d40832ee-1e1b-4612-9b13-01632ba8ad8f), after_update {{(pid=103407) _notify_loop /usr/local/lib/python3.8/dist-packages/neutron_lib/callbacks/manager.py:176}}
Feb 20 05:25:04.944212 n-d-829866-5 neutron-server[103406]: DEBUG neutron_lib.callbacks.manager [None req-39ec24a3-95d8-4f2b-ba6a-529d7b6daee7 admin admin] Publish callbacks [] for security_group (64bb11ff-cae0-4d5f-9a50-7ae6192f8f4f), precommit_create {{(pid=103406) _notify_loop /usr/local/lib/python3.8/dist-packages/neutron_lib/callbacks/manager.py:176}}
Feb 20 05:25:04.948730 n-d-829866-5 neutron-server[103406]: DEBUG neutron_lib.callbacks.manager [None req-39ec24a3-95d8-4f2b-ba6a-529d7b6daee7 admin admin] Publish callbacks ['neutron.plugins.ml2.ovo_rpc._ObjectChangeHandler.handle_event-544387'] for security_group (64bb11ff-cae0-4d5f-9a50-7ae6192f8f4f), after_create {{(pid=103406) _notify_loop /usr/local/lib/python3.8/dist-packages/neutron_lib/callbacks/manager.py:176}}
Feb 20 05:25:05.016761 n-d-829866-5 neutron-server[103406]: DEBUG neutron.api.rpc.handlers.resources_rpc [None req-39ec24a3-95d8-4f2b-ba6a-529d7b6daee7 admin admin] Pushing event updated for resources: {'SecurityGroup': ['ID=64bb11ff-cae0-4d5f-9a50-7ae6192f8f4f,revision_number=1']} {{(pid=103406) push /opt/stack/neutron/neutron/api/rpc/handlers/resources_rpc.py:237}}
Feb 20 05:25:05.055566 n-d-829866-5 neutron-server[103406]: INFO neutron.wsgi [None req-39ec24a3-95d8-4f2b-ba6a-529d7b6daee7 admin admin] 10.222.0.37 "GET /v2.0/security-groups?tenant_id=b0d0d870bc88425784f5690a5b78a4e7&name=default HTTP/1.1" status: 200 len: 2996 time: 0.4619515
Feb 20 05:25:05.058142 n-d-829866-5 neutron-server[103406]: DEBUG neutron.wsgi [-] (103406) accepted ('10.222.0.37', 46334) {{(pid=103406) server /usr/local/lib/python3.8/dist-packages/eventlet/wsgi.py:1004}}
Feb 20 05:25:05.063611 n-d-829866-5 neutron-server[103407]: DEBUG neutron.api.rpc.handlers.resources_rpc [None req-b1e42b45-224b-48a9-b87a-21d6905060a9 service neutron] Pushing event updated for resources: {'Port': ['ID=d40832ee-1e1b-4612-9b13-01632ba8ad8f,revision_number=2']} {{(pid=103407) push /opt/stack/neutron/neutron/api/rpc/handlers/resources_rpc.py:237}}
Feb 20 05:25:05.093621 n-d-829866-5 neutron-server[103407]: DEBUG neutron.plugins.ml2.managers [req-f8582f16-7d5c-49d0-b52f-96db1f5dc3dd req-b1e42b45-224b-48a9-b87a-21d6905060a9 service neutron] Attempting to bind port d40832ee-1e1b-4612-9b13-01632ba8ad8f on host n-h2-829866-5 for vnic_type normal with profile {{(pid=103407) bind_port /opt/stack/neutron/neutron/plugins/ml2/managers.py:795}}
Feb 20 05:25:05.093621 n-d-829866-5 neutron-server[103407]: DEBUG neutron.plugins.ml2.managers [req-f8582f16-7d5c-49d0-b52f-96db1f5dc3dd req-b1e42b45-224b-48a9-b87a-21d6905060a9 service neutron] Attempting to bind port d40832ee-1e1b-4612-9b13-01632ba8ad8f by drivers openvswitch,hyperv on host n-h2-829866-5 at level 0 using segments [{'id': 'c9f65a3f-2101-4e46-9853-d1f54df9f0c1', 'network_type': 'vlan', 'physical_network': 'physnet1', 'segmentation_id': 93, 'network_id': 'ea6854a5-214b-448f-9837-d74f1724e31b'}] {{(pid=103407) _bind_port_level /opt/stack/neutron/neutron/plugins/ml2/managers.py:820}}
Feb 20 05:25:05.093621 n-d-829866-5 neutron-server[103407]: DEBUG neutron.plugins.ml2.drivers.mech_agent [req-f8582f16-7d5c-49d0-b52f-96db1f5dc3dd req-b1e42b45-224b-48a9-b87a-21d6905060a9 service neutron] Attempting to bind port d40832ee-1e1b-4612-9b13-01632ba8ad8f on network ea6854a5-214b-448f-9837-d74f1724e31b {{(pid=103407) bind_port /opt/stack/neutron/neutron/plugins/ml2/drivers/mech_agent.py:91}}
Feb 20 05:25:05.104487 n-d-829866-5 neutron-server[103407]: DEBUG neutron.plugins.ml2.drivers.mech_agent [req-f8582f16-7d5c-49d0-b52f-96db1f5dc3dd req-b1e42b45-224b-48a9-b87a-21d6905060a9 service neutron] Port d40832ee-1e1b-4612-9b13-01632ba8ad8f on network ea6854a5-214b-448f-9837-d74f1724e31b not bound, no agent of type Open vSwitch agent registered on host n-h2-829866-5 {{(pid=103407) bind_port /opt/stack/neutron/neutron/plugins/ml2/drivers/mech_agent.py:103}}
Feb 20 05:25:05.104877 n-d-829866-5 neutron-server[103407]: DEBUG neutron.plugins.ml2.drivers.mech_agent [req-f8582f16-7d5c-49d0-b52f-96db1f5dc3dd req-b1e42b45-224b-48a9-b87a-21d6905060a9 service neutron] Attempting to bind port d40832ee-1e1b-4612-9b13-01632ba8ad8f on network ea6854a5-214b-448f-9837-d74f1724e31b {{(pid=103407) bind_port /opt/stack/neutron/neutron/plugins/ml2/drivers/mech_agent.py:91}}
Feb 20 05:25:05.129833 n-d-829866-5 neutron-server[103407]: DEBUG neutron.plugins.ml2.drivers.mech_agent [req-f8582f16-7d5c-49d0-b52f-96db1f5dc3dd req-b1e42b45-224b-48a9-b87a-21d6905060a9 service neutron] Checking agent: {'id': 'cde500d4-b6e9-4b4d-8845-9c8605cfe19b', 'agent_type': 'HyperV agent', 'binary': 'neutron-hyperv-agent', 'topic': 'N/A', 'host': 'n-h2-829866-5', 'admin_state_up': True, 'created_at': datetime.datetime(2022, 2, 20, 5, 21, 55), 'started_at': datetime.datetime(2022, 2, 20, 5, 21, 55), 'heartbeat_timestamp': datetime.datetime(2022, 2, 20, 5, 24, 55), 'description': None, 'resources_synced': None, 'availability_zone': None, 'alive': True, 'configurations': {'vswitch_mappings': {'physnet1$': 'br-data'}}, 'resource_versions': {}} {{(pid=103407) bind_port /opt/stack/neutron/neutron/plugins/ml2/drivers/mech_agent.py:110}}
Feb 20 05:25:05.130013 n-d-829866-5 neutron-server[103407]: DEBUG neutron.plugins.ml2.drivers.mech_agent [req-f8582f16-7d5c-49d0-b52f-96db1f5dc3dd req-b1e42b45-224b-48a9-b87a-21d6905060a9 service neutron] Checking segment: {'id': 'c9f65a3f-2101-4e46-9853-d1f54df9f0c1', 'network_type': 'vlan', 'physical_network': 'physnet1', 'segmentation_id': 93, 'network_id': 'ea6854a5-214b-448f-9837-d74f1724e31b'} for mappings: {'physnet1$': 'br-data'} with network types: ['local', 'flat', 'vlan'] {{(pid=103407) check_segment_for_agent /opt/stack/neutron/neutron/plugins/ml2/drivers/mech_agent.py:373}}
Feb 20 05:25:05.130589 n-d-829866-5 neutron-server[103407]: DEBUG neutron.plugins.ml2.drivers.mech_agent [req-f8582f16-7d5c-49d0-b52f-96db1f5dc3dd req-b1e42b45-224b-48a9-b87a-21d6905060a9 service neutron] Bound using segment: {'id': 'c9f65a3f-2101-4e46-9853-d1f54df9f0c1', 'network_type': 'vlan', 'physical_network': 'physnet1', 'segmentation_id': 93, 'network_id': 'ea6854a5-214b-448f-9837-d74f1724e31b'} {{(pid=103407) bind_port /opt/stack/neutron/neutron/plugins/ml2/drivers/mech_agent.py:120}}
Feb 20 05:25:05.131081 n-d-829866-5 neutron-server[103407]: DEBUG neutron.plugins.ml2.managers [req-f8582f16-7d5c-49d0-b52f-96db1f5dc3dd req-b1e42b45-224b-48a9-b87a-21d6905060a9 service neutron] Bound port: d40832ee-1e1b-4612-9b13-01632ba8ad8f, host: n-h2-829866-5, vif_type: hyperv, vif_details: {"connectivity": "legacy", "port_filter": false}, binding_levels: [{'bound_driver': 'hyperv', 'bound_segment': {'id': 'c9f65a3f-2101-4e46-9853-d1f54df9f0c1', 'network_type': 'vlan', 'physical_network': 'physnet1', 'segmentation_id': 93, 'network_id': 'ea6854a5-214b-448f-9837-d74f1724e31b'}}] {{(pid=103407) _bind_port_level /opt/stack/neutron/neutron/plugins/ml2/managers.py:932}}
Feb 20 05:25:05.131446 n-d-829866-5 neutron-server[103407]: DEBUG neutron_lib.callbacks.manager [req-f8582f16-7d5c-49d0-b52f-96db1f5dc3dd req-b1e42b45-224b-48a9-b87a-21d6905060a9 service neutron] Publish callbacks ['neutron.plugins.ml2.plugin.SecurityGroupDbMixin._ensure_default_security_group_handler-1652998'] for port (d40832ee-1e1b-4612-9b13-01632ba8ad8f), before_update {{(pid=103407) _notify_loop /usr/local/lib/python3.8/dist-packages/neutron_lib/callbacks/manager.py:176}}
Feb 20 05:25:05.204827 n-d-829866-5 neutron-server[103406]: DEBUG neutron_lib.callbacks.manager [None req-19b92b1b-fbc9-4580-af80-48910a594828 admin admin] Publish callbacks [] for security_group (64bb11ff-cae0-4d5f-9a50-7ae6192f8f4f), before_delete {{(pid=103406) _notify_loop /usr/local/lib/python3.8/dist-packages/neutron_lib/callbacks/manager.py:176}}
Feb 20 05:25:05.268590 n-d-829866-5 neutron-server[103406]: DEBUG neutron.pecan_wsgi.hooks.policy_enforcement [req-4cd17ddf-cb13-4059-943a-f7b6d15d7cff req-e025f923-01fc-4ae3-9c8f-764a2ca43bfd tempest-TenantUsagesTestJSON-238469893 tempest-TenantUsagesTestJSON-238469893-project] Attributes excluded by policy engine: ['standard_attr_id', 'binding:profile', 'binding:host_id', 'binding:vif_type', 'binding:vif_details'] {{(pid=103406) _exclude_attributes_by_policy /opt/stack/neutron/neutron/pecan_wsgi/hooks/policy_enforcement.py:255}}
Feb 20 05:25:05.270281 n-d-829866-5 neutron-server[103406]: INFO neutron.wsgi [req-4cd17ddf-cb13-4059-943a-f7b6d15d7cff req-e025f923-01fc-4ae3-9c8f-764a2ca43bfd tempest-TenantUsagesTestJSON-238469893 tempest-TenantUsagesTestJSON-238469893-project] 10.222.0.61 "GET /v2.0/ports?device_id=f85dc73d-6ab9-4c89-83fe-94f2fdbb6e1a HTTP/1.1" status: 200 len: 970 time: 0.1652215
Feb 20 05:25:05.275287 n-d-829866-5 neutron-server[103406]: DEBUG neutron_lib.callbacks.manager [None req-19b92b1b-fbc9-4580-af80-48910a594828 admin admin] Publish callbacks [] for security_group (64bb11ff-cae0-4d5f-9a50-7ae6192f8f4f), precommit_delete {{(pid=103406) _notify_loop /usr/local/lib/python3.8/dist-packages/neutron_lib/callbacks/manager.py:176}}
Feb 20 05:25:05.285110 n-d-829866-5 neutron-server[103407]: DEBUG neutron.plugins.ml2.db [req-f8582f16-7d5c-49d0-b52f-96db1f5dc3dd req-b1e42b45-224b-48a9-b87a-21d6905060a9 service neutron] For port d40832ee-1e1b-4612-9b13-01632ba8ad8f, host n-h2-829866-5, cleared binding levels {{(pid=103407) clear_binding_levels /opt/stack/neutron/neutron/plugins/ml2/db.py:87}}
Feb 20 05:25:05.293957 n-d-829866-5 neutron-server[103407]: DEBUG neutron.plugins.ml2.db [req-f8582f16-7d5c-49d0-b52f-96db1f5dc3dd req-b1e42b45-224b-48a9-b87a-21d6905060a9 service neutron] For port d40832ee-1e1b-4612-9b13-01632ba8ad8f, host n-h2-829866-5, set binding levels [PortBindingLevel(driver='hyperv',host='n-h2-829866-5',level=0,port_id=d40832ee-1e1b-4612-9b13-01632ba8ad8f,segment=NetworkSegment(c9f65a3f-2101-4e46-9853-d1f54df9f0c1),segment_id=c9f65a3f-2101-4e46-9853-d1f54df9f0c1)] {{(pid=103407) set_binding_levels /opt/stack/neutron/neutron/plugins/ml2/db.py:59}}
Feb 20 05:25:05.307438 n-d-829866-5 neutron-server[103407]: DEBUG neutron_lib.callbacks.manager [req-f8582f16-7d5c-49d0-b52f-96db1f5dc3dd req-b1e42b45-224b-48a9-b87a-21d6905060a9 service neutron] Publish callbacks ['neutron.plugins.ml2.plugin.SecurityGroupServerNotifierRpcMixin._notify_sg_on_port_change-1653451', 'neutron.plugins.ml2.ovo_rpc._ObjectChangeHandler.handle_event-863773', 'neutron.api.rpc.agentnotifiers.dhcp_rpc_agent_api.DhcpAgentNotifyAPI._native_event_send_dhcp_notification-565260', 'neutron.db.l3_db.L3RpcNotifierMixin._notify_gateway_port_ip_changed-8771095536779', 'neutron.db.l3_dvrscheduler_db._notify_l3_agent_port_update-8771095095098', 'neutron.db.l3_hascheduler_db._notify_l3_agent_ha_port_update-8771095095116'] for port (d40832ee-1e1b-4612-9b13-01632ba8ad8f), after_update {{(pid=103407) _notify_loop /usr/local/lib/python3.8/dist-packages/neutron_lib/callbacks/manager.py:176}}
Feb 20 05:25:05.408006 n-d-829866-5 neutron-server[103406]: DEBUG neutron.wsgi [-] (103406) accepted ('10.222.0.37', 46360) {{(pid=103406) server /usr/local/lib/python3.8/dist-packages/eventlet/wsgi.py:1004}}
Feb 20 05:25:05.429935 n-d-829866-5 neutron-server[103406]: DEBUG neutron_lib.callbacks.manager [None req-19b92b1b-fbc9-4580-af80-48910a594828 admin admin] Publish callbacks ['neutron.plugins.ml2.ovo_rpc._ObjectChangeHandler.handle_event-544387'] for security_group (64bb11ff-cae0-4d5f-9a50-7ae6192f8f4f), after_delete {{(pid=103406) _notify_loop /usr/local/lib/python3.8/dist-packages/neutron_lib/callbacks/manager.py:176}}
Feb 20 05:25:05.432576 n-d-829866-5 neutron-server[103406]: DEBUG neutron_lib.callbacks.manager [None req-19b92b1b-fbc9-4580-af80-48910a594828 admin admin] Publish callbacks [] for security_group (None), before_response {{(pid=103406) _notify_loop /usr/local/lib/python3.8/dist-packages/neutron_lib/callbacks/manager.py:176}}
Feb 20 05:25:05.433069 n-d-829866-5 neutron-server[103407]: DEBUG neutron.pecan_wsgi.hooks.policy_enforcement [req-f8582f16-7d5c-49d0-b52f-96db1f5dc3dd req-b1e42b45-224b-48a9-b87a-21d6905060a9 service neutron] Attributes excluded by policy engine: ['standard_attr_id'] {{(pid=103407) _exclude_attributes_by_policy /opt/stack/neutron/neutron/pecan_wsgi/hooks/policy_enforcement.py:255}}
Feb 20 05:25:05.436497 n-d-829866-5 neutron-server[103406]: INFO neutron.wsgi [None req-19b92b1b-fbc9-4580-af80-48910a594828 admin admin] 10.222.0.37 "DELETE /v2.0/security-groups/64bb11ff-cae0-4d5f-9a50-7ae6192f8f4f HTTP/1.1" status: 204 len: 168 time: 0.3746033
Feb 20 05:25:05.436789 n-d-829866-5 neutron-server[103407]: DEBUG neutron_lib.callbacks.manager [req-f8582f16-7d5c-49d0-b52f-96db1f5dc3dd req-b1e42b45-224b-48a9-b87a-21d6905060a9 service neutron] Publish callbacks ['neutron.notifiers.nova.Notifier._send_nova_notification-977233', 'neutron.api.rpc.agentnotifiers.dhcp_rpc_agent_api.DhcpAgentNotifyAPI._send_dhcp_notification-565282'] for port (None), before_response {{(pid=103407) _notify_loop /usr/local/lib/python3.8/dist-packages/neutron_lib/callbacks/manager.py:176}}
Feb 20 05:25:05.436789 n-d-829866-5 neutron-server[103407]: INFO neutron.wsgi [req-f8582f16-7d5c-49d0-b52f-96db1f5dc3dd req-b1e42b45-224b-48a9-b87a-21d6905060a9 service neutron] 10.222.0.48 "PUT /v2.0/ports/d40832ee-1e1b-4612-9b13-01632ba8ad8f HTTP/1.1" status: 200 len: 1096 time: 1.7086082
Feb 20 05:25:05.436789 n-d-829866-5 neutron-server[103407]: DEBUG neutron.notifiers.nova [-] Sending events: [{'name': 'network-changed', 'server_uuid': '95375805-267e-4f4b-8dbd-5fd72c8dfeec', 'tag': 'd40832ee-1e1b-4612-9b13-01632ba8ad8f'}] {{(pid=103407) send_events /opt/stack/neutron/neutron/notifiers/nova.py:271}}
Feb 20 05:25:05.445465 n-d-829866-5 neutron-server[103406]: DEBUG neutron.api.rpc.handlers.resources_rpc [None req-19b92b1b-fbc9-4580-af80-48910a594828 admin admin] Pushing event deleted for resources: {'SecurityGroup': ['ID=64bb11ff-cae0-4d5f-9a50-7ae6192f8f4f,revision_number=None']} {{(pid=103406) push /opt/stack/neutron/neutron/api/rpc/handlers/resources_rpc.py:237}}
Feb 20 05:25:05.472413 n-d-829866-5 neutron-server[103406]: DEBUG neutron.plugins.ml2.plugin [req-4cd17ddf-cb13-4059-943a-f7b6d15d7cff req-8dcc1fb7-862e-4139-aede-b4aa3d79f228 tempest-TenantUsagesTestJSON-238469893 tempest-TenantUsagesTestJSON-238469893-project] Deleting port bf6f2813-0f54-47d7-bd51-d57f5b718cf4 {{(pid=103406) _pre_delete_port /opt/stack/neutron/neutron/plugins/ml2/plugin.py:1978}}
Feb 20 05:25:05.474090 n-d-829866-5 neutron-server[103406]: DEBUG neutron_lib.callbacks.manager [req-4cd17ddf-cb13-4059-943a-f7b6d15d7cff req-8dcc1fb7-862e-4139-aede-b4aa3d79f228 tempest-TenantUsagesTestJSON-238469893 tempest-TenantUsagesTestJSON-238469893-project] Publish callbacks ['neutron.db.l3_db.L3_NAT_dbonly_mixin._prevent_l3_port_delete_callback-8771095531542'] for port (bf6f2813-0f54-47d7-bd51-d57f5b718cf4), before_delete {{(pid=103406) _notify_loop /usr/local/lib/python3.8/dist-packages/neutron_lib/callbacks/manager.py:176}}
Feb 20 05:25:05.602320 n-d-829866-5 neutron-server[103407]: DEBUG neutron.api.rpc.handlers.resources_rpc [None req-b1e42b45-224b-48a9-b87a-21d6905060a9 service neutron] Pushing event updated for resources: {'Port': ['ID=d40832ee-1e1b-4612-9b13-01632ba8ad8f,revision_number=3']} {{(pid=103407) push /opt/stack/neutron/neutron/api/rpc/handlers/resources_rpc.py:237}}
Feb 20 05:25:05.619429 n-d-829866-5 neutron-server[103407]: DEBUG neutron.pecan_wsgi.hooks.policy_enforcement [req-f8582f16-7d5c-49d0-b52f-96db1f5dc3dd req-bc161642-8fce-424d-8d3d-ec7a436fb01f service neutron] Attributes excluded by policy engine: ['standard_attr_id'] {{(pid=103407) _exclude_attributes_by_policy /opt/stack/neutron/neutron/pecan_wsgi/hooks/policy_enforcement.py:255}}
Feb 20 05:25:05.620832 n-d-829866-5 neutron-server[103407]: INFO neutron.wsgi [req-f8582f16-7d5c-49d0-b52f-96db1f5dc3dd req-bc161642-8fce-424d-8d3d-ec7a436fb01f service neutron] 10.222.0.48 "GET /v2.0/ports?tenant_id=fe161fbd266c450a98833c9c741f175f&device_id=95375805-267e-4f4b-8dbd-5fd72c8dfeec HTTP/1.1" status: 200 len: 1130 time: 0.0870485
Feb 20 05:25:05.634569 n-d-829866-5 neutron-server[103407]: DEBUG neutron.wsgi [-] (103407) accepted ('10.222.0.37', 46376) {{(pid=103407) server /usr/local/lib/python3.8/dist-packages/eventlet/wsgi.py:1004}}
